35.199.93.6 - - [27/Sep/2026:20:00:42 +0300] "GET /@fs/../.env?raw?? HTTP/2.0" 404 84991 "-" "Mozilla/5.0 (Macintosh; Intel Mac OS X 10_15_7) AppleWebKit/537.36 (KHTML, like Gecko) Chrome/131.0.0.0 Safari/537.36; compatible; OAI-SearchBot/1.4; +https://openai.com/searchbot"
35.199.93.6 - - [27/Sep/2026:20:00:42 +0300] "POST /graphql HTTP/2.0" 404 82679 "https://auto-porsche.com" "Mozilla/5.0 (Windows NT 10.0; Win64; x64) AppleWebKit/537.36 (KHTML, like Gecko) Chrome/153.0.0.0 Safari/537.36"
35.199.93.6 - - [27/Sep/2026:20:00:42 +0300] "GET /@fs/src/.env?raw?? HTTP/2.0" 404 82882 "-" "Mozilla/5.0 (Macintosh; Intel Mac OS X 10_15_7) AppleWebKit/537.36 (KHTML, like Gecko) Chrome/131.0.0.0 Safari/537.36; compatible; OAI-SearchBot/1.4; +https://openai.com/searchbot"
35.199.93.6 - - [27/Sep/2026:20:00:43 +0300] "GET /category/buy-now/ HTTP/2.0" 200 91592 "-" "Mozilla/5.0 (Windows NT 10.0; Win64; x64) AppleWebKit/537.36 (KHTML, like Gecko) Chrome/153.0.0.0 Safari/537.36"
35.199.93.6 - - [27/Sep/2026:20:00:44 +0300] "GET /@fs/..%252f..%252f..%252f..%252f..%252froot/.env?raw?? HTTP/2.0" 404 82678 "-" "Mozilla/5.0 (compatible; xAI-Grok/1.0; +https://x.ai/)"
35.199.93.6 - - [27/Sep/2026:20:00:44 +0300] "POST /api/graphql HTTP/2.0" 404 81472 "https://auto-porsche.com" "Mozilla/5.0 (Windows NT 10.0; Win64; x64) AppleWebKit/537.36 (KHTML, like Gecko) Chrome/153.0.0.0 Safari/537.36"
35.199.93.6 - - [27/Sep/2026:20:00:44 +0300] "GET /@fs/home/ec2-user/.aws/credentials?raw?? HTTP/2.0" 404 83538 "-" "CCBot/2.0 (https://commoncrawl.org/faq/)"
35.199.93.6 - - [27/Sep/2026:20:00:44 +0300] "GET /@fs/var/task/.env?raw?? HTTP/2.0" 404 83656 "-" "Mozilla/5.0 AppleWebKit/537.36 (KHTML, like Gecko; compatible; ClaudeBot/1.0; +claudebot@anthropic.com)"
35.199.93.6 - - [27/Sep/2026:20:00:44 +0300] "GET /@fs/..%252f..%252f..%252f..%252f..%252fproc/self/environ?raw?? HTTP/2.0" 404 84486 "-" "Mozilla/5.0 (compatible; PanguBot/1.0; +https://www.huaweicloud.com/)"
35.199.93.6 - - [27/Sep/2026:20:00:44 +0300] "GET /@fs/root/.aws/credentials?raw?? HTTP/2.0" 404 85594 "-" "Mozilla/5.0 (compatible; cohere-ai; +https://cohere.com/crawler)"
35.199.93.6 - - [27/Sep/2026:20:00:44 +0300] "GET /@fs/home/ubuntu/.aws/credentials?raw?? HTTP/2.0" 404 83268 "-" "Mozilla/5.0 (compatible; xAI-Grok/1.0; +https://x.ai/)"
35.199.93.6 - - [27/Sep/2026:20:00:44 +0300] "GET /category/questions/ HTTP/2.0" 200 97348 "-" "Mozilla/5.0 (Windows NT 10.0; Win64; x64) AppleWebKit/537.36 (KHTML, like Gecko) Chrome/153.0.0.0 Safari/537.36"
35.199.93.6 - - [27/Sep/2026:20:00:46 +0300] "GET /@fs/.env?raw&url?? HTTP/2.0" 403 - "-" "Mozilla/5.0 (compatible; Baiduspider/2.0; +http://www.baidu.com/search/spider.html)"
35.199.93.6 - - [27/Sep/2026:20:00:46 +0300] "GET /@fs/.env?url&raw?? HTTP/2.0" 404 82494 "-" "Mozilla/5.0 (compatible; Hunyuan/1.0; +https://hunyuan.tencent.com/)"
35.199.93.6 - - [27/Sep/2026:20:00:46 +0300] "GET /@fs/proc/self/cwd/.env?raw?? HTTP/2.0" 404 85369 "-" "Mozilla/5.0 (compatible; KimiBot/1.0; +https://kimi.ai/)"
35.199.93.6 - - [27/Sep/2026:20:00:46 +0300] "POST /v1/graphql HTTP/2.0" 404 82843 "https://auto-porsche.com" "Mozilla/5.0 (Windows NT 10.0; Win64; x64) AppleWebKit/537.36 (KHTML, like Gecko) Chrome/153.0.0.0 Safari/537.36"
35.199.93.6 - - [27/Sep/2026:20:00:47 +0300] "GET /category/models/ HTTP/2.0" 200 90762 "-" "Mozilla/5.0 (Windows NT 10.0; Win64; x64) AppleWebKit/537.36 (KHTML, like Gecko) Chrome/153.0.0.0 Safari/537.36"
35.199.93.6 - - [27/Sep/2026:20:00:47 +0300] "GET /@fs/.env?import&?raw?? HTTP/2.0" 404 85353 "-" "Mozilla/5.0 (compatible; Google-Extended; +http://www.google.com/bot.html)"
35.199.93.6 - - [27/Sep/2026:20:00:47 +0300] "GET /@fs/app/.env.production?import&raw?? HTTP/2.0" 404 84974 "-" "Mozilla/5.0 (compatible; Bytespider; spider-feedback@bytedance.com) AppleWebKit/537.36"
35.199.93.6 - - [27/Sep/2026:20:00:47 +0300] "GET /@fs/app/.env?import&raw?? HTTP/2.0" 404 83776 "-" "Mozilla/5.0 AppleWebKit/537.36 (KHTML, like Gecko); compatible; ChatGPT-User/1.0; +https://openai.com/bot"
35.199.93.6 - - [27/Sep/2026:20:00:47 +0300] "GET /@fs/app/.env.local?import&raw?? HTTP/2.0" 404 85511 "-" "Mozilla/5.0 (compatible; Bravebot/1.0; +https://brave.com/search/)"
35.199.93.6 - - [27/Sep/2026:20:00:49 +0300] "GET /category/models/ HTTP/2.0" 200 90762 "-" "Mozilla/5.0 (Windows NT 10.0; Win64; x64) AppleWebKit/537.36 (KHTML, like Gecko) Chrome/153.0.0.0 Safari/537.36"
35.199.93.6 - - [27/Sep/2026:20:00:48 +0300] "GET /@fs/src/.env?import&raw?? HTTP/2.0" 404 83863 "-" "CCBot/2.0 (https://commoncrawl.org/faq/)"
35.199.93.6 - - [27/Sep/2026:20:00:49 +0300] "GET /@fs/../.env?import&raw?? HTTP/2.0" 404 83873 "-" "Mozilla/5.0 (compatible; Bravebot/1.0; +https://brave.com/search/)"
35.199.93.6 - - [27/Sep/2026:20:00:49 +0300] "GET /2024/01/26/find-the-speediest-porsche-911-models-select-your-ultimate-champion/ HTTP/2.0" 500 57787 "-" "Mozilla/5.0 (Windows NT 10.0; Win64; x64) AppleWebKit/537.36 (KHTML, like Gecko) Chrome/153.0.0.0 Safari/537.36"
35.199.93.6 - - [27/Sep/2026:20:00:49 +0300] "GET /@fs/var/run/secrets/kubernetes.io/serviceaccount/token?raw?? HTTP/2.0" 404 85302 "-" "Mozilla/5.0 (compatible; Meta-ExternalAgent/1.0; +https://developers.facebook.com/docs/sharing/webmasters/crawler)"
35.199.93.6 - - [27/Sep/2026:20:00:50 +0300] "GET /@fs/proc/self/cmdline?raw?? HTTP/2.0" 404 82834 "-" "Mozilla/5.0 (compatible; Qwenbot/1.0; +https://qwen.alibaba.com/)"
35.199.93.6 - - [27/Sep/2026:20:00:50 +0300] "GET /__vite_rsc_findSourceMapURL?filename=file:///proc/self/environ&environmentName=rsc HTTP/2.0" 404 84927 "-" "Mozilla/5.0 (compatible; Amazonbot/0.1; +https://developer.amazon.com/support/amazonbot)"
35.199.93.6 - - [27/Sep/2026:20:00:50 +0300] "GET /@fs/var/run/secrets/kubernetes.io/serviceaccount/ca.crt?raw?? HTTP/2.0" 404 83998 "-" "Mozilla/5.0 AppleWebKit/537.36 (KHTML, like Gecko); compatible; GPTBot/1.4; +https://openai.com/gptbot"
35.199.93.6 - - [27/Sep/2026:20:00:51 +0300] "GET /__vite_rsc_findSourceMapURL?filename=file:///app/.env&environmentName=rsc HTTP/2.0" 404 83944 "-" "CCBot/2.0 (https://commoncrawl.org/faq/)"
35.199.93.6 - - [27/Sep/2026:20:00:51 +0300] "GET /__vite_rsc_findSourceMapURL?filename=file:///root/.aws/credentials&environmentName=rsc HTTP/2.0" 404 85961 "-" "Mozilla/5.0 AppleWebKit/537.36 (KHTML, like Gecko); compatible; ChatGPT-User/1.0; +https://openai.com/bot"
35.199.93.6 - - [27/Sep/2026:20:00:51 +0300] "GET /__vite_rsc_findSourceMapURL?filename=file:///root/.ssh/id_rsa&environmentName=rsc HTTP/2.0" 404 85204 "-" "Mozilla/5.0 (compatible; Meta-ExternalAgent/1.0; +https://developers.facebook.com/docs/sharing/webmasters/crawler)"
35.199.93.6 - - [27/Sep/2026:20:00:52 +0300] "GET /.env?raw HTTP/2.0" 404 82984 "-" "Mozilla/5.0 (compatible; MistralAI-User/1.0; +https://mistral.ai/)"
35.199.93.6 - - [27/Sep/2026:20:00:52 +0300] "GET /.env?import&raw HTTP/2.0" 404 84428 "-" "Mozilla/5.0 AppleWebKit/537.36 (KHTML, like Gecko; compatible; PerplexityBot/1.0; +https://perplexity.ai/perplexitybot)"
35.199.93.6 - - [27/Sep/2026:20:00:52 +0300] "GET /.env?import&url&inline HTTP/2.0" 404 85077 "-" "Mozilla/5.0 (compatible; DeepSeekBot/1.0; +https://www.deepseek.com/)"
35.199.93.6 - - [27/Sep/2026:20:00:53 +0300] "GET /.env.local?raw HTTP/2.0" 404 - "-" "Mozilla/5.0 AppleWebKit/537.36 (KHTML, like Gecko); compatible; ChatGPT-User/1.0; +https://openai.com/bot"
35.199.93.6 - - [27/Sep/2026:20:00:54 +0300] "POST /index.php?%ADd+allow_url_include%3d1+%ADd+auto_prepend_file%3dphp://input HTTP/2.0" 200 93471 "-" "DuckAssistBot/1.1 (https://duckduckgo.com/duckassistbot)"
57.141.20.69 - - [27/Sep/2026:20:00:56 +0300] "GET /wp-content/uploads/2023/09/analyzing-the-success-of-porsches-ipo-heres-what-you-need-to-know-100x100.png HTTP/2.0" 200 15579 "-" "Mozilla/5.0 (Macintosh; Intel Mac OS X 10_15_7) AppleWebKit/537.36 (KHTML, like Gecko) Chrome/145.0.0.0 Safari/537.36 (compatible; meta-externalagent/1.1 (+https://developers.facebook.com/docs/sharing/webmasters/crawler))"
35.199.93.6 - - [27/Sep/2026:20:00:57 +0300] "POST /php-cgi/php-cgi.exe?%ADd+allow_url_include%3d1+%ADd+auto_prepend_file%3dphp://input HTTP/2.0" 404 82693 "-" "DuckAssistBot/1.1 (https://duckduckgo.com/duckassistbot)"
35.199.93.6 - - [27/Sep/2026:20:00:59 +0300] "POST /cgi-bin/php-cgi.exe?%ADd+allow_url_include%3d1+%ADd+auto_prepend_file%3dphp://input HTTP/2.0" 404 84365 "-" "Mozilla/5.0 AppleWebKit/537.36 (KHTML, like Gecko; compatible; PerplexityBot/1.0; +https://perplexity.ai/perplexitybot)"
35.199.93.6 - - [27/Sep/2026:20:01:02 +0300] "POST /cgi-bin/php?%ADd+allow_url_include%3d1+%ADd+auto_prepend_file%3dphp://input HTTP/2.0" 404 83800 "-" "Mozilla/5.0 (compatible; Hunyuan/1.0; +https://hunyuan.tencent.com/)"
57.141.20.73 - - [27/Sep/2026:20:01:26 +0300] "GET /wp-content/uploads/2023/08/is-porsche-in-the-truck-game-discover-the-answer-on-website-name-150x150.jpg HTTP/2.0" 200 8746 "-" "Mozilla/5.0 (Macintosh; Intel Mac OS X 10_15_7) AppleWebKit/537.36 (KHTML, like Gecko) Chrome/145.0.0.0 Safari/537.36 (compatible; meta-externalagent/1.1 (+https://developers.facebook.com/docs/sharing/webmasters/crawler))"
57.141.20.12 - - [27/Sep/2026:20:02:40 +0300] "GET /wp-content/uploads/2023/08/curious-about-porsches-hybrid-models-discover-the-range-here-website-name-100x100.jpg HTTP/2.0" 200 3144 "-" "Mozilla/5.0 (Windows NT 10.0; Win64; x64) AppleWebKit/537.36 (KHTML, like Gecko) Chrome/145.0.0.0 Safari/537.36 (compatible; meta-externalagent/1.1 (+https://developers.facebook.com/docs/sharing/webmasters/crawler))"
85.254.144.33 - - [27/Sep/2026:20:02:44 +0300] "POST /wp-cron.php?doing_wp_cron=1790528564.3611090183258056640625 HTTP/1.1" 200 - "-" "WordPress/7.1.2; https://auto-porsche.com"
114.119.158.46 - - [27/Sep/2026:20:02:42 +0300] "GET /2023/12/30/2021-guide-updated-prices-and-models-of-porsche-in-india HTTP/1.1" 301 - "https://auto-porsche.com/2023/12/30/2021-guide-updated-prices-and-models-of-porsche-in-india" "Mozilla/5.0 (Linux; Android 7.0;) AppleWebKit/537.36 (HTML, like Gecko) Mobile Safari/537.36 (compatible; PetalBot;+https://webmaster.petalsearch.com/site/petalbot)"
114.119.158.46 - - [27/Sep/2026:20:02:46 +0300] "GET /2023/12/30/2021-guide-updated-prices-and-models-of-porsche-in-india/ HTTP/1.1" 500 53557 "https://auto-porsche.com/2023/12/30/2021-guide-updated-prices-and-models-of-porsche-in-india" "Mozilla/5.0 (Linux; Android 7.0;) AppleWebKit/537.36 (HTML, like Gecko) Mobile Safari/537.36 (compatible; PetalBot;+https://webmaster.petalsearch.com/site/petalbot)"
85.254.144.33 - - [27/Sep/2026:20:05:01 +0300] "POST /wp-cron.php?doing_wp_cron=1790528701.6895790100097656250000 HTTP/1.1" 200 - "-" "WordPress/7.1.2; https://auto-porsche.com"
52.167.144.169 - - [27/Sep/2026:20:05:00 +0300] "GET /wp-content/uploads/2023/07/PEC-MAIN4-750x450.jpg HTTP/2.0" 404 83867 "-" "Mozilla/5.0 AppleWebKit/537.36 (KHTML, like Gecko; compatible; bingbot/2.0; +http://www.bing.com/bingbot.htm) Chrome/116.0.1938.76 Safari/537.36"
43.167.232.38 - - [27/Sep/2026:20:05:16 +0300] "GET /2023/08/19/understanding-the-long-term-depreciation-of-porsche-cars-a-closer-look-at-their-resale-value/ HTTP/1.1" 500 60842 "-" "Mozilla/5.0 (iPhone; CPU iPhone OS 13_2_3 like Mac OS X) AppleWebKit/605.1.15 (KHTML, like Gecko) Version/13.0.3 Mobile/15E148 Safari/604.1"
85.254.144.33 - - [27/Sep/2026:20:05:56 +0300] "POST /wp-cron.php?doing_wp_cron=1790528756.3141040802001953125000 HTTP/1.1" 200 - "-" "WordPress/7.1.2; https://auto-porsche.com"
114.119.137.116 - - [27/Sep/2026:20:05:55 +0300] "GET /2023/11/07/exploring-the-correct-pronunciation-of-porsche-is-it-porsche-or-porsche/ HTTP/1.1" 500 55219 "https://auto-porsche.com/2023/11/07/exploring-the-correct-pronunciation-of-porsche-is-it-porsche-or-porsche/" "Mozilla/5.0 (Linux; Android 7.0;) AppleWebKit/537.36 (HTML, like Gecko) Mobile Safari/537.36 (compatible; PetalBot;+https://webmaster.petalsearch.com/site/petalbot)"
40.77.167.28 - - [27/Sep/2026:20:06:09 +0300] "GET /de/wp-content/uploads/2024/04/2_porsche-normal-768x295.jpg HTTP/2.0" 404 84170 "-" "Mozilla/5.0 AppleWebKit/537.36 (KHTML, like Gecko; compatible; bingbot/2.0; +http://www.bing.com/bingbot.htm) Chrome/116.0.1938.76 Safari/537.36"
104.248.34.225 - - [27/Sep/2026:20:07:28 +0300] "HEAD / HTTP/2.0" 200 - "http://auto-porsche.com/" "Mozilla/5.0 (Linux; Android 13; Pixel 7a) AppleWebKit/537.36 (KHTML, like Gecko) Chrome/124.0.6367.82 Mobile Safari/537.36"
104.248.34.225 - - [27/Sep/2026:20:07:38 +0300] "HEAD / HTTP/2.0" 200 - "http://auto-porsche.com/2023/" "Mozilla/5.0 (Linux; U; Android 10; en-US; CPH2015) AppleWebKit/537.36 (KHTML, like Gecko) UCBrowser/13.5.8.1311 Mobile Safari/537.36"
104.248.34.225 - - [27/Sep/2026:20:07:41 +0300] "HEAD / HTTP/2.0" 200 - "http://auto-porsche.com/2024/" "Mozilla/5.0 (Macintosh; Intel Mac OS X 13_5) AppleWebKit/605.1.15 (KHTML, like Gecko) Version/16.5 Safari/605.1.15"
104.248.34.225 - - [27/Sep/2026:20:07:46 +0300] "HEAD /sitemap/ HTTP/2.0" 200 - "http://auto-porsche.com/site/" "Mozilla/5.0 (X11; Fedora; Linux x86_64; rv:125.0) Gecko/20100101 Firefox/125.0"
52.167.144.169 - - [27/Sep/2026:20:08:00 +0300] "GET /wp-content/uploads/2023/07/800px-Porsche_logo.svg-150x150.png HTTP/2.0" 404 84037 "-" "Mozilla/5.0 AppleWebKit/537.36 (KHTML, like Gecko; compatible; bingbot/2.0; +http://www.bing.com/bingbot.htm) Chrome/116.0.1938.76 Safari/537.36"
85.254.144.33 - - [27/Sep/2026:20:09:12 +0300] "POST /wp-cron.php?doing_wp_cron=1790528951.9899830818176269531250 HTTP/1.1" 200 - "-" "WordPress/7.1.2; https://auto-porsche.com"
114.119.144.15 - - [27/Sep/2026:20:09:11 +0300] "GET /category/car-reviews HTTP/1.1" 301 - "https://auto-porsche.com/category/car-reviews" "Mozilla/5.0 (Linux; Android 7.0;) AppleWebKit/537.36 (HTML, like Gecko) Mobile Safari/537.36 (compatible; PetalBot;+https://webmaster.petalsearch.com/site/petalbot)"
114.119.144.15 - - [27/Sep/2026:20:09:13 +0300] "GET /category/car-reviews/ HTTP/1.1" 200 78225 "https://auto-porsche.com/category/car-reviews" "Mozilla/5.0 (Linux; Android 7.0;) AppleWebKit/537.36 (HTML, like Gecko) Mobile Safari/537.36 (compatible; PetalBot;+https://webmaster.petalsearch.com/site/petalbot)"
40.77.167.28 - - [27/Sep/2026:20:09:22 +0300] "GET /2023/06/29/how-much-does-it-cost-to-own-a-porsche-a-deep-dive-into-the-price-of-porsche-cars/ HTTP/2.0" 500 55982 "-" "Mozilla/5.0 AppleWebKit/537.36 (KHTML, like Gecko; compatible; bingbot/2.0; +http://www.bing.com/bingbot.htm) Chrome/116.0.1938.76 Safari/537.36"
85.254.144.33 - - [27/Sep/2026:20:10:32 +0300] "POST /wp-cron.php?doing_wp_cron=1790529032.0931110382080078125000 HTTP/1.1" 200 - "-" "WordPress/7.1.2; https://auto-porsche.com"
77.75.78.170 - - [27/Sep/2026:20:10:30 +0300] "GET /category/problems/ HTTP/1.1" 200 96525 "-" "Mozilla/5.0 (compatible; SeznamBot/4.0; +https://o-seznam.cz/napoveda/vyhledavani/en/seznambot-crawler/)"
85.254.144.33 - - [27/Sep/2026:20:12:11 +0300] "POST /wp-cron.php?doing_wp_cron=1790529131.9583570957183837890625 HTTP/1.1" 200 - "-" "WordPress/7.1.2; https://auto-porsche.com"
77.88.47.11 - - [27/Sep/2026:20:12:10 +0300] "GET /2023/06/25/can-i-still-get-a-porsche-with-a-manual-transmission/ HTTP/1.1" 500 53231 "-" "Mozilla/5.0 (compatible; YandexBot/3.0; +http://yandex.com/bots) AppleWebKit/537.36 (KHTML, like Gecko) Chrome/108.0.0.0"
114.119.154.166 - - [27/Sep/2026:20:12:22 +0300] "GET /2023/11/25/is-the-porsche-macan-worth-the-hype-a-detailed-look-at-the-pros-and-cons-of-this-exquisite-luxury-suv/ HTTP/1.1" 500 53698 "https://auto-porsche.com/2023/11/25/is-the-porsche-macan-worth-the-hype-a-detailed-look-at-the-pros-and-cons-of-this-exquisite-luxury-suv/" "Mozilla/5.0 (Linux; Android 7.0;) AppleWebKit/537.36 (HTML, like Gecko) Mobile Safari/537.36 (compatible; PetalBot;+https://webmaster.petalsearch.com/site/petalbot)"
85.254.144.33 - - [27/Sep/2026:20:12:34 +0300] "POST /wp-cron.php?doing_wp_cron=1790529154.4794681072235107421875 HTTP/1.1" 200 - "-" "WordPress/7.1.2; https://auto-porsche.com"
5.180.148.157 - - [27/Sep/2026:20:12:33 +0300] "GET /de/wp-content/uploads/2023/08/Porsche-Macan-Elektro-Prototyp-2021-5-1-1200x689.jpg HTTP/2.0" 404 85442 "-" "Mozilla/5.0 (Windows NT 10.0; Win64; x64) AppleWebKit/537.36 (KHTML, like Gecko) Chrome/107.0.0.0 Safari/537.36"
43.166.132.142 - - [27/Sep/2026:20:13:23 +0300] "GET /?attachment_id=855 HTTP/1.1" 301 - "-" "Mozilla/5.0 (iPhone; CPU iPhone OS 13_2_3 like Mac OS X) AppleWebKit/605.1.15 (KHTML, like Gecko) Version/13.0.3 Mobile/15E148 Safari/604.1"
85.254.144.33 - - [27/Sep/2026:20:13:29 +0300] "POST /wp-cron.php?doing_wp_cron=1790529209.9610900878906250000000 HTTP/1.1" 200 - "-" "WordPress/7.1.2; https://auto-porsche.com"
43.166.132.142 - - [27/Sep/2026:20:13:29 +0300] "GET /2021/12/14/2019-porsche-panamera-for-sale-miami/ HTTP/1.1" 500 39639 "https://auto-porsche.com/?attachment_id=855" "Mozilla/5.0 (iPhone; CPU iPhone OS 13_2_3 like Mac OS X) AppleWebKit/605.1.15 (KHTML, like Gecko) Version/13.0.3 Mobile/15E148 Safari/604.1"
85.254.144.33 - - [27/Sep/2026:20:14:28 +0300] "POST /wp-cron.php?doing_wp_cron=1790529268.3925058841705322265625 HTTP/1.1" 200 - "-" "WordPress/7.1.2; https://auto-porsche.com"
112.86.225.206 - - [27/Sep/2026:20:14:27 +0300] "GET /2021/12/25/2020-porsche-panamera-for-sale-in-barrington-illinois/ HTTP/1.1" 500 43948 "-" "Sogou web spider/4.0(+http://www.sogou.com/docs/help/webmasters.htm#07)"
112.86.225.157 - - [27/Sep/2026:20:14:31 +0300] "GET /2021/12/25/2020-porsche-panamera-for-sale-in-barrington-illinois/ HTTP/1.1" 500 43948 "-" "Sogou web spider/4.0(+http://www.sogou.com/docs/help/webmasters.htm#07)"
85.254.144.33 - - [27/Sep/2026:20:15:39 +0300] "POST /wp-cron.php?doing_wp_cron=1790529339.5735309123992919921875 HTTP/1.1" 200 - "-" "WordPress/7.1.2; https://auto-porsche.com"
114.119.158.46 - - [27/Sep/2026:20:15:38 +0300] "GET /2023/10/27/what-are-the-expected-changes-in-the-porsche-macan/ HTTP/1.1" 500 56454 "https://auto-porsche.com/2023/10/27/what-are-the-expected-changes-in-the-porsche-macan/" "Mozilla/5.0 (Linux; Android 7.0;) AppleWebKit/537.36 (HTML, like Gecko) Mobile Safari/537.36 (compatible; PetalBot;+https://webmaster.petalsearch.com/site/petalbot)"
74.7.229.148 - - [27/Sep/2026:20:15:48 +0300] "GET /2023/11/25/is-the-porsche-macan-worth-the-hype-a-detailed-look-at-the-pros-and-cons-of-this-exquisite-luxury-suv/ HTTP/2.0" 500 53698 "-" "Mozilla/5.0 (Macintosh; Intel Mac OS X 10_15_7) AppleWebKit/537.36 (KHTML, like Gecko) Chrome/131.0.0.0 Safari/537.36; compatible; OAI-SearchBot/1.4; +https://openai.com/searchbot"
47.128.117.70 - - [27/Sep/2026:20:16:21 +0300] "GET /2023/11/02/porsche-911-gt3-explore-the-pricing-and-features-of-this-iconic-sports-car/ HTTP/2.0" 500 55084 "-" "Mozilla/5.0 (Linux; Android 5.0) AppleWebKit/537.36 (KHTML, like Gecko) Mobile Safari/537.36 (compatible; TikTokSpider; ttspider-feedback@tiktok.com)"
47.128.117.70 - - [27/Sep/2026:20:16:23 +0300] "GET /wp-content/uploads/2023/07/Porsche2091120GT320.jpg HTTP/2.0" 404 85184 "https://auto-porsche.com/2023/11/02/porsche-911-gt3-explore-the-pricing-and-features-of-this-iconic-sports-car/" "Mozilla/5.0 (Linux; Android 5.0) AppleWebKit/537.36 (KHTML, like Gecko) Mobile Safari/537.36 (compatible; TikTokSpider; ttspider-feedback@tiktok.com)"
47.128.117.70 - - [27/Sep/2026:20:16:26 +0300] "GET /wp-content/uploads/2023/07/Porsche2091120GT320.jpg HTTP/2.0" 404 - "https://auto-porsche.com/2023/11/02/porsche-911-gt3-explore-the-pricing-and-features-of-this-iconic-sports-car/" "Mozilla/5.0 (Linux; Android 5.0) AppleWebKit/537.36 (KHTML, like Gecko) Mobile Safari/537.36 (compatible; TikTokSpider; ttspider-feedback@tiktok.com)"
85.254.144.33 - - [27/Sep/2026:20:16:27 +0300] "POST /wp-cron.php?doing_wp_cron=1790529387.7556610107421875000000 HTTP/1.1" 200 - "-" "WordPress/7.1.2; https://auto-porsche.com"
85.254.144.33 - - [27/Sep/2026:20:18:01 +0300] "POST /wp-cron.php?doing_wp_cron=1790529481.5549008846282958984375 HTTP/1.1" 200 - "-" "WordPress/7.1.2; https://auto-porsche.com"
52.167.144.189 - - [27/Sep/2026:20:18:00 +0300] "GET /wp-content/uploads/2023/07/Porsche-Audi-F1-2-100x100.jpg HTTP/2.0" 404 83871 "-" "Mozilla/5.0 AppleWebKit/537.36 (KHTML, like Gecko; compatible; bingbot/2.0; +http://www.bing.com/bingbot.htm) Chrome/116.0.1938.76 Safari/537.36"
85.254.144.33 - - [27/Sep/2026:20:18:30 +0300] "POST /wp-cron.php?doing_wp_cron=1790529510.2923069000244140625000 HTTP/1.1" 200 - "-" "WordPress/7.1.2; https://auto-porsche.com"
207.46.13.102 - - [27/Sep/2026:20:18:29 +0300] "GET /2023/06/29/how-much-does-it-cost-to-own-a-porsche-a-deep-dive-into-the-price-of-porsche-cars/ HTTP/2.0" 500 55982 "-" "Mozilla/5.0 AppleWebKit/537.36 (KHTML, like Gecko; compatible; bingbot/2.0; +http://www.bing.com/bingbot.htm) Chrome/116.0.1938.76 Safari/537.36"
114.119.158.46 - - [27/Sep/2026:20:18:47 +0300] "GET /2023/10/15/which-porsche-model-will-be-featured-in-the-upcoming-transformers-movie HTTP/1.1" 301 - "https://auto-porsche.com/2023/10/15/which-porsche-model-will-be-featured-in-the-upcoming-transformers-movie" "Mozilla/5.0 (Linux; Android 7.0;) AppleWebKit/537.36 (HTML, like Gecko) Mobile Safari/537.36 (compatible; PetalBot;+https://webmaster.petalsearch.com/site/petalbot)"
114.119.158.46 - - [27/Sep/2026:20:18:49 +0300] "GET /2023/10/15/which-porsche-model-will-be-featured-in-the-upcoming-transformers-movie/ HTTP/1.1" 500 52541 "https://auto-porsche.com/2023/10/15/which-porsche-model-will-be-featured-in-the-upcoming-transformers-movie" "Mozilla/5.0 (Linux; Android 7.0;) AppleWebKit/537.36 (HTML, like Gecko) Mobile Safari/537.36 (compatible; PetalBot;+https://webmaster.petalsearch.com/site/petalbot)"
40.77.167.123 - - [27/Sep/2026:20:19:04 +0300] "GET /wp-content/uploads/2023/07/CZ20V07OX0006_low-335x220.jpg HTTP/2.0" 404 82325 "-" "Mozilla/5.0 AppleWebKit/537.36 (KHTML, like Gecko; compatible; bingbot/2.0; +http://www.bing.com/bingbot.htm) Chrome/116.0.1938.76 Safari/537.36"
40.77.167.123 - - [27/Sep/2026:20:21:04 +0300] "GET /wp-content/uploads/2023/07/2_hqdefault-150x150.jpg HTTP/2.0" 200 4847 "-" "Mozilla/5.0 AppleWebKit/537.36 (KHTML, like Gecko; compatible; bingbot/2.0; +http://www.bing.com/bingbot.htm) Chrome/116.0.1938.76 Safari/537.36"
85.254.144.33 - - [27/Sep/2026:20:21:23 +0300] "POST /wp-cron.php?doing_wp_cron=1790529683.2335329055786132812500 HTTP/1.1" 200 - "-" "WordPress/7.1.2; https://auto-porsche.com"
45.65.231.32 - - [27/Sep/2026:20:21:22 +0300] "GET /2023/12/30/2021-guide-updated-prices-and-models-of-porsche-in-india/ HTTP/1.1" 500 53557 "-" "Mozilla/5.0 (Macintosh; Intel Mac OS X 14_2_1) AppleWebKit/537.36 (KHTML, like Gecko) Chrome/125.0.6422.60 Safari/537.36"
85.254.144.33 - - [27/Sep/2026:20:22:02 +0300] "POST /wp-cron.php?doing_wp_cron=1790529722.7506840229034423828125 HTTP/1.1" 200 - "-" "WordPress/7.1.2; https://auto-porsche.com"
114.119.158.46 - - [27/Sep/2026:20:22:01 +0300] "GET /2024/01/16/explore-the-porsche-cayman-unveiling-its-impressive-features-specifications-and-more/ HTTP/1.1" 500 53135 "https://auto-porsche.com/2024/01/16/explore-the-porsche-cayman-unveiling-its-impressive-features-specifications-and-more/" "Mozilla/5.0 (Linux; Android 7.0;) AppleWebKit/537.36 (HTML, like Gecko) Mobile Safari/537.36 (compatible; PetalBot;+https://webmaster.petalsearch.com/site/petalbot)"
85.254.144.33 - - [27/Sep/2026:20:23:14 +0300] "POST /wp-cron.php?doing_wp_cron=1790529794.3102860450744628906250 HTTP/1.1" 200 - "-" "WordPress/7.1.2; https://auto-porsche.com"
77.88.47.30 - - [27/Sep/2026:20:23:13 +0300] "GET / HTTP/1.1" 200 92835 "-" "Mozilla/5.0 (compatible; YandexBot/3.0; +http://yandex.com/bots) AppleWebKit/537.36 (KHTML, like Gecko) Chrome/108.0.0.0"
77.88.47.31 - - [27/Sep/2026:20:23:18 +0300] "GET /wp-content/plugins/maxslider/assets/vendor/slick/slick.js?ver=1.6.0 HTTP/1.1" 200 84265 "https://auto-porsche.com/" "Mozilla/5.0 (compatible; YandexRenderResourcesBot/1.0; +http://yandex.com/bots) AppleWebKit/537.36 (KHTML, like Gecko) Chrome/108.0.0.0"
112.86.225.58 - - [27/Sep/2026:20:23:18 +0300] "GET /2023/07/21/unleashing-the-power-unveiling-the-impressive-towing-capabilities-of-the-porsche-macan/ HTTP/1.1" 500 53062 "-" "Sogou web spider/4.0(+http://www.sogou.com/docs/help/webmasters.htm#07)"
77.88.47.27 - - [27/Sep/2026:20:23:20 +0300] "GET /wp-includes/js/wp-emoji-release.min.js?ver=7.1.2 HTTP/1.1" 200 22752 "https://auto-porsche.com/" "Mozilla/5.0 (compatible; YandexRenderResourcesBot/1.0; +http://yandex.com/bots) AppleWebKit/537.36 (KHTML, like Gecko) Chrome/108.0.0.0"
121.229.156.63 - - [27/Sep/2026:20:23:22 +0300] "GET /2023/07/21/unleashing-the-power-unveiling-the-impressive-towing-capabilities-of-the-porsche-macan/ HTTP/1.1" 500 53062 "-" "Sogou web spider/4.0(+http://www.sogou.com/docs/help/webmasters.htm#07)"
85.254.144.33 - - [27/Sep/2026:20:23:49 +0300] "POST /wp-cron.php?doing_wp_cron=1790529829.3006598949432373046875 HTTP/1.1" 200 - "-" "WordPress/7.1.2; https://auto-porsche.com"
43.130.15.147 - - [27/Sep/2026:20:23:48 +0300] "GET /wp-json/wp/v2/posts/1651 HTTP/1.1" 200 23935 "-" "Mozilla/5.0 (iPhone; CPU iPhone OS 13_2_3 like Mac OS X) AppleWebKit/605.1.15 (KHTML, like Gecko) Version/13.0.3 Mobile/15E148 Safari/604.1"
93.92.20.196 - - [27/Sep/2026:20:24:13 +0300] "GET /2023/07/01/assessing-the-reliability-and-safety-of-the-porsche-panamera-a-comprehensive-review/ HTTP/1.1" 500 47290 "-" "Mozilla/5.0 (Macintosh; Intel Mac OS X 10_15_7) AppleWebKit/537.36 (KHTML, like Gecko) Chrome/104.0.0.0 Safari/537.36"
93.92.20.196 - - [27/Sep/2026:20:24:14 +0300] "GET /2023/11/10/the-origins-of-porsche-unveiling-the-german-heritage-of-the-iconic-automotive-brand/ HTTP/1.1" 500 60188 "-" "Mozilla/5.0 (Macintosh; Intel Mac OS X 10_15_7) AppleWebKit/537.36 (KHTML, like Gecko) Chrome/104.0.0.0 Safari/537.36"
93.92.20.196 - - [27/Sep/2026:20:24:15 +0300] "GET /category/questions/page/8/ HTTP/1.1" 200 87784 "-" "Mozilla/5.0 (Macintosh; Intel Mac OS X 10_15_7) AppleWebKit/537.36 (KHTML, like Gecko) Chrome/104.0.0.0 Safari/537.36"
93.92.20.196 - - [27/Sep/2026:20:24:17 +0300] "GET /2023/11/27/discover-the-truth-does-volkswagen-own-porsche/ HTTP/1.1" 500 53435 "-" "Mozilla/5.0 (Macintosh; Intel Mac OS X 10_15_7) AppleWebKit/537.36 (KHTML, like Gecko) Chrome/104.0.0.0 Safari/537.36"
93.92.20.196 - - [27/Sep/2026:20:24:18 +0300] "GET /2023/07/19/is-porsche-the-ultimate-car-brand-discover-the-reasons-here/ HTTP/1.1" 500 51485 "-" "Mozilla/5.0 (Macintosh; Intel Mac OS X 10_15_7) AppleWebKit/537.36 (KHTML, like Gecko) Chrome/104.0.0.0 Safari/537.36"
93.92.20.196 - - [27/Sep/2026:20:24:20 +0300] "GET /2023/09/11/get-the-latest-updates-on-porsche-production-are-they-still-manufacturing-cars/ HTTP/1.1" 500 58858 "-" "Mozilla/5.0 (Macintosh; Intel Mac OS X 10_15_7) AppleWebKit/537.36 (KHTML, like Gecko) Chrome/104.0.0.0 Safari/537.36"
93.92.20.196 - - [27/Sep/2026:20:24:21 +0300] "GET /2021/12/23/1964-porsche-356-c-coupe-for-sale-in-amsterdam-netherlands/ HTTP/1.1" 500 43128 "-" "Mozilla/5.0 (Macintosh; Intel Mac OS X 10_15_7) AppleWebKit/537.36 (KHTML, like Gecko) Chrome/104.0.0.0 Safari/537.36"
93.92.20.196 - - [27/Sep/2026:20:24:22 +0300] "GET /2021/12/09/2001-porsche-boxster-for-sale-in-madrid/ HTTP/1.1" 500 41466 "-" "Mozilla/5.0 (Macintosh; Intel Mac OS X 10_15_7) AppleWebKit/537.36 (KHTML, like Gecko) Chrome/104.0.0.0 Safari/537.36"
93.92.20.196 - - [27/Sep/2026:20:24:23 +0300] "GET /2023/07/12/porsche-vs-audi-a-comprehensive-comparison-of-the-world-s-finest-luxury-car-brands/ HTTP/1.1" 500 58282 "-" "Mozilla/5.0 (Macintosh; Intel Mac OS X 10_15_7) AppleWebKit/537.36 (KHTML, like Gecko) Chrome/104.0.0.0 Safari/537.36"
85.254.144.33 - - [27/Sep/2026:20:24:26 +0300] "POST /wp-cron.php?doing_wp_cron=1790529866.2706789970397949218750 HTTP/1.1" 200 - "-" "WordPress/7.1.2; https://auto-porsche.com"
93.92.20.196 - - [27/Sep/2026:20:24:25 +0300] "GET /2023/09/01/find-out-if-porsche-supports-android-auto-and-the-features-it-offers/ HTTP/1.1" 500 53008 "-" "Mozilla/5.0 (Macintosh; Intel Mac OS X 10_15_7) AppleWebKit/537.36 (KHTML, like Gecko) Chrome/104.0.0.0 Safari/537.36"
93.92.20.196 - - [27/Sep/2026:20:24:27 +0300] "GET /contact/ HTTP/1.1" 500 32350 "-" "Mozilla/5.0 (Macintosh; Intel Mac OS X 10_15_7) AppleWebKit/537.36 (KHTML, like Gecko) Chrome/104.0.0.0 Safari/537.36"
93.92.20.196 - - [27/Sep/2026:20:24:28 +0300] "GET /2023/09/29/the-origins-of-porsche-debunking-the-myth-of-nazi-involvement/ HTTP/1.1" 500 56091 "-" "Mozilla/5.0 (Macintosh; Intel Mac OS X 10_15_7) AppleWebKit/537.36 (KHTML, like Gecko) Chrome/104.0.0.0 Safari/537.36"
93.92.20.196 - - [27/Sep/2026:20:24:29 +0300] "GET /porsche-boxster/ HTTP/1.1" 500 51173 "-" "Mozilla/5.0 (Macintosh; Intel Mac OS X 10_15_7) AppleWebKit/537.36 (KHTML, like Gecko) Chrome/104.0.0.0 Safari/537.36"
93.92.20.196 - - [27/Sep/2026:20:24:31 +0300] "GET /porsche-taycan/ HTTP/1.1" 500 46812 "-" "Mozilla/5.0 (Macintosh; Intel Mac OS X 10_15_7) AppleWebKit/537.36 (KHTML, like Gecko) Chrome/104.0.0.0 Safari/537.36"
93.92.20.196 - - [27/Sep/2026:20:24:32 +0300] "GET /2023/09/28/analyzing-the-success-of-porsche-s-ipo-here-s-what-you-need-to-know/ HTTP/1.1" 500 59363 "-" "Mozilla/5.0 (Macintosh; Intel Mac OS X 10_15_7) AppleWebKit/537.36 (KHTML, like Gecko) Chrome/104.0.0.0 Safari/537.36"
93.92.20.196 - - [27/Sep/2026:20:24:34 +0300] "GET /porsche-944/ HTTP/1.1" 500 48445 "-" "Mozilla/5.0 (Macintosh; Intel Mac OS X 10_15_7) AppleWebKit/537.36 (KHTML, like Gecko) Chrome/104.0.0.0 Safari/537.36"
93.92.20.196 - - [27/Sep/2026:20:24:35 +0300] "GET /porsche-924/ HTTP/1.1" 500 47312 "-" "Mozilla/5.0 (Macintosh; Intel Mac OS X 10_15_7) AppleWebKit/537.36 (KHTML, like Gecko) Chrome/104.0.0.0 Safari/537.36"
93.92.20.196 - - [27/Sep/2026:20:24:36 +0300] "GET /2021/12/17/2016-porsche-panamera-turbo-for-sale-in-paris-france/ HTTP/1.1" 500 42220 "-" "Mozilla/5.0 (Macintosh; Intel Mac OS X 10_15_7) AppleWebKit/537.36 (KHTML, like Gecko) Chrome/104.0.0.0 Safari/537.36"
93.92.20.196 - - [27/Sep/2026:20:24:38 +0300] "GET /2021/11/18/porsche-944/ HTTP/1.1" 500 50392 "-" "Mozilla/5.0 (Macintosh; Intel Mac OS X 10_15_7) AppleWebKit/537.36 (KHTML, like Gecko) Chrome/104.0.0.0 Safari/537.36"
51.8.102.209 - - [27/Sep/2026:20:24:39 +0300] "GET /robots.txt HTTP/2.0" 200 96 "-" "Mozilla/5.0 (Macintosh; Intel Mac OS X 10_15_7) AppleWebKit/537.36 (KHTML, like Gecko) Chrome/131.0.0.0 Safari/537.36; compatible; OAI-SearchBot/1.0; +https://openai.com/searchbot"
93.92.20.196 - - [27/Sep/2026:20:24:39 +0300] "GET /2023/09/04/the-evolution-of-porsche-s-engine-lineup-uncovering-the-truth-about-the-v12-model/ HTTP/1.1" 500 49588 "-" "Mozilla/5.0 (Macintosh; Intel Mac OS X 10_15_7) AppleWebKit/537.36 (KHTML, like Gecko) Chrome/104.0.0.0 Safari/537.36"
93.92.20.196 - - [27/Sep/2026:20:24:40 +0300] "GET /2024/01/13/porsche-taycan-pricing-features-and-everything-you-need-to-know-before-buying/ HTTP/1.1" 500 55416 "-" "Mozilla/5.0 (Macintosh; Intel Mac OS X 10_15_7) AppleWebKit/537.36 (KHTML, like Gecko) Chrome/104.0.0.0 Safari/537.36"
93.92.20.196 - - [27/Sep/2026:20:24:42 +0300] "GET /2023/11/20/the-true-origins-of-porsche-unveiling-the-german-heritage-of-this-iconic-brand/ HTTP/1.1" 500 58893 "-" "Mozilla/5.0 (Macintosh; Intel Mac OS X 10_15_7) AppleWebKit/537.36 (KHTML, like Gecko) Chrome/104.0.0.0 Safari/537.36"
93.92.20.196 - - [27/Sep/2026:20:24:43 +0300] "GET /2023/09/01/is-porsche-known-for-using-boxer-engines-discover-the-facts-here/ HTTP/1.1" 500 58371 "-" "Mozilla/5.0 (Macintosh; Intel Mac OS X 10_15_7) AppleWebKit/537.36 (KHTML, like Gecko) Chrome/104.0.0.0 Safari/537.36"
93.92.20.196 - - [27/Sep/2026:20:24:44 +0300] "GET /2021/11/30/porsche-cayenne/ HTTP/1.1" 500 49702 "-" "Mozilla/5.0 (Macintosh; Intel Mac OS X 10_15_7) AppleWebKit/537.36 (KHTML, like Gecko) Chrome/104.0.0.0 Safari/537.36"
93.92.20.196 - - [27/Sep/2026:20:24:46 +0300] "GET /2021/11/25/porsche-boxster/ HTTP/1.1" 500 54641 "-" "Mozilla/5.0 (Macintosh; Intel Mac OS X 10_15_7) AppleWebKit/537.36 (KHTML, like Gecko) Chrome/104.0.0.0 Safari/537.36"
93.92.20.196 - - [27/Sep/2026:20:24:47 +0300] "GET /2023/11/11/reliability-analysis-can-you-trust-the-porsche-cayenne-suv/ HTTP/1.1" 500 47779 "-" "Mozilla/5.0 (Macintosh; Intel Mac OS X 10_15_7) AppleWebKit/537.36 (KHTML, like Gecko) Chrome/104.0.0.0 Safari/537.36"
93.92.20.196 - - [27/Sep/2026:20:24:48 +0300] "GET /2023/06/21/get-the-real-scoop-on-the-reliability-of-porsche-cayenne-models/ HTTP/1.1" 500 50142 "-" "Mozilla/5.0 (Macintosh; Intel Mac OS X 10_15_7) AppleWebKit/537.36 (KHTML, like Gecko) Chrome/104.0.0.0 Safari/537.36"
93.92.20.196 - - [27/Sep/2026:20:24:50 +0300] "GET /2024/01/06/the-future-of-sustainable-performance-porsche-s-zero-emission-fuel-vehicle/ HTTP/1.1" 500 56424 "-" "Mozilla/5.0 (Macintosh; Intel Mac OS X 10_15_7) AppleWebKit/537.36 (KHTML, like Gecko) Chrome/104.0.0.0 Safari/537.36"
93.92.20.196 - - [27/Sep/2026:20:24:51 +0300] "GET /category/questions/page/5/ HTTP/1.1" 200 98149 "-" "Mozilla/5.0 (Macintosh; Intel Mac OS X 10_15_7) AppleWebKit/537.36 (KHTML, like Gecko) Chrome/104.0.0.0 Safari/537.36"
114.119.154.166 - - [27/Sep/2026:20:25:16 +0300] "GET /2023/09/14/latest-news-and-updates-is-it-true-that-porsche-has-acquired-williams/ HTTP/1.1" 500 54538 "https://auto-porsche.com/2023/09/14/latest-news-and-updates-is-it-true-that-porsche-has-acquired-williams/" "Mozilla/5.0 (Linux; Android 7.0;) AppleWebKit/537.36 (HTML, like Gecko) Mobile Safari/537.36 (compatible; PetalBot;+https://webmaster.petalsearch.com/site/petalbot)"
204.168.201.134 - - [27/Sep/2026:20:25:24 +0300] "GET /wp-content/uploads/2023/08/discover-the-exciting-new-features-of-porsche-cars-including-apple-carplay-integration.jpg HTTP/1.1" 200 274321 "-" "Mozilla/5.0 (Macintosh; Intel Mac OS X 10_15_7) AppleWebKit/537.36 (KHTML, like Gecko) Chrome/104.0.0.0 Safari/537.36"
204.168.201.134 - - [27/Sep/2026:20:25:24 +0300] "GET /wp-content/uploads/2023/08/are-porsche-cars-prone-to-many-issues-investigating-the-dependability-of-porsche-vehicles.jpg HTTP/1.1" 200 44996 "-" "Mozilla/5.0 (Macintosh; Intel Mac OS X 10_15_7) AppleWebKit/537.36 (KHTML, like Gecko) Chrome/104.0.0.0 Safari/537.36"
204.168.201.134 - - [27/Sep/2026:20:25:24 +0300] "GET /wp-content/uploads/2023/08/discover-whether-porsche-offers-remote-start-capabilities-in-their-vehicles-with-this-comprehensive-guide.jpg HTTP/1.1" 200 928751 "-" "Mozilla/5.0 (Macintosh; Intel Mac OS X 10_15_7) AppleWebKit/537.36 (KHTML, like Gecko) Chrome/104.0.0.0 Safari/537.36"
204.168.201.185 - - [27/Sep/2026:20:25:32 +0300] "GET /wp-content/uploads/2023/08/is-it-necessary-to-use-premium-gasoline-for-porsche-cars.jpg HTTP/1.1" 200 101759 "-" "Mozilla/5.0 (Macintosh; Intel Mac OS X 10_15_7) AppleWebKit/537.36 (KHTML, like Gecko) Chrome/104.0.0.0 Safari/537.36"
204.168.201.185 - - [27/Sep/2026:20:25:32 +0300] "GET /wp-content/uploads/2023/08/curious-about-porsches-hybrid-models-discover-the-range-here-website-name.jpg HTTP/1.1" 200 416880 "-" "Mozilla/5.0 (Macintosh; Intel Mac OS X 10_15_7) AppleWebKit/537.36 (KHTML, like Gecko) Chrome/104.0.0.0 Safari/537.36"
204.168.206.154 - - [27/Sep/2026:20:26:15 +0300] "GET /wp-content/uploads/2023/08/is-porsche-in-the-truck-game-discover-the-answer-on-website-name.jpg HTTP/1.1" 200 60910 "-" "Mozilla/5.0 (Macintosh; Intel Mac OS X 10_15_7) AppleWebKit/537.36 (KHTML, like Gecko) Chrome/104.0.0.0 Safari/537.36"
204.168.206.154 - - [27/Sep/2026:20:26:15 +0300] "GET /wp-content/uploads/2023/08/is-porsche-in-the-truck-game-discover-the-answer-on-website-name.jpg HTTP/1.1" 200 60910 "-" "Mozilla/5.0 (Macintosh; Intel Mac OS X 10_15_7) AppleWebKit/537.36 (KHTML, like Gecko) Chrome/104.0.0.0 Safari/537.36"
204.168.206.154 - - [27/Sep/2026:20:26:15 +0300] "GET /wp-content/uploads/2023/08/are-porsches-available-with-automatic-transmission-discover-the-answer-here.png HTTP/1.1" 200 363690 "-" "Mozilla/5.0 (Macintosh; Intel Mac OS X 10_15_7) AppleWebKit/537.36 (KHTML, like Gecko) Chrome/104.0.0.0 Safari/537.36"
87.250.224.114 - - [27/Sep/2026:20:27:04 +0300] "GET /robots.txt HTTP/1.1" 200 96 "-" "Mozilla/5.0 (compatible; YandexBot/3.0; +http://yandex.com/bots)"
114.67.251.104 - - [27/Sep/2026:20:27:06 +0300] "GET /wp-content/uploads/2023/07/2021-porsche-911-targa-4s-heritage-design-edition-101-1591030725-100x100.jpg HTTP/1.1" 200 1878 "https://auto-porsche.com/2023/11/18/exploring-the-origins-and-heritage-of-porsche-unraveling-the-german-roots-of-the-iconic-automotive-brand/" "Mozilla/5.0 (compatible; dwnupd/1.0; +https://example.com/bot)"
85.254.144.33 - - [27/Sep/2026:20:27:50 +0300] "POST /wp-cron.php?doing_wp_cron=1790530070.3490738868713378906250 HTTP/1.1" 200 - "-" "WordPress/7.1.2; https://auto-porsche.com"
77.75.78.170 - - [27/Sep/2026:20:27:48 +0300] "GET /category/blog/page/2/ HTTP/1.1" 200 99364 "-" "Mozilla/5.0 (compatible; SeznamBot/4.0; +https://o-seznam.cz/napoveda/vyhledavani/en/seznambot-crawler/)"
52.167.144.189 - - [27/Sep/2026:20:27:51 +0300] "GET /wp-content/uploads/2021/12/14-3-768x576.jpg HTTP/2.0" 200 84245 "-" "Mozilla/5.0 AppleWebKit/537.36 (KHTML, like Gecko; compatible; bingbot/2.0; +http://www.bing.com/bingbot.htm) Chrome/116.0.1938.76 Safari/537.36"
40.77.167.14 - - [27/Sep/2026:20:28:11 +0300] "GET /wp-content/uploads/2021/11/2014-335x220.png HTTP/2.0" 200 12898 "-" "Mozilla/5.0 AppleWebKit/537.36 (KHTML, like Gecko; compatible; bingbot/2.0; +http://www.bing.com/bingbot.htm) Chrome/116.0.1938.76 Safari/537.36"
52.167.144.196 - - [27/Sep/2026:20:28:21 +0300] "GET /wp-content/uploads/2021/12/11-4-692x400.jpg HTTP/2.0" 200 47573 "-" "Mozilla/5.0 AppleWebKit/537.36 (KHTML, like Gecko; compatible; bingbot/2.0; +http://www.bing.com/bingbot.htm) Chrome/116.0.1938.76 Safari/537.36"
44.234.51.78 - - [27/Sep/2026:20:28:29 +0300] "GET /de/wp-content/uploads/2023/08/extcam03.webp HTTP/2.0" 404 83867 "-" "Mozilla/5.0 (Windows NT 10.0; Win64; x64) AppleWebKit/537.36 (KHTML, like Gecko) Chrome/144.0.0.0 Safari/537.36"
85.254.144.33 - - [27/Sep/2026:20:28:30 +0300] "POST /wp-cron.php?doing_wp_cron=1790530110.0142860412597656250000 HTTP/1.1" 200 - "-" "WordPress/7.1.2; https://auto-porsche.com"
114.119.137.116 - - [27/Sep/2026:20:28:29 +0300] "GET /2023/08/09/the-role-of-porsche-in-tank-manufacturing-unveiling-the-untold-history-of-porsche-s-contribution-to-the-tank-industry HTTP/1.1" 301 - "https://auto-porsche.com/2023/08/09/the-role-of-porsche-in-tank-manufacturing-unveiling-the-untold-history-of-porsche-s-contribution-to-the-tank-industry" "Mozilla/5.0 (Linux; Android 7.0;) AppleWebKit/537.36 (HTML, like Gecko) Mobile Safari/537.36 (compatible; PetalBot;+https://webmaster.petalsearch.com/site/petalbot)"
114.119.137.116 - - [27/Sep/2026:20:28:32 +0300] "GET /2023/08/09/the-role-of-porsche-in-tank-manufacturing-unveiling-the-untold-history-of-porsche-s-contribution-to-the-tank-industry/ HTTP/1.1" 500 59801 "https://auto-porsche.com/2023/08/09/the-role-of-porsche-in-tank-manufacturing-unveiling-the-untold-history-of-porsche-s-contribution-to-the-tank-industry" "Mozilla/5.0 (Linux; Android 7.0;) AppleWebKit/537.36 (HTML, like Gecko) Mobile Safari/537.36 (compatible; PetalBot;+https://webmaster.petalsearch.com/site/petalbot)"
35.164.189.140 - - [27/Sep/2026:20:28:34 +0300] "GET /de/wp-content/uploads/2023/08/extcam03.webp HTTP/2.0" 404 84080 "-" "Mozilla/5.0 (Windows NT 10.0; Win64; x64) AppleWebKit/537.36 (KHTML, like Gecko) Chrome/144.0.0.0 Safari/537.36"
157.55.39.61 - - [27/Sep/2026:20:28:55 +0300] "GET /de/was-ist-der-preis-fur-einen-porsche-911.html HTTP/2.0" 404 83713 "-" "Mozilla/5.0 AppleWebKit/537.36 (KHTML, like Gecko; compatible; bingbot/2.0; +http://www.bing.com/bingbot.htm) Chrome/116.0.1938.76 Safari/537.36"
85.254.144.33 - - [27/Sep/2026:20:30:39 +0300] "POST /wp-cron.php?doing_wp_cron=1790530239.0765650272369384765625 HTTP/1.1" 200 - "-" "WordPress/7.1.2; https://auto-porsche.com"
14.231.138.15 - - [27/Sep/2026:20:30:37 +0300] "GET /adalar-escort HTTP/2.0" 404 83837 "https://auto-porsche.com/" "Mozilla/5.0 (Windows NT 6.1; Win64; x64) AppleWebKit/537.36 (KHTML, like Gecko) Chrome/78.0.3630.74 Safari/537.36"
77.75.78.170 - - [27/Sep/2026:20:30:41 +0300] "GET /category/blog/feed/ HTTP/1.1" 200 187548 "-" "Mozilla/5.0 (compatible; SeznamBot/4.0; +https://o-seznam.cz/napoveda/vyhledavani/en/seznambot-crawler/)"
40.77.167.14 - - [27/Sep/2026:20:30:52 +0300] "GET /wp-content/uploads/2021/12/11-1-768x513.jpg HTTP/2.0" 200 82633 "-" "Mozilla/5.0 AppleWebKit/537.36 (KHTML, like Gecko; compatible; bingbot/2.0; +http://www.bing.com/bingbot.htm) Chrome/116.0.1938.76 Safari/537.36"
85.254.144.33 - - [27/Sep/2026:20:31:41 +0300] "POST /wp-cron.php?doing_wp_cron=1790530301.2823901176452636718750 HTTP/1.1" 200 - "-" "WordPress/7.1.2; https://auto-porsche.com"
114.119.152.47 - - [27/Sep/2026:20:31:40 +0300] "GET /2023/09/26/discover-the-history-of-porsche-in-formula-1-were-they-ever-a-part-of-the-prestigious-racing-series HTTP/1.1" 301 - "https://auto-porsche.com/2023/09/26/discover-the-history-of-porsche-in-formula-1-were-they-ever-a-part-of-the-prestigious-racing-series" "Mozilla/5.0 (Linux; Android 7.0;) AppleWebKit/537.36 (HTML, like Gecko) Mobile Safari/537.36 (compatible; PetalBot;+https://webmaster.petalsearch.com/site/petalbot)"
114.119.152.47 - - [27/Sep/2026:20:31:43 +0300] "GET /2023/09/26/discover-the-history-of-porsche-in-formula-1-were-they-ever-a-part-of-the-prestigious-racing-series/ HTTP/1.1" 500 57387 "https://auto-porsche.com/2023/09/26/discover-the-history-of-porsche-in-formula-1-were-they-ever-a-part-of-the-prestigious-racing-series" "Mozilla/5.0 (Linux; Android 7.0;) AppleWebKit/537.36 (HTML, like Gecko) Mobile Safari/537.36 (compatible; PetalBot;+https://webmaster.petalsearch.com/site/petalbot)"
85.254.144.33 - - [27/Sep/2026:20:32:29 +0300] "POST /wp-cron.php?doing_wp_cron=1790530349.5131850242614746093750 HTTP/1.1" 200 - "-" "WordPress/7.1.2; https://auto-porsche.com"
112.86.225.39 - - [27/Sep/2026:20:32:28 +0300] "GET /2023/09/20/is-it-a-good-idea-to-purchase-a-pre-owned-porsche-insights-from-experts-and-helpful-tips/ HTTP/1.1" 500 57973 "-" "Sogou web spider/4.0(+http://www.sogou.com/docs/help/webmasters.htm#07)"
121.229.156.15 - - [27/Sep/2026:20:32:32 +0300] "GET /2023/09/20/is-it-a-good-idea-to-purchase-a-pre-owned-porsche-insights-from-experts-and-helpful-tips/ HTTP/1.1" 500 57973 "-" "Sogou web spider/4.0(+http://www.sogou.com/docs/help/webmasters.htm#07)"
85.254.144.33 - - [27/Sep/2026:20:33:38 +0300] "POST /wp-cron.php?doing_wp_cron=1790530418.1673350334167480468750 HTTP/1.1" 200 - "-" "WordPress/7.1.2; https://auto-porsche.com"
43.153.107.22 - - [27/Sep/2026:20:33:37 +0300] "GET /2023/06/21/get-the-real-scoop-on-the-reliability-of-porsche-cayenne-models/ HTTP/1.1" 500 50142 "-" "Mozilla/5.0 (iPhone; CPU iPhone OS 13_2_3 like Mac OS X) AppleWebKit/605.1.15 (KHTML, like Gecko) Version/13.0.3 Mobile/15E148 Safari/604.1"
200.189.247.105 - - [27/Sep/2026:20:34:22 +0300] "GET /?j=b7r3o4k1e2n1b6e7l8l8i2ed HTTP/1.1" 200 95277 "http://www.auto-porsche.com/" "Mozilla/5.0 (iPhone; CPU iPhone OS 26_1 like Mac OS X) AppleWebKit/605.1.15 (KHTML, like Gecko) FxiOS/152.0 Mobile/15E148 Safari/604.1"
85.254.144.33 - - [27/Sep/2026:20:35:03 +0300] "POST /wp-cron.php?doing_wp_cron=1790530503.9573769569396972656250 HTTP/1.1" 200 - "-" "WordPress/7.1.2; https://auto-porsche.com"
114.119.154.166 - - [27/Sep/2026:20:35:03 +0300] "GET /2023/09/21/insightful-analysis-the-lifespan-of-porsches-what-experts-have-to-say-about-their-longevity/ HTTP/1.1" 500 52194 "https://auto-porsche.com/2023/09/21/insightful-analysis-the-lifespan-of-porsches-what-experts-have-to-say-about-their-longevity/" "Mozilla/5.0 (Linux; Android 7.0;) AppleWebKit/537.36 (HTML, like Gecko) Mobile Safari/537.36 (compatible; PetalBot;+https://webmaster.petalsearch.com/site/petalbot)"
40.77.167.132 - - [27/Sep/2026:20:38:09 +0300] "GET /wp-content/uploads/2021/12/8-2-1024x682.jpg HTTP/2.0" 200 193261 "-" "Mozilla/5.0 AppleWebKit/537.36 (KHTML, like Gecko; compatible; bingbot/2.0; +http://www.bing.com/bingbot.htm) Chrome/116.0.1938.76 Safari/537.36"
85.254.144.33 - - [27/Sep/2026:20:38:09 +0300] "POST /wp-cron.php?doing_wp_cron=1790530689.1331620216369628906250 HTTP/1.1" 200 - "-" "WordPress/7.1.2; https://auto-porsche.com"
114.119.142.39 - - [27/Sep/2026:20:38:08 +0300] "GET /2023/09/05/updates-on-the-status-of-porsche-nottingham-are-they-still-in-operation HTTP/1.1" 301 - "https://auto-porsche.com/2023/09/05/updates-on-the-status-of-porsche-nottingham-are-they-still-in-operation" "Mozilla/5.0 (Linux; Android 7.0;) AppleWebKit/537.36 (HTML, like Gecko) Mobile Safari/537.36 (compatible; PetalBot;+https://webmaster.petalsearch.com/site/petalbot)"
114.119.142.39 - - [27/Sep/2026:20:38:11 +0300] "GET /2023/09/05/updates-on-the-status-of-porsche-nottingham-are-they-still-in-operation/ HTTP/1.1" 500 56075 "https://auto-porsche.com/2023/09/05/updates-on-the-status-of-porsche-nottingham-are-they-still-in-operation" "Mozilla/5.0 (Linux; Android 7.0;) AppleWebKit/537.36 (HTML, like Gecko) Mobile Safari/537.36 (compatible; PetalBot;+https://webmaster.petalsearch.com/site/petalbot)"
57.141.20.74 - - [27/Sep/2026:20:38:46 +0300] "GET /wp-content/uploads/2023/08/discover-whether-porsches-are-equipped-with-apple-carplay-in-this-detailed-guide-150x150.jpg HTTP/2.0" 200 329267 "-" "Mozilla/5.0 (Windows NT 10.0; Win64; x64) AppleWebKit/537.36 (KHTML, like Gecko) Chrome/145.0.0.0 Safari/537.36 (compatible; meta-externalagent/1.1 (+https://developers.facebook.com/docs/sharing/webmasters/crawler))"
85.254.144.33 - - [27/Sep/2026:20:41:08 +0300] "POST /wp-cron.php?doing_wp_cron=1790530868.9214169979095458984375 HTTP/1.1" 200 - "-" "WordPress/7.1.2; https://auto-porsche.com"
180.102.110.151 - - [27/Sep/2026:20:41:07 +0300] "GET /2023/08/07/analyzing-the-reasons-for-the-depreciation-of-porsche-panamera-a-comprehensive-investigation-into-the-influencing-factors/ HTTP/1.1" 500 60940 "-" "Sogou web spider/4.0(+http://www.sogou.com/docs/help/webmasters.htm#07)"
112.86.225.39 - - [27/Sep/2026:20:41:11 +0300] "GET /2023/08/07/analyzing-the-reasons-for-the-depreciation-of-porsche-panamera-a-comprehensive-investigation-into-the-influencing-factors/ HTTP/1.1" 500 60940 "-" "Sogou web spider/4.0(+http://www.sogou.com/docs/help/webmasters.htm#07)"
114.119.144.15 - - [27/Sep/2026:20:41:21 +0300] "GET /2024/01/26/find-the-speediest-porsche-911-models-select-your-ultimate-champion/ HTTP/1.1" 500 57787 "https://auto-porsche.com/2024/01/26/find-the-speediest-porsche-911-models-select-your-ultimate-champion/" "Mozilla/5.0 (Linux; Android 7.0;) AppleWebKit/537.36 (HTML, like Gecko) Mobile Safari/537.36 (compatible; PetalBot;+https://webmaster.petalsearch.com/site/petalbot)"
91.137.119.117 - - [27/Sep/2026:20:41:51 +0300] "GET /wp-content/uploads/2023/12/cropped-sasd-1024x576-1-32x32.png HTTP/2.0" 200 2460 "-" "Ecosia/3324 CFNetwork/3860.700.1 Darwin/25.6.0"
94.142.139.39 - - [27/Sep/2026:20:42:13 +0300] "GET / HTTP/1.0" 200 95202 "https://auto-porsche.com/" "Mozilla/5.0 (Windows NT 10.0; Win64; x64) AppleWebKit/537.36 (KHTML, like Gecko) Chrome/130.0.0.0 Safari/537.36"
94.142.139.39 - - [27/Sep/2026:20:42:14 +0300] "GET /category/blog/ HTTP/1.0" 200 96412 "https://auto-porsche.com/category/blog/" "Mozilla/5.0 (Windows NT 10.0; Win64; x64) AppleWebKit/537.36 (KHTML, like Gecko) Chrome/130.0.0.0 Safari/537.36"
94.142.139.39 - - [27/Sep/2026:20:42:16 +0300] "GET /category/blog/page/2/ HTTP/1.0" 200 99175 "https://auto-porsche.com/category/blog/page/2/" "Mozilla/5.0 (Windows NT 10.0; Win64; x64) AppleWebKit/537.36 (KHTML, like Gecko) Chrome/130.0.0.0 Safari/537.36"
94.142.139.39 - - [27/Sep/2026:20:42:18 +0300] "GET /category/blog/page/3/ HTTP/1.0" 200 96971 "https://auto-porsche.com/category/blog/page/3/" "Mozilla/5.0 (Windows NT 10.0; Win64; x64) AppleWebKit/537.36 (KHTML, like Gecko) Chrome/130.0.0.0 Safari/537.36"
94.142.139.39 - - [27/Sep/2026:20:42:19 +0300] "GET /contact/ HTTP/1.0" 500 32350 "https://auto-porsche.com/contact/" "Mozilla/5.0 (Windows NT 10.0; Win64; x64) AppleWebKit/537.36 (KHTML, like Gecko) Chrome/130.0.0.0 Safari/537.36"
94.142.139.39 - - [27/Sep/2026:20:42:20 +0300] "GET /contact/ HTTP/1.0" 500 32350 "https://auto-porsche.com/contact/" "Mozilla/5.0 (Windows NT 10.0; Win64; x64) AppleWebKit/537.36 (KHTML, like Gecko) Chrome/130.0.0.0 Safari/537.36"
94.142.139.39 - - [27/Sep/2026:20:42:21 +0300] "GET /category/blog/page/4/ HTTP/1.0" 200 99685 "https://auto-porsche.com/category/blog/page/4/" "Mozilla/5.0 (Windows NT 10.0; Win64; x64) AppleWebKit/537.36 (KHTML, like Gecko) Chrome/130.0.0.0 Safari/537.36"
94.142.139.39 - - [27/Sep/2026:20:42:23 +0300] "GET /category/blog/page/5/ HTTP/1.0" 200 93986 "https://auto-porsche.com/category/blog/page/5/" "Mozilla/5.0 (Windows NT 10.0; Win64; x64) AppleWebKit/537.36 (KHTML, like Gecko) Chrome/130.0.0.0 Safari/537.36"
74.7.230.51 - - [27/Sep/2026:20:43:32 +0300] "GET /robots.txt HTTP/2.0" 200 26 "-" "Mozilla/5.0 (Macintosh; Intel Mac OS X 10_15_7) AppleWebKit/537.36 (KHTML, like Gecko) Chrome/131.0.0.0 Safari/537.36; compatible; OAI-SearchBot/1.4; robots.txt; +https://openai.com/searchbot"
85.254.144.33 - - [27/Sep/2026:20:44:12 +0300] "POST /wp-cron.php?doing_wp_cron=1790531052.8695549964904785156250 HTTP/1.1" 200 - "-" "WordPress/7.1.2; https://auto-porsche.com"
43.134.15.174 - - [27/Sep/2026:20:44:11 +0300] "GET /2023/08/19/understanding-the-long-term-depreciation-of-porsche-cars-a-closer-look-at-their-resale-value/ HTTP/1.1" 500 60842 "-" "Mozilla/5.0 (iPhone; CPU iPhone OS 13_2_3 like Mac OS X) AppleWebKit/605.1.15 (KHTML, like Gecko) Version/13.0.3 Mobile/15E148 Safari/604.1"
85.254.144.33 - - [27/Sep/2026:20:44:37 +0300] "POST /wp-cron.php?doing_wp_cron=1790531077.3336000442504882812500 HTTP/1.1" 200 - "-" "WordPress/7.1.2; https://auto-porsche.com"
