| Current Path : /home/seto/access-logs/ |
| Current File : /home/seto/access-logs/auto-porsche.com.viasms24.info-ssl_log |
85.254.144.33 - - [27/Sep/2026:15:02:02 +0300] "POST /wp-cron.php?doing_wp_cron=1790510522.9720458984375000000000 HTTP/1.1" 200 - "-" "WordPress/7.1.2; https://auto-porsche.com"
52.167.144.166 - - [27/Sep/2026:15:02:00 +0300] "GET /wp-content/uploads/2023/07/best-porsche-road-cars-list-porsche-356-goodwood-27112020-711x400.jpg HTTP/2.0" 404 84001 "-" "Mozilla/5.0 AppleWebKit/537.36 (KHTML, like Gecko; compatible; bingbot/2.0; +http://www.bing.com/bingbot.htm) Chrome/116.0.1938.76 Safari/537.36"
43.134.56.214 - - [27/Sep/2026:15:02:03 +0300] "GET /2023/10/19/the-future-of-performance-cars-exploring-the-potential-of-electric-porsche-911/ HTTP/1.1" 500 60569 "-" "Mozilla/5.0 (iPhone; CPU iPhone OS 13_2_3 like Mac OS X) AppleWebKit/605.1.15 (KHTML, like Gecko) Version/13.0.3 Mobile/15E148 Safari/604.1"
85.254.144.33 - - [27/Sep/2026:15:05:20 +0300] "POST /wp-cron.php?doing_wp_cron=1790510720.4721651077270507812500 HTTP/1.1" 200 - "-" "WordPress/7.1.2; https://auto-porsche.com"
112.86.225.142 - - [27/Sep/2026:15:05:19 +0300] "GET /category/buy-now/ HTTP/1.1" 200 91806 "-" "Sogou web spider/4.0(+http://www.sogou.com/docs/help/webmasters.htm#07)"
85.254.144.33 - - [27/Sep/2026:15:06:46 +0300] "POST /wp-cron.php?doing_wp_cron=1790510806.4163548946380615234375 HTTP/1.1" 200 - "-" "WordPress/7.1.2; https://auto-porsche.com"
52.167.144.196 - - [27/Sep/2026:15:06:45 +0300] "GET /porsche-boxster/ HTTP/2.0" 500 51173 "-" "Mozilla/5.0 AppleWebKit/537.36 (KHTML, like Gecko; compatible; bingbot/2.0; +http://www.bing.com/bingbot.htm) Chrome/116.0.1938.76 Safari/537.36"
195.178.110.105 - - [27/Sep/2026:15:07:41 +0300] "GET / HTTP/1.1" 200 12136 "-" "Mozilla/5.0 (iPhone; CPU iPhone OS 17_5 like Mac OS X) AppleWebKit/605.1.15 (KHTML, like Gecko) Version/17.5 Mobile/15E148 Safari/604.1"
195.178.110.105 - - [27/Sep/2026:15:07:41 +0300] "GET /wp-content/plugins/web-to-print-online-designer/readme.txt HTTP/1.1" 200 12174 "-" "Mozilla/5.0 (Windows NT 10.0; Win64; x64) AppleWebKit/537.36 (KHTML, like Gecko) Chrome/126.0.0.0 Safari/537.36 Edg/126.0.0.0"
85.254.144.33 - - [27/Sep/2026:15:09:07 +0300] "POST /wp-cron.php?doing_wp_cron=1790510947.3245189189910888671875 HTTP/1.1" 200 - "-" "WordPress/7.1.2; https://auto-porsche.com"
52.167.144.196 - - [27/Sep/2026:15:09:05 +0300] "GET /de/was-war-der-grund-fur-den-brand-des-porsche-der-geissens.html HTTP/2.0" 404 85185 "-" "Mozilla/5.0 AppleWebKit/537.36 (KHTML, like Gecko; compatible; bingbot/2.0; +http://www.bing.com/bingbot.htm) Chrome/116.0.1938.76 Safari/537.36"
87.250.224.117 - - [27/Sep/2026:15:10:34 +0300] "GET /robots.txt HTTP/1.1" 200 96 "-" "Mozilla/5.0 (compatible; YandexBot/3.0; +http://yandex.com/bots)"
85.254.144.33 - - [27/Sep/2026:15:10:36 +0300] "POST /wp-cron.php?doing_wp_cron=1790511036.2071669101715087890625 HTTP/1.1" 200 - "-" "WordPress/7.1.2; https://auto-porsche.com"
77.88.47.28 - - [27/Sep/2026:15:10:35 +0300] "GET /2021/12/09/how-to-pronounce-porsche/ HTTP/1.1" 500 32812 "-" "Mozilla/5.0 (compatible; YandexBot/3.0; +http://yandex.com/bots) AppleWebKit/537.36 (KHTML, like Gecko) Chrome/108.0.0.0"
65.109.100.157 - - [27/Sep/2026:15:10:43 +0300] "GET /2023/12/07/updated-pricing-guide-for-porsche-macan-how-much-does-it-cost-to-own-one/ HTTP/1.1" 500 51542 "-" "Mozilla/5.0 (compatible; SERankingBacklinksBot/1.0; +https://seranking.com/backlinks-crawler)"
85.254.144.33 - - [27/Sep/2026:15:11:51 +0300] "POST /wp-cron.php?doing_wp_cron=1790511111.0546779632568359375000 HTTP/1.1" 200 - "-" "WordPress/7.1.2; https://auto-porsche.com"
43.132.214.228 - - [27/Sep/2026:15:11:50 +0300] "GET /2023/09/26/discover-the-history-of-porsche-in-formula-1-were-they-ever-a-part-of-the-prestigious-racing-series/ HTTP/1.1" 500 57387 "-" "Mozilla/5.0 (iPhone; CPU iPhone OS 13_2_3 like Mac OS X) AppleWebKit/605.1.15 (KHTML, like Gecko) Version/13.0.3 Mobile/15E148 Safari/604.1"
52.167.144.196 - - [27/Sep/2026:15:12:54 +0300] "GET /wp-content/uploads/2021/12/10-6-476x400.jpg HTTP/2.0" 200 37051 "-" "Mozilla/5.0 AppleWebKit/537.36 (KHTML, like Gecko; compatible; bingbot/2.0; +http://www.bing.com/bingbot.htm) Chrome/116.0.1938.76 Safari/537.36"
85.254.144.33 - - [27/Sep/2026:15:13:03 +0300] "POST /wp-cron.php?doing_wp_cron=1790511183.5279510021209716796875 HTTP/1.1" 200 - "-" "WordPress/7.1.2; https://auto-porsche.com"
167.94.146.49 - - [27/Sep/2026:15:13:02 +0300] "GET / HTTP/1.1" 301 - "-" "Mozilla/5.0 (compatible; CensysInspect/1.1; +https://about.censys.io/)"
167.94.146.49 - - [27/Sep/2026:15:13:06 +0300] "GET / HTTP/1.1" 200 94326 "-" "Mozilla/5.0 (compatible; CensysInspect/1.1; +https://about.censys.io/)"
167.94.146.49 - - [27/Sep/2026:15:13:08 +0300] "GET /wp-content/uploads/2023/12/cropped-sasd-1024x576-1-32x32.png HTTP/1.1" 200 2460 "-" "Mozilla/5.0 (compatible; CensysInspect/1.1; +https://about.censys.io/)"
167.94.146.49 - - [27/Sep/2026:15:13:10 +0300] "GET /wp-content/uploads/2023/12/cropped-sasd-1024x576-1-192x192.png HTTP/1.1" 200 55064 "-" "Mozilla/5.0 (compatible; CensysInspect/1.1; +https://about.censys.io/)"
167.94.146.49 - - [27/Sep/2026:15:13:11 +0300] "GET /wp-content/uploads/2023/12/cropped-sasd-1024x576-1-180x180.png HTTP/1.1" 200 48931 "-" "Mozilla/5.0 (compatible; CensysInspect/1.1; +https://about.censys.io/)"
167.94.146.49 - - [27/Sep/2026:15:13:11 +0300] "GET /favicon.ico HTTP/1.1" 302 - "-" "Mozilla/5.0 (compatible; CensysInspect/1.1; +https://about.censys.io/)"
167.94.146.49 - - [27/Sep/2026:15:13:12 +0300] "GET /wp-content/uploads/2023/12/cropped-sasd-1024x576-1-32x32.png HTTP/1.1" 200 2460 "https://auto-porsche.com/favicon.ico" "Mozilla/5.0 (compatible; CensysInspect/1.1; +https://about.censys.io/)"
85.254.144.33 - - [27/Sep/2026:15:14:05 +0300] "POST /wp-cron.php?doing_wp_cron=1790511245.0621140003204345703125 HTTP/1.1" 200 - "-" "WordPress/7.1.2; https://auto-porsche.com"
207.46.13.153 - - [27/Sep/2026:15:14:03 +0300] "GET /de/vergleich HTTP/2.0" 404 84943 "-" "Mozilla/5.0 AppleWebKit/537.36 (KHTML, like Gecko; compatible; bingbot/2.0; +http://www.bing.com/bingbot.htm) Chrome/116.0.1938.76 Safari/537.36"
128.241.69.176 - - [27/Sep/2026:15:14:16 +0300] "GET /wp-content/uploads/2023/07/img_64c29b7d20f1a-533x400.jpg HTTP/2.0" 404 85514 "https://auto-porsche.com/2023/08/07/analyzing-the-reasons-for-the-depreciation-of-porsche-panamera-a-comprehensive-investigation-into-the-influencing-factors/" "Mozilla/5.0 (Macintosh; Intel Mac OS X 10_15_7) AppleWebKit/537.36 (KHTML, like Gecko) Chrome/130.0.0.0 Safari/537.36"
85.254.144.33 - - [27/Sep/2026:15:14:26 +0300] "POST /wp-cron.php?doing_wp_cron=1790511266.6830399036407470703125 HTTP/1.1" 200 - "-" "WordPress/7.1.2; https://auto-porsche.com"
54.204.236.199 - - [27/Sep/2026:15:14:26 +0300] "GET /2023/10/18/revealing-the-iconic-porsche-from-scarface-unveiling-the-legendary-car-featured-in-the-movie/ HTTP/1.1" 500 58158 "-" "Grammarly/1.0 (http://www.grammarly.com)"
47.128.117.63 - - [27/Sep/2026:15:14:25 +0300] "GET /2023/11/02/porsche-911-gt3-explore-the-pricing-and-features-of-this-iconic-sports-car/ HTTP/2.0" 500 55084 "-" "Mozilla/5.0 (Linux; Android 5.0) AppleWebKit/537.36 (KHTML, like Gecko) Mobile Safari/537.36 (compatible; TikTokSpider; ttspider-feedback@tiktok.com)"
47.128.117.63 - - [27/Sep/2026:15:14:27 +0300] "GET /wp-content/uploads/2023/07/Porsche2091120GT320.jpg HTTP/2.0" 404 83735 "https://auto-porsche.com/2023/11/02/porsche-911-gt3-explore-the-pricing-and-features-of-this-iconic-sports-car/" "Mozilla/5.0 (Linux; Android 5.0) AppleWebKit/537.36 (KHTML, like Gecko) Mobile Safari/537.36 (compatible; TikTokSpider; ttspider-feedback@tiktok.com)"
85.254.144.33 - - [27/Sep/2026:15:16:22 +0300] "POST /wp-cron.php?doing_wp_cron=1790511382.8195970058441162109375 HTTP/1.1" 200 - "-" "WordPress/7.1.2; https://auto-porsche.com"
77.75.73.26 - - [27/Sep/2026:15:16:21 +0300] "GET /category/models/ HTTP/1.1" 200 91480 "-" "Mozilla/5.0 (compatible; SeznamBot/4.0; +https://o-seznam.cz/napoveda/vyhledavani/en/seznambot-crawler/)"
52.167.144.166 - - [27/Sep/2026:15:19:03 +0300] "GET /wp-content/uploads/2021/12/m5-300x129.jpg HTTP/2.0" 200 12849 "-" "Mozilla/5.0 AppleWebKit/537.36 (KHTML, like Gecko; compatible; bingbot/2.0; +http://www.bing.com/bingbot.htm) Chrome/116.0.1938.76 Safari/537.36"
57.141.20.33 - - [27/Sep/2026:15:21:23 +0300] "GET /wp-content/uploads/2023/11/porsche-911-gt3-explore-the-pricing-and-features-of-this-iconic-sports-car-150x150.png HTTP/2.0" 200 16014 "-" "Mozilla/5.0 (Windows NT 10.0; Win64; x64) AppleWebKit/537.36 (KHTML, like Gecko) Chrome/145.0.0.0 Safari/537.36 (compatible; meta-externalagent/1.1 (+https://developers.facebook.com/docs/sharing/webmasters/crawler))"
85.254.144.33 - - [27/Sep/2026:15:21:32 +0300] "POST /wp-cron.php?doing_wp_cron=1790511692.7570540904998779296875 HTTP/1.1" 200 - "-" "WordPress/7.1.2; https://auto-porsche.com"
57.141.20.56 - - [27/Sep/2026:15:21:31 +0300] "GET /wp-content/uploads/2023/07/is-it-possible-to-patch-porsche-tires-discover-the-answer-in-this-article-335x220.jpg HTTP/2.0" 404 82502 "-" "Mozilla/5.0 (Windows NT 10.0; Win64; x64) AppleWebKit/537.36 (KHTML, like Gecko) Chrome/145.0.0.0 Safari/537.36 (compatible; meta-externalagent/1.1 (+https://developers.facebook.com/docs/sharing/webmasters/crawler))"
96.62.218.13 - - [27/Sep/2026:15:21:38 +0300] "GET / HTTP/1.1" 200 94326 "-" "CMS-Security-Auditor/1.0 (+authorized self-check; contact: local-admin)"
96.62.218.13 - - [27/Sep/2026:15:21:39 +0300] "GET /wp-login.php HTTP/1.1" 200 9308 "-" "CMS-Security-Auditor/1.0 (+authorized self-check; contact: local-admin)"
96.62.218.13 - - [27/Sep/2026:15:21:40 +0300] "GET /wp-login/ HTTP/1.1" 404 84077 "-" "CMS-Security-Auditor/1.0 (+authorized self-check; contact: local-admin)"
96.62.218.13 - - [27/Sep/2026:15:21:42 +0300] "GET /login/ HTTP/1.1" 302 - "-" "CMS-Security-Auditor/1.0 (+authorized self-check; contact: local-admin)"
96.62.218.13 - - [27/Sep/2026:15:21:43 +0300] "GET /wp-login.php HTTP/1.1" 200 9308 "-" "CMS-Security-Auditor/1.0 (+authorized self-check; contact: local-admin)"
96.62.218.13 - - [27/Sep/2026:15:21:44 +0300] "GET /log-in/ HTTP/1.1" 404 82525 "-" "CMS-Security-Auditor/1.0 (+authorized self-check; contact: local-admin)"
96.62.218.13 - - [27/Sep/2026:15:21:46 +0300] "GET /signin/ HTTP/1.1" 404 85533 "-" "CMS-Security-Auditor/1.0 (+authorized self-check; contact: local-admin)"
96.62.218.13 - - [27/Sep/2026:15:21:48 +0300] "GET /sign-in/ HTTP/1.1" 404 83807 "-" "CMS-Security-Auditor/1.0 (+authorized self-check; contact: local-admin)"
96.62.218.13 - - [27/Sep/2026:15:21:50 +0300] "GET /user/login/ HTTP/1.1" 404 85406 "-" "CMS-Security-Auditor/1.0 (+authorized self-check; contact: local-admin)"
96.62.218.13 - - [27/Sep/2026:15:21:52 +0300] "GET /account/login/ HTTP/1.1" 404 84286 "-" "CMS-Security-Auditor/1.0 (+authorized self-check; contact: local-admin)"
96.62.218.13 - - [27/Sep/2026:15:21:54 +0300] "GET /my-account/ HTTP/1.1" 404 84418 "-" "CMS-Security-Auditor/1.0 (+authorized self-check; contact: local-admin)"
96.62.218.13 - - [27/Sep/2026:15:21:56 +0300] "GET /access/ HTTP/1.1" 404 84129 "-" "CMS-Security-Auditor/1.0 (+authorized self-check; contact: local-admin)"
96.62.218.13 - - [27/Sep/2026:15:21:58 +0300] "GET /wp-login.php HTTP/1.1" 200 9308 "-" "CMS-Security-Auditor/1.0 (+authorized self-check; contact: local-admin)"
96.62.218.13 - - [27/Sep/2026:15:21:59 +0300] "GET /login/ HTTP/1.1" 302 - "-" "CMS-Security-Auditor/1.0 (+authorized self-check; contact: local-admin)"
96.62.218.13 - - [27/Sep/2026:15:22:00 +0300] "GET /wp-login.php HTTP/1.1" 200 9308 "-" "CMS-Security-Auditor/1.0 (+authorized self-check; contact: local-admin)"
96.62.218.13 - - [27/Sep/2026:15:22:01 +0300] "GET /wp-admin/ HTTP/1.1" 302 - "-" "CMS-Security-Auditor/1.0 (+authorized self-check; contact: local-admin)"
96.62.218.13 - - [27/Sep/2026:15:22:03 +0300] "GET /wp-login.php?redirect_to=https%3A%2F%2Fauto-porsche.com%2Fwp-admin%2F&reauth=1 HTTP/1.1" 200 9308 "-" "CMS-Security-Auditor/1.0 (+authorized self-check; contact: local-admin)"
96.62.218.13 - - [27/Sep/2026:15:22:04 +0300] "GET /wp-admin/index.php HTTP/1.1" 302 - "-" "CMS-Security-Auditor/1.0 (+authorized self-check; contact: local-admin)"
96.62.218.13 - - [27/Sep/2026:15:22:05 +0300] "GET /wp-login.php?redirect_to=https%3A%2F%2Fauto-porsche.com%2Fwp-admin%2Findex.php&reauth=1 HTTP/1.1" 200 9317 "-" "CMS-Security-Auditor/1.0 (+authorized self-check; contact: local-admin)"
96.62.218.13 - - [27/Sep/2026:15:22:06 +0300] "GET /dashboard/ HTTP/1.1" 302 - "-" "CMS-Security-Auditor/1.0 (+authorized self-check; contact: local-admin)"
96.62.218.13 - - [27/Sep/2026:15:22:07 +0300] "GET /wp-admin/ HTTP/1.1" 302 - "-" "CMS-Security-Auditor/1.0 (+authorized self-check; contact: local-admin)"
96.62.218.13 - - [27/Sep/2026:15:22:09 +0300] "GET /wp-login.php?redirect_to=https%3A%2F%2Fauto-porsche.com%2Fwp-admin%2F&reauth=1 HTTP/1.1" 200 9308 "-" "CMS-Security-Auditor/1.0 (+authorized self-check; contact: local-admin)"
96.62.218.13 - - [27/Sep/2026:15:22:10 +0300] "GET /admin/ HTTP/1.1" 302 - "-" "CMS-Security-Auditor/1.0 (+authorized self-check; contact: local-admin)"
96.62.218.13 - - [27/Sep/2026:15:22:11 +0300] "GET /wp-admin/ HTTP/1.1" 302 - "-" "CMS-Security-Auditor/1.0 (+authorized self-check; contact: local-admin)"
96.62.218.13 - - [27/Sep/2026:15:22:12 +0300] "GET /wp-login.php?redirect_to=https%3A%2F%2Fauto-porsche.com%2Fwp-admin%2F&reauth=1 HTTP/1.1" 200 9308 "-" "CMS-Security-Auditor/1.0 (+authorized self-check; contact: local-admin)"
96.62.218.13 - - [27/Sep/2026:15:22:13 +0300] "GET /backend/ HTTP/1.1" 404 83660 "-" "CMS-Security-Auditor/1.0 (+authorized self-check; contact: local-admin)"
96.62.218.13 - - [27/Sep/2026:15:22:15 +0300] "GET /panel/ HTTP/1.1" 404 84432 "-" "CMS-Security-Auditor/1.0 (+authorized self-check; contact: local-admin)"
170.106.107.87 - - [27/Sep/2026:15:22:19 +0300] "GET /2023/08/09/unraveling-the-mystery-did-porsche-once-have-a-formula-1-team-discover-the-untold-story/ HTTP/1.1" 500 53974 "-" "Mozilla/5.0 (iPhone; CPU iPhone OS 13_2_3 like Mac OS X) AppleWebKit/605.1.15 (KHTML, like Gecko) Version/13.0.3 Mobile/15E148 Safari/604.1"
18.210.58.238 - - [27/Sep/2026:15:22:21 +0300] "GET /2023/07/19/exploring-the-drifting-capabilities-of-porsche-cars-can-these-high-performance-vehicles-master-the-art-of-drifting/embed/ HTTP/1.1" 200 21933 "-" "Mozilla/5.0 AppleWebKit/537.36 (KHTML, like Gecko; compatible; Amazonbot/0.1; +https://developer.amazon.com/support/amazonbot) Chrome/119.0.6045.214 Safari/537.36"
85.254.144.33 - - [27/Sep/2026:15:25:18 +0300] "POST /wp-cron.php?doing_wp_cron=1790511918.2213969230651855468750 HTTP/1.1" 200 - "-" "WordPress/7.1.2; https://auto-porsche.com"
91.73.6.163 - - [27/Sep/2026:15:25:17 +0300] "GET /2023/09/04/are-porsche-vehicles-reliable-an-in-depth-analysis-of-porsche-s-reliability-performance/ HTTP/2.0" 500 50760 "-" "Mozilla/5.0 (iPhone; CPU iPhone OS 18_5 like Mac OS X) AppleWebKit/605.1.15 (KHTML, like Gecko) CriOS/147.0.0.0 Mobile/15E148 Safari/604.1"
188.240.214.59 - - [27/Sep/2026:15:25:20 +0300] "GET /wp-content/uploads/2023/07/Porsche-911-used-garage-repair-workshop-00001-copy-738x400.jpg HTTP/2.0" 404 85532 "https://auto-porsche.com/2023/09/04/are-porsche-vehicles-reliable-an-in-depth-analysis-of-porsche-s-reliability-performance/" "Mozilla/5.0 (iPhone; CPU iPhone OS 18_5 like Mac OS X) AppleWebKit/605.1.15 (KHTML, like Gecko) CriOS/147.0.0.0 Mobile/15E148 Safari/604.1"
57.141.20.38 - - [27/Sep/2026:15:27:21 +0300] "GET /wp-content/uploads/2021/12/16-5-100x100.jpg HTTP/2.0" 200 10431 "-" "Mozilla/5.0 (Windows NT 10.0; Win64; x64) AppleWebKit/537.36 (KHTML, like Gecko) Chrome/145.0.0.0 Safari/537.36 (compatible; meta-externalagent/1.1 (+https://developers.facebook.com/docs/sharing/webmasters/crawler))"
57.141.20.14 - - [27/Sep/2026:15:28:41 +0300] "GET /wp-content/uploads/2023/11/porsche-cayenne-exploring-the-pricing-and-cost-of-this-luxury-suv-335x220.jpg HTTP/2.0" 200 15667 "-" "Mozilla/5.0 (X11; Linux x86_64) AppleWebKit/537.36 (KHTML, like Gecko) Chrome/145.0.0.0 Safari/537.36 (compatible; meta-externalagent/1.1 (+https://developers.facebook.com/docs/sharing/webmasters/crawler))"
85.254.144.33 - - [27/Sep/2026:15:28:59 +0300] "POST /wp-cron.php?doing_wp_cron=1790512139.3138189315795898437500 HTTP/1.1" 200 - "-" "WordPress/7.1.2; https://auto-porsche.com"
3.224.215.150 - - [27/Sep/2026:15:28:57 +0300] "GET /2023/07/20/comparing-porsche-and-bmw-a-detailed-analysis-of-germany-s-most-iconic-car-brands/ HTTP/1.1" 200 116229 "-" "Mozilla/5.0 AppleWebKit/537.36 (KHTML, like Gecko; compatible; Amazonbot/0.1; +https://developer.amazon.com/support/amazonbot) Chrome/119.0.6045.214 Safari/537.36"
77.88.47.8 - - [27/Sep/2026:15:29:19 +0300] "GET /de/vergleichsstudie-zwischen-porsche-und-tesla-eine-detaillierte-analyse-der-beiden-automobilhersteller.html HTTP/1.1" 404 85062 "-" "Mozilla/5.0 (compatible; YandexBot/3.0; +http://yandex.com/bots) AppleWebKit/537.36 (KHTML, like Gecko) Chrome/108.0.0.0"
43.157.188.74 - - [27/Sep/2026:15:31:22 +0300] "GET /?attachment_id=910 HTTP/1.1" 301 - "-" "Mozilla/5.0 (iPhone; CPU iPhone OS 13_2_3 like Mac OS X) AppleWebKit/605.1.15 (KHTML, like Gecko) Version/13.0.3 Mobile/15E148 Safari/604.1"
43.157.188.74 - - [27/Sep/2026:15:31:24 +0300] "GET /2021/12/15/1980-porsche-924-turbo-for-sale-in-kent-uk/ HTTP/1.1" 500 41674 "https://auto-porsche.com/?attachment_id=910" "Mozilla/5.0 (iPhone; CPU iPhone OS 13_2_3 like Mac OS X) AppleWebKit/605.1.15 (KHTML, like Gecko) Version/13.0.3 Mobile/15E148 Safari/604.1"
85.254.144.33 - - [27/Sep/2026:15:32:06 +0300] "POST /wp-cron.php?doing_wp_cron=1790512326.8635358810424804687500 HTTP/1.1" 200 - "-" "WordPress/7.1.2; https://auto-porsche.com"
40.77.167.18 - - [27/Sep/2026:15:32:05 +0300] "GET /2021/11/30/porsche-cayenne/ HTTP/2.0" 500 49702 "-" "Mozilla/5.0 AppleWebKit/537.36 (KHTML, like Gecko; compatible; bingbot/2.0; +http://www.bing.com/bingbot.htm) Chrome/116.0.1938.76 Safari/537.36"
85.254.144.33 - - [27/Sep/2026:15:33:08 +0300] "POST /wp-cron.php?doing_wp_cron=1790512388.6565690040588378906250 HTTP/1.1" 200 - "-" "WordPress/7.1.2; https://auto-porsche.com"
40.77.167.18 - - [27/Sep/2026:15:33:07 +0300] "GET /2023/10/19/exploring-the-timing-and-implications-of-porsche-s-initial-public-offering-ipo/ HTTP/2.0" 500 60952 "-" "Mozilla/5.0 AppleWebKit/537.36 (KHTML, like Gecko; compatible; bingbot/2.0; +http://www.bing.com/bingbot.htm) Chrome/116.0.1938.76 Safari/537.36"
85.208.96.207 - - [27/Sep/2026:15:33:17 +0300] "GET /robots.txt HTTP/1.1" 403 - "-" "Mozilla/5.0 (compatible; SemrushBot/7~bl; +http://www.semrush.com/bot.html)"
185.191.171.17 - - [27/Sep/2026:15:33:18 +0300] "GET /porsche-cayenne/ HTTP/1.1" 403 - "-" "Mozilla/5.0 (compatible; SemrushBot/7~bl; +http://www.semrush.com/bot.html)"
57.141.20.71 - - [27/Sep/2026:15:35:23 +0300] "GET /wp-content/uploads/2023/09/choosing-the-right-porsche-suv-a-comparison-of-the-macan-and-cayenne-models-300x108.jpg HTTP/2.0" 200 9805 "-" "Mozilla/5.0 (Windows NT 10.0; Win64; x64) AppleWebKit/537.36 (KHTML, like Gecko) Chrome/145.0.0.0 Safari/537.36 (compatible; meta-externalagent/1.1 (+https://developers.facebook.com/docs/sharing/webmasters/crawler))"
57.141.20.4 - - [27/Sep/2026:15:35:25 +0300] "GET /wp-content/uploads/2023/08/the-untold-story-porsches-unexpected-role-in-tank-production-and-their-connection-to-the-automotive-industry-312x400.jpg HTTP/2.0" 200 34692 "-" "Mozilla/5.0 (Macintosh; Intel Mac OS X 10_15_7) AppleWebKit/537.36 (KHTML, like Gecko) Chrome/145.0.0.0 Safari/537.36 (compatible; meta-externalagent/1.1 (+https://developers.facebook.com/docs/sharing/webmasters/crawler))"
85.254.144.33 - - [27/Sep/2026:15:35:48 +0300] "POST /wp-cron.php?doing_wp_cron=1790512548.4562959671020507812500 HTTP/1.1" 200 - "-" "WordPress/7.1.2; https://auto-porsche.com"
52.167.144.216 - - [27/Sep/2026:15:35:47 +0300] "GET /wp-content/uploads/2023/07/nfs-porsche-is-still-one-of-the-best-games-ever-we-play-the-factory-driver-mode-178637_1-870x400.jpg HTTP/2.0" 404 83856 "-" "Mozilla/5.0 AppleWebKit/537.36 (KHTML, like Gecko; compatible; bingbot/2.0; +http://www.bing.com/bingbot.htm) Chrome/116.0.1938.76 Safari/537.36"
85.254.144.33 - - [27/Sep/2026:15:38:55 +0300] "POST /wp-cron.php?doing_wp_cron=1790512735.8169360160827636718750 HTTP/1.1" 200 - "-" "WordPress/7.1.2; https://auto-porsche.com"
111.225.149.194 - - [27/Sep/2026:15:38:54 +0300] "GET /2023/09/29/the-truth-unveiled-was-porsche-actually-an-italian-brand-unraveling-the-origins-of-porsche/ HTTP/2.0" 500 56772 "-" "Mozilla/5.0 (Linux; Android 5.0) AppleWebKit/537.36 (KHTML, like Gecko) Mobile Safari/537.36 (compatible; Bytespider; https://zhanzhang.toutiao.com/)"
111.225.149.194 - - [27/Sep/2026:15:38:56 +0300] "GET /wp-content/uploads/2023/09/the-truth-unveiled-was-porsche-actually-an-italian-brand-unraveling-the-origins-of-porsche-710x400.jpg HTTP/2.0" 206 500 "https://auto-porsche.com/2023/09/29/the-truth-unveiled-was-porsche-actually-an-italian-brand-unraveling-the-origins-of-porsche/" "Mozilla/5.0 (Linux; Android 5.0) AppleWebKit/537.36 (KHTML, like Gecko) Mobile Safari/537.36 (compatible; Bytespider; https://zhanzhang.toutiao.com/)"
111.225.149.194 - - [27/Sep/2026:15:38:57 +0300] "GET /wp-content/uploads/2023/07/snhqhqzuojywkni8roe7-scaled-610x400.jpg HTTP/2.0" 404 84253 "https://auto-porsche.com/2023/09/29/the-truth-unveiled-was-porsche-actually-an-italian-brand-unraveling-the-origins-of-porsche/" "Mozilla/5.0 (Linux; Android 5.0) AppleWebKit/537.36 (KHTML, like Gecko) Mobile Safari/537.36 (compatible; Bytespider; https://zhanzhang.toutiao.com/)"
85.254.144.33 - - [27/Sep/2026:15:40:37 +0300] "POST /wp-cron.php?doing_wp_cron=1790512837.7607870101928710937500 HTTP/1.1" 200 - "-" "WordPress/7.1.2; https://auto-porsche.com"
157.55.39.9 - - [27/Sep/2026:15:40:36 +0300] "GET /wp-content/uploads/2023/07/GettyImages-534263484-600x400.jpg HTTP/2.0" 404 85051 "-" "Mozilla/5.0 AppleWebKit/537.36 (KHTML, like Gecko; compatible; bingbot/2.0; +http://www.bing.com/bingbot.htm) Chrome/116.0.1938.76 Safari/537.36"
85.254.144.33 - - [27/Sep/2026:15:42:23 +0300] "POST /wp-cron.php?doing_wp_cron=1790512943.4060070514678955078125 HTTP/1.1" 200 - "-" "WordPress/7.1.2; https://auto-porsche.com"
43.131.45.213 - - [27/Sep/2026:15:42:22 +0300] "GET /?attachment_id=903 HTTP/1.1" 301 - "-" "Mozilla/5.0 (iPhone; CPU iPhone OS 13_2_3 like Mac OS X) AppleWebKit/605.1.15 (KHTML, like Gecko) Version/13.0.3 Mobile/15E148 Safari/604.1"
85.254.144.33 - - [27/Sep/2026:15:42:28 +0300] "POST /wp-cron.php?doing_wp_cron=1790512948.8536210060119628906250 HTTP/1.1" 200 - "-" "WordPress/7.1.2; https://auto-porsche.com"
43.131.45.213 - - [27/Sep/2026:15:42:27 +0300] "GET /2021/12/15/1980-porsche-924-turbo-for-sale-in-kent-uk/ HTTP/1.1" 500 41674 "https://auto-porsche.com/?attachment_id=903" "Mozilla/5.0 (iPhone; CPU iPhone OS 13_2_3 like Mac OS X) AppleWebKit/605.1.15 (KHTML, like Gecko) Version/13.0.3 Mobile/15E148 Safari/604.1"
76.155.131.115 - - [27/Sep/2026:15:43:23 +0300] "GET /wp-login.php HTTP/2.0" 200 9362 "-" "Mozilla/5.0 (Macintosh; Intel Mac OS X 10_15_7) AppleWebKit/537.36 (KHTML, like Gecko) Chrome/147.0.0.0 Safari/537.36"
85.254.144.33 - - [27/Sep/2026:15:43:31 +0300] "POST /wp-cron.php?doing_wp_cron=1790513011.3827879428863525390625 HTTP/1.1" 200 - "-" "WordPress/7.1.2; https://auto-porsche.com"
173.73.101.54 - - [27/Sep/2026:15:43:29 +0300] "POST /wp-login.php HTTP/2.0" 200 9723 "https://mail.auto-porsche.com/wp-login.php" "Mozilla/5.0 (Macintosh; Intel Mac OS X 10_15_7) AppleWebKit/537.36 (KHTML, like Gecko) Chrome/147.0.0.0 Safari/537.36"
157.55.39.9 - - [27/Sep/2026:15:43:37 +0300] "GET /wp-content/uploads/2023/07/Best20German20cars202021-12-750x450.jpg HTTP/2.0" 404 84007 "-" "Mozilla/5.0 AppleWebKit/537.36 (KHTML, like Gecko; compatible; bingbot/2.0; +http://www.bing.com/bingbot.htm) Chrome/116.0.1938.76 Safari/537.36"
117.245.19.8 - - [27/Sep/2026:15:43:58 +0300] "GET /wp-content/uploads/2023/07/170px-Bundesarchiv_Bild_101I-299-1805-162C_Nordfrankreich2C_Panzer_VI_28Tiger_I29.2.jpg HTTP/2.0" 200 9989 "https://www.google.com/" "Mozilla/5.0 (Linux; Android 11; CPH2061 Build/RKQ1.200903.002; wv) AppleWebKit/537.36 (KHTML, like Gecko) Version/4.0 Chrome/154.0.8037.57 Mobile Safari/537.36 GoogleApp/17.58.16.ve.arm64"
37.40.238.93 - - [27/Sep/2026:15:44:20 +0300] "POST /xmlrpc.php HTTP/1.1" 200 403 "-" "Jetpack by WordPress.com (Jetpack 13.0; WordPress 6.3)"
85.254.144.33 - - [27/Sep/2026:15:44:31 +0300] "POST /wp-cron.php?doing_wp_cron=1790513071.7768759727478027343750 HTTP/1.1" 200 - "-" "WordPress/7.1.2; https://auto-porsche.com"
37.40.238.93 - - [27/Sep/2026:15:44:30 +0300] "POST /xmlrpc.php HTTP/1.1" 200 403 "-" "WordPress.com; https://wordpress.com"
37.40.238.93 - - [27/Sep/2026:15:44:44 +0300] "POST /xmlrpc.php HTTP/1.1" 200 403 "-" "Jetpack by WordPress.com (Jetpack 12.1; WordPress 6.3)"
37.40.238.93 - - [27/Sep/2026:15:45:03 +0300] "POST /xmlrpc.php HTTP/1.1" 200 403 "-" "Jetpack/13.0; WordPress/6.4; http://site41944328.com"
37.40.238.93 - - [27/Sep/2026:15:45:24 +0300] "POST /xmlrpc.php HTTP/1.1" 200 403 "-" "Jetpack by WordPress.com"
85.254.144.33 - - [27/Sep/2026:15:45:48 +0300] "POST /wp-cron.php?doing_wp_cron=1790513148.4813890457153320312500 HTTP/1.1" 200 - "-" "WordPress/7.1.2; https://auto-porsche.com"
157.55.39.9 - - [27/Sep/2026:15:45:47 +0300] "GET /wp-content/uploads/2023/07/sally2-1024x576-750x450.jpg HTTP/2.0" 404 84090 "-" "Mozilla/5.0 AppleWebKit/537.36 (KHTML, like Gecko; compatible; bingbot/2.0; +http://www.bing.com/bingbot.htm) Chrome/116.0.1938.76 Safari/537.36"
85.254.144.33 - - [27/Sep/2026:15:46:32 +0300] "POST /wp-cron.php?doing_wp_cron=1790513192.7591040134429931640625 HTTP/1.1" 200 - "-" "WordPress/7.1.2; https://auto-porsche.com"
37.40.238.93 - - [27/Sep/2026:15:46:32 +0300] "POST /xmlrpc.php HTTP/1.1" 200 403 "-" "Jetpack by WordPress.com"
37.40.238.93 - - [27/Sep/2026:15:47:04 +0300] "POST /xmlrpc.php HTTP/1.1" 200 403 "-" "WordPress.com; https://wordpress.com"
85.254.144.33 - - [27/Sep/2026:15:47:25 +0300] "POST /wp-cron.php?doing_wp_cron=1790513245.7428789138793945312500 HTTP/1.1" 200 - "-" "WordPress/7.1.2; https://auto-porsche.com"
37.40.238.93 - - [27/Sep/2026:15:47:24 +0300] "POST /xmlrpc.php HTTP/1.1" 200 403 "-" "Jetpack by WordPress.com (Jetpack 12.1; WordPress 6.3)"
37.40.238.93 - - [27/Sep/2026:15:47:34 +0300] "POST /xmlrpc.php HTTP/1.1" 200 403 "-" "WordPress.com; https://wordpress.com"
37.40.238.93 - - [27/Sep/2026:15:47:45 +0300] "POST /xmlrpc.php HTTP/1.1" 200 403 "-" "Jetpack by WordPress.com"
37.40.238.93 - - [27/Sep/2026:15:47:57 +0300] "POST /xmlrpc.php HTTP/1.1" 200 403 "-" "Jetpack by WordPress.com"
37.40.238.93 - - [27/Sep/2026:15:48:08 +0300] "POST /xmlrpc.php HTTP/1.1" 200 403 "-" "Jetpack/12.5; WordPress/6.1; http://site59653712.com"
85.254.144.33 - - [27/Sep/2026:15:48:31 +0300] "POST /wp-cron.php?doing_wp_cron=1790513311.3419749736785888671875 HTTP/1.1" 200 - "-" "WordPress/7.1.2; https://auto-porsche.com"
37.40.238.93 - - [27/Sep/2026:15:48:30 +0300] "POST /xmlrpc.php HTTP/1.1" 200 403 "-" "Jetpack by WordPress.com (Jetpack 12.0; WordPress 6.3)"
37.40.238.93 - - [27/Sep/2026:15:48:49 +0300] "POST /xmlrpc.php HTTP/1.1" 200 403 "-" "Jetpack by WordPress.com"
37.40.238.93 - - [27/Sep/2026:15:49:22 +0300] "POST /xmlrpc.php HTTP/1.1" 200 403 "-" "Jetpack by WordPress.com"
85.254.144.33 - - [27/Sep/2026:15:50:17 +0300] "POST /wp-cron.php?doing_wp_cron=1790513417.9427359104156494140625 HTTP/1.1" 200 - "-" "WordPress/7.1.2; https://auto-porsche.com"
37.40.238.93 - - [27/Sep/2026:15:50:17 +0300] "POST /xmlrpc.php HTTP/1.1" 200 403 "-" "Jetpack by WordPress.com (Jetpack 12.1; WordPress 6.1)"
85.254.144.33 - - [27/Sep/2026:15:50:42 +0300] "POST /wp-cron.php?doing_wp_cron=1790513442.4005610942840576171875 HTTP/1.1" 200 - "-" "WordPress/7.1.2; https://auto-porsche.com"
37.40.238.93 - - [27/Sep/2026:15:50:41 +0300] "POST /xmlrpc.php HTTP/1.1" 200 403 "-" "Jetpack by WordPress.com (Jetpack 13.0; WordPress 6.2)"
37.40.238.93 - - [27/Sep/2026:15:51:00 +0300] "POST /xmlrpc.php HTTP/1.1" 200 403 "-" "Jetpack/12.0; WordPress/6.3; http://site19889371.com"
85.254.144.33 - - [27/Sep/2026:15:51:08 +0300] "POST /wp-cron.php?doing_wp_cron=1790513468.2076210975646972656250 HTTP/1.1" 200 - "-" "WordPress/7.1.2; https://auto-porsche.com"
40.77.167.33 - - [27/Sep/2026:15:51:06 +0300] "GET /de/porsche-dividende-2023-eine-detaillierte-analyse-der-ausschuttungen-des-unternehmens-im-kommenden-jahr.html HTTP/2.0" 404 85152 "-" "Mozilla/5.0 AppleWebKit/537.36 (KHTML, like Gecko; compatible; bingbot/2.0; +http://www.bing.com/bingbot.htm) Chrome/116.0.1938.76 Safari/537.36"
37.40.238.93 - - [27/Sep/2026:15:51:14 +0300] "POST /xmlrpc.php HTTP/1.1" 200 403 "-" "WordPress.com; https://wordpress.com"
85.254.144.33 - - [27/Sep/2026:15:51:27 +0300] "POST /wp-cron.php?doing_wp_cron=1790513487.9449269771575927734375 HTTP/1.1" 200 - "-" "WordPress/7.1.2; https://auto-porsche.com"
43.164.196.244 - - [27/Sep/2026:15:51:27 +0300] "GET /2023/10/19/the-future-of-performance-cars-exploring-the-potential-of-electric-porsche-911/ HTTP/1.1" 500 60569 "-" "Mozilla/5.0 (iPhone; CPU iPhone OS 13_2_3 like Mac OS X) AppleWebKit/605.1.15 (KHTML, like Gecko) Version/13.0.3 Mobile/15E148 Safari/604.1"
37.40.238.93 - - [27/Sep/2026:15:51:33 +0300] "POST /xmlrpc.php HTTP/1.1" 200 403 "-" "Jetpack/12.0; WordPress/6.3; http://site87751129.com"
37.40.238.93 - - [27/Sep/2026:15:51:44 +0300] "POST /xmlrpc.php HTTP/1.1" 200 403 "-" "Jetpack by WordPress.com (Jetpack 12.5; WordPress 6.3)"
37.40.238.93 - - [27/Sep/2026:15:51:57 +0300] "POST /xmlrpc.php HTTP/1.1" 200 403 "-" "Jetpack by WordPress.com (Jetpack 12.0; WordPress 6.4)"
37.40.238.93 - - [27/Sep/2026:15:52:16 +0300] "POST /xmlrpc.php HTTP/1.1" 200 403 "-" "WordPress.com; https://wordpress.com"
85.254.144.33 - - [27/Sep/2026:15:52:28 +0300] "POST /wp-cron.php?doing_wp_cron=1790513548.5143721103668212890625 HTTP/1.1" 200 - "-" "WordPress/7.1.2; https://auto-porsche.com"
37.40.238.93 - - [27/Sep/2026:15:52:27 +0300] "POST /xmlrpc.php HTTP/1.1" 200 403 "-" "Jetpack/12.1; WordPress/6.3; http://site97190128.com"
37.40.238.93 - - [27/Sep/2026:15:52:41 +0300] "POST /xmlrpc.php HTTP/1.1" 200 403 "-" "Jetpack by WordPress.com"
37.40.238.93 - - [27/Sep/2026:15:52:50 +0300] "POST /xmlrpc.php HTTP/1.1" 200 403 "-" "Jetpack by WordPress.com"
37.40.238.93 - - [27/Sep/2026:15:53:00 +0300] "POST /xmlrpc.php HTTP/1.1" 200 403 "-" "Jetpack by WordPress.com"
37.40.238.93 - - [27/Sep/2026:15:53:12 +0300] "POST /xmlrpc.php HTTP/1.1" 200 403 "-" "WordPress.com; https://wordpress.com"
37.40.238.93 - - [27/Sep/2026:15:53:21 +0300] "POST /xmlrpc.php HTTP/1.1" 200 403 "-" "Jetpack/13.0; WordPress/6.1; http://site67432088.com"
85.254.144.33 - - [27/Sep/2026:15:53:46 +0300] "POST /wp-cron.php?doing_wp_cron=1790513626.0026268959045410156250 HTTP/1.1" 200 - "-" "WordPress/7.1.2; https://auto-porsche.com"
37.40.238.93 - - [27/Sep/2026:15:53:45 +0300] "POST /xmlrpc.php HTTP/1.1" 200 403 "-" "Jetpack by WordPress.com"
95.108.213.139 - - [27/Sep/2026:15:53:51 +0300] "GET /robots.txt HTTP/1.1" 200 96 "-" "Mozilla/5.0 (compatible; YandexBot/3.0; +http://yandex.com/bots)"
77.88.47.20 - - [27/Sep/2026:15:53:52 +0300] "GET /de/wann-ist-der-richtige-zeitpunkt-um-porsche-aktien-zu-kaufen-rat-und-empfehlungen-fur-den-kauf-von-porsche-aktien.html HTTP/1.1" 404 85172 "-" "Mozilla/5.0 (compatible; YandexBot/3.0; +http://yandex.com/bots) AppleWebKit/537.36 (KHTML, like Gecko) Chrome/108.0.0.0"
37.40.238.93 - - [27/Sep/2026:15:53:54 +0300] "POST /xmlrpc.php HTTP/1.1" 200 403 "-" "Jetpack/13.0; WordPress/6.1; http://site50643590.com"
37.40.238.93 - - [27/Sep/2026:15:54:05 +0300] "POST /xmlrpc.php HTTP/1.1" 200 403 "-" "Jetpack by WordPress.com"
40.77.167.33 - - [27/Sep/2026:15:54:15 +0300] "GET /wp-content/uploads/2023/07/2019-porsche-91120vs-bmw-m850i-870x245.png HTTP/2.0" 200 195639 "-" "Mozilla/5.0 AppleWebKit/537.36 (KHTML, like Gecko; compatible; bingbot/2.0; +http://www.bing.com/bingbot.htm) Chrome/116.0.1938.76 Safari/537.36"
85.254.144.33 - - [27/Sep/2026:15:54:29 +0300] "POST /wp-cron.php?doing_wp_cron=1790513669.3342349529266357421875 HTTP/1.1" 200 - "-" "WordPress/7.1.2; https://auto-porsche.com"
37.40.238.93 - - [27/Sep/2026:15:54:28 +0300] "POST /xmlrpc.php HTTP/1.1" 200 403 "-" "Jetpack by WordPress.com"
37.40.238.93 - - [27/Sep/2026:15:54:38 +0300] "POST /xmlrpc.php HTTP/1.1" 200 403 "-" "WordPress.com; https://wordpress.com"
37.40.238.93 - - [27/Sep/2026:15:54:49 +0300] "POST /xmlrpc.php HTTP/1.1" 200 403 "-" "Jetpack/12.1; WordPress/6.4; http://site64232592.com"
37.40.238.93 - - [27/Sep/2026:15:55:01 +0300] "POST /xmlrpc.php HTTP/1.1" 200 403 "-" "WordPress.com; https://wordpress.com"
37.40.238.93 - - [27/Sep/2026:15:55:11 +0300] "POST /xmlrpc.php HTTP/1.1" 200 403 "-" "Jetpack by WordPress.com (Jetpack 12.5; WordPress 6.4)"
85.254.144.33 - - [27/Sep/2026:15:55:49 +0300] "POST /wp-cron.php?doing_wp_cron=1790513749.0702428817749023437500 HTTP/1.1" 200 - "-" "WordPress/7.1.2; https://auto-porsche.com"
37.40.238.93 - - [27/Sep/2026:15:55:48 +0300] "POST /xmlrpc.php HTTP/1.1" 200 403 "-" "Jetpack by WordPress.com"
37.40.238.93 - - [27/Sep/2026:15:55:59 +0300] "POST /xmlrpc.php HTTP/1.1" 200 403 "-" "Jetpack by WordPress.com (Jetpack 12.1; WordPress 6.1)"
37.40.238.93 - - [27/Sep/2026:15:56:22 +0300] "POST /xmlrpc.php HTTP/1.1" 200 403 "-" "Jetpack by WordPress.com (Jetpack 12.0; WordPress 6.1)"
85.254.144.33 - - [27/Sep/2026:15:56:52 +0300] "POST /wp-cron.php?doing_wp_cron=1790513812.2600719928741455078125 HTTP/1.1" 200 - "-" "WordPress/7.1.2; https://auto-porsche.com"
37.40.238.93 - - [27/Sep/2026:15:56:51 +0300] "POST /xmlrpc.php HTTP/1.1" 200 403 "-" "WordPress.com; https://wordpress.com"
37.40.238.93 - - [27/Sep/2026:15:57:03 +0300] "POST /xmlrpc.php HTTP/1.1" 200 403 "-" "Jetpack by WordPress.com"
37.40.238.93 - - [27/Sep/2026:15:57:16 +0300] "POST /xmlrpc.php HTTP/1.1" 200 403 "-" "WordPress.com; https://wordpress.com"
85.254.144.33 - - [27/Sep/2026:15:57:33 +0300] "POST /wp-cron.php?doing_wp_cron=1790513853.0919110774993896484375 HTTP/1.1" 200 - "-" "WordPress/7.1.2; https://auto-porsche.com"
207.46.13.51 - - [27/Sep/2026:15:57:31 +0300] "GET /wp-content/uploads/2023/07/ref-2-900x480-1.jpg HTTP/2.0" 404 83811 "-" "Mozilla/5.0 AppleWebKit/537.36 (KHTML, like Gecko; compatible; bingbot/2.0; +http://www.bing.com/bingbot.htm) Chrome/116.0.1938.76 Safari/537.36"
37.40.238.93 - - [27/Sep/2026:15:57:35 +0300] "POST /xmlrpc.php HTTP/1.1" 200 403 "-" "Jetpack/12.5; WordPress/6.4; http://site89570488.com"
40.77.167.130 - - [27/Sep/2026:15:57:40 +0300] "GET /shops/indiscreetly/p1l2e7a8s6u6r6a9b3l1e2 HTTP/2.0" 404 83985 "-" "Mozilla/5.0 AppleWebKit/537.36 (KHTML, like Gecko; compatible; bingbot/2.0; +http://www.bing.com/bingbot.htm) Chrome/116.0.1938.76 Safari/537.36"
37.40.238.93 - - [27/Sep/2026:15:57:56 +0300] "POST /xmlrpc.php HTTP/1.1" 200 403 "-" "WordPress.com; https://wordpress.com"
77.29.211.229 - - [27/Sep/2026:15:58:04 +0300] "GET /wp-login.php HTTP/2.0" 200 9362 "-" "Mozilla/5.0 (Windows NT 10.0; Win64; x64) AppleWebKit/537.36 (KHTML, like Gecko) Chrome/148.0.0.0 Safari/537.36"
88.85.109.164 - - [27/Sep/2026:15:58:14 +0300] "POST /wp-login.php HTTP/2.0" 200 9723 "https://www.auto-porsche.com/wp-login.php" "Mozilla/5.0 (Windows NT 10.0; Win64; x64) AppleWebKit/537.36 (KHTML, like Gecko) Chrome/148.0.0.0 Safari/537.36"
37.40.238.93 - - [27/Sep/2026:15:58:18 +0300] "POST /xmlrpc.php HTTP/1.1" 200 403 "-" "Jetpack by WordPress.com"
85.254.144.33 - - [27/Sep/2026:15:58:29 +0300] "POST /wp-cron.php?doing_wp_cron=1790513909.8944110870361328125000 HTTP/1.1" 200 - "-" "WordPress/7.1.2; https://auto-porsche.com"
37.40.238.93 - - [27/Sep/2026:15:58:29 +0300] "POST /xmlrpc.php HTTP/1.1" 200 403 "-" "Jetpack/13.0; WordPress/6.1; http://site68606579.com"
37.40.238.93 - - [27/Sep/2026:15:58:52 +0300] "POST /xmlrpc.php HTTP/1.1" 200 403 "-" "Jetpack/12.5; WordPress/6.2; http://site12665922.com"
37.40.238.93 - - [27/Sep/2026:15:59:15 +0300] "POST /xmlrpc.php HTTP/1.1" 200 403 "-" "Jetpack by WordPress.com"
40.77.167.130 - - [27/Sep/2026:15:59:20 +0300] "GET /shops/setiparous/a1i3r9f7l1o9w59406 HTTP/2.0" 404 85020 "-" "Mozilla/5.0 AppleWebKit/537.36 (KHTML, like Gecko; compatible; bingbot/2.0; +http://www.bing.com/bingbot.htm) Chrome/116.0.1938.76 Safari/537.36"
37.40.238.93 - - [27/Sep/2026:15:59:23 +0300] "POST /xmlrpc.php HTTP/1.1" 200 403 "-" "Jetpack by WordPress.com"
85.254.144.33 - - [27/Sep/2026:15:59:47 +0300] "POST /wp-cron.php?doing_wp_cron=1790513987.2916240692138671875000 HTTP/1.1" 200 - "-" "WordPress/7.1.2; https://auto-porsche.com"
37.40.238.93 - - [27/Sep/2026:15:59:46 +0300] "POST /xmlrpc.php HTTP/1.1" 200 403 "-" "Jetpack by WordPress.com (Jetpack 12.1; WordPress 6.4)"
37.40.238.93 - - [27/Sep/2026:15:59:56 +0300] "POST /xmlrpc.php HTTP/1.1" 200 403 "-" "Jetpack by WordPress.com"
37.40.238.93 - - [27/Sep/2026:16:00:07 +0300] "POST /xmlrpc.php HTTP/1.1" 200 403 "-" "Jetpack/12.5; WordPress/6.1; http://site29097459.com"
85.254.144.33 - - [27/Sep/2026:16:00:18 +0300] "POST /wp-cron.php?doing_wp_cron=1790514018.4705688953399658203125 HTTP/1.1" 200 - "-" "WordPress/7.1.2; https://auto-porsche.com"
37.40.238.93 - - [27/Sep/2026:16:00:17 +0300] "POST /xmlrpc.php HTTP/1.1" 200 403 "-" "WordPress.com; https://wordpress.com"
85.254.144.33 - - [27/Sep/2026:16:00:29 +0300] "POST /wp-cron.php?doing_wp_cron=1790514029.1692359447479248046875 HTTP/1.1" 200 - "-" "WordPress/7.1.2; https://auto-porsche.com"
37.40.238.93 - - [27/Sep/2026:16:00:28 +0300] "POST /xmlrpc.php HTTP/1.1" 200 403 "-" "Jetpack by WordPress.com (Jetpack 12.1; WordPress 6.1)"
37.40.238.93 - - [27/Sep/2026:16:00:39 +0300] "POST /xmlrpc.php HTTP/1.1" 200 403 "-" "Jetpack by WordPress.com"
37.40.238.93 - - [27/Sep/2026:16:00:50 +0300] "POST /xmlrpc.php HTTP/1.1" 200 403 "-" "Jetpack by WordPress.com"
37.40.238.93 - - [27/Sep/2026:16:01:00 +0300] "POST /xmlrpc.php HTTP/1.1" 200 403 "-" "Jetpack/12.5; WordPress/6.2; http://site21566568.com"
209.59.230.128 - - [27/Sep/2026:16:01:11 +0300] "GET /2023/06/24/explore-the-origins-of-porsche-uncovering-the-birthplace-of-a-legend/ HTTP/1.1" 500 55520 "-" "Mozilla/5.0 (Macintosh; Intel Mac OS X 10_15_7) AppleWebKit/537.36 (KHTML, like Gecko) Chrome/104.0.0.0 Safari/537.36"
37.40.238.93 - - [27/Sep/2026:16:01:11 +0300] "POST /xmlrpc.php HTTP/1.1" 200 403 "-" "Jetpack/13.0; WordPress/6.3; http://site57947949.com"
209.59.230.128 - - [27/Sep/2026:16:01:13 +0300] "GET /2021/12/19/2012-porsche-boxster-for-sale-in-keston-london/ HTTP/1.1" 500 42424 "-" "Mozilla/5.0 (Macintosh; Intel Mac OS X 10_15_7) AppleWebKit/537.36 (KHTML, like Gecko) Chrome/104.0.0.0 Safari/537.36"
209.59.230.128 - - [27/Sep/2026:16:01:15 +0300] "GET /2022/01/02/2018-porsche-panamera-turbo-s-e-hybrid-for-sale-in-newark-de/ HTTP/1.1" 500 43242 "-" "Mozilla/5.0 (Macintosh; Intel Mac OS X 10_15_7) AppleWebKit/537.36 (KHTML, like Gecko) Chrome/104.0.0.0 Safari/537.36"
209.59.230.128 - - [27/Sep/2026:16:01:16 +0300] "GET /2021/12/25/2011-porsche-911-carrera-4s-for-sale-in-huntington-ny/ HTTP/1.1" 500 41757 "-" "Mozilla/5.0 (Macintosh; Intel Mac OS X 10_15_7) AppleWebKit/537.36 (KHTML, like Gecko) Chrome/104.0.0.0 Safari/537.36"
209.59.230.128 - - [27/Sep/2026:16:01:17 +0300] "GET /2021/11/16/porsche-911/ HTTP/1.1" 500 49566 "-" "Mozilla/5.0 (Macintosh; Intel Mac OS X 10_15_7) AppleWebKit/537.36 (KHTML, like Gecko) Chrome/104.0.0.0 Safari/537.36"
209.59.230.128 - - [27/Sep/2026:16:01:19 +0300] "GET /2023/08/20/the-ultimate-guide-to-pronouncing-porsche-correctly-a-step-by-step-tutorial/ HTTP/1.1" 500 54567 "-" "Mozilla/5.0 (Macintosh; Intel Mac OS X 10_15_7) AppleWebKit/537.36 (KHTML, like Gecko) Chrome/104.0.0.0 Safari/537.36"
209.59.230.128 - - [27/Sep/2026:16:01:20 +0300] "GET /category/problems/page/3/ HTTP/1.1" 200 73016 "-" "Mozilla/5.0 (Macintosh; Intel Mac OS X 10_15_7) AppleWebKit/537.36 (KHTML, like Gecko) Chrome/104.0.0.0 Safari/537.36"
209.59.230.128 - - [27/Sep/2026:16:01:22 +0300] "GET /2021/12/09/porsche-owners-who-made-porsche/ HTTP/1.1" 500 33392 "-" "Mozilla/5.0 (Macintosh; Intel Mac OS X 10_15_7) AppleWebKit/537.36 (KHTML, like Gecko) Chrome/104.0.0.0 Safari/537.36"
37.40.238.93 - - [27/Sep/2026:16:01:22 +0300] "POST /xmlrpc.php HTTP/1.1" 200 403 "-" "Jetpack/13.0; WordPress/6.1; http://site69448763.com"
209.59.230.128 - - [27/Sep/2026:16:01:23 +0300] "GET /2023/07/12/porsche-vs-audi-a-comprehensive-comparison-of-the-world-s-finest-luxury-car-brands/ HTTP/1.1" 500 58282 "-" "Mozilla/5.0 (Macintosh; Intel Mac OS X 10_15_7) AppleWebKit/537.36 (KHTML, like Gecko) Chrome/104.0.0.0 Safari/537.36"
85.254.144.33 - - [27/Sep/2026:16:01:26 +0300] "POST /wp-cron.php?doing_wp_cron=1790514086.0311989784240722656250 HTTP/1.1" 200 - "-" "WordPress/7.1.2; https://auto-porsche.com"
209.59.230.128 - - [27/Sep/2026:16:01:25 +0300] "GET /contact/ HTTP/1.1" 500 32350 "-" "Mozilla/5.0 (Macintosh; Intel Mac OS X 10_15_7) AppleWebKit/537.36 (KHTML, like Gecko) Chrome/104.0.0.0 Safari/537.36"
209.59.230.128 - - [27/Sep/2026:16:01:27 +0300] "GET /2021/12/25/2007-porsche-911-carrera-coupe-for-sale-in-hollywood-fl/ HTTP/1.1" 500 41447 "-" "Mozilla/5.0 (Macintosh; Intel Mac OS X 10_15_7) AppleWebKit/537.36 (KHTML, like Gecko) Chrome/104.0.0.0 Safari/537.36"
209.59.230.128 - - [27/Sep/2026:16:01:28 +0300] "GET /2023/09/28/analyzing-the-success-of-porsche-s-ipo-here-s-what-you-need-to-know/ HTTP/1.1" 500 59363 "-" "Mozilla/5.0 (Macintosh; Intel Mac OS X 10_15_7) AppleWebKit/537.36 (KHTML, like Gecko) Chrome/104.0.0.0 Safari/537.36"
209.59.230.128 - - [27/Sep/2026:16:01:30 +0300] "GET /porsche-taycan/ HTTP/1.1" 500 46812 "-" "Mozilla/5.0 (Macintosh; Intel Mac OS X 10_15_7) AppleWebKit/537.36 (KHTML, like Gecko) Chrome/104.0.0.0 Safari/537.36"
209.59.230.128 - - [27/Sep/2026:16:01:31 +0300] "GET /2023/07/24/the-ultimate-guide-to-upgrading-porsche-pcm-everything-you-need-to-know/ HTTP/1.1" 200 125315 "-" "Mozilla/5.0 (Macintosh; Intel Mac OS X 10_15_7) AppleWebKit/537.36 (KHTML, like Gecko) Chrome/104.0.0.0 Safari/537.36"
37.40.238.93 - - [27/Sep/2026:16:01:33 +0300] "POST /xmlrpc.php HTTP/1.1" 200 403 "-" "Jetpack by WordPress.com (Jetpack 12.1; WordPress 6.3)"
209.59.230.128 - - [27/Sep/2026:16:01:33 +0300] "GET /category/blog/page/5/ HTTP/1.1" 200 96418 "-" "Mozilla/5.0 (Macintosh; Intel Mac OS X 10_15_7) AppleWebKit/537.36 (KHTML, like Gecko) Chrome/104.0.0.0 Safari/537.36"
209.59.230.128 - - [27/Sep/2026:16:01:34 +0300] "GET /2022/01/09/1990-porsche-944-convertible-for-sale-in-littleton-co/ HTTP/1.1" 500 38201 "-" "Mozilla/5.0 (Macintosh; Intel Mac OS X 10_15_7) AppleWebKit/537.36 (KHTML, like Gecko) Chrome/104.0.0.0 Safari/537.36"
209.59.230.128 - - [27/Sep/2026:16:01:36 +0300] "GET /2021/12/19/1969/ HTTP/1.1" 200 117497 "-" "Mozilla/5.0 (Macintosh; Intel Mac OS X 10_15_7) AppleWebKit/537.36 (KHTML, like Gecko) Chrome/104.0.0.0 Safari/537.36"
209.59.230.128 - - [27/Sep/2026:16:01:37 +0300] "GET /2023/06/20/explore-the-unbeatable-features-of-the-porsche-911-the-epitome-of-sports-cars/ HTTP/1.1" 200 124773 "-" "Mozilla/5.0 (Macintosh; Intel Mac OS X 10_15_7) AppleWebKit/537.36 (KHTML, like Gecko) Chrome/104.0.0.0 Safari/537.36"
209.59.230.128 - - [27/Sep/2026:16:01:39 +0300] "GET /2023/10/17/which-porsche-models-are-commonly-used-for-rwb-modifications/ HTTP/1.1" 500 57425 "-" "Mozilla/5.0 (Macintosh; Intel Mac OS X 10_15_7) AppleWebKit/537.36 (KHTML, like Gecko) Chrome/104.0.0.0 Safari/537.36"
209.59.230.128 - - [27/Sep/2026:16:01:41 +0300] "GET /category/problems/page/2/ HTTP/1.1" 200 97923 "-" "Mozilla/5.0 (Macintosh; Intel Mac OS X 10_15_7) AppleWebKit/537.36 (KHTML, like Gecko) Chrome/104.0.0.0 Safari/537.36"
209.59.230.128 - - [27/Sep/2026:16:01:42 +0300] "GET /2023/10/11/unraveling-the-tragic-car-crash-discovering-the-porsche-involved-in-paul-s-demise/ HTTP/1.1" 500 59938 "-" "Mozilla/5.0 (Macintosh; Intel Mac OS X 10_15_7) AppleWebKit/537.36 (KHTML, like Gecko) Chrome/104.0.0.0 Safari/537.36"
209.59.230.128 - - [27/Sep/2026:16:01:44 +0300] "GET /2023/07/21/all-you-need-to-know-about-the-porsche-996-water-pump-hose-a-complete-guide/ HTTP/1.1" 500 55366 "-" "Mozilla/5.0 (Macintosh; Intel Mac OS X 10_15_7) AppleWebKit/537.36 (KHTML, like Gecko) Chrome/104.0.0.0 Safari/537.36"
37.40.238.93 - - [27/Sep/2026:16:01:44 +0300] "POST /xmlrpc.php HTTP/1.1" 200 403 "-" "Jetpack/12.5; WordPress/6.4; http://site90390641.com"
209.59.230.128 - - [27/Sep/2026:16:01:45 +0300] "GET /2021/12/23/porsche-924-2/ HTTP/1.1" 500 42405 "-" "Mozilla/5.0 (Macintosh; Intel Mac OS X 10_15_7) AppleWebKit/537.36 (KHTML, like Gecko) Chrome/104.0.0.0 Safari/537.36"
209.59.230.128 - - [27/Sep/2026:16:01:47 +0300] "GET /2024/01/03/exploring-the-ultimate-driving-experience-your-place-or-mine-porsche/ HTTP/1.1" 500 52662 "-" "Mozilla/5.0 (Macintosh; Intel Mac OS X 10_15_7) AppleWebKit/537.36 (KHTML, like Gecko) Chrome/104.0.0.0 Safari/537.36"
209.59.230.128 - - [27/Sep/2026:16:01:48 +0300] "GET /2023/11/26/discover-the-price-and-specifications-of-the-porsche-gt3-how-much-does-it-cost/ HTTP/1.1" 500 53228 "-" "Mozilla/5.0 (Macintosh; Intel Mac OS X 10_15_7) AppleWebKit/537.36 (KHTML, like Gecko) Chrome/104.0.0.0 Safari/537.36"
209.59.230.128 - - [27/Sep/2026:16:01:49 +0300] "GET /category/questions/page/3/ HTTP/1.1" 200 99746 "-" "Mozilla/5.0 (Macintosh; Intel Mac OS X 10_15_7) AppleWebKit/537.36 (KHTML, like Gecko) Chrome/104.0.0.0 Safari/537.36"
209.59.230.128 - - [27/Sep/2026:16:01:51 +0300] "GET /2022/01/09/2006-porsche-boxster-s-for-sale-in-randburg-south-africa/ HTTP/1.1" 500 41614 "-" "Mozilla/5.0 (Macintosh; Intel Mac OS X 10_15_7) AppleWebKit/537.36 (KHTML, like Gecko) Chrome/104.0.0.0 Safari/537.36"
209.59.230.128 - - [27/Sep/2026:16:01:53 +0300] "GET /2024/01/06/the-future-of-sustainable-performance-porsche-s-zero-emission-fuel-vehicle/ HTTP/1.1" 500 56424 "-" "Mozilla/5.0 (Macintosh; Intel Mac OS X 10_15_7) AppleWebKit/537.36 (KHTML, like Gecko) Chrome/104.0.0.0 Safari/537.36"
209.59.230.128 - - [27/Sep/2026:16:01:54 +0300] "GET /porsche-cayenne/ HTTP/1.1" 500 31091 "-" "Mozilla/5.0 (Macintosh; Intel Mac OS X 10_15_7) AppleWebKit/537.36 (KHTML, like Gecko) Chrome/104.0.0.0 Safari/537.36"
37.40.238.93 - - [27/Sep/2026:16:01:55 +0300] "POST /xmlrpc.php HTTP/1.1" 200 403 "-" "Jetpack/13.0; WordPress/6.1; http://site87962104.com"
209.59.230.128 - - [27/Sep/2026:16:01:55 +0300] "GET /category/buy-now/page/3/ HTTP/1.1" 200 91944 "-" "Mozilla/5.0 (Macintosh; Intel Mac OS X 10_15_7) AppleWebKit/537.36 (KHTML, like Gecko) Chrome/104.0.0.0 Safari/537.36"
37.40.238.93 - - [27/Sep/2026:16:02:07 +0300] "POST /xmlrpc.php HTTP/1.1" 200 403 "-" "Jetpack by WordPress.com"
37.40.238.93 - - [27/Sep/2026:16:02:16 +0300] "POST /xmlrpc.php HTTP/1.1" 200 403 "-" "Jetpack by WordPress.com (Jetpack 13.0; WordPress 6.2)"
204.168.156.176 - - [27/Sep/2026:16:02:18 +0300] "GET /wp-content/uploads/2021/12/19.jpg HTTP/1.1" 200 66207 "-" "Mozilla/5.0 (Macintosh; Intel Mac OS X 10_15_7) AppleWebKit/537.36 (KHTML, like Gecko) Chrome/104.0.0.0 Safari/537.36"
204.168.156.176 - - [27/Sep/2026:16:02:18 +0300] "GET /wp-content/uploads/2021/12/kelleybluebook.jpg HTTP/1.1" 200 44879 "-" "Mozilla/5.0 (Macintosh; Intel Mac OS X 10_15_7) AppleWebKit/537.36 (KHTML, like Gecko) Chrome/104.0.0.0 Safari/537.36"
204.168.156.176 - - [27/Sep/2026:16:02:18 +0300] "GET /wp-content/uploads/2021/12/23-2.jpg HTTP/1.1" 200 72382 "-" "Mozilla/5.0 (Macintosh; Intel Mac OS X 10_15_7) AppleWebKit/537.36 (KHTML, like Gecko) Chrome/104.0.0.0 Safari/537.36"
85.254.144.33 - - [27/Sep/2026:16:02:20 +0300] "POST /wp-cron.php?doing_wp_cron=1790514140.8278810977935791015625 HTTP/1.1" 200 - "-" "WordPress/7.1.2; https://auto-porsche.com"
49.51.183.220 - - [27/Sep/2026:16:02:19 +0300] "GET /2023/10/19/the-future-of-performance-cars-exploring-the-potential-of-electric-porsche-911/ HTTP/1.1" 500 60569 "-" "Mozilla/5.0 (iPhone; CPU iPhone OS 13_2_3 like Mac OS X) AppleWebKit/605.1.15 (KHTML, like Gecko) Version/13.0.3 Mobile/15E148 Safari/604.1"
107.20.181.148 - - [27/Sep/2026:16:02:22 +0300] "GET /2023/07/06/unveiling-the-true-essence-of-sally-exploring-the-authentic-nature-of-porsche/embed/ HTTP/1.1" 200 21451 "-" "Mozilla/5.0 AppleWebKit/537.36 (KHTML, like Gecko; compatible; Amazonbot/0.1; +https://developer.amazon.com/support/amazonbot) Chrome/119.0.6045.214 Safari/537.36"
85.254.144.33 - - [27/Sep/2026:16:02:28 +0300] "POST /wp-cron.php?doing_wp_cron=1790514148.4753329753875732421875 HTTP/1.1" 200 - "-" "WordPress/7.1.2; https://auto-porsche.com"
37.40.238.93 - - [27/Sep/2026:16:02:27 +0300] "POST /xmlrpc.php HTTP/1.1" 200 403 "-" "Jetpack by WordPress.com (Jetpack 12.5; WordPress 6.1)"
204.168.154.54 - - [27/Sep/2026:16:02:31 +0300] "GET /wp-content/uploads/2021/12/28.jpg HTTP/1.1" 200 67988 "-" "Mozilla/5.0 (Macintosh; Intel Mac OS X 10_15_7) AppleWebKit/537.36 (KHTML, like Gecko) Chrome/104.0.0.0 Safari/537.36"
204.168.154.54 - - [27/Sep/2026:16:02:31 +0300] "GET /wp-content/uploads/2023/07/CZ20V07OX0006_low.jpg HTTP/1.1" 404 83600 "-" "Mozilla/5.0 (Macintosh; Intel Mac OS X 10_15_7) AppleWebKit/537.36 (KHTML, like Gecko) Chrome/104.0.0.0 Safari/537.36"
204.168.154.54 - - [27/Sep/2026:16:02:31 +0300] "GET /wp-content/uploads/2023/08/is-it-true-that-porsche-designed-the-beetle.jpg HTTP/1.1" 404 84253 "-" "Mozilla/5.0 (Macintosh; Intel Mac OS X 10_15_7) AppleWebKit/537.36 (KHTML, like Gecko) Chrome/104.0.0.0 Safari/537.36"
37.40.238.93 - - [27/Sep/2026:16:02:38 +0300] "POST /xmlrpc.php HTTP/1.1" 200 403 "-" "Jetpack by WordPress.com (Jetpack 13.0; WordPress 6.2)"
95.216.157.232 - - [27/Sep/2026:16:02:45 +0300] "GET /wp-content/uploads/2021/12/38.jpg HTTP/1.1" 200 168882 "-" "Mozilla/5.0 (Macintosh; Intel Mac OS X 10_15_7) AppleWebKit/537.36 (KHTML, like Gecko) Chrome/104.0.0.0 Safari/537.36"
