57.141.20.74 - - [28/Sep/2026:00:32:11 +0300] "GET /wp-content/uploads/2024/02/exploring-porsches-motorsport-strategy-the-reason-behind-their-absence-in-formula-1-335x220.png HTTP/2.0" 200 105848 "-" "Mozilla/5.0 (Windows NT 10.0; Win64; x64) AppleWebKit/537.36 (KHTML, like Gecko) Chrome/145.0.0.0 Safari/537.36 (compatible; meta-externalagent/1.1 (+https://developers.facebook.com/docs/sharing/webmasters/crawler))"
85.254.144.33 - - [28/Sep/2026:00:32:33 +0300] "POST /wp-cron.php?doing_wp_cron=1790544753.2627749443054199218750 HTTP/1.1" 200 - "-" "WordPress/7.1.2; https://auto-porsche.com"
216.73.217.65 - - [28/Sep/2026:00:32:31 +0300] "GET /index.php/sitemap.xml HTTP/2.0" 404 53156 "-" "Mozilla/5.0 AppleWebKit/537.36 (KHTML, like Gecko; compatible; ClaudeBot/1.0; +claudebot@anthropic.com)"
34.143.225.57 - - [28/Sep/2026:00:34:46 +0300] "GET / HTTP/1.1" 200 94226 "http://auto-porsche.com" "Mozilla/5.0 (Linux; Android 16; SAMSUNG-SM-T377A) AppleWebKit/537.36 (KHTML, like Gecko) Chrome/112.0.0.0 Mobile Safari/537.36"
95.153.65.55 - - [28/Sep/2026:00:35:00 +0300] "GET /wp-login.php HTTP/2.0" 200 9362 "-" "Mozilla/5.0 (X11; Linux x86_64) AppleWebKit/537.36 (KHTML, like Gecko) Chrome/151.0.0.0 Safari/537.36"
80.94.250.43 - - [28/Sep/2026:00:35:04 +0300] "POST /wp-login.php HTTP/2.0" 200 9723 "https://www.auto-porsche.com/wp-login.php" "Mozilla/5.0 (X11; Linux x86_64) AppleWebKit/537.36 (KHTML, like Gecko) Chrome/151.0.0.0 Safari/537.36"
85.254.144.33 - - [28/Sep/2026:00:36:06 +0300] "POST /wp-cron.php?doing_wp_cron=1790544966.7421400547027587890625 HTTP/1.1" 200 - "-" "WordPress/7.1.2; https://auto-porsche.com"
52.167.144.179 - - [28/Sep/2026:00:36:05 +0300] "GET /2023/09/19/is-it-a-good-idea-to-purchase-a-pre-owned-porsche-cayenne-a-detailed-buyer-s-guide/ HTTP/2.0" 500 59258 "-" "Mozilla/5.0 AppleWebKit/537.36 (KHTML, like Gecko; compatible; bingbot/2.0; +http://www.bing.com/bingbot.htm) Chrome/116.0.1938.76 Safari/537.36"
85.254.144.33 - - [28/Sep/2026:00:38:14 +0300] "POST /wp-cron.php?doing_wp_cron=1790545094.3524959087371826171875 HTTP/1.1" 200 - "-" "WordPress/7.1.2; https://auto-porsche.com"
49.65.18.120 - - [28/Sep/2026:00:38:13 +0300] "GET /porsche-912/8-1/ HTTP/2.0" 301 - "-" "Sogou web spider/4.0(+http://www.sogou.com/docs/help/webmasters.htm#07)"
40.77.167.33 - - [28/Sep/2026:00:38:15 +0300] "GET /de/tipps-fur-den-kauf-eines-porsche-cayenne-worauf-sollten-sie-achten.html HTTP/2.0" 301 - "-" "Mozilla/5.0 AppleWebKit/537.36 (KHTML, like Gecko; compatible; bingbot/2.0; +http://www.bing.com/bingbot.htm) Chrome/116.0.1938.76 Safari/537.36"
49.65.18.120 - - [28/Sep/2026:00:38:15 +0300] "GET /porsche-912/ HTTP/2.0" 500 50329 "-" "Sogou web spider/4.0(+http://www.sogou.com/docs/help/webmasters.htm#07)"
49.65.18.120 - - [28/Sep/2026:00:38:17 +0300] "GET /wp-content/plugins/cookie-notice/css/front.min.css?ver=3.1.12 HTTP/2.0" 200 5830 "https://auto-porsche.com/porsche-912/" "Sogou web spider/4.0(+http://www.sogou.com/docs/help/webmasters.htm#07)"
49.65.18.120 - - [28/Sep/2026:00:38:17 +0300] "GET /wp-content/plugins/maxslider/assets/css/maxslider.css?ver=1.2.4 HTTP/2.0" 200 4687 "https://auto-porsche.com/porsche-912/" "Sogou web spider/4.0(+http://www.sogou.com/docs/help/webmasters.htm#07)"
49.65.18.120 - - [28/Sep/2026:00:38:17 +0300] "GET /wp-content/plugins/maxslider/assets/vendor/slick/slick.css?ver=1.6.0 HTTP/2.0" 200 1729 "https://auto-porsche.com/porsche-912/" "Sogou web spider/4.0(+http://www.sogou.com/docs/help/webmasters.htm#07)"
49.65.18.120 - - [28/Sep/2026:00:38:17 +0300] "GET /wp-includes/js/jquery/jquery.min.js?ver=3.7.1 HTTP/2.0" 200 87553 "https://auto-porsche.com/porsche-912/" "Sogou web spider/4.0(+http://www.sogou.com/docs/help/webmasters.htm#07)"
49.65.18.120 - - [28/Sep/2026:00:38:17 +0300] "GET /wp-includes/js/jquery/jquery-migrate.min.js?ver=3.4.1 HTTP/2.0" 200 13577 "https://auto-porsche.com/porsche-912/" "Sogou web spider/4.0(+http://www.sogou.com/docs/help/webmasters.htm#07)"
49.65.18.120 - - [28/Sep/2026:00:38:17 +0300] "GET /wp-content/plugins/cookie-notice/js/front.min.js?ver=3.1.12 HTTP/2.0" 200 9144 "https://auto-porsche.com/porsche-912/" "Sogou web spider/4.0(+http://www.sogou.com/docs/help/webmasters.htm#07)"
49.65.18.120 - - [28/Sep/2026:00:38:18 +0300] "GET /wp-content/uploads/2023/12/cropped-sasd-1024x576-1-32x32.png HTTP/2.0" 200 2460 "https://auto-porsche.com/porsche-912/" "Sogou web spider/4.0(+http://www.sogou.com/docs/help/webmasters.htm#07)"
85.254.144.33 - - [28/Sep/2026:00:38:38 +0300] "POST /wp-cron.php?doing_wp_cron=1790545118.7044990062713623046875 HTTP/1.1" 200 - "-" "WordPress/7.1.2; https://auto-porsche.com"
185.189.114.120 - - [28/Sep/2026:00:38:37 +0300] "GET /wp-login.php HTTP/2.0" 200 9362 "-" "Mozilla/5.0 (X11; Linux x86_64) AppleWebKit/537.36 (KHTML, like Gecko) Chrome/146.0.0.0 Safari/537.36"
31.171.237.108 - - [28/Sep/2026:00:38:45 +0300] "POST /wp-login.php HTTP/2.0" 200 9723 "https://mail.auto-porsche.com/wp-login.php" "Mozilla/5.0 (X11; Linux x86_64) AppleWebKit/537.36 (KHTML, like Gecko) Chrome/146.0.0.0 Safari/537.36"
112.86.225.188 - - [28/Sep/2026:00:38:47 +0300] "GET /porsche-912/8-1/ HTTP/1.1" 301 - "-" "Sogou web spider/4.0(+http://www.sogou.com/docs/help/webmasters.htm#07)"
112.86.225.188 - - [28/Sep/2026:00:38:49 +0300] "GET /porsche-912/ HTTP/1.1" 500 50329 "-" "Sogou web spider/4.0(+http://www.sogou.com/docs/help/webmasters.htm#07)"
85.254.144.33 - - [28/Sep/2026:00:39:16 +0300] "POST /wp-cron.php?doing_wp_cron=1790545156.2653989791870117187500 HTTP/1.1" 200 - "-" "WordPress/7.1.2; https://auto-porsche.com"
40.77.167.33 - - [28/Sep/2026:00:39:15 +0300] "GET /de/wann-wurde-porsche-in-den-dax-aufgenommen-eine-detaillierte-historische-analyse.html HTTP/2.0" 301 - "-" "Mozilla/5.0 AppleWebKit/537.36 (KHTML, like Gecko; compatible; bingbot/2.0; +http://www.bing.com/bingbot.htm) Chrome/116.0.1938.76 Safari/537.36"
85.254.144.33 - - [28/Sep/2026:00:39:48 +0300] "POST /wp-cron.php?doing_wp_cron=1790545188.2289769649505615234375 HTTP/1.1" 200 - "-" "WordPress/7.1.2; https://auto-porsche.com"
52.167.144.179 - - [28/Sep/2026:00:39:47 +0300] "GET /?j=h9u3r7d5l2e2e2d4322 HTTP/2.0" 200 92182 "-" "Mozilla/5.0 AppleWebKit/537.36 (KHTML, like Gecko; compatible; bingbot/2.0; +http://www.bing.com/bingbot.htm) Chrome/116.0.1938.76 Safari/537.36"
57.141.20.13 - - [28/Sep/2026:00:39:50 +0300] "GET /wp-content/uploads/2023/10/a-comprehensive-guide-to-singer-porsche-unveiling-the-secrets-of-the-legendary-restorations-335x220.jpg HTTP/2.0" 200 11797 "-" "Mozilla/5.0 (Windows NT 10.0; Win64; x64) AppleWebKit/537.36 (KHTML, like Gecko) Chrome/145.0.0.0 Safari/537.36 (compatible; meta-externalagent/1.1 (+https://developers.facebook.com/docs/sharing/webmasters/crawler))"
52.167.144.204 - - [28/Sep/2026:00:39:55 +0300] "GET /wp-content/uploads/2023/07/audi-mclaren-725x500-100x100.jpg HTTP/2.0" 404 85100 "-" "Mozilla/5.0 AppleWebKit/537.36 (KHTML, like Gecko; compatible; bingbot/2.0; +http://www.bing.com/bingbot.htm) Chrome/116.0.1938.76 Safari/537.36"
43.166.224.244 - - [28/Sep/2026:00:41:37 +0300] "GET / HTTP/1.1" 200 94226 "http://auto-porsche.com" "Mozilla/5.0 (iPhone; CPU iPhone OS 13_2_3 like Mac OS X) AppleWebKit/605.1.15 (KHTML, like Gecko) Version/13.0.3 Mobile/15E148 Safari/604.1"
163.227.194.4 - - [28/Sep/2026:00:43:13 +0300] "GET /?j=s1p8r4i2n9g8e5r361 HTTP/1.1" 200 93757 "http://auto-porsche.com/?j=s1p8r4i2n9g8e5r361" "Mozilla/5.0 (iPhone; CPU iPhone OS 18_7_7 like Mac OS X) AppleWebKit/605.1.15 (KHTML, like Gecko) FxiOS/152.0 Mobile/15E148 Safari/604.1"
52.167.144.166 - - [28/Sep/2026:00:43:25 +0300] "GET /wp-content/uploads/2023/09/updates-on-the-status-of-porsche-nottingham-are-they-still-in-operation-100x100.jpg HTTP/2.0" 200 4748 "-" "Mozilla/5.0 AppleWebKit/537.36 (KHTML, like Gecko; compatible; bingbot/2.0; +http://www.bing.com/bingbot.htm) Chrome/116.0.1938.76 Safari/537.36"
102.219.27.21 - - [28/Sep/2026:00:44:16 +0300] "GET /?j=c7l3a2t6t4e4r1e3r232 HTTP/1.1" 200 94337 "http://www.auto-porsche.com/" "Mozilla/5.0 (iPhone; CPU iPhone OS 18_7_1 like Mac OS X) AppleWebKit/605.1.15 (KHTML, like Gecko) CriOS/153.0.8010.36 Mobile/15E148 Safari/604.1"
106.38.226.208 - - [28/Sep/2026:00:46:15 +0300] "GET /wp-content/uploads/2021/11/2022-Porsche-911-Carrera-GTS-Coupe-8-1024x576.webp HTTP/2.0" 200 66502 "-" "Mozilla/5.0 (Windows NT 10.0; Win64; x64) AppleWebKit/537.36 (KHTML, like Gecko) Chrome/120.0.0.0 Safari/537.36"
85.254.144.33 - - [28/Sep/2026:00:46:38 +0300] "POST /wp-cron.php?doing_wp_cron=1790545598.6152369976043701171875 HTTP/1.1" 200 - "-" "WordPress/7.1.2; https://auto-porsche.com"
52.167.144.166 - - [28/Sep/2026:00:46:37 +0300] "GET /2021/11/17/porsche-912/ HTTP/2.0" 500 52105 "-" "Mozilla/5.0 AppleWebKit/537.36 (KHTML, like Gecko; compatible; bingbot/2.0; +http://www.bing.com/bingbot.htm) Chrome/116.0.1938.76 Safari/537.36"
162.62.231.139 - - [28/Sep/2026:00:46:51 +0300] "GET /2022/01/09/1990-porsche-944-convertible-for-sale-in-littleton-co/ HTTP/1.1" 500 38201 "-" "Mozilla/5.0 (iPhone; CPU iPhone OS 13_2_3 like Mac OS X) AppleWebKit/605.1.15 (KHTML, like Gecko) Version/13.0.3 Mobile/15E148 Safari/604.1"
85.254.144.33 - - [28/Sep/2026:00:50:57 +0300] "POST /wp-cron.php?doing_wp_cron=1790545857.3181819915771484375000 HTTP/1.1" 200 - "-" "WordPress/7.1.2; https://auto-porsche.com"
201.33.66.68 - - [28/Sep/2026:00:50:55 +0300] "GET /porsche-912 HTTP/2.0" 301 - "https://auto-porsche.com" "Mozilla/5.0 (Windows NT 10.0; Win64; x64) AppleWebKit/537.36 (KHTML, like Gecko) Chrome/145.0.0.0 Safari/537.36 Edg/145.0.0.0"
41.201.198.118 - - [28/Sep/2026:00:51:00 +0300] "GET /porsche-912/ HTTP/2.0" 500 50329 "https://auto-porsche.com/porsche-912" "Mozilla/5.0 (Windows NT 10.0; Win64; x64) AppleWebKit/537.36 (KHTML, like Gecko) Chrome/145.0.0.0 Safari/537.36 Edg/145.0.0.0"
85.254.144.33 - - [28/Sep/2026:00:51:29 +0300] "POST /wp-cron.php?doing_wp_cron=1790545889.3444581031799316406250 HTTP/1.1" 200 - "-" "WordPress/7.1.2; https://auto-porsche.com"
57.141.20.34 - - [28/Sep/2026:00:51:27 +0300] "GET /wp-content/uploads/2023/08/is-it-true-that-porsche-designed-the-beetle-300x273.jpg HTTP/2.0" 404 85424 "-" "Mozilla/5.0 (Windows NT 10.0; Win64; x64) AppleWebKit/537.36 (KHTML, like Gecko) Chrome/145.0.0.0 Safari/537.36 (compatible; meta-externalagent/1.1 (+https://developers.facebook.com/docs/sharing/webmasters/crawler))"
85.254.144.33 - - [28/Sep/2026:00:52:42 +0300] "POST /wp-cron.php?doing_wp_cron=1790545962.2300078868865966796875 HTTP/1.1" 200 - "-" "WordPress/7.1.2; https://auto-porsche.com"
57.141.20.53 - - [28/Sep/2026:00:52:40 +0300] "GET /wp-content/uploads/2023/08/discover-the-impressive-towing-capacity-of-the-porsche-cayenne-unleashing-power-and-versatility-335x220.jpg HTTP/2.0" 404 85561 "-" "Mozilla/5.0 (Macintosh; Intel Mac OS X 10_15_7) AppleWebKit/537.36 (KHTML, like Gecko) Chrome/145.0.0.0 Safari/537.36 (compatible; meta-externalagent/1.1 (+https://developers.facebook.com/docs/sharing/webmasters/crawler))"
52.167.144.176 - - [28/Sep/2026:00:53:16 +0300] "GET /wp-content/uploads/2023/07/nfs-porsche-is-still-one-of-the-best-games-ever-we-play-the-factory-driver-mode-178637_1-870x359.jpg HTTP/2.0" 404 85810 "-" "Mozilla/5.0 AppleWebKit/537.36 (KHTML, like Gecko; compatible; bingbot/2.0; +http://www.bing.com/bingbot.htm) Chrome/116.0.1938.76 Safari/537.36"
57.141.20.51 - - [28/Sep/2026:00:55:30 +0300] "GET /wp-content/uploads/2023/09/the-ultimate-guide-to-pronouncing-porsche-correctly-mastering-the-art-of-proper-pronunciation-335x220.jpg HTTP/2.0" 200 12012 "-" "Mozilla/5.0 (Windows NT 10.0; Win64; x64) AppleWebKit/537.36 (KHTML, like Gecko) Chrome/145.0.0.0 Safari/537.36 (compatible; meta-externalagent/1.1 (+https://developers.facebook.com/docs/sharing/webmasters/crawler))"
85.254.144.33 - - [28/Sep/2026:00:55:55 +0300] "POST /wp-cron.php?doing_wp_cron=1790546155.8999719619750976562500 HTTP/1.1" 200 - "-" "WordPress/7.1.2; https://auto-porsche.com"
62.27.37.108 - - [28/Sep/2026:00:55:54 +0300] "GET / HTTP/1.1" 200 94099 "-" "Mozilla/5.0 (Windows NT 10.0; Win64; x64) AppleWebKit/537.36 (KHTML, like Gecko) Chrome/100.0.4896.143 Safari/537.36"
43.159.35.188 - - [28/Sep/2026:00:56:15 +0300] "GET /category/quations/ HTTP/1.1" 404 85798 "-" "Mozilla/5.0 (iPhone; CPU iPhone OS 13_2_3 like Mac OS X) AppleWebKit/605.1.15 (KHTML, like Gecko) Version/13.0.3 Mobile/15E148 Safari/604.1"
85.254.144.33 - - [28/Sep/2026:00:56:48 +0300] "POST /wp-cron.php?doing_wp_cron=1790546208.6255168914794921875000 HTTP/1.1" 200 - "-" "WordPress/7.1.2; https://auto-porsche.com"
40.77.167.48 - - [28/Sep/2026:00:56:47 +0300] "GET /2023/06/29/how-much-does-it-cost-to-own-a-porsche-a-deep-dive-into-the-price-of-porsche-cars HTTP/2.0" 301 - "-" "Mozilla/5.0 AppleWebKit/537.36 (KHTML, like Gecko; compatible; bingbot/2.0; +http://www.bing.com/bingbot.htm) Chrome/116.0.1938.76 Safari/537.36"
57.141.20.35 - - [28/Sep/2026:00:59:26 +0300] "GET /wp-content/uploads/2021/11/ewf-335x220.jpg HTTP/2.0" 200 19313 "-" "Mozilla/5.0 (Windows NT 10.0; Win64; x64) AppleWebKit/537.36 (KHTML, like Gecko) Chrome/145.0.0.0 Safari/537.36 (compatible; meta-externalagent/1.1 (+https://developers.facebook.com/docs/sharing/webmasters/crawler))"
17.166.155.7 - - [28/Sep/2026:01:03:05 +0300] "GET /wp-content/uploads/2021/12/57-100x100.jpg HTTP/2.0" 200 10291 "-" "Mozilla/5.0 (Macintosh; Intel Mac OS X 10_15_7) AppleWebKit/605.1.15 (KHTML, like Gecko) Version/17.4 Safari/605.1.15 (Applebot/0.1; +http://www.apple.com/go/applebot)"
85.254.144.33 - - [28/Sep/2026:01:04:09 +0300] "POST /wp-cron.php?doing_wp_cron=1790546649.9203469753265380859375 HTTP/1.1" 200 - "-" "WordPress/7.1.2; https://auto-porsche.com"
43.165.7.135 - - [28/Sep/2026:01:04:08 +0300] "GET /2023/07/19/exploring-the-drifting-capabilities-of-porsche-cars-can-these-high-performance-vehicles-master-the-art-of-drifting/ HTTP/1.1" 500 53349 "-" "Mozilla/5.0 (iPhone; CPU iPhone OS 13_2_3 like Mac OS X) AppleWebKit/605.1.15 (KHTML, like Gecko) Version/13.0.3 Mobile/15E148 Safari/604.1"
57.141.20.10 - - [28/Sep/2026:01:04:27 +0300] "GET /wp-content/uploads/2023/08/is-porsche-in-the-truck-game-discover-the-answer-on-website-name-300x200.jpg HTTP/2.0" 200 17874 "-" "Mozilla/5.0 (Macintosh; Intel Mac OS X 10_15_7) AppleWebKit/537.36 (KHTML, like Gecko) Chrome/145.0.0.0 Safari/537.36 (compatible; meta-externalagent/1.1 (+https://developers.facebook.com/docs/sharing/webmasters/crawler))"
85.254.144.33 - - [28/Sep/2026:01:05:46 +0300] "POST /wp-cron.php?doing_wp_cron=1790546746.7714800834655761718750 HTTP/1.1" 200 - "-" "WordPress/7.1.2; https://auto-porsche.com"
196.251.121.150 - - [28/Sep/2026:01:05:46 +0300] "GET /wp-login.php HTTP/1.1" 200 9308 "-" "Mozilla/5.0 (Windows NT 10.0; Win64; x64) AppleWebKit/537.36 (KHTML, like Gecko) Chrome/120.0.0.0 Safari/537.36"
196.251.121.150 - - [28/Sep/2026:01:05:47 +0300] "GET /wp-login.php HTTP/1.1" 200 9308 "-" "Mozilla/5.0 (Windows NT 11.0; Win64; x64) AppleWebKit/537.36 (KHTML, like Gecko) Chrome/121.0.0.0 Safari/537.36"
196.251.121.150 - - [28/Sep/2026:01:05:48 +0300] "POST /wp-login.php HTTP/1.1" 200 9680 "https://auto-porsche.com/wp-login.php" "Mozilla/5.0 (Windows NT 10.0; Win64; x64) AppleWebKit/537.36 (KHTML, like Gecko) Chrome/120.0.0.0 Safari/537.36"
196.251.121.150 - - [28/Sep/2026:01:05:49 +0300] "POST /wp-login.php HTTP/1.1" 200 9656 "https://auto-porsche.com/wp-login.php" "Mozilla/5.0 (Windows NT 10.0; Win64; x64) AppleWebKit/537.36 (KHTML, like Gecko) Chrome/120.0.0.0 Safari/537.36"
196.251.121.150 - - [28/Sep/2026:01:05:50 +0300] "POST /wp-login.php HTTP/1.1" 200 9656 "https://auto-porsche.com/wp-login.php" "Mozilla/5.0 (Windows NT 10.0; Win64; x64) AppleWebKit/537.36 (KHTML, like Gecko) Chrome/120.0.0.0 Safari/537.36"
196.251.121.150 - - [28/Sep/2026:01:05:51 +0300] "GET /wp-login.php HTTP/1.1" 200 9308 "-" "Mozilla/5.0 (X11; Linux x86_64) AppleWebKit/537.36 (KHTML, like Gecko) Chrome/120.0.0.0 Safari/537.36"
196.251.121.150 - - [28/Sep/2026:01:05:52 +0300] "POST /wp-login.php HTTP/1.1" 200 9685 "https://auto-porsche.com/wp-login.php" "Mozilla/5.0 (Windows NT 10.0; Win64; x64; rv:121.0) Gecko/20100101 Firefox/121.0"
196.251.121.150 - - [28/Sep/2026:01:05:53 +0300] "POST /wp-login.php HTTP/1.1" 200 9656 "https://auto-porsche.com/wp-login.php" "Mozilla/5.0 (Windows NT 10.0; Win64; x64; rv:121.0) Gecko/20100101 Firefox/121.0"
196.251.121.150 - - [28/Sep/2026:01:05:53 +0300] "POST /wp-login.php HTTP/1.1" 200 9656 "https://auto-porsche.com/wp-login.php" "Mozilla/5.0 (Windows NT 10.0; Win64; x64; rv:121.0) Gecko/20100101 Firefox/121.0"
196.251.121.150 - - [28/Sep/2026:01:05:54 +0300] "GET /wp-login.php HTTP/1.1" 200 9308 "-" "Mozilla/5.0 (Windows NT 10.0; Win64; x64) AppleWebKit/537.36 (KHTML, like Gecko) Chrome/120.0.0.0 Safari/537.36"
196.251.121.150 - - [28/Sep/2026:01:05:55 +0300] "POST /wp-login.php HTTP/1.1" 200 9684 "https://auto-porsche.com/wp-login.php" "Mozilla/5.0 (Windows NT 10.0; Win64; x64) AppleWebKit/537.36 (KHTML, like Gecko) Chrome/120.0.0.0 Safari/537.36"
196.251.121.150 - - [28/Sep/2026:01:05:56 +0300] "POST /wp-login.php HTTP/1.1" 200 9656 "https://auto-porsche.com/wp-login.php" "Mozilla/5.0 (Windows NT 10.0; Win64; x64) AppleWebKit/537.36 (KHTML, like Gecko) Chrome/120.0.0.0 Safari/537.36"
196.251.121.150 - - [28/Sep/2026:01:05:57 +0300] "POST /wp-login.php HTTP/1.1" 200 9656 "https://auto-porsche.com/wp-login.php" "Mozilla/5.0 (Windows NT 10.0; Win64; x64) AppleWebKit/537.36 (KHTML, like Gecko) Chrome/120.0.0.0 Safari/537.36"
196.251.121.150 - - [28/Sep/2026:01:05:58 +0300] "GET /wp-login.php HTTP/1.1" 200 9308 "-" "Mozilla/5.0 (Windows NT 10.0; Win64; x64; rv:121.0) Gecko/20100101 Firefox/121.0"
196.251.121.150 - - [28/Sep/2026:01:05:59 +0300] "POST /wp-login.php HTTP/1.1" 200 9688 "https://auto-porsche.com/wp-login.php" "Mozilla/5.0 (Macintosh; Intel Mac OS X 10_15_7) AppleWebKit/537.36 (KHTML, like Gecko) Chrome/120.0.0.0 Safari/537.36"
196.251.121.150 - - [28/Sep/2026:01:06:00 +0300] "POST /wp-login.php HTTP/1.1" 200 9656 "https://auto-porsche.com/wp-login.php" "Mozilla/5.0 (Macintosh; Intel Mac OS X 10_15_7) AppleWebKit/537.36 (KHTML, like Gecko) Chrome/120.0.0.0 Safari/537.36"
196.251.121.150 - - [28/Sep/2026:01:06:00 +0300] "POST /wp-login.php HTTP/1.1" 200 9656 "https://auto-porsche.com/wp-login.php" "Mozilla/5.0 (Macintosh; Intel Mac OS X 10_15_7) AppleWebKit/537.36 (KHTML, like Gecko) Chrome/120.0.0.0 Safari/537.36"
196.251.121.150 - - [28/Sep/2026:01:06:01 +0300] "GET /wp-login.php HTTP/1.1" 200 9308 "-" "Mozilla/5.0 (X11; Linux x86_64) AppleWebKit/537.36 (KHTML, like Gecko) Chrome/120.0.0.0 Safari/537.36"
196.251.121.150 - - [28/Sep/2026:01:06:02 +0300] "POST /wp-login.php HTTP/1.1" 200 9683 "https://auto-porsche.com/wp-login.php" "Mozilla/5.0 (Windows NT 10.0; Win64; x64; rv:121.0) Gecko/20100101 Firefox/121.0"
196.251.121.150 - - [28/Sep/2026:01:06:03 +0300] "POST /wp-login.php HTTP/1.1" 200 9656 "https://auto-porsche.com/wp-login.php" "Mozilla/5.0 (Windows NT 10.0; Win64; x64; rv:121.0) Gecko/20100101 Firefox/121.0"
196.251.121.150 - - [28/Sep/2026:01:06:04 +0300] "POST /wp-login.php HTTP/1.1" 200 9656 "https://auto-porsche.com/wp-login.php" "Mozilla/5.0 (Windows NT 10.0; Win64; x64; rv:121.0) Gecko/20100101 Firefox/121.0"
196.251.121.150 - - [28/Sep/2026:01:06:05 +0300] "GET /wp-login.php HTTP/1.1" 200 9308 "-" "Mozilla/5.0 (Windows NT 10.0; Win64; x64; rv:121.0) Gecko/20100101 Firefox/121.0"
196.251.121.150 - - [28/Sep/2026:01:06:06 +0300] "POST /wp-login.php HTTP/1.1" 200 9682 "https://auto-porsche.com/wp-login.php" "Mozilla/5.0 (Macintosh; Intel Mac OS X 10_15_7) AppleWebKit/537.36 (KHTML, like Gecko) Chrome/120.0.0.0 Safari/537.36"
196.251.121.150 - - [28/Sep/2026:01:06:07 +0300] "POST /wp-login.php HTTP/1.1" 200 9656 "https://auto-porsche.com/wp-login.php" "Mozilla/5.0 (Macintosh; Intel Mac OS X 10_15_7) AppleWebKit/537.36 (KHTML, like Gecko) Chrome/120.0.0.0 Safari/537.36"
196.251.121.150 - - [28/Sep/2026:01:06:07 +0300] "POST /wp-login.php HTTP/1.1" 200 9656 "https://auto-porsche.com/wp-login.php" "Mozilla/5.0 (Macintosh; Intel Mac OS X 10_15_7) AppleWebKit/537.36 (KHTML, like Gecko) Chrome/120.0.0.0 Safari/537.36"
196.251.121.150 - - [28/Sep/2026:01:06:08 +0300] "GET /wp-login.php HTTP/1.1" 200 9308 "-" "Mozilla/5.0 (Windows NT 10.0; Win64; x64; rv:121.0) Gecko/20100101 Firefox/121.0"
196.251.121.150 - - [28/Sep/2026:01:06:09 +0300] "POST /wp-login.php HTTP/1.1" 200 9685 "https://auto-porsche.com/wp-login.php" "Mozilla/5.0 (Windows NT 11.0; Win64; x64) AppleWebKit/537.36 (KHTML, like Gecko) Chrome/121.0.0.0 Safari/537.36"
196.251.121.150 - - [28/Sep/2026:01:06:10 +0300] "POST /wp-login.php HTTP/1.1" 200 9656 "https://auto-porsche.com/wp-login.php" "Mozilla/5.0 (Windows NT 11.0; Win64; x64) AppleWebKit/537.36 (KHTML, like Gecko) Chrome/121.0.0.0 Safari/537.36"
196.251.121.150 - - [28/Sep/2026:01:06:11 +0300] "POST /wp-login.php HTTP/1.1" 200 9656 "https://auto-porsche.com/wp-login.php" "Mozilla/5.0 (Windows NT 11.0; Win64; x64) AppleWebKit/537.36 (KHTML, like Gecko) Chrome/121.0.0.0 Safari/537.36"
196.251.121.150 - - [28/Sep/2026:01:06:12 +0300] "GET /wp-login.php HTTP/1.1" 200 9308 "-" "Mozilla/5.0 (Windows NT 10.0; Win64; x64; rv:121.0) Gecko/20100101 Firefox/121.0"
196.251.121.150 - - [28/Sep/2026:01:06:13 +0300] "POST /wp-login.php HTTP/1.1" 200 9683 "https://auto-porsche.com/wp-login.php" "Mozilla/5.0 (Windows NT 10.0; Win64; x64; rv:121.0) Gecko/20100101 Firefox/121.0"
196.251.121.150 - - [28/Sep/2026:01:06:14 +0300] "POST /wp-login.php HTTP/1.1" 200 9656 "https://auto-porsche.com/wp-login.php" "Mozilla/5.0 (Windows NT 10.0; Win64; x64; rv:121.0) Gecko/20100101 Firefox/121.0"
196.251.121.150 - - [28/Sep/2026:01:06:14 +0300] "POST /wp-login.php HTTP/1.1" 200 9656 "https://auto-porsche.com/wp-login.php" "Mozilla/5.0 (Windows NT 10.0; Win64; x64; rv:121.0) Gecko/20100101 Firefox/121.0"
57.141.20.26 - - [28/Sep/2026:01:07:46 +0300] "GET /wp-content/uploads/2021/12/p2-2-100x100.jpg HTTP/2.0" 200 2551 "-" "Mozilla/5.0 (Windows NT 10.0; Win64; x64) AppleWebKit/537.36 (KHTML, like Gecko) Chrome/145.0.0.0 Safari/537.36 (compatible; meta-externalagent/1.1 (+https://developers.facebook.com/docs/sharing/webmasters/crawler))"
85.254.144.33 - - [28/Sep/2026:01:07:46 +0300] "POST /wp-cron.php?doing_wp_cron=1790546866.6078250408172607421875 HTTP/1.1" 200 - "-" "WordPress/7.1.2; https://auto-porsche.com"
52.167.144.25 - - [28/Sep/2026:01:07:45 +0300] "GET /wp-content/uploads/2023/07/porsche-spyder-2018-white-768x433-150x150.jpg HTTP/2.0" 404 83558 "-" "Mozilla/5.0 AppleWebKit/537.36 (KHTML, like Gecko; compatible; bingbot/2.0; +http://www.bing.com/bingbot.htm) Chrome/116.0.1938.76 Safari/537.36"
85.254.144.33 - - [28/Sep/2026:01:09:29 +0300] "POST /wp-cron.php?doing_wp_cron=1790546969.9138479232788085937500 HTTP/1.1" 200 - "-" "WordPress/7.1.2; https://auto-porsche.com"
40.77.167.3 - - [28/Sep/2026:01:09:28 +0300] "GET /wp-content/uploads/2023/07/CZYJxogp-870x400.jpg HTTP/2.0" 404 84270 "-" "Mozilla/5.0 AppleWebKit/537.36 (KHTML, like Gecko; compatible; bingbot/2.0; +http://www.bing.com/bingbot.htm) Chrome/116.0.1938.76 Safari/537.36"
57.141.20.43 - - [28/Sep/2026:01:10:50 +0300] "GET /wp-content/uploads/2023/09/is-porsche-known-for-using-boxer-engines-discover-the-facts-here-335x220.jpg HTTP/2.0" 200 38575 "-" "Mozilla/5.0 (Macintosh; Intel Mac OS X 10_15_7) AppleWebKit/537.36 (KHTML, like Gecko) Chrome/145.0.0.0 Safari/537.36 (compatible; meta-externalagent/1.1 (+https://developers.facebook.com/docs/sharing/webmasters/crawler))"
85.254.144.33 - - [28/Sep/2026:01:13:10 +0300] "POST /wp-cron.php?doing_wp_cron=1790547190.4278500080108642578125 HTTP/1.1" 200 - "-" "WordPress/7.1.2; https://auto-porsche.com"
40.77.167.3 - - [28/Sep/2026:01:13:08 +0300] "GET /wp-content/uploads/2023/07/nfs-porsche-is-still-one-of-the-best-games-ever-we-play-the-factory-driver-mode-178637_1.jpg HTTP/2.0" 404 85599 "-" "Mozilla/5.0 AppleWebKit/537.36 (KHTML, like Gecko; compatible; bingbot/2.0; +http://www.bing.com/bingbot.htm) Chrome/116.0.1938.76 Safari/537.36"
85.254.144.33 - - [28/Sep/2026:01:13:46 +0300] "POST /wp-cron.php?doing_wp_cron=1790547226.9436819553375244140625 HTTP/1.1" 200 - "-" "WordPress/7.1.2; https://auto-porsche.com"
200.50.233.207 - - [28/Sep/2026:01:13:46 +0300] "GET /2021/11/30/porsche-cayenne HTTP/2.0" 301 - "https://auto-porsche.com/" "Mozilla/5.0 (Windows NT 6.2; Win64; x64) AppleWebKit/537.36 (KHTML, like Gecko) Chrome/65.0.2967.70 Safari/537.36"
200.50.233.207 - - [28/Sep/2026:01:13:49 +0300] "GET /2021/11/30/porsche-cayenne/ HTTP/2.0" 500 49702 "https://auto-porsche.com/" "Mozilla/5.0 (Windows NT 6.2; Win64; x64) AppleWebKit/537.36 (KHTML, like Gecko) Chrome/65.0.2967.70 Safari/537.36"
85.254.144.33 - - [28/Sep/2026:01:14:42 +0300] "POST /wp-cron.php?doing_wp_cron=1790547282.6347479820251464843750 HTTP/1.1" 200 - "-" "WordPress/7.1.2; https://auto-porsche.com"
87.81.226.72 - - [28/Sep/2026:01:14:41 +0300] "HEAD /2023/11/12/learn-the-price-of-a-porsche-911-gt3-rs-and-get-all-the-details-you-need/ HTTP/2.0" 200 - "-" "Mozilla/5.0 (X11; Linux x86_64) AppleWebKit/537.36 (KHTML, like Gecko) Chrome/138.0.0.0 Safari/537.36"
85.254.144.33 - - [28/Sep/2026:01:16:38 +0300] "POST /wp-cron.php?doing_wp_cron=1790547398.7419939041137695312500 HTTP/1.1" 200 - "-" "WordPress/7.1.2; https://auto-porsche.com"
43.131.26.226 - - [28/Sep/2026:01:16:37 +0300] "GET /?p=1298 HTTP/1.1" 301 - "-" "Mozilla/5.0 (iPhone; CPU iPhone OS 13_2_3 like Mac OS X) AppleWebKit/605.1.15 (KHTML, like Gecko) Version/13.0.3 Mobile/15E148 Safari/604.1"
43.131.26.226 - - [28/Sep/2026:01:16:41 +0300] "GET /2022/01/09/1990-porsche-944-convertible-for-sale-in-littleton-co/ HTTP/1.1" 500 38201 "https://auto-porsche.com/?p=1298" "Mozilla/5.0 (iPhone; CPU iPhone OS 13_2_3 like Mac OS X) AppleWebKit/605.1.15 (KHTML, like Gecko) Version/13.0.3 Mobile/15E148 Safari/604.1"
43.173.175.202 - - [28/Sep/2026:01:16:50 +0300] "GET / HTTP/1.1" 200 94099 "-" "Mozilla/5.0 (Windows NT 10.0; Win64; x64) AppleWebKit/537.36 (KHTML, like Gecko) Chrome/131.0.0.0 Safari/537.36"
57.141.20.43 - - [28/Sep/2026:01:17:11 +0300] "GET /wp-content/uploads/2023/09/is-the-porsche-cayenne-worth-buying-a-comprehensive-analysis-of-the-pros-and-cons-150x150.jpg HTTP/2.0" 200 6267 "-" "Mozilla/5.0 (Windows NT 10.0; Win64; x64) AppleWebKit/537.36 (KHTML, like Gecko) Chrome/145.0.0.0 Safari/537.36 (compatible; meta-externalagent/1.1 (+https://developers.facebook.com/docs/sharing/webmasters/crawler))"
85.254.144.33 - - [28/Sep/2026:01:17:47 +0300] "POST /wp-cron.php?doing_wp_cron=1790547467.2815420627593994140625 HTTP/1.1" 200 - "-" "WordPress/7.1.2; https://auto-porsche.com"
57.141.20.2 - - [28/Sep/2026:01:17:46 +0300] "GET /2023/11/12/learn-the-price-of-a-porsche-911-gt3-rs-and-get-all-the-details-you-need/ HTTP/2.0" 500 56031 "-" "Mozilla/5.0 (Windows NT 10.0; Win64; x64) AppleWebKit/537.36 (KHTML, like Gecko) Chrome/145.0.0.0 Safari/537.36 (compatible; meta-webindexer/1.1 (+https://developers.facebook.com/docs/sharing/webmasters/crawler))"
47.128.117.29 - - [28/Sep/2026:01:18:07 +0300] "GET /2023/11/02/porsche-911-gt3-explore-the-pricing-and-features-of-this-iconic-sports-car/ HTTP/2.0" 500 55084 "-" "Mozilla/5.0 (Linux; Android 5.0) AppleWebKit/537.36 (KHTML, like Gecko) Mobile Safari/537.36 (compatible; TikTokSpider; ttspider-feedback@tiktok.com)"
47.128.117.29 - - [28/Sep/2026:01:18:09 +0300] "GET /wp-content/uploads/2023/07/Porsche2091120GT320.jpg HTTP/2.0" 404 85003 "https://auto-porsche.com/2023/11/02/porsche-911-gt3-explore-the-pricing-and-features-of-this-iconic-sports-car/" "Mozilla/5.0 (Linux; Android 5.0) AppleWebKit/537.36 (KHTML, like Gecko) Mobile Safari/537.36 (compatible; TikTokSpider; ttspider-feedback@tiktok.com)"
47.128.117.29 - - [28/Sep/2026:01:18:12 +0300] "GET /wp-content/uploads/2023/07/Porsche2091120GT320-100x100.jpg HTTP/2.0" 404 - "https://auto-porsche.com/2023/11/02/porsche-911-gt3-explore-the-pricing-and-features-of-this-iconic-sports-car/" "Mozilla/5.0 (Linux; Android 5.0) AppleWebKit/537.36 (KHTML, like Gecko) Mobile Safari/537.36 (compatible; TikTokSpider; ttspider-feedback@tiktok.com)"
47.128.117.29 - - [28/Sep/2026:01:18:13 +0300] "GET /wp-content/uploads/2023/07/Porsche2091120GT320.jpg HTTP/2.0" 404 - "https://auto-porsche.com/2023/11/02/porsche-911-gt3-explore-the-pricing-and-features-of-this-iconic-sports-car/" "Mozilla/5.0 (Linux; Android 5.0) AppleWebKit/537.36 (KHTML, like Gecko) Mobile Safari/537.36 (compatible; TikTokSpider; ttspider-feedback@tiktok.com)"
57.141.20.62 - - [28/Sep/2026:01:20:26 +0300] "GET /wp-content/uploads/2023/10/unveiling-the-enigma-discovering-the-porsche-mirage-a-journey-into-the-legendary-world-of-sports-cars-100x100.jpg HTTP/2.0" 200 5445 "-" "Mozilla/5.0 (Windows NT 10.0; Win64; x64) AppleWebKit/537.36 (KHTML, like Gecko) Chrome/145.0.0.0 Safari/537.36 (compatible; meta-externalagent/1.1 (+https://developers.facebook.com/docs/sharing/webmasters/crawler))"
85.254.144.33 - - [28/Sep/2026:01:22:26 +0300] "POST /wp-cron.php?doing_wp_cron=1790547746.1480820178985595703125 HTTP/1.1" 200 - "-" "WordPress/7.1.2; https://auto-porsche.com"
17.166.150.208 - - [28/Sep/2026:01:22:25 +0300] "GET /wp-json/wp/v2/pages/67 HTTP/2.0" 200 1608 "-" "Mozilla/5.0 (Macintosh; Intel Mac OS X 10_15_7) AppleWebKit/605.1.15 (KHTML, like Gecko) Version/17.4 Safari/605.1.15 (Applebot/0.1; +http://www.apple.com/go/applebot)"
52.167.144.235 - - [28/Sep/2026:01:22:58 +0300] "GET /2021/12/15/1988-porsche-944-for-sale-berkshire-uk/ HTTP/2.0" 500 40159 "-" "Mozilla/5.0 AppleWebKit/537.36 (KHTML, like Gecko; compatible; bingbot/2.0; +http://www.bing.com/bingbot.htm) Chrome/116.0.1938.76 Safari/537.36"
85.254.144.33 - - [28/Sep/2026:01:24:46 +0300] "POST /wp-cron.php?doing_wp_cron=1790547886.8290920257568359375000 HTTP/1.1" 200 - "-" "WordPress/7.1.2; https://auto-porsche.com"
43.133.220.37 - - [28/Sep/2026:01:24:45 +0300] "GET /wp-json/oembed/1.0/embed?url=https%3A%2F%2Fauto-porsche.com%2F2022%2F01%2F09%2F1990-porsche-944-convertible-for-sale-in-littleton-co%2F HTTP/1.1" 200 2544 "-" "Mozilla/5.0 (iPhone; CPU iPhone OS 13_2_3 like Mac OS X) AppleWebKit/605.1.15 (KHTML, like Gecko) Version/13.0.3 Mobile/15E148 Safari/604.1"
94.128.152.33 - - [28/Sep/2026:01:25:04 +0300] "GET /?j=s1t1a4r9v5e8d47673 HTTP/1.1" 200 92833 "http://auto-porsche.com/?j=s1t1a4r9v5e8d47673" "Mozilla/5.0 (iPhone; CPU iPhone OS 18_7_4 like Mac OS X) AppleWebKit/605.1.15 (KHTML, like Gecko) FxiOS/154.0 Mobile/15E148 Safari/604.1"
111.225.148.153 - - [28/Sep/2026:01:25:13 +0300] "GET /2023/08/10/porsche-s-formula-1-legacy-tracing-porsche-s-journey-in-the-world-of-f1-racing/ HTTP/2.0" 500 55514 "-" "Mozilla/5.0 (Linux; Android 5.0) AppleWebKit/537.36 (KHTML, like Gecko) Mobile Safari/537.36 (compatible; Bytespider; https://zhanzhang.toutiao.com/)"
111.225.148.153 - - [28/Sep/2026:01:25:15 +0300] "GET /wp-content/uploads/2023/08/porsches-formula-1-legacy-tracing-porsches-journey-in-the-world-of-f1-racing-750x450.png HTTP/2.0" 206 500 "https://auto-porsche.com/2023/08/10/porsche-s-formula-1-legacy-tracing-porsche-s-journey-in-the-world-of-f1-racing/" "Mozilla/5.0 (Linux; Android 5.0) AppleWebKit/537.36 (KHTML, like Gecko) Mobile Safari/537.36 (compatible; Bytespider; https://zhanzhang.toutiao.com/)"
111.225.148.153 - - [28/Sep/2026:01:25:15 +0300] "GET /wp-content/uploads/2023/07/2_porsche-f1-car-unofficial-rendering-by-camille-de-bastiani-711x400.jpg HTTP/2.0" 206 500 "https://auto-porsche.com/2023/08/10/porsche-s-formula-1-legacy-tracing-porsche-s-journey-in-the-world-of-f1-racing/" "Mozilla/5.0 (Linux; Android 5.0) AppleWebKit/537.36 (KHTML, like Gecko) Mobile Safari/537.36 (compatible; Bytespider; https://zhanzhang.toutiao.com/)"
85.254.144.33 - - [28/Sep/2026:01:26:06 +0300] "POST /wp-cron.php?doing_wp_cron=1790547966.0859179496765136718750 HTTP/1.1" 200 - "-" "WordPress/7.1.2; https://auto-porsche.com"
188.236.234.173 - - [28/Sep/2026:01:26:04 +0300] "GET /de/porsche-ag-gegen-se-unterschiede-gemeinsamkeiten-und-ein-vergleich-der-beiden-unternehmen.html HTTP/1.1" 404 85159 "-" "Mozilla/5.0 (Windows NT 10.0; Win64; x64) AppleWebKit/537.36 (KHTML, like Gecko) Chrome/133.0.6943.141 Safari/537.36"
85.254.144.33 - - [28/Sep/2026:01:26:32 +0300] "POST /wp-cron.php?doing_wp_cron=1790547992.7929339408874511718750 HTTP/1.1" 200 - "-" "WordPress/7.1.2; https://auto-porsche.com"
185.218.86.8 - - [28/Sep/2026:01:26:31 +0300] "HEAD / HTTP/1.1" 200 - "-" "Mozilla/5.0 (X11; Linux x86_64) AppleWebKit/537.36 (KHTML, like Gecko) Chrome/136.0.0.0 Safari/537.36"
185.218.86.8 - - [28/Sep/2026:01:26:36 +0300] "GET /rw-check-b33052b067538d25.htm HTTP/1.1" 404 85001 "-" "Mozilla/5.0 (Windows NT 10.0; Win64; x64) AppleWebKit/537.36 (KHTML, like Gecko) Chrome/135.0.0.0 Safari/537.36"
185.218.86.8 - - [28/Sep/2026:01:26:36 +0300] "GET /rw-probe-b03fe0a84cc798a5.html HTTP/1.1" 404 83920 "-" "Mozilla/5.0 (iPhone; CPU iPhone OS 18_4 like Mac OS X) AppleWebKit/605.1.15 (KHTML, like Gecko) CriOS/136.0.0.0 Mobile/15E148 Safari/604.1"
185.218.86.8 - - [28/Sep/2026:01:26:45 +0300] "GET /.bw/data.json HTTP/1.1" 404 85595 "-" "Mozilla/5.0 (Macintosh; Intel Mac OS X 10_15_7) AppleWebKit/537.36 (KHTML, like Gecko) Chrome/135.0.0.0 Safari/537.36"
185.218.86.8 - - [28/Sep/2026:01:26:45 +0300] "GET /.buildkite/ HTTP/1.1" 404 83800 "-" "Mozilla/5.0 (Windows NT 10.0; Win64; x64) AppleWebKit/537.36 (KHTML, like Gecko) Chrome/136.0.0.0 Safari/537.36 Edg/136.0.0.0"
185.218.86.8 - - [28/Sep/2026:01:26:45 +0300] "GET /.bash_profile HTTP/1.1" 404 85144 "-" "Mozilla/5.0 (Windows NT 10.0; Win64; x64) AppleWebKit/537.36 (KHTML, like Gecko) Chrome/135.0.0.0 Safari/537.36"
185.218.86.8 - - [28/Sep/2026:01:26:45 +0300] "GET /.bun/env HTTP/1.1" 404 83928 "-" "Mozilla/5.0 (Windows NT 10.0; Win64; x64) AppleWebKit/537.36 (KHTML, like Gecko) Chrome/135.0.0.0 Safari/537.36"
185.218.86.8 - - [28/Sep/2026:01:26:45 +0300] "GET /.aws/config HTTP/1.1" 404 84040 "-" "Mozilla/5.0 (X11; Linux x86_64) AppleWebKit/537.36 (KHTML, like Gecko) Chrome/136.0.0.0 Safari/537.36"
185.218.86.8 - - [28/Sep/2026:01:26:45 +0300] "GET /.azure/ HTTP/1.1" 404 85506 "-" "Mozilla/5.0 (Macintosh; Intel Mac OS X 10_15_7) AppleWebKit/537.36 (KHTML, like Gecko) Chrome/135.0.0.0 Safari/537.36"
185.218.86.8 - - [28/Sep/2026:01:26:45 +0300] "GET /.aws/credentials HTTP/1.1" 404 81394 "-" "Mozilla/5.0 (X11; Linux x86_64) AppleWebKit/537.36 (KHTML, like Gecko) Chrome/136.0.0.0 Safari/537.36"
185.218.86.8 - - [28/Sep/2026:01:26:45 +0300] "GET /.cargo/config HTTP/1.1" 404 85777 "-" "Mozilla/5.0 (Windows NT 10.0; Win64; x64) AppleWebKit/537.36 (KHTML, like Gecko) Chrome/136.0.0.0 Safari/537.36"
185.218.86.8 - - [28/Sep/2026:01:26:45 +0300] "GET /.better-auth/config.json HTTP/1.1" 404 84193 "-" "Mozilla/5.0 (Linux; Android 15; SM-S928B) AppleWebKit/537.36 (KHTML, like Gecko) Chrome/136.0.0.0 Mobile Safari/537.36"
185.218.86.8 - - [28/Sep/2026:01:26:45 +0300] "GET /.bashrc HTTP/1.1" 404 84956 "-" "Mozilla/5.0 (X11; Linux x86_64) AppleWebKit/537.36 (KHTML, like Gecko) Chrome/135.0.0.0 Safari/537.36"
185.218.86.8 - - [28/Sep/2026:01:26:45 +0300] "GET /.bowerrc HTTP/1.1" 404 83997 "-" "Mozilla/5.0 (Windows NT 10.0; Win64; x64) AppleWebKit/537.36 (KHTML, like Gecko) Chrome/135.0.0.0 Safari/537.36"
185.218.86.8 - - [28/Sep/2026:01:26:45 +0300] "GET /.bzr/ HTTP/1.1" 404 84077 "-" "Mozilla/5.0 (Macintosh; Intel Mac OS X 10_15_7) AppleWebKit/537.36 (KHTML, like Gecko) Chrome/135.0.0.0 Safari/537.36"
185.218.86.8 - - [28/Sep/2026:01:26:45 +0300] "GET /.buildkite/hooks/environment HTTP/1.1" 404 83876 "-" "Mozilla/5.0 (Windows NT 10.0; Win64; x64) AppleWebKit/537.36 (KHTML, like Gecko) Chrome/136.0.0.0 Safari/537.36 Edg/136.0.0.0"
185.218.86.8 - - [28/Sep/2026:01:26:45 +0300] "GET /.bash_history HTTP/1.1" 404 83749 "-" "Mozilla/5.0 (Windows NT 10.0; Win64; x64) AppleWebKit/537.36 (KHTML, like Gecko) Chrome/135.0.0.0 Safari/537.36"
185.218.86.8 - - [28/Sep/2026:01:26:45 +0300] "GET /.cache/ HTTP/1.1" 404 86323 "-" "Mozilla/5.0 (Macintosh; Intel Mac OS X 10_15_7) AppleWebKit/537.36 (KHTML, like Gecko) Chrome/136.0.0.0 Safari/537.36"
185.218.86.8 - - [28/Sep/2026:01:26:45 +0300] "GET /.cargo/config.toml HTTP/1.1" 404 83806 "-" "Mozilla/5.0 (X11; Linux x86_64) AppleWebKit/537.36 (KHTML, like Gecko) Chrome/136.0.0.0 Safari/537.36"
185.218.86.8 - - [28/Sep/2026:01:26:45 +0300] "GET /.bundle/config HTTP/1.1" 404 84728 "-" "Mozilla/5.0 (X11; Linux x86_64) AppleWebKit/537.36 (KHTML, like Gecko) Chrome/136.0.0.0 Safari/537.36"
185.218.86.8 - - [28/Sep/2026:01:26:45 +0300] "GET /.cache/huggingface/token HTTP/1.1" 404 84138 "-" "Mozilla/5.0 (iPhone; CPU iPhone OS 18_4 like Mac OS X) AppleWebKit/605.1.15 (KHTML, like Gecko) CriOS/136.0.0.0 Mobile/15E148 Safari/604.1"
185.218.86.8 - - [28/Sep/2026:01:26:45 +0300] "GET /.buildkite/pipeline.yml HTTP/1.1" 404 85327 "-" "Mozilla/5.0 (Linux; Android 15; SM-S928B) AppleWebKit/537.36 (KHTML, like Gecko) Chrome/136.0.0.0 Mobile Safari/537.36"
185.218.86.8 - - [28/Sep/2026:01:26:45 +0300] "GET /.bzr/branch/branch.conf HTTP/1.1" 404 85263 "-" "Mozilla/5.0 (X11; Linux x86_64) AppleWebKit/537.36 (KHTML, like Gecko) Chrome/136.0.0.0 Safari/537.36"
185.218.86.8 - - [28/Sep/2026:01:26:45 +0300] "GET /.aws/credentials.bak HTTP/1.1" 404 85196 "-" "Mozilla/5.0 (Windows NT 10.0; Win64; x64) AppleWebKit/537.36 (KHTML, like Gecko) Chrome/135.0.0.0 Safari/537.36"
185.218.86.8 - - [28/Sep/2026:01:26:45 +0300] "GET /.cache HTTP/1.1" 404 84663 "-" "Mozilla/5.0 (Macintosh; Intel Mac OS X 10_15_7) AppleWebKit/537.36 (KHTML, like Gecko) Chrome/135.0.0.0 Safari/537.36"
185.218.86.8 - - [28/Sep/2026:01:26:45 +0300] "GET /.bitwarden HTTP/1.1" 404 85273 "-" "Mozilla/5.0 (iPhone; CPU iPhone OS 18_4 like Mac OS X) AppleWebKit/605.1.15 (KHTML, like Gecko) CriOS/136.0.0.0 Mobile/15E148 Safari/604.1"
185.218.86.8 - - [28/Sep/2026:01:26:45 +0300] "GET /.azure/credentials HTTP/1.1" 404 84150 "-" "Mozilla/5.0 (Windows NT 10.0; Win64; x64) AppleWebKit/537.36 (KHTML, like Gecko) Chrome/136.0.0.0 Safari/537.36 Edg/136.0.0.0"
185.218.86.8 - - [28/Sep/2026:01:26:45 +0300] "GET /.cargo/credentials HTTP/1.1" 404 85585 "-" "Mozilla/5.0 (Macintosh; Intel Mac OS X 10_15_7) AppleWebKit/537.36 (KHTML, like Gecko) Chrome/136.0.0.0 Safari/537.36"
185.218.86.8 - - [28/Sep/2026:01:26:45 +0300] "GET /.byebug_history HTTP/1.1" 404 84984 "-" "Mozilla/5.0 (Windows NT 10.0; Win64; x64) AppleWebKit/537.36 (KHTML, like Gecko) Chrome/136.0.0.0 Safari/537.36"
185.218.86.8 - - [28/Sep/2026:01:26:45 +0300] "GET /.backup/ HTTP/1.1" 404 83632 "-" "Mozilla/5.0 (Windows NT 10.0; Win64; x64) AppleWebKit/537.36 (KHTML, like Gecko) Chrome/136.0.0.0 Safari/537.36 Edg/136.0.0.0"
185.218.86.8 - - [28/Sep/2026:01:26:45 +0300] "GET /.bitwarden/env HTTP/1.1" 404 84223 "-" "Mozilla/5.0 (Macintosh; Intel Mac OS X 10_15_7) AppleWebKit/537.36 (KHTML, like Gecko) Chrome/135.0.0.0 Safari/537.36"
185.218.86.8 - - [28/Sep/2026:01:26:45 +0300] "GET /.bunfig.toml HTTP/1.1" 404 83794 "-" "Mozilla/5.0 (Windows NT 10.0; Win64; x64) AppleWebKit/537.36 (KHTML, like Gecko) Chrome/136.0.0.0 Safari/537.36"
185.218.86.8 - - [28/Sep/2026:01:26:45 +0300] "GET /.buildkite/pipeline.yaml HTTP/1.1" 404 84207 "-" "Mozilla/5.0 (Windows NT 10.0; Win64; x64) AppleWebKit/537.36 (KHTML, like Gecko) Chrome/136.0.0.0 Safari/537.36 Edg/136.0.0.0"
185.218.86.8 - - [28/Sep/2026:01:26:45 +0300] "GET /.buddy/buddy.yml HTTP/1.1" 404 84098 "-" "Mozilla/5.0 (Macintosh; Intel Mac OS X 10_15_7) AppleWebKit/537.36 (KHTML, like Gecko) Chrome/135.0.0.0 Safari/537.36"
185.218.86.8 - - [28/Sep/2026:01:26:45 +0300] "GET /.boto HTTP/1.1" 404 83945 "-" "Mozilla/5.0 (Macintosh; Intel Mac OS X 10_15_7) AppleWebKit/537.36 (KHTML, like Gecko) Chrome/135.0.0.0 Safari/537.36"
185.218.86.8 - - [28/Sep/2026:01:27:00 +0300] "GET /.env.assemblyai HTTP/1.1" 404 82973 "-" "Mozilla/5.0 (Macintosh; Intel Mac OS X 10_15_7) AppleWebKit/537.36 (KHTML, like Gecko) Chrome/136.0.0.0 Safari/537.36"
185.218.86.8 - - [28/Sep/2026:01:27:00 +0300] "GET /.env.auth0 HTTP/1.1" 404 82676 "-" "Mozilla/5.0 (Macintosh; Intel Mac OS X 10_15_7) AppleWebKit/537.36 (KHTML, like Gecko) Chrome/135.0.0.0 Safari/537.36"
185.218.86.8 - - [28/Sep/2026:01:27:00 +0300] "GET /.env.bak.2 HTTP/1.1" 404 85070 "-" "Mozilla/5.0 (Macintosh; Intel Mac OS X 10_15_7) AppleWebKit/537.36 (KHTML, like Gecko) Chrome/136.0.0.0 Safari/537.36"
185.218.86.8 - - [28/Sep/2026:01:27:00 +0300] "GET /.env.apple HTTP/1.1" 404 84552 "-" "Mozilla/5.0 (X11; Linux x86_64) AppleWebKit/537.36 (KHTML, like Gecko) Chrome/135.0.0.0 Safari/537.36"
185.218.86.8 - - [28/Sep/2026:01:27:00 +0300] "GET /.env.applitools HTTP/1.1" 404 84134 "-" "Mozilla/5.0 (Linux; Android 15; SM-S928B) AppleWebKit/537.36 (KHTML, like Gecko) Chrome/136.0.0.0 Mobile Safari/537.36"
185.218.86.8 - - [28/Sep/2026:01:27:00 +0300] "GET /.env.anyscale HTTP/1.1" 404 84078 "-" "Mozilla/5.0 (Windows NT 10.0; Win64; x64) AppleWebKit/537.36 (KHTML, like Gecko) Chrome/136.0.0.0 Safari/537.36 Edg/136.0.0.0"
185.218.86.8 - - [28/Sep/2026:01:27:00 +0300] "GET /.env.axiom HTTP/1.1" 404 84502 "-" "Mozilla/5.0 (Windows NT 10.0; Win64; x64) AppleWebKit/537.36 (KHTML, like Gecko) Chrome/136.0.0.0 Safari/537.36"
185.218.86.8 - - [28/Sep/2026:01:27:00 +0300] "GET /.env.bak HTTP/1.1" 404 84472 "-" "Mozilla/5.0 (Windows NT 10.0; Win64; x64) AppleWebKit/537.36 (KHTML, like Gecko) Chrome/135.0.0.0 Safari/537.36"
185.218.86.8 - - [28/Sep/2026:01:27:00 +0300] "GET /.env.azure HTTP/1.1" 404 85294 "-" "Mozilla/5.0 (X11; Linux x86_64) AppleWebKit/537.36 (KHTML, like Gecko) Chrome/135.0.0.0 Safari/537.36"
185.218.86.8 - - [28/Sep/2026:01:27:00 +0300] "GET /.env.apryse HTTP/1.1" 404 84140 "-" "Mozilla/5.0 (Windows NT 10.0; Win64; x64) AppleWebKit/537.36 (KHTML, like Gecko) Chrome/136.0.0.0 Safari/537.36"
185.218.86.8 - - [28/Sep/2026:01:27:00 +0300] "GET /.env.aws HTTP/1.1" 404 81370 "-" "Mozilla/5.0 (Windows NT 10.0; Win64; x64) AppleWebKit/537.36 (KHTML, like Gecko) Chrome/135.0.0.0 Safari/537.36"
185.218.86.8 - - [28/Sep/2026:01:27:00 +0300] "GET /.env.anthropic HTTP/1.1" 404 84186 "-" "Mozilla/5.0 (X11; Linux x86_64) AppleWebKit/537.36 (KHTML, like Gecko) Chrome/136.0.0.0 Safari/537.36"
185.218.86.8 - - [28/Sep/2026:01:27:01 +0300] "GET /.env.backup HTTP/1.1" 404 85413 "-" "Mozilla/5.0 (X11; Linux x86_64) AppleWebKit/537.36 (KHTML, like Gecko) Chrome/135.0.0.0 Safari/537.36"
185.218.86.8 - - [28/Sep/2026:01:27:02 +0300] "GET /.env.bak.1 HTTP/1.1" 404 84550 "-" "Mozilla/5.0 (Windows NT 10.0; Win64; x64) AppleWebKit/537.36 (KHTML, like Gecko) Chrome/136.0.0.0 Safari/537.36 Edg/136.0.0.0"
185.218.86.8 - - [28/Sep/2026:01:27:02 +0300] "GET /.env.buildkite HTTP/1.1" 404 85535 "-" "Mozilla/5.0 (Linux; Android 15; SM-S928B) AppleWebKit/537.36 (KHTML, like Gecko) Chrome/136.0.0.0 Mobile Safari/537.36"
185.218.86.8 - - [28/Sep/2026:01:27:02 +0300] "GET /.env.bak.bak HTTP/1.1" 404 84877 "-" "Mozilla/5.0 (Windows NT 10.0; Win64; x64) AppleWebKit/537.36 (KHTML, like Gecko) Chrome/135.0.0.0 Safari/537.36"
185.218.86.8 - - [28/Sep/2026:01:27:02 +0300] "GET /.env.bkp HTTP/1.1" 404 83756 "-" "Mozilla/5.0 (Windows NT 10.0; Win64; x64) AppleWebKit/537.36 (KHTML, like Gecko) Chrome/135.0.0.0 Safari/537.36"
185.218.86.8 - - [28/Sep/2026:01:27:02 +0300] "GET /.env.bedrock HTTP/1.1" 404 85754 "-" "Mozilla/5.0 (Macintosh; Intel Mac OS X 10_15_7) AppleWebKit/537.36 (KHTML, like Gecko) Chrome/136.0.0.0 Safari/537.36"
185.218.86.8 - - [28/Sep/2026:01:27:02 +0300] "GET /.env.bunny HTTP/1.1" 404 83462 "-" "Mozilla/5.0 (Macintosh; Intel Mac OS X 10_15_7) AppleWebKit/537.36 (KHTML, like Gecko) Chrome/136.0.0.0 Safari/537.36"
185.218.86.8 - - [28/Sep/2026:01:27:02 +0300] "GET /.env.chainstack HTTP/1.1" 404 83941 "-" "Mozilla/5.0 (iPhone; CPU iPhone OS 18_4 like Mac OS X) AppleWebKit/605.1.15 (KHTML, like Gecko) CriOS/136.0.0.0 Mobile/15E148 Safari/604.1"
185.218.86.8 - - [28/Sep/2026:01:27:02 +0300] "GET /.env.braintree HTTP/1.1" 404 83945 "-" "Mozilla/5.0 (X11; Linux x86_64) AppleWebKit/537.36 (KHTML, like Gecko) Chrome/135.0.0.0 Safari/537.36"
185.218.86.8 - - [28/Sep/2026:01:27:02 +0300] "GET /.env.bandwidth HTTP/1.1" 404 82427 "-" "Mozilla/5.0 (Macintosh; Intel Mac OS X 10_15_7) AppleWebKit/537.36 (KHTML, like Gecko) Chrome/135.0.0.0 Safari/537.36"
185.218.86.8 - - [28/Sep/2026:01:27:02 +0300] "GET /.env.brevo HTTP/1.1" 404 84182 "-" "Mozilla/5.0 (Macintosh; Intel Mac OS X 10_15_7) AppleWebKit/537.36 (KHTML, like Gecko) Chrome/135.0.0.0 Safari/537.36"
185.218.86.8 - - [28/Sep/2026:01:27:02 +0300] "GET /.env.betterstack HTTP/1.1" 404 85191 "-" "Mozilla/5.0 (iPhone; CPU iPhone OS 18_4 like Mac OS X) AppleWebKit/605.1.15 (KHTML, like Gecko) CriOS/136.0.0.0 Mobile/15E148 Safari/604.1"
185.218.86.8 - - [28/Sep/2026:01:27:02 +0300] "GET /.env.bugsnag HTTP/1.1" 404 84182 "-" "Mozilla/5.0 (Macintosh; Intel Mac OS X 10_15_7) AppleWebKit/537.36 (KHTML, like Gecko) Chrome/135.0.0.0 Safari/537.36"
185.218.86.8 - - [28/Sep/2026:01:27:02 +0300] "GET /.env.cal HTTP/1.1" 404 85419 "-" "Mozilla/5.0 (Windows NT 10.0; Win64; x64) AppleWebKit/537.36 (KHTML, like Gecko) Chrome/136.0.0.0 Safari/537.36 Edg/136.0.0.0"
185.218.86.8 - - [28/Sep/2026:01:27:02 +0300] "GET /.env.calendly HTTP/1.1" 404 84100 "-" "Mozilla/5.0 (iPhone; CPU iPhone OS 18_4 like Mac OS X) AppleWebKit/605.1.15 (KHTML, like Gecko) CriOS/136.0.0.0 Mobile/15E148 Safari/604.1"
185.218.86.8 - - [28/Sep/2026:01:27:02 +0300] "GET /.env.bak.old HTTP/1.1" 404 84798 "-" "Mozilla/5.0 (Macintosh; Intel Mac OS X 10_15_7) AppleWebKit/537.36 (KHTML, like Gecko) Chrome/136.0.0.0 Safari/537.36"
185.218.86.8 - - [28/Sep/2026:01:27:02 +0300] "GET /.env.bigcommerce HTTP/1.1" 404 84307 "-" "Mozilla/5.0 (Macintosh; Intel Mac OS X 10_15_7) AppleWebKit/537.36 (KHTML, like Gecko) Chrome/136.0.0.0 Safari/537.36"
185.218.86.8 - - [28/Sep/2026:01:27:02 +0300] "GET /.env.browserstack HTTP/1.1" 404 85422 "-" "Mozilla/5.0 (X11; Linux x86_64) AppleWebKit/537.36 (KHTML, like Gecko) Chrome/135.0.0.0 Safari/537.36"
185.218.86.8 - - [28/Sep/2026:01:27:19 +0300] "GET /.env.messagebird HTTP/1.1" 404 83685 "-" "Mozilla/5.0 (X11; Linux x86_64) AppleWebKit/537.36 (KHTML, like Gecko) Chrome/136.0.0.0 Safari/537.36"
185.218.86.8 - - [28/Sep/2026:01:27:19 +0300] "GET /.env.netlify HTTP/1.1" 404 84936 "-" "Mozilla/5.0 (X11; Linux x86_64) AppleWebKit/537.36 (KHTML, like Gecko) Chrome/135.0.0.0 Safari/537.36"
185.218.86.8 - - [28/Sep/2026:01:27:19 +0300] "GET /.env.momento HTTP/1.1" 404 82894 "-" "Mozilla/5.0 (iPhone; CPU iPhone OS 18_4 like Mac OS X) AppleWebKit/605.1.15 (KHTML, like Gecko) CriOS/136.0.0.0 Mobile/15E148 Safari/604.1"
185.218.86.8 - - [28/Sep/2026:01:27:19 +0300] "GET /.env.notion HTTP/1.1" 404 84149 "-" "Mozilla/5.0 (Linux; Android 15; SM-S928B) AppleWebKit/537.36 (KHTML, like Gecko) Chrome/136.0.0.0 Mobile Safari/537.36"
185.218.86.8 - - [28/Sep/2026:01:27:19 +0300] "GET /.env.midjourney HTTP/1.1" 404 83713 "-" "Mozilla/5.0 (X11; Linux x86_64) AppleWebKit/537.36 (KHTML, like Gecko) Chrome/135.0.0.0 Safari/537.36"
185.218.86.8 - - [28/Sep/2026:01:27:19 +0300] "GET /.env.mux HTTP/1.1" 404 83542 "-" "Mozilla/5.0 (Windows NT 10.0; Win64; x64) AppleWebKit/537.36 (KHTML, like Gecko) Chrome/136.0.0.0 Safari/537.36"
185.218.86.8 - - [28/Sep/2026:01:27:19 +0300] "GET /.env.nylas HTTP/1.1" 404 81384 "-" "Mozilla/5.0 (Windows NT 10.0; Win64; x64) AppleWebKit/537.36 (KHTML, like Gecko) Chrome/135.0.0.0 Safari/537.36"
185.218.86.8 - - [28/Sep/2026:01:27:19 +0300] "GET /.env.orig HTTP/1.1" 404 84183 "-" "Mozilla/5.0 (Windows NT 10.0; Win64; x64) AppleWebKit/537.36 (KHTML, like Gecko) Chrome/135.0.0.0 Safari/537.36"
185.218.86.8 - - [28/Sep/2026:01:27:19 +0300] "GET /.env.nexmo HTTP/1.1" 404 84950 "-" "Mozilla/5.0 (iPhone; CPU iPhone OS 18_4 like Mac OS X) AppleWebKit/605.1.15 (KHTML, like Gecko) CriOS/136.0.0.0 Mobile/15E148 Safari/604.1"
185.218.86.8 - - [28/Sep/2026:01:27:19 +0300] "GET /.env.mongo HTTP/1.1" 404 83679 "-" "Mozilla/5.0 (Macintosh; Intel Mac OS X 10_15_7) AppleWebKit/537.36 (KHTML, like Gecko) Chrome/136.0.0.0 Safari/537.36"
185.218.86.8 - - [28/Sep/2026:01:27:19 +0300] "GET /.env.paypal HTTP/1.1" 404 85141 "-" "Mozilla/5.0 (Linux; Android 15; SM-S928B) AppleWebKit/537.36 (KHTML, like Gecko) Chrome/136.0.0.0 Mobile Safari/537.36"
185.218.86.8 - - [28/Sep/2026:01:27:19 +0300] "GET /.env.pandadoc HTTP/1.1" 404 83993 "-" "Mozilla/5.0 (iPhone; CPU iPhone OS 18_4 like Mac OS X) AppleWebKit/605.1.15 (KHTML, like Gecko) CriOS/136.0.0.0 Mobile/15E148 Safari/604.1"
185.218.86.8 - - [28/Sep/2026:01:27:19 +0300] "GET /.env.original HTTP/1.1" 404 83926 "-" "Mozilla/5.0 (Linux; Android 15; SM-S928B) AppleWebKit/537.36 (KHTML, like Gecko) Chrome/136.0.0.0 Mobile Safari/537.36"
185.218.86.8 - - [28/Sep/2026:01:27:19 +0300] "GET /.env.novu HTTP/1.1" 404 83027 "-" "Mozilla/5.0 (iPhone; CPU iPhone OS 18_4 like Mac OS X) AppleWebKit/605.1.15 (KHTML, like Gecko) CriOS/136.0.0.0 Mobile/15E148 Safari/604.1"
185.218.86.8 - - [28/Sep/2026:01:27:19 +0300] "GET /.env.payload HTTP/1.1" 404 84144 "-" "Mozilla/5.0 (Windows NT 10.0; Win64; x64) AppleWebKit/537.36 (KHTML, like Gecko) Chrome/136.0.0.0 Safari/537.36 Edg/136.0.0.0"
185.218.86.8 - - [28/Sep/2026:01:27:19 +0300] "GET /.env.oauth HTTP/1.1" 404 83701 "-" "Mozilla/5.0 (Windows NT 10.0; Win64; x64) AppleWebKit/537.36 (KHTML, like Gecko) Chrome/136.0.0.0 Safari/537.36 Edg/136.0.0.0"
185.218.86.8 - - [28/Sep/2026:01:27:19 +0300] "GET /.env.murf HTTP/1.1" 404 83049 "-" "Mozilla/5.0 (Macintosh; Intel Mac OS X 10_15_7) AppleWebKit/537.36 (KHTML, like Gecko) Chrome/135.0.0.0 Safari/537.36"
185.218.86.8 - - [28/Sep/2026:01:27:19 +0300] "GET /.env.old.1 HTTP/1.1" 404 84084 "-" "Mozilla/5.0 (iPhone; CPU iPhone OS 18_4 like Mac OS X) AppleWebKit/605.1.15 (KHTML, like Gecko) CriOS/136.0.0.0 Mobile/15E148 Safari/604.1"
185.218.86.8 - - [28/Sep/2026:01:27:19 +0300] "GET /.env.optimizely HTTP/1.1" 404 85152 "-" "Mozilla/5.0 (Windows NT 10.0; Win64; x64) AppleWebKit/537.36 (KHTML, like Gecko) Chrome/136.0.0.0 Safari/537.36"
