95.216.157.232 - - [27/Sep/2026:16:02:45 +0300] "GET /wp-content/uploads/2021/12/17-3.jpg HTTP/1.1" 200 48085 "-" "Mozilla/5.0 (Macintosh; Intel Mac OS X 10_15_7) AppleWebKit/537.36 (KHTML, like Gecko) Chrome/104.0.0.0 Safari/537.36"
95.216.157.232 - - [27/Sep/2026:16:02:45 +0300] "GET /wp-content/uploads/2023/09/discover-the-current-price-range-for-leasing-a-porsche-and-determine-if-it-fits-your-budget.jpg HTTP/1.1" 200 15119 "-" "Mozilla/5.0 (Macintosh; Intel Mac OS X 10_15_7) AppleWebKit/537.36 (KHTML, like Gecko) Chrome/104.0.0.0 Safari/537.36"
37.40.238.93 - - [27/Sep/2026:16:02:49 +0300] "POST /xmlrpc.php HTTP/1.1" 200 403 "-" "Jetpack by WordPress.com"
204.168.204.149 - - [27/Sep/2026:16:02:55 +0300] "GET /wp-content/uploads/2023/09/a-comprehensive-guide-on-correctly-pronouncing-porsche-mastering-the-pronunciation-of-the-renowned-car-brand.jpg HTTP/1.1" 200 69585 "-" "Mozilla/5.0 (Macintosh; Intel Mac OS X 10_15_7) AppleWebKit/537.36 (KHTML, like Gecko) Chrome/104.0.0.0 Safari/537.36"
204.168.204.149 - - [27/Sep/2026:16:02:55 +0300] "GET /wp-content/uploads/2023/10/discover-the-price-of-the-legendary-porsche-911-unveiling-the-cost-of-the-iconic-sports-car.jpg HTTP/1.1" 200 932698 "-" "Mozilla/5.0 (Macintosh; Intel Mac OS X 10_15_7) AppleWebKit/537.36 (KHTML, like Gecko) Chrome/104.0.0.0 Safari/537.36"
37.40.238.93 - - [27/Sep/2026:16:03:00 +0300] "POST /xmlrpc.php HTTP/1.1" 200 403 "-" "Jetpack by WordPress.com (Jetpack 13.0; WordPress 6.3)"
204.168.146.233 - - [27/Sep/2026:16:03:01 +0300] "GET /wp-content/uploads/2021/12/16-5.jpg HTTP/1.1" 200 131871 "-" "Mozilla/5.0 (Macintosh; Intel Mac OS X 10_15_7) AppleWebKit/537.36 (KHTML, like Gecko) Chrome/104.0.0.0 Safari/537.36"
204.168.146.233 - - [27/Sep/2026:16:03:02 +0300] "GET /wp-content/uploads/2021/12/24-2.jpg HTTP/1.1" 200 63554 "-" "Mozilla/5.0 (Macintosh; Intel Mac OS X 10_15_7) AppleWebKit/537.36 (KHTML, like Gecko) Chrome/104.0.0.0 Safari/537.36"
204.168.146.233 - - [27/Sep/2026:16:03:02 +0300] "GET /wp-content/uploads/2023/09/discover-the-current-models-and-prices-of-porsche-cars-uncover-the-latest-costs-of-these-luxurious-vehicles.jpg HTTP/1.1" 200 549075 "-" "Mozilla/5.0 (Macintosh; Intel Mac OS X 10_15_7) AppleWebKit/537.36 (KHTML, like Gecko) Chrome/104.0.0.0 Safari/537.36"
37.40.238.93 - - [27/Sep/2026:16:03:11 +0300] "POST /xmlrpc.php HTTP/1.1" 200 403 "-" "WordPress.com; https://wordpress.com"
204.168.156.176 - - [27/Sep/2026:16:03:13 +0300] "GET /wp-content/uploads/2021/12/20-3.jpg HTTP/1.1" 200 98833 "-" "Mozilla/5.0 (Macintosh; Intel Mac OS X 10_15_7) AppleWebKit/537.36 (KHTML, like Gecko) Chrome/104.0.0.0 Safari/537.36"
204.168.156.176 - - [27/Sep/2026:16:03:13 +0300] "GET /wp-content/uploads/2021/12/1-3.jpg HTTP/1.1" 200 159366 "-" "Mozilla/5.0 (Macintosh; Intel Mac OS X 10_15_7) AppleWebKit/537.36 (KHTML, like Gecko) Chrome/104.0.0.0 Safari/537.36"
204.168.156.176 - - [27/Sep/2026:16:03:13 +0300] "GET /wp-content/uploads/2023/09/discover-the-current-price-range-for-leasing-a-porsche-and-determine-if-it-fits-your-budget.jpg HTTP/1.1" 200 15119 "-" "Mozilla/5.0 (Macintosh; Intel Mac OS X 10_15_7) AppleWebKit/537.36 (KHTML, like Gecko) Chrome/104.0.0.0 Safari/537.36"
89.167.54.55 - - [27/Sep/2026:16:03:18 +0300] "GET /wp-content/uploads/2023/08/the-history-of-porsches-involvement-in-formula-1-everything-you-need-to-know.jpg HTTP/1.1" 200 148376 "-" "Mozilla/5.0 (Macintosh; Intel Mac OS X 10_15_7) AppleWebKit/537.36 (KHTML, like Gecko) Chrome/104.0.0.0 Safari/537.36"
89.167.54.55 - - [27/Sep/2026:16:03:18 +0300] "GET /wp-content/uploads/2021/12/22-3.jpg HTTP/1.1" 200 83897 "-" "Mozilla/5.0 (Macintosh; Intel Mac OS X 10_15_7) AppleWebKit/537.36 (KHTML, like Gecko) Chrome/104.0.0.0 Safari/537.36"
89.167.26.109 - - [27/Sep/2026:16:03:18 +0300] "GET /wp-content/uploads/2021/12/21-3.jpg HTTP/1.1" 200 53543 "-" "Mozilla/5.0 (Macintosh; Intel Mac OS X 10_15_7) AppleWebKit/537.36 (KHTML, like Gecko) Chrome/104.0.0.0 Safari/537.36"
89.167.26.109 - - [27/Sep/2026:16:03:18 +0300] "GET /wp-content/uploads/2023/09/discover-the-current-price-range-for-leasing-a-porsche-and-determine-if-it-fits-your-budget.jpg HTTP/1.1" 200 15119 "-" "Mozilla/5.0 (Macintosh; Intel Mac OS X 10_15_7) AppleWebKit/537.36 (KHTML, like Gecko) Chrome/104.0.0.0 Safari/537.36"
89.167.26.109 - - [27/Sep/2026:16:03:18 +0300] "GET /wp-content/uploads/2021/12/19.jpg HTTP/1.1" 200 66207 "-" "Mozilla/5.0 (Macintosh; Intel Mac OS X 10_15_7) AppleWebKit/537.36 (KHTML, like Gecko) Chrome/104.0.0.0 Safari/537.36"
89.167.54.55 - - [27/Sep/2026:16:03:18 +0300] "GET /wp-content/uploads/2023/08/uncover-the-fascinating-history-of-zuffenhausen-porsche-museum-delve-into-the-remarkable-legacy-of-porsche.jpg HTTP/1.1" 404 84437 "-" "Mozilla/5.0 (Macintosh; Intel Mac OS X 10_15_7) AppleWebKit/537.36 (KHTML, like Gecko) Chrome/104.0.0.0 Safari/537.36"
95.216.159.29 - - [27/Sep/2026:16:03:20 +0300] "GET /wp-content/uploads/2023/09/is-it-a-good-idea-to-purchase-a-pre-owned-porsche-insights-from-experts-and-helpful-tips.jpg HTTP/1.1" 200 220017 "-" "Mozilla/5.0 (Macintosh; Intel Mac OS X 10_15_7) AppleWebKit/537.36 (KHTML, like Gecko) Chrome/104.0.0.0 Safari/537.36"
95.216.159.29 - - [27/Sep/2026:16:03:20 +0300] "GET /wp-content/uploads/2023/09/discover-the-current-models-and-prices-of-porsche-cars-uncover-the-latest-costs-of-these-luxurious-vehicles.jpg HTTP/1.1" 200 549075 "-" "Mozilla/5.0 (Macintosh; Intel Mac OS X 10_15_7) AppleWebKit/537.36 (KHTML, like Gecko) Chrome/104.0.0.0 Safari/537.36"
95.216.159.29 - - [27/Sep/2026:16:03:20 +0300] "GET /wp-content/uploads/2023/07/Porsche-PCM-system-scaled.jpg HTTP/1.1" 404 85060 "-" "Mozilla/5.0 (Macintosh; Intel Mac OS X 10_15_7) AppleWebKit/537.36 (KHTML, like Gecko) Chrome/104.0.0.0 Safari/537.36"
37.40.238.93 - - [27/Sep/2026:16:03:21 +0300] "POST /xmlrpc.php HTTP/1.1" 200 403 "-" "WordPress.com; https://wordpress.com"
204.168.159.53 - - [27/Sep/2026:16:03:26 +0300] "GET /wp-content/uploads/2023/09/is-it-a-good-idea-to-purchase-a-pre-owned-porsche-insights-from-experts-and-helpful-tips.jpg HTTP/1.1" 200 220017 "-" "Mozilla/5.0 (Macintosh; Intel Mac OS X 10_15_7) AppleWebKit/537.36 (KHTML, like Gecko) Chrome/104.0.0.0 Safari/537.36"
204.168.159.53 - - [27/Sep/2026:16:03:26 +0300] "GET /wp-content/uploads/2021/12/57.jpg HTTP/1.1" 200 284706 "-" "Mozilla/5.0 (Macintosh; Intel Mac OS X 10_15_7) AppleWebKit/537.36 (KHTML, like Gecko) Chrome/104.0.0.0 Safari/537.36"
85.254.144.33 - - [27/Sep/2026:16:03:27 +0300] "POST /wp-cron.php?doing_wp_cron=1790514207.6824750900268554687500 HTTP/1.1" 200 - "-" "WordPress/7.1.2; https://auto-porsche.com"
204.168.159.53 - - [27/Sep/2026:16:03:26 +0300] "GET /wp-content/uploads/2023/07/best-sports-cars.jpg HTTP/1.1" 404 83447 "-" "Mozilla/5.0 (Macintosh; Intel Mac OS X 10_15_7) AppleWebKit/537.36 (KHTML, like Gecko) Chrome/104.0.0.0 Safari/537.36"
157.55.39.194 - - [27/Sep/2026:16:03:28 +0300] "GET /2021/11/17/porsche-912/ HTTP/2.0" 500 52105 "-" "Mozilla/5.0 AppleWebKit/537.36 (KHTML, like Gecko; compatible; bingbot/2.0; +http://www.bing.com/bingbot.htm) Chrome/116.0.1938.76 Safari/537.36"
37.40.238.93 - - [27/Sep/2026:16:03:32 +0300] "POST /xmlrpc.php HTTP/1.1" 200 403 "-" "Jetpack by WordPress.com"
65.108.84.132 - - [27/Sep/2026:16:03:43 +0300] "GET /wp-content/uploads/2023/09/discover-the-current-models-and-prices-of-porsche-cars-uncover-the-latest-costs-of-these-luxurious-vehicles.jpg HTTP/1.1" 200 549075 "-" "Mozilla/5.0 (Macintosh; Intel Mac OS X 10_15_7) AppleWebKit/537.36 (KHTML, like Gecko) Chrome/104.0.0.0 Safari/537.36"
65.108.84.132 - - [27/Sep/2026:16:03:43 +0300] "GET /wp-content/uploads/2021/12/29.jpg HTTP/1.1" 200 205560 "-" "Mozilla/5.0 (Macintosh; Intel Mac OS X 10_15_7) AppleWebKit/537.36 (KHTML, like Gecko) Chrome/104.0.0.0 Safari/537.36"
65.108.84.132 - - [27/Sep/2026:16:03:43 +0300] "GET /wp-content/uploads/2023/09/discover-the-current-models-and-prices-of-porsche-cars-uncover-the-latest-costs-of-these-luxurious-vehicles.jpg HTTP/1.1" 200 549075 "-" "Mozilla/5.0 (Macintosh; Intel Mac OS X 10_15_7) AppleWebKit/537.36 (KHTML, like Gecko) Chrome/104.0.0.0 Safari/537.36"
37.40.238.93 - - [27/Sep/2026:16:03:43 +0300] "POST /xmlrpc.php HTTP/1.1" 200 403 "-" "Jetpack/13.0; WordPress/6.2; http://site94883509.com"
204.168.157.54 - - [27/Sep/2026:16:03:46 +0300] "GET /wp-content/uploads/2023/09/discover-the-history-of-porsche-in-formula-1-were-they-ever-a-part-of-the-prestigious-racing-series.jpg HTTP/1.1" 200 46930 "-" "Mozilla/5.0 (Macintosh; Intel Mac OS X 10_15_7) AppleWebKit/537.36 (KHTML, like Gecko) Chrome/104.0.0.0 Safari/537.36"
204.168.157.54 - - [27/Sep/2026:16:03:46 +0300] "GET /wp-content/uploads/2023/09/choosing-the-right-porsche-suv-a-comparison-of-the-macan-and-cayenne-models.jpg HTTP/1.1" 200 160234 "-" "Mozilla/5.0 (Macintosh; Intel Mac OS X 10_15_7) AppleWebKit/537.36 (KHTML, like Gecko) Chrome/104.0.0.0 Safari/537.36"
40.77.167.157 - - [27/Sep/2026:16:03:46 +0300] "GET /wp-content/uploads/2023/07/103-150x150.jpg HTTP/2.0" 200 10207 "-" "Mozilla/5.0 AppleWebKit/537.36 (KHTML, like Gecko; compatible; bingbot/2.0; +http://www.bing.com/bingbot.htm) Chrome/116.0.1938.76 Safari/537.36"
204.168.157.54 - - [27/Sep/2026:16:03:46 +0300] "GET /wp-content/uploads/2023/08/analyzing-the-reasons-for-the-depreciation-of-porsche-panamera-a-comprehensive-investigation-into-the-influencing-factors.png HTTP/1.1" 404 83988 "-" "Mozilla/5.0 (Macintosh; Intel Mac OS X 10_15_7) AppleWebKit/537.36 (KHTML, like Gecko) Chrome/104.0.0.0 Safari/537.36"
37.40.238.93 - - [27/Sep/2026:16:03:54 +0300] "POST /xmlrpc.php HTTP/1.1" 200 403 "-" "WordPress.com; https://wordpress.com"
37.40.238.93 - - [27/Sep/2026:16:04:05 +0300] "POST /xmlrpc.php HTTP/1.1" 200 403 "-" "Jetpack/12.0; WordPress/6.2; http://site96522102.com"
204.168.194.53 - - [27/Sep/2026:16:04:11 +0300] "GET /wp-content/uploads/2021/12/18-3.jpg HTTP/1.1" 200 54313 "-" "Mozilla/5.0 (Macintosh; Intel Mac OS X 10_15_7) AppleWebKit/537.36 (KHTML, like Gecko) Chrome/104.0.0.0 Safari/537.36"
204.168.194.53 - - [27/Sep/2026:16:04:11 +0300] "GET /wp-content/uploads/2023/08/discover-the-perfect-route-to-the-porsche-museum-in-stuttgart.jpg HTTP/1.1" 200 147531 "-" "Mozilla/5.0 (Macintosh; Intel Mac OS X 10_15_7) AppleWebKit/537.36 (KHTML, like Gecko) Chrome/104.0.0.0 Safari/537.36"
204.168.194.53 - - [27/Sep/2026:16:04:12 +0300] "GET /wp-content/uploads/2023/07/Step-2-Porsche-PCM-version.jpg HTTP/1.1" 404 83830 "-" "Mozilla/5.0 (Macintosh; Intel Mac OS X 10_15_7) AppleWebKit/537.36 (KHTML, like Gecko) Chrome/104.0.0.0 Safari/537.36"
37.40.238.93 - - [27/Sep/2026:16:04:15 +0300] "POST /xmlrpc.php HTTP/1.1" 200 403 "-" "WordPress.com; https://wordpress.com"
65.108.83.145 - - [27/Sep/2026:16:04:25 +0300] "GET /wp-content/uploads/2021/12/8-8.jpg HTTP/1.1" 200 106142 "-" "Mozilla/5.0 (Macintosh; Intel Mac OS X 10_15_7) AppleWebKit/537.36 (KHTML, like Gecko) Chrome/104.0.0.0 Safari/537.36"
65.108.83.145 - - [27/Sep/2026:16:04:25 +0300] "GET /wp-content/uploads/2023/10/discover-the-price-of-the-legendary-porsche-911-unveiling-the-cost-of-the-iconic-sports-car.jpg HTTP/1.1" 200 932698 "-" "Mozilla/5.0 (Macintosh; Intel Mac OS X 10_15_7) AppleWebKit/537.36 (KHTML, like Gecko) Chrome/104.0.0.0 Safari/537.36"
85.254.144.33 - - [27/Sep/2026:16:04:26 +0300] "POST /wp-cron.php?doing_wp_cron=1790514266.5080349445343017578125 HTTP/1.1" 200 - "-" "WordPress/7.1.2; https://auto-porsche.com"
65.108.83.145 - - [27/Sep/2026:16:04:25 +0300] "GET /wp-content/uploads/2023/07/GettyImages-534263484.jpg HTTP/1.1" 404 83947 "-" "Mozilla/5.0 (Macintosh; Intel Mac OS X 10_15_7) AppleWebKit/537.36 (KHTML, like Gecko) Chrome/104.0.0.0 Safari/537.36"
89.167.8.115 - - [27/Sep/2026:16:05:51 +0300] "GET /wp-content/uploads/2021/12/1-4.jpg HTTP/1.1" 200 68326 "-" "Mozilla/5.0 (Macintosh; Intel Mac OS X 10_15_7) AppleWebKit/537.36 (KHTML, like Gecko) Chrome/104.0.0.0 Safari/537.36"
89.167.8.115 - - [27/Sep/2026:16:05:51 +0300] "GET /wp-content/uploads/2021/12/19-3.jpg HTTP/1.1" 200 53330 "-" "Mozilla/5.0 (Macintosh; Intel Mac OS X 10_15_7) AppleWebKit/537.36 (KHTML, like Gecko) Chrome/104.0.0.0 Safari/537.36"
89.167.8.115 - - [27/Sep/2026:16:05:51 +0300] "GET /wp-content/uploads/2021/12/29.jpg HTTP/1.1" 200 205560 "-" "Mozilla/5.0 (Macintosh; Intel Mac OS X 10_15_7) AppleWebKit/537.36 (KHTML, like Gecko) Chrome/104.0.0.0 Safari/537.36"
95.216.157.232 - - [27/Sep/2026:16:05:52 +0300] "GET /wp-content/uploads/2023/08/the-legacy-of-porsche-in-formula-1-unveiling-the-untold-history-of-porsches-involvement-in-the-world-of-f1.jpg HTTP/1.1" 200 79559 "-" "Mozilla/5.0 (Macintosh; Intel Mac OS X 10_15_7) AppleWebKit/537.36 (KHTML, like Gecko) Chrome/104.0.0.0 Safari/537.36"
95.216.157.232 - - [27/Sep/2026:16:05:52 +0300] "GET /wp-content/uploads/2021/12/38.jpg HTTP/1.1" 200 168882 "-" "Mozilla/5.0 (Macintosh; Intel Mac OS X 10_15_7) AppleWebKit/537.36 (KHTML, like Gecko) Chrome/104.0.0.0 Safari/537.36"
85.254.144.33 - - [27/Sep/2026:16:05:53 +0300] "POST /wp-cron.php?doing_wp_cron=1790514353.6172609329223632812500 HTTP/1.1" 200 - "-" "WordPress/7.1.2; https://auto-porsche.com"
95.216.157.232 - - [27/Sep/2026:16:05:52 +0300] "GET /wp-content/uploads/2023/07/best-sportscars_ujveuu.jpg HTTP/1.1" 404 82916 "-" "Mozilla/5.0 (Macintosh; Intel Mac OS X 10_15_7) AppleWebKit/537.36 (KHTML, like Gecko) Chrome/104.0.0.0 Safari/537.36"
65.108.84.132 - - [27/Sep/2026:16:06:01 +0300] "GET /wp-content/uploads/2023/09/exploring-porsches-involvement-in-formula-1-racing-a-look-into-porsches-history-in-the-f1-world.jpg HTTP/1.1" 200 166951 "-" "Mozilla/5.0 (Macintosh; Intel Mac OS X 10_15_7) AppleWebKit/537.36 (KHTML, like Gecko) Chrome/104.0.0.0 Safari/537.36"
65.108.84.132 - - [27/Sep/2026:16:06:01 +0300] "GET /wp-content/uploads/2023/09/porsches-role-in-tank-manufacturing-tracing-the-history-of-the-companys-involvement-in-building-tanks.jpg HTTP/1.1" 200 9989 "-" "Mozilla/5.0 (Macintosh; Intel Mac OS X 10_15_7) AppleWebKit/537.36 (KHTML, like Gecko) Chrome/104.0.0.0 Safari/537.36"
65.108.84.132 - - [27/Sep/2026:16:06:01 +0300] "GET /wp-content/uploads/2021/12/1-4.jpg HTTP/1.1" 200 68326 "-" "Mozilla/5.0 (Macintosh; Intel Mac OS X 10_15_7) AppleWebKit/537.36 (KHTML, like Gecko) Chrome/104.0.0.0 Safari/537.36"
204.168.201.95 - - [27/Sep/2026:16:06:11 +0300] "GET /wp-content/uploads/2023/09/is-it-worth-purchasing-a-porsche-macan-recommendations-and-expert-advice-to-help-you-make-a-decision.jpg HTTP/1.1" 200 1353166 "-" "Mozilla/5.0 (Macintosh; Intel Mac OS X 10_15_7) AppleWebKit/537.36 (KHTML, like Gecko) Chrome/104.0.0.0 Safari/537.36"
37.40.238.93 - - [27/Sep/2026:16:06:10 +0300] "POST /xmlrpc.php HTTP/1.1" 200 403 "-" "Jetpack/13.0; WordPress/6.4; http://site85114760.com"
37.40.238.93 - - [27/Sep/2026:16:06:23 +0300] "POST /xmlrpc.php HTTP/1.1" 200 403 "-" "WordPress.com; https://wordpress.com"
85.254.144.33 - - [27/Sep/2026:16:06:27 +0300] "POST /wp-cron.php?doing_wp_cron=1790514387.8968760967254638671875 HTTP/1.1" 200 - "-" "WordPress/7.1.2; https://auto-porsche.com"
37.40.238.93 - - [27/Sep/2026:16:06:27 +0300] "POST /xmlrpc.php HTTP/1.1" 200 403 "-" "WordPress.com; https://wordpress.com"
37.40.238.93 - - [27/Sep/2026:16:06:49 +0300] "POST /xmlrpc.php HTTP/1.1" 200 403 "-" "Jetpack by WordPress.com (Jetpack 12.5; WordPress 6.4)"
85.254.144.33 - - [27/Sep/2026:16:09:10 +0300] "POST /wp-cron.php?doing_wp_cron=1790514550.6497581005096435546875 HTTP/1.1" 200 - "-" "WordPress/7.1.2; https://auto-porsche.com"
40.77.167.157 - - [27/Sep/2026:16:09:09 +0300] "GET /2023/06/24/explore-the-origins-of-porsche-uncovering-the-birthplace-of-a-legend/ HTTP/2.0" 500 55520 "-" "Mozilla/5.0 AppleWebKit/537.36 (KHTML, like Gecko; compatible; bingbot/2.0; +http://www.bing.com/bingbot.htm) Chrome/116.0.1938.76 Safari/537.36"
52.167.144.156 - - [27/Sep/2026:16:10:17 +0300] "GET /wp-content/uploads/2023/10/discover-the-price-of-the-legendary-porsche-911-unveiling-the-cost-of-the-iconic-sports-car-150x150.jpg HTTP/2.0" 200 7355 "-" "Mozilla/5.0 AppleWebKit/537.36 (KHTML, like Gecko; compatible; bingbot/2.0; +http://www.bing.com/bingbot.htm) Chrome/116.0.1938.76 Safari/537.36"
85.254.144.33 - - [27/Sep/2026:16:11:19 +0300] "POST /wp-cron.php?doing_wp_cron=1790514679.3744130134582519531250 HTTP/1.1" 200 - "-" "WordPress/7.1.2; https://auto-porsche.com"
124.156.157.91 - - [27/Sep/2026:16:11:18 +0300] "GET /2023/09/26/discover-the-history-of-porsche-in-formula-1-were-they-ever-a-part-of-the-prestigious-racing-series/feed/ HTTP/1.1" 200 1033 "-" "Mozilla/5.0 (iPhone; CPU iPhone OS 13_2_3 like Mac OS X) AppleWebKit/605.1.15 (KHTML, like Gecko) Version/13.0.3 Mobile/15E148 Safari/604.1"
85.254.144.33 - - [27/Sep/2026:16:13:11 +0300] "POST /wp-cron.php?doing_wp_cron=1790514791.0175778865814208984375 HTTP/1.1" 200 - "-" "WordPress/7.1.2; https://auto-porsche.com"
114.119.154.166 - - [27/Sep/2026:16:13:09 +0300] "GET /de/wp-content/uploads/2023/08/Abilitato_Porsche_Aktie_Aktienanalyse_Luxusgueterbranche.png HTTP/1.1" 404 83720 "https://auto-porsche.com/de/die-geschichte-und-entwicklung-der-porsche-aktien-seit-wann-sind-sie-auf-dem-markt.html" "Mozilla/5.0 (Linux; Android 7.0;) AppleWebKit/537.36 (HTML, like Gecko) Mobile Safari/537.36 (compatible; PetalBot;+https://webmaster.petalsearch.com/site/petalbot)"
204.168.201.95 - - [27/Sep/2026:16:14:25 +0300] "GET /wp-content/uploads/2021/12/19.jpg HTTP/1.1" 200 66207 "-" "Mozilla/5.0 (Macintosh; Intel Mac OS X 10_15_7) AppleWebKit/537.36 (KHTML, like Gecko) Chrome/104.0.0.0 Safari/537.36"
204.168.201.95 - - [27/Sep/2026:16:14:25 +0300] "GET /wp-content/uploads/2023/09/is-it-a-good-idea-to-purchase-a-pre-owned-porsche-cayenne-a-detailed-buyers-guide.jpg HTTP/1.1" 200 188016 "-" "Mozilla/5.0 (Macintosh; Intel Mac OS X 10_15_7) AppleWebKit/537.36 (KHTML, like Gecko) Chrome/104.0.0.0 Safari/537.36"
204.168.201.95 - - [27/Sep/2026:16:14:25 +0300] "GET /wp-content/uploads/2023/08/porsches-formula-1-legacy-tracing-porsches-journey-in-the-world-of-f1-racing.png HTTP/1.1" 200 2591845 "-" "Mozilla/5.0 (Macintosh; Intel Mac OS X 10_15_7) AppleWebKit/537.36 (KHTML, like Gecko) Chrome/104.0.0.0 Safari/537.36"
204.168.194.53 - - [27/Sep/2026:16:14:32 +0300] "GET /wp-content/uploads/2023/09/is-investing-in-porsche-stock-a-good-idea-exploring-the-advantages-and-disadvantages.png HTTP/1.1" 200 26609 "-" "Mozilla/5.0 (Macintosh; Intel Mac OS X 10_15_7) AppleWebKit/537.36 (KHTML, like Gecko) Chrome/104.0.0.0 Safari/537.36"
204.168.194.53 - - [27/Sep/2026:16:14:32 +0300] "GET /wp-content/uploads/2023/08/what-is-the-latest-news-and-updates-on-porsches-possible-acquisition-of-red-bull.jpg HTTP/1.1" 200 136242 "-" "Mozilla/5.0 (Macintosh; Intel Mac OS X 10_15_7) AppleWebKit/537.36 (KHTML, like Gecko) Chrome/104.0.0.0 Safari/537.36"
85.254.144.33 - - [27/Sep/2026:16:14:34 +0300] "POST /wp-cron.php?doing_wp_cron=1790514874.2700290679931640625000 HTTP/1.1" 200 - "-" "WordPress/7.1.2; https://auto-porsche.com"
204.168.194.53 - - [27/Sep/2026:16:14:32 +0300] "GET /wp-content/uploads/2023/07/GettyImages-1320853986.jpg HTTP/1.1" 404 85082 "-" "Mozilla/5.0 (Macintosh; Intel Mac OS X 10_15_7) AppleWebKit/537.36 (KHTML, like Gecko) Chrome/104.0.0.0 Safari/537.36"
47.128.117.216 - - [27/Sep/2026:16:14:44 +0300] "GET /2023/11/02/porsche-911-gt3-explore-the-pricing-and-features-of-this-iconic-sports-car/ HTTP/2.0" 500 55084 "-" "Mozilla/5.0 (Linux; Android 5.0) AppleWebKit/537.36 (KHTML, like Gecko) Mobile Safari/537.36 (compatible; TikTokSpider; ttspider-feedback@tiktok.com)"
47.128.117.216 - - [27/Sep/2026:16:14:46 +0300] "GET /wp-content/uploads/2023/07/Porsche2091120GT320.jpg HTTP/2.0" 404 85471 "https://auto-porsche.com/2023/11/02/porsche-911-gt3-explore-the-pricing-and-features-of-this-iconic-sports-car/" "Mozilla/5.0 (Linux; Android 5.0) AppleWebKit/537.36 (KHTML, like Gecko) Mobile Safari/537.36 (compatible; TikTokSpider; ttspider-feedback@tiktok.com)"
47.128.117.216 - - [27/Sep/2026:16:14:49 +0300] "GET /wp-content/uploads/2023/07/Porsche2091120GT320.jpg HTTP/2.0" 404 - "https://auto-porsche.com/2023/11/02/porsche-911-gt3-explore-the-pricing-and-features-of-this-iconic-sports-car/" "Mozilla/5.0 (Linux; Android 5.0) AppleWebKit/537.36 (KHTML, like Gecko) Mobile Safari/537.36 (compatible; TikTokSpider; ttspider-feedback@tiktok.com)"
85.254.144.33 - - [27/Sep/2026:16:16:59 +0300] "POST /wp-cron.php?doing_wp_cron=1790515019.0766830444335937500000 HTTP/1.1" 200 - "-" "WordPress/7.1.2; https://auto-porsche.com"
79.132.71.139 - - [27/Sep/2026:16:16:58 +0300] "GET /2021/12/18/2017-porsche-911-coupe-for-sale-in-dubai-arabic-emirates/ HTTP/1.1" 500 43384 "-" "Mozilla/5.0 (Macintosh; Intel Mac OS X 10_15_7) AppleWebKit/537.36 (KHTML, like Gecko) Chrome/104.0.0.0 Safari/537.36"
79.132.71.139 - - [27/Sep/2026:16:17:00 +0300] "GET /2022/01/13/2020porsche-taycan-for-sale-in-stuttgart-germany/ HTTP/1.1" 500 41742 "-" "Mozilla/5.0 (Macintosh; Intel Mac OS X 10_15_7) AppleWebKit/537.36 (KHTML, like Gecko) Chrome/104.0.0.0 Safari/537.36"
79.132.71.139 - - [27/Sep/2026:16:17:02 +0300] "GET /2023/07/19/is-porsche-the-ultimate-car-brand-discover-the-reasons-here/ HTTP/1.1" 500 51485 "-" "Mozilla/5.0 (Macintosh; Intel Mac OS X 10_15_7) AppleWebKit/537.36 (KHTML, like Gecko) Chrome/104.0.0.0 Safari/537.36"
79.132.71.139 - - [27/Sep/2026:16:17:04 +0300] "GET /2021/12/30/porsche-macan/ HTTP/1.1" 500 47140 "-" "Mozilla/5.0 (Macintosh; Intel Mac OS X 10_15_7) AppleWebKit/537.36 (KHTML, like Gecko) Chrome/104.0.0.0 Safari/537.36"
79.132.71.139 - - [27/Sep/2026:16:17:05 +0300] "GET /2021/12/23/1964-porsche-356-c-coupe-for-sale-in-amsterdam-netherlands/ HTTP/1.1" 500 43128 "-" "Mozilla/5.0 (Macintosh; Intel Mac OS X 10_15_7) AppleWebKit/537.36 (KHTML, like Gecko) Chrome/104.0.0.0 Safari/537.36"
79.132.71.139 - - [27/Sep/2026:16:17:07 +0300] "GET /2021/12/23/1968-porsche-912-for-sale/ HTTP/1.1" 500 42162 "-" "Mozilla/5.0 (Macintosh; Intel Mac OS X 10_15_7) AppleWebKit/537.36 (KHTML, like Gecko) Chrome/104.0.0.0 Safari/537.36"
79.132.71.139 - - [27/Sep/2026:16:17:08 +0300] "GET /2021/11/19/the-evolution-of-porsche-logo/ HTTP/1.1" 500 40849 "-" "Mozilla/5.0 (Macintosh; Intel Mac OS X 10_15_7) AppleWebKit/537.36 (KHTML, like Gecko) Chrome/104.0.0.0 Safari/537.36"
79.132.71.139 - - [27/Sep/2026:16:17:10 +0300] "GET /2022/01/13/2019-porsche-cayenne-turbo-for-sale-in-florida-usa-2/ HTTP/1.1" 500 42194 "-" "Mozilla/5.0 (Macintosh; Intel Mac OS X 10_15_7) AppleWebKit/537.36 (KHTML, like Gecko) Chrome/104.0.0.0 Safari/537.36"
79.132.71.139 - - [27/Sep/2026:16:17:12 +0300] "GET /porsche-boxster/ HTTP/1.1" 500 51173 "-" "Mozilla/5.0 (Macintosh; Intel Mac OS X 10_15_7) AppleWebKit/537.36 (KHTML, like Gecko) Chrome/104.0.0.0 Safari/537.36"
79.132.71.139 - - [27/Sep/2026:16:17:13 +0300] "GET /porsche-964-turbo/ HTTP/1.1" 500 47852 "-" "Mozilla/5.0 (Macintosh; Intel Mac OS X 10_15_7) AppleWebKit/537.36 (KHTML, like Gecko) Chrome/104.0.0.0 Safari/537.36"
79.132.71.139 - - [27/Sep/2026:16:17:15 +0300] "GET /porsche-944/ HTTP/1.1" 500 48445 "-" "Mozilla/5.0 (Macintosh; Intel Mac OS X 10_15_7) AppleWebKit/537.36 (KHTML, like Gecko) Chrome/104.0.0.0 Safari/537.36"
79.132.71.139 - - [27/Sep/2026:16:17:17 +0300] "GET /porsche-912/ HTTP/1.1" 500 50329 "-" "Mozilla/5.0 (Macintosh; Intel Mac OS X 10_15_7) AppleWebKit/537.36 (KHTML, like Gecko) Chrome/104.0.0.0 Safari/537.36"
79.132.71.139 - - [27/Sep/2026:16:17:18 +0300] "GET /porsche-924/ HTTP/1.1" 500 47312 "-" "Mozilla/5.0 (Macintosh; Intel Mac OS X 10_15_7) AppleWebKit/537.36 (KHTML, like Gecko) Chrome/104.0.0.0 Safari/537.36"
85.254.144.33 - - [27/Sep/2026:16:17:21 +0300] "POST /wp-cron.php?doing_wp_cron=1790515041.0646629333496093750000 HTTP/1.1" 200 - "-" "WordPress/7.1.2; https://auto-porsche.com"
79.132.71.139 - - [27/Sep/2026:16:17:20 +0300] "GET /2021/11/14/2013-porsche-911-for-sale-in-new-york-ny/ HTTP/1.1" 500 39303 "-" "Mozilla/5.0 (Macintosh; Intel Mac OS X 10_15_7) AppleWebKit/537.36 (KHTML, like Gecko) Chrome/104.0.0.0 Safari/537.36"
79.132.71.139 - - [27/Sep/2026:16:17:22 +0300] "GET /2021/12/25/2017-porsche-macan-s-for-sale-in-carson-city-nv/ HTTP/1.1" 500 41294 "-" "Mozilla/5.0 (Macintosh; Intel Mac OS X 10_15_7) AppleWebKit/537.36 (KHTML, like Gecko) Chrome/104.0.0.0 Safari/537.36"
79.132.71.139 - - [27/Sep/2026:16:17:23 +0300] "GET /2021/12/25/2020-porsche-panamera-for-sale-in-barrington-illinois/ HTTP/1.1" 500 43948 "-" "Mozilla/5.0 (Macintosh; Intel Mac OS X 10_15_7) AppleWebKit/537.36 (KHTML, like Gecko) Chrome/104.0.0.0 Safari/537.36"
85.254.144.33 - - [27/Sep/2026:16:17:26 +0300] "POST /wp-cron.php?doing_wp_cron=1790515046.4193410873413085937500 HTTP/1.1" 200 - "-" "WordPress/7.1.2; https://auto-porsche.com"
79.132.71.139 - - [27/Sep/2026:16:17:25 +0300] "GET /2023/10/08/the-porsche-logo-a-comprehensive-look-at-its-history-meaning-and-design-elements/ HTTP/1.1" 500 50805 "-" "Mozilla/5.0 (Macintosh; Intel Mac OS X 10_15_7) AppleWebKit/537.36 (KHTML, like Gecko) Chrome/104.0.0.0 Safari/537.36"
79.132.71.139 - - [27/Sep/2026:16:17:27 +0300] "GET /2022/01/05/porsche-928/ HTTP/1.1" 500 48931 "-" "Mozilla/5.0 (Macintosh; Intel Mac OS X 10_15_7) AppleWebKit/537.36 (KHTML, like Gecko) Chrome/104.0.0.0 Safari/537.36"
79.132.71.139 - - [27/Sep/2026:16:17:29 +0300] "GET /2024/01/13/porsche-taycan-pricing-features-and-everything-you-need-to-know-before-buying/ HTTP/1.1" 500 55416 "-" "Mozilla/5.0 (Macintosh; Intel Mac OS X 10_15_7) AppleWebKit/537.36 (KHTML, like Gecko) Chrome/104.0.0.0 Safari/537.36"
79.132.71.139 - - [27/Sep/2026:16:17:30 +0300] "GET /porsche-panamera/ HTTP/1.1" 500 48375 "-" "Mozilla/5.0 (Macintosh; Intel Mac OS X 10_15_7) AppleWebKit/537.36 (KHTML, like Gecko) Chrome/104.0.0.0 Safari/537.36"
79.132.71.139 - - [27/Sep/2026:16:17:32 +0300] "GET /2021/12/23/1985-porsche-944-lux-for-sale-in-surrey-united-kingdom/ HTTP/1.1" 500 41183 "-" "Mozilla/5.0 (Macintosh; Intel Mac OS X 10_15_7) AppleWebKit/537.36 (KHTML, like Gecko) Chrome/104.0.0.0 Safari/537.36"
79.132.71.139 - - [27/Sep/2026:16:17:33 +0300] "GET /2023/09/01/is-porsche-known-for-using-boxer-engines-discover-the-facts-here/ HTTP/1.1" 500 58371 "-" "Mozilla/5.0 (Macintosh; Intel Mac OS X 10_15_7) AppleWebKit/537.36 (KHTML, like Gecko) Chrome/104.0.0.0 Safari/537.36"
79.132.71.139 - - [27/Sep/2026:16:17:35 +0300] "GET /2023/12/07/updated-pricing-guide-for-porsche-macan-how-much-does-it-cost-to-own-one/ HTTP/1.1" 500 51542 "-" "Mozilla/5.0 (Macintosh; Intel Mac OS X 10_15_7) AppleWebKit/537.36 (KHTML, like Gecko) Chrome/104.0.0.0 Safari/537.36"
79.132.71.139 - - [27/Sep/2026:16:17:36 +0300] "GET /2021/12/03/porsche-924/ HTTP/1.1" 500 49539 "-" "Mozilla/5.0 (Macintosh; Intel Mac OS X 10_15_7) AppleWebKit/537.36 (KHTML, like Gecko) Chrome/104.0.0.0 Safari/537.36"
79.132.71.139 - - [27/Sep/2026:16:17:37 +0300] "GET /2023/12/08/upgrade-your-driving-experience-with-essential-porsche-accessories/ HTTP/1.1" 500 58518 "-" "Mozilla/5.0 (Macintosh; Intel Mac OS X 10_15_7) AppleWebKit/537.36 (KHTML, like Gecko) Chrome/104.0.0.0 Safari/537.36"
79.132.71.139 - - [27/Sep/2026:16:17:39 +0300] "GET /2021/11/30/porsche-cayenne/ HTTP/1.1" 500 49702 "-" "Mozilla/5.0 (Macintosh; Intel Mac OS X 10_15_7) AppleWebKit/537.36 (KHTML, like Gecko) Chrome/104.0.0.0 Safari/537.36"
79.132.71.139 - - [27/Sep/2026:16:17:40 +0300] "GET /2023/09/15/is-it-worth-buying-a-porsche-explore-the-advantages-and-disadvantages/ HTTP/1.1" 500 56497 "-" "Mozilla/5.0 (Macintosh; Intel Mac OS X 10_15_7) AppleWebKit/537.36 (KHTML, like Gecko) Chrome/104.0.0.0 Safari/537.36"
79.132.71.139 - - [27/Sep/2026:16:17:42 +0300] "GET /2023/10/15/which-porsche-model-will-be-featured-in-the-upcoming-transformers-movie/ HTTP/1.1" 500 52541 "-" "Mozilla/5.0 (Macintosh; Intel Mac OS X 10_15_7) AppleWebKit/537.36 (KHTML, like Gecko) Chrome/104.0.0.0 Safari/537.36"
79.132.71.139 - - [27/Sep/2026:16:17:43 +0300] "GET /2023/11/12/learn-the-price-of-a-porsche-911-gt3-rs-and-get-all-the-details-you-need/ HTTP/1.1" 500 56031 "-" "Mozilla/5.0 (Macintosh; Intel Mac OS X 10_15_7) AppleWebKit/537.36 (KHTML, like Gecko) Chrome/104.0.0.0 Safari/537.36"
79.132.71.139 - - [27/Sep/2026:16:17:45 +0300] "GET /2021/12/19/2019-porsche-cayenne-turbo-for-sale-in-florida-usa/ HTTP/1.1" 500 42093 "-" "Mozilla/5.0 (Macintosh; Intel Mac OS X 10_15_7) AppleWebKit/537.36 (KHTML, like Gecko) Chrome/104.0.0.0 Safari/537.36"
62.113.113.162 - - [27/Sep/2026:16:22:15 +0300] "GET / HTTP/1.0" 200 93796 "https://auto-porsche.com/" "Mozilla/5.0 (Windows NT 10.0; Win64; x64) AppleWebKit/537.36 (KHTML, like Gecko) Chrome/130.0.0.0 Safari/537.36"
62.113.113.162 - - [27/Sep/2026:16:22:16 +0300] "GET /category/blog/ HTTP/1.0" 200 97509 "https://auto-porsche.com/category/blog/" "Mozilla/5.0 (Windows NT 10.0; Win64; x64) AppleWebKit/537.36 (KHTML, like Gecko) Chrome/130.0.0.0 Safari/537.36"
62.113.113.162 - - [27/Sep/2026:16:22:18 +0300] "GET /category/blog/page/2/ HTTP/1.0" 200 97565 "https://auto-porsche.com/category/blog/page/2/" "Mozilla/5.0 (Windows NT 10.0; Win64; x64) AppleWebKit/537.36 (KHTML, like Gecko) Chrome/130.0.0.0 Safari/537.36"
62.113.113.162 - - [27/Sep/2026:16:22:20 +0300] "GET /category/blog/page/3/ HTTP/1.0" 200 99348 "https://auto-porsche.com/category/blog/page/3/" "Mozilla/5.0 (Windows NT 10.0; Win64; x64) AppleWebKit/537.36 (KHTML, like Gecko) Chrome/130.0.0.0 Safari/537.36"
34.227.234.246 - - [27/Sep/2026:16:22:21 +0300] "GET /2023/08/18/are-porsches-available-with-automatic-transmission-discover-the-answer-here/embed/ HTTP/1.1" 200 22095 "-" "Mozilla/5.0 AppleWebKit/537.36 (KHTML, like Gecko; compatible; Amazonbot/0.1; +https://developer.amazon.com/support/amazonbot) Chrome/119.0.6045.214 Safari/537.36"
62.113.113.162 - - [27/Sep/2026:16:22:21 +0300] "GET /contact/ HTTP/1.0" 500 32350 "https://auto-porsche.com/contact/" "Mozilla/5.0 (Windows NT 10.0; Win64; x64) AppleWebKit/537.36 (KHTML, like Gecko) Chrome/130.0.0.0 Safari/537.36"
43.130.116.87 - - [27/Sep/2026:16:22:22 +0300] "GET /2023/08/09/unraveling-the-mystery-did-porsche-once-have-a-formula-1-team-discover-the-untold-story/ HTTP/1.1" 500 53974 "-" "Mozilla/5.0 (iPhone; CPU iPhone OS 13_2_3 like Mac OS X) AppleWebKit/605.1.15 (KHTML, like Gecko) Version/13.0.3 Mobile/15E148 Safari/604.1"
62.113.113.162 - - [27/Sep/2026:16:22:22 +0300] "GET /category/blog/page/4/ HTTP/1.0" 200 97883 "https://auto-porsche.com/category/blog/page/4/" "Mozilla/5.0 (Windows NT 10.0; Win64; x64) AppleWebKit/537.36 (KHTML, like Gecko) Chrome/130.0.0.0 Safari/537.36"
62.113.113.162 - - [27/Sep/2026:16:22:24 +0300] "GET /category/blog/page/5/ HTTP/1.0" 200 96418 "https://auto-porsche.com/category/blog/page/5/" "Mozilla/5.0 (Windows NT 10.0; Win64; x64) AppleWebKit/537.36 (KHTML, like Gecko) Chrome/130.0.0.0 Safari/537.36"
85.254.144.33 - - [27/Sep/2026:16:22:49 +0300] "POST /wp-cron.php?doing_wp_cron=1790515369.9204390048980712890625 HTTP/1.1" 200 - "-" "WordPress/7.1.2; https://auto-porsche.com"
198.235.24.254 - - [27/Sep/2026:16:22:49 +0300] "GET / HTTP/1.1" 301 - "-" "Hello from Palo Alto Networks, find out more about our scans in https://docs-cortex.paloaltonetworks.com/r/1/Cortex-Xpanse/Scanning-activity"
85.254.144.33 - - [27/Sep/2026:16:24:12 +0300] "POST /wp-cron.php?doing_wp_cron=1790515451.9873909950256347656250 HTTP/1.1" 200 - "-" "WordPress/7.1.2; https://auto-porsche.com"
157.55.39.195 - - [27/Sep/2026:16:24:10 +0300] "GET /wp-content/uploads/2023/07/auto-family-tree-porsche-335x220.jpg HTTP/2.0" 404 83986 "-" "Mozilla/5.0 AppleWebKit/537.36 (KHTML, like Gecko; compatible; bingbot/2.0; +http://www.bing.com/bingbot.htm) Chrome/116.0.1938.76 Safari/537.36"
180.149.5.51 - - [27/Sep/2026:16:25:56 +0300] "GET / HTTP/2.0" 200 93796 "-" "Mozilla/5.0 (Windows NT 10.0; Win64; x64) AppleWebKit/537.36 (KHTML, like Gecko) Chrome/153.0.0.0 Safari/537.36"
180.149.5.51 - - [27/Sep/2026:16:25:57 +0300] "GET /wp-content/plugins/automatic-upload-images/public/css/automatic-upload-images-public.css?ver=1.0.0 HTTP/2.0" 200 98 "https://auto-porsche.com/" "Mozilla/5.0 (Windows NT 10.0; Win64; x64) AppleWebKit/537.36 (KHTML, like Gecko) Chrome/153.0.0.0 Safari/537.36"
180.149.5.51 - - [27/Sep/2026:16:25:57 +0300] "GET /wp-content/plugins/cookie-notice/css/front.min.css?ver=3.1.12 HTTP/2.0" 200 5830 "https://auto-porsche.com/" "Mozilla/5.0 (Windows NT 10.0; Win64; x64) AppleWebKit/537.36 (KHTML, like Gecko) Chrome/153.0.0.0 Safari/537.36"
180.149.5.51 - - [27/Sep/2026:16:25:57 +0300] "GET /wp-content/plugins/maxslider/assets/vendor/slick/slick.css?ver=1.6.0 HTTP/2.0" 200 1729 "https://auto-porsche.com/" "Mozilla/5.0 (Windows NT 10.0; Win64; x64) AppleWebKit/537.36 (KHTML, like Gecko) Chrome/153.0.0.0 Safari/537.36"
180.149.5.51 - - [27/Sep/2026:16:25:58 +0300] "GET /wp-content/plugins/maxslider/assets/css/maxslider.css?ver=1.2.4 HTTP/2.0" 200 4687 "https://auto-porsche.com/" "Mozilla/5.0 (Windows NT 10.0; Win64; x64) AppleWebKit/537.36 (KHTML, like Gecko) Chrome/153.0.0.0 Safari/537.36"
180.149.5.51 - - [27/Sep/2026:16:25:58 +0300] "GET /wp-content/plugins/automatic-upload-images/public/js/automatic-upload-images-public.js?ver=1.0.0 HTTP/2.0" 200 838 "https://auto-porsche.com/" "Mozilla/5.0 (Windows NT 10.0; Win64; x64) AppleWebKit/537.36 (KHTML, like Gecko) Chrome/153.0.0.0 Safari/537.36"
180.149.5.51 - - [27/Sep/2026:16:25:58 +0300] "GET /wp-content/plugins/cookie-notice/js/front.min.js?ver=3.1.12 HTTP/2.0" 200 9144 "https://auto-porsche.com/" "Mozilla/5.0 (Windows NT 10.0; Win64; x64) AppleWebKit/537.36 (KHTML, like Gecko) Chrome/153.0.0.0 Safari/537.36"
180.149.5.51 - - [27/Sep/2026:16:25:58 +0300] "GET /wp-includes/js/jquery/jquery.min.js?ver=3.7.1 HTTP/2.0" 200 87553 "https://auto-porsche.com/" "Mozilla/5.0 (Windows NT 10.0; Win64; x64) AppleWebKit/537.36 (KHTML, like Gecko) Chrome/153.0.0.0 Safari/537.36"
180.149.5.51 - - [27/Sep/2026:16:25:58 +0300] "GET /wp-includes/js/jquery/jquery-migrate.min.js?ver=3.4.1 HTTP/2.0" 200 13577 "https://auto-porsche.com/" "Mozilla/5.0 (Windows NT 10.0; Win64; x64) AppleWebKit/537.36 (KHTML, like Gecko) Chrome/153.0.0.0 Safari/537.36"
180.149.5.51 - - [27/Sep/2026:16:25:58 +0300] "GET /wp-content/themes/reboot/assets/css/style.min.css?ver=1.1.0 HTTP/2.0" 200 219490 "https://auto-porsche.com/" "Mozilla/5.0 (Windows NT 10.0; Win64; x64) AppleWebKit/537.36 (KHTML, like Gecko) Chrome/153.0.0.0 Safari/537.36"
180.149.5.51 - - [27/Sep/2026:16:25:59 +0300] "GET /wp-content/plugins/maxslider/assets/vendor/slick/slick.js?ver=1.6.0 HTTP/2.0" 200 84265 "https://auto-porsche.com/" "Mozilla/5.0 (Windows NT 10.0; Win64; x64) AppleWebKit/537.36 (KHTML, like Gecko) Chrome/153.0.0.0 Safari/537.36"
180.149.5.51 - - [27/Sep/2026:16:25:59 +0300] "GET /wp-content/uploads/2021/12/sasd-1024x576.png HTTP/2.0" 200 365513 "https://auto-porsche.com/" "Mozilla/5.0 (Windows NT 10.0; Win64; x64) AppleWebKit/537.36 (KHTML, like Gecko) Chrome/153.0.0.0 Safari/537.36"
180.149.5.51 - - [27/Sep/2026:16:26:01 +0300] "GET /wp-content/plugins/maxslider/assets/js/maxslider.js?ver=1.2.4 HTTP/2.0" 200 1209 "https://auto-porsche.com/" "Mozilla/5.0 (Windows NT 10.0; Win64; x64) AppleWebKit/537.36 (KHTML, like Gecko) Chrome/153.0.0.0 Safari/537.36"
180.149.5.51 - - [27/Sep/2026:16:26:01 +0300] "GET /wp-content/themes/reboot/assets/js/all.min.js?ver=1.1.0 HTTP/2.0" 200 196148 "https://auto-porsche.com/" "Mozilla/5.0 (Windows NT 10.0; Win64; x64) AppleWebKit/537.36 (KHTML, like Gecko) Chrome/153.0.0.0 Safari/537.36"
180.149.5.51 - - [27/Sep/2026:16:26:01 +0300] "GET /wp-content/plugins/responsify-wp/src/picturefill.3.0.1.min.js HTTP/2.0" 200 11397 "https://auto-porsche.com/" "Mozilla/5.0 (Windows NT 10.0; Win64; x64) AppleWebKit/537.36 (KHTML, like Gecko) Chrome/153.0.0.0 Safari/537.36"
180.149.5.51 - - [27/Sep/2026:16:26:01 +0300] "GET /wp-content/uploads/2021/11/best-porsche-models-870x400.jpg HTTP/2.0" 200 53614 "https://auto-porsche.com/" "Mozilla/5.0 (Windows NT 10.0; Win64; x64) AppleWebKit/537.36 (KHTML, like Gecko) Chrome/153.0.0.0 Safari/537.36"
180.149.5.51 - - [27/Sep/2026:16:26:02 +0300] "GET /wp-content/uploads/2021/11/Seven-generations-of-the-Porsche-911-in-pictures-1024x444.jpg HTTP/2.0" 200 82971 "https://auto-porsche.com/" "Mozilla/5.0 (Windows NT 10.0; Win64; x64) AppleWebKit/537.36 (KHTML, like Gecko) Chrome/153.0.0.0 Safari/537.36"
180.149.5.51 - - [27/Sep/2026:16:26:02 +0300] "GET /wp-content/uploads/2021/11/ewf-335x220.jpg HTTP/2.0" 200 19313 "https://auto-porsche.com/" "Mozilla/5.0 (Windows NT 10.0; Win64; x64) AppleWebKit/537.36 (KHTML, like Gecko) Chrome/153.0.0.0 Safari/537.36"
180.149.5.51 - - [27/Sep/2026:16:26:02 +0300] "GET /wp-content/uploads/2021/11/1.jpg HTTP/2.0" 200 187873 "https://auto-porsche.com/" "Mozilla/5.0 (Windows NT 10.0; Win64; x64) AppleWebKit/537.36 (KHTML, like Gecko) Chrome/153.0.0.0 Safari/537.36"
180.149.5.51 - - [27/Sep/2026:16:26:02 +0300] "GET /wp-content/uploads/2021/12/p3-335x220.jpg HTTP/2.0" 200 18937 "https://auto-porsche.com/" "Mozilla/5.0 (Windows NT 10.0; Win64; x64) AppleWebKit/537.36 (KHTML, like Gecko) Chrome/153.0.0.0 Safari/537.36"
180.149.5.51 - - [27/Sep/2026:16:26:02 +0300] "GET /wp-content/uploads/2023/08/mastering-the-art-of-beating-traffic-unleash-the-power-of-a-home-porsche-ad-335x220.jpg HTTP/2.0" 200 14016 "https://auto-porsche.com/" "Mozilla/5.0 (Windows NT 10.0; Win64; x64) AppleWebKit/537.36 (KHTML, like Gecko) Chrome/153.0.0.0 Safari/537.36"
180.149.5.51 - - [27/Sep/2026:16:26:03 +0300] "GET /wp-content/uploads/2021/12/25-5-335x220.jpg HTTP/2.0" 200 28592 "https://auto-porsche.com/" "Mozilla/5.0 (Windows NT 10.0; Win64; x64) AppleWebKit/537.36 (KHTML, like Gecko) Chrome/153.0.0.0 Safari/537.36"
180.149.5.51 - - [27/Sep/2026:16:26:03 +0300] "GET /wp-content/uploads/2021/12/23-8-335x220.jpg HTTP/2.0" 200 24882 "https://auto-porsche.com/" "Mozilla/5.0 (Windows NT 10.0; Win64; x64) AppleWebKit/537.36 (KHTML, like Gecko) Chrome/153.0.0.0 Safari/537.36"
180.149.5.51 - - [27/Sep/2026:16:26:03 +0300] "GET /wp-content/uploads/2023/10/unraveling-the-truth-was-porsche-truly-the-first-electric-car-on-the-scene-335x220.jpg HTTP/2.0" 200 33200 "https://auto-porsche.com/" "Mozilla/5.0 (Windows NT 10.0; Win64; x64) AppleWebKit/537.36 (KHTML, like Gecko) Chrome/153.0.0.0 Safari/537.36"
180.149.5.51 - - [27/Sep/2026:16:26:03 +0300] "GET /wp-content/uploads/2023/10/porsches-journey-in-formula-1-exploring-the-timeline-of-porsches-involvement-in-f1-racing-335x220.jpg HTTP/2.0" 200 15487 "https://auto-porsche.com/" "Mozilla/5.0 (Windows NT 10.0; Win64; x64) AppleWebKit/537.36 (KHTML, like Gecko) Chrome/153.0.0.0 Safari/537.36"
180.149.5.51 - - [27/Sep/2026:16:26:04 +0300] "GET /wp-includes/js/wp-emoji-release.min.js?ver=7.1.2 HTTP/2.0" 200 22752 "https://auto-porsche.com/" "Mozilla/5.0 (Windows NT 10.0; Win64; x64) AppleWebKit/537.36 (KHTML, like Gecko) Chrome/153.0.0.0 Safari/537.36"
180.149.5.51 - - [27/Sep/2026:16:26:04 +0300] "GET /wp-content/themes/reboot/assets/fonts/wpshop-core.ttf?bz30xv HTTP/2.0" 200 58668 "https://auto-porsche.com/wp-content/themes/reboot/assets/css/style.min.css?ver=1.1.0" "Mozilla/5.0 (Windows NT 10.0; Win64; x64) AppleWebKit/537.36 (KHTML, like Gecko) Chrome/153.0.0.0 Safari/537.36"
85.254.144.33 - - [27/Sep/2026:16:26:06 +0300] "POST /wp-cron.php?doing_wp_cron=1790515566.6804881095886230468750 HTTP/1.1" 200 - "-" "WordPress/7.1.2; https://auto-porsche.com"
180.149.5.51 - - [27/Sep/2026:16:26:05 +0300] "GET /2023/09/04/are-porsche-vehicles-reliable-an-in-depth-analysis-of-porsche-s-reliability-performance/ HTTP/2.0" 500 50760 "-" "Mozilla/5.0 (Windows NT 10.0; Win64; x64) AppleWebKit/537.36 (KHTML, like Gecko) Chrome/153.0.0.0 Safari/537.36"
54.91.7.153 - - [27/Sep/2026:16:26:52 +0300] "GET / HTTP/1.1" 200 93796 "-" "Mozilla/5.0 (compatible; proximic; +https://www.comscore.com/Web-Crawler)"
5.255.231.124 - - [27/Sep/2026:16:27:04 +0300] "GET /robots.txt HTTP/1.1" 200 96 "-" "Mozilla/5.0 (compatible; YandexBot/3.0; +http://yandex.com/bots)"
77.88.47.18 - - [27/Sep/2026:16:27:04 +0300] "GET /2023/09/23/discover-the-current-models-and-prices-of-porsche-cars-uncover-the-latest-costs-of-these-luxurious-vehicles/ HTTP/1.1" 500 57910 "-" "Mozilla/5.0 (compatible; YandexBot/3.0; +http://yandex.com/bots) AppleWebKit/537.36 (KHTML, like Gecko) Chrome/108.0.0.0"
85.254.144.33 - - [27/Sep/2026:16:29:00 +0300] "POST /wp-cron.php?doing_wp_cron=1790515740.5679728984832763671875 HTTP/1.1" 200 - "-" "WordPress/7.1.2; https://auto-porsche.com"
52.167.144.181 - - [27/Sep/2026:16:28:59 +0300] "GET /de/porsche-se-dividende-2023-alle-aktuellen-informationen-und-prognosen-zur-dividende-in-naher-zukunft.html HTTP/2.0" 404 84195 "-" "Mozilla/5.0 AppleWebKit/537.36 (KHTML, like Gecko; compatible; bingbot/2.0; +http://www.bing.com/bingbot.htm) Chrome/116.0.1938.76 Safari/537.36"
216.73.217.65 - - [27/Sep/2026:16:31:11 +0300] "GET /robots.txt HTTP/2.0" 200 96 "-" "Mozilla/5.0 AppleWebKit/537.36 (KHTML, like Gecko; compatible; ClaudeBot/1.0; +claudebot@anthropic.com)"
85.254.144.33 - - [27/Sep/2026:16:31:13 +0300] "POST /wp-cron.php?doing_wp_cron=1790515873.3377261161804199218750 HTTP/1.1" 200 - "-" "WordPress/7.1.2; https://auto-porsche.com"
216.73.217.65 - - [27/Sep/2026:16:31:12 +0300] "GET /index.php/sitemap.xml HTTP/2.0" 404 53156 "-" "Mozilla/5.0 AppleWebKit/537.36 (KHTML, like Gecko; compatible; ClaudeBot/1.0; +claudebot@anthropic.com)"
85.254.144.33 - - [27/Sep/2026:16:32:02 +0300] "POST /wp-cron.php?doing_wp_cron=1790515922.5421190261840820312500 HTTP/1.1" 200 - "-" "WordPress/7.1.2; https://auto-porsche.com"
43.165.195.234 - - [27/Sep/2026:16:32:01 +0300] "GET /wp-json/oembed/1.0/embed?url=https%3A%2F%2Fauto-porsche.com%2F2021%2F12%2F15%2F1980-porsche-924-turbo-for-sale-in-kent-uk%2F HTTP/1.1" 200 2489 "-" "Mozilla/5.0 (iPhone; CPU iPhone OS 13_2_3 like Mac OS X) AppleWebKit/605.1.15 (KHTML, like Gecko) Version/13.0.3 Mobile/15E148 Safari/604.1"
114.119.158.46 - - [27/Sep/2026:16:35:06 +0300] "GET /2023/11/21/porsche-cayenne-exploring-the-pricing-and-cost-of-this-luxury-suv HTTP/1.1" 301 - "https://auto-porsche.com/2023/07/19/inside-the-porsche-911-factory-an-in-depth-exploration-of-the-production-methods-and-techniques" "Mozilla/5.0 (Linux; Android 7.0;) AppleWebKit/537.36 (HTML, like Gecko) Mobile Safari/537.36 (compatible; PetalBot;+https://webmaster.petalsearch.com/site/petalbot)"
114.119.158.46 - - [27/Sep/2026:16:35:07 +0300] "GET /2023/11/21/porsche-cayenne-exploring-the-pricing-and-cost-of-this-luxury-suv/ HTTP/1.1" 500 52538 "https://auto-porsche.com/2023/07/19/inside-the-porsche-911-factory-an-in-depth-exploration-of-the-production-methods-and-techniques" "Mozilla/5.0 (Linux; Android 7.0;) AppleWebKit/537.36 (HTML, like Gecko) Mobile Safari/537.36 (compatible; PetalBot;+https://webmaster.petalsearch.com/site/petalbot)"
104.211.74.130 - - [27/Sep/2026:16:35:30 +0300] "GET / HTTP/1.1" 200 93796 "-" "Mozilla/5.0 (Windows NT 10.0; Win64; x64) AppleWebKit/537.36 (KHTML, like Gecko) Chrome/120.0.0.0 Safari/537.36"
104.211.74.130 - - [27/Sep/2026:16:35:31 +0300] "GET /wp-logs.php HTTP/1.1" 404 85309 "-" "Mozilla/5.0 (Windows NT 10.0; Win64; x64) AppleWebKit/537.36 (KHTML, like Gecko) Chrome/120.0.0.0 Safari/537.36"
85.254.144.33 - - [27/Sep/2026:16:35:32 +0300] "POST /wp-cron.php?doing_wp_cron=1790516132.5035729408264160156250 HTTP/1.1" 200 - "-" "WordPress/7.1.2; https://auto-porsche.com"
77.88.47.8 - - [27/Sep/2026:16:35:31 +0300] "GET /2023/08/31/is-it-true-that-porsche-owns-volkswagen-unveiling-the-facts/ HTTP/1.1" 500 55731 "-" "Mozilla/5.0 (compatible; YandexBot/3.0; +http://yandex.com/bots) AppleWebKit/537.36 (KHTML, like Gecko) Chrome/108.0.0.0"
104.211.74.130 - - [27/Sep/2026:16:35:33 +0300] "GET /up.php HTTP/1.1" 404 85113 "-" "Mozilla/5.0 (Windows NT 10.0; Win64; x64) AppleWebKit/537.36 (KHTML, like Gecko) Chrome/120.0.0.0 Safari/537.36"
104.211.74.130 - - [27/Sep/2026:16:35:34 +0300] "GET /wp-content/plugins/memberpress/index.php HTTP/1.1" 301 - "-" "Mozilla/5.0 (Windows NT 10.0; Win64; x64) AppleWebKit/537.36 (KHTML, like Gecko) Chrome/120.0.0.0 Safari/537.36"
104.211.74.130 - - [27/Sep/2026:16:35:35 +0300] "GET /php8.php HTTP/1.1" 404 83996 "-" "Mozilla/5.0 (Windows NT 10.0; Win64; x64) AppleWebKit/537.36 (KHTML, like Gecko) Chrome/120.0.0.0 Safari/537.36"
104.211.74.130 - - [27/Sep/2026:16:35:37 +0300] "GET /wp-admin/maint/repair.php HTTP/1.1" 200 1500 "-" "Mozilla/5.0 (Windows NT 10.0; Win64; x64) AppleWebKit/537.36 (KHTML, like Gecko) Chrome/120.0.0.0 Safari/537.36"
104.211.74.130 - - [27/Sep/2026:16:35:38 +0300] "GET /wp-content/themes/twentytwentyfive/index.php HTTP/1.1" 301 - "-" "Mozilla/5.0 (Windows NT 10.0; Win64; x64) AppleWebKit/537.36 (KHTML, like Gecko) Chrome/120.0.0.0 Safari/537.36"
104.211.74.130 - - [27/Sep/2026:16:35:39 +0300] "GET /asd.php HTTP/1.1" 404 83105 "-" "Mozilla/5.0 (Windows NT 10.0; Win64; x64) AppleWebKit/537.36 (KHTML, like Gecko) Chrome/120.0.0.0 Safari/537.36"
104.211.74.130 - - [27/Sep/2026:16:35:41 +0300] "GET /item.php HTTP/1.1" 404 85379 "-" "Mozilla/5.0 (Windows NT 10.0; Win64; x64) AppleWebKit/537.36 (KHTML, like Gecko) Chrome/120.0.0.0 Safari/537.36"
104.211.74.130 - - [27/Sep/2026:16:35:43 +0300] "GET /k.php HTTP/1.1" 404 84394 "-" "Mozilla/5.0 (Windows NT 10.0; Win64; x64) AppleWebKit/537.36 (KHTML, like Gecko) Chrome/120.0.0.0 Safari/537.36"
104.211.74.130 - - [27/Sep/2026:16:35:45 +0300] "GET /wp-content/themes/cryptical HTTP/1.1" 404 83951 "-" "Mozilla/5.0 (Windows NT 10.0; Win64; x64) AppleWebKit/537.36 (KHTML, like Gecko) Chrome/120.0.0.0 Safari/537.36"
104.211.74.130 - - [27/Sep/2026:16:35:46 +0300] "GET /Ov-Simple1.php HTTP/1.1" 404 85457 "-" "Mozilla/5.0 (Windows NT 10.0; Win64; x64) AppleWebKit/537.36 (KHTML, like Gecko) Chrome/120.0.0.0 Safari/537.36"
104.211.74.130 - - [27/Sep/2026:16:35:48 +0300] "GET /wp-blog-header.php HTTP/1.1" 404 - "-" "Mozilla/5.0 (Windows NT 10.0; Win64; x64) AppleWebKit/537.36 (KHTML, like Gecko) Chrome/120.0.0.0 Safari/537.36"
104.211.74.130 - - [27/Sep/2026:16:35:49 +0300] "GET /wp-includes/Text/Diff/Engine/ HTTP/1.1" 200 1413 "-" "Mozilla/5.0 (Windows NT 10.0; Win64; x64) AppleWebKit/537.36 (KHTML, like Gecko) Chrome/120.0.0.0 Safari/537.36"
104.211.74.130 - - [27/Sep/2026:16:35:50 +0300] "GET /wp-content/languages/admin.php HTTP/1.1" 404 83723 "-" "Mozilla/5.0 (Windows NT 10.0; Win64; x64) AppleWebKit/537.36 (KHTML, like Gecko) Chrome/120.0.0.0 Safari/537.36"
104.211.74.130 - - [27/Sep/2026:16:35:51 +0300] "GET /loader.php HTTP/1.1" 404 83793 "-" "Mozilla/5.0 (Windows NT 10.0; Win64; x64) AppleWebKit/537.36 (KHTML, like Gecko) Chrome/120.0.0.0 Safari/537.36"
104.211.74.130 - - [27/Sep/2026:16:35:53 +0300] "GET /wp-content/admin.php HTTP/1.1" 404 85072 "-" "Mozilla/5.0 (Windows NT 10.0; Win64; x64) AppleWebKit/537.36 (KHTML, like Gecko) Chrome/120.0.0.0 Safari/537.36"
104.211.74.130 - - [27/Sep/2026:16:35:55 +0300] "GET /wp-mail.php HTTP/1.1" 403 2571 "-" "Mozilla/5.0 (Windows NT 10.0; Win64; x64) AppleWebKit/537.36 (KHTML, like Gecko) Chrome/120.0.0.0 Safari/537.36"
104.211.74.130 - - [27/Sep/2026:16:35:56 +0300] "GET /wp-themes.php HTTP/1.1" 404 85577 "-" "Mozilla/5.0 (Windows NT 10.0; Win64; x64) AppleWebKit/537.36 (KHTML, like Gecko) Chrome/120.0.0.0 Safari/537.36"
104.211.74.130 - - [27/Sep/2026:16:35:58 +0300] "GET /wp-includes/interactivity-api/index.php HTTP/1.1" 301 - "-" "Mozilla/5.0 (Windows NT 10.0; Win64; x64) AppleWebKit/537.36 (KHTML, like Gecko) Chrome/120.0.0.0 Safari/537.36"
104.211.74.130 - - [27/Sep/2026:16:35:59 +0300] "GET /maxro.php HTTP/1.1" 404 84103 "-" "Mozilla/5.0 (Windows NT 10.0; Win64; x64) AppleWebKit/537.36 (KHTML, like Gecko) Chrome/120.0.0.0 Safari/537.36"
104.211.74.130 - - [27/Sep/2026:16:36:01 +0300] "GET /xmlrpc.php HTTP/1.1" 405 42 "-" "Mozilla/5.0 (Windows NT 10.0; Win64; x64) AppleWebKit/537.36 (KHTML, like Gecko) Chrome/120.0.0.0 Safari/537.36"
104.211.74.130 - - [27/Sep/2026:16:36:02 +0300] "GET /module.audio-video.as.php HTTP/1.1" 404 84502 "-" "Mozilla/5.0 (Windows NT 10.0; Win64; x64) AppleWebKit/537.36 (KHTML, like Gecko) Chrome/120.0.0.0 Safari/537.36"
104.211.74.130 - - [27/Sep/2026:16:36:03 +0300] "GET /wp-admin/includes/class-pclzip-long.php HTTP/1.1" 404 84384 "-" "Mozilla/5.0 (Windows NT 10.0; Win64; x64) AppleWebKit/537.36 (KHTML, like Gecko) Chrome/120.0.0.0 Safari/537.36"
104.211.74.130 - - [27/Sep/2026:16:36:05 +0300] "GET /wp-includes/ID3/worksec.php HTTP/1.1" 404 82888 "-" "Mozilla/5.0 (Windows NT 10.0; Win64; x64) AppleWebKit/537.36 (KHTML, like Gecko) Chrome/120.0.0.0 Safari/537.36"
104.211.74.130 - - [27/Sep/2026:16:36:07 +0300] "GET /wp-content/plugins/classic-widgets/index.php HTTP/1.1" 301 - "-" "Mozilla/5.0 (Windows NT 10.0; Win64; x64) AppleWebKit/537.36 (KHTML, like Gecko) Chrome/120.0.0.0 Safari/537.36"
104.211.74.130 - - [27/Sep/2026:16:36:08 +0300] "GET /wp-includes/block-bindings/ HTTP/1.1" 200 1421 "-" "Mozilla/5.0 (Windows NT 10.0; Win64; x64) AppleWebKit/537.36 (KHTML, like Gecko) Chrome/120.0.0.0 Safari/537.36"
104.211.74.130 - - [27/Sep/2026:16:36:08 +0300] "GET /admin/index.php HTTP/1.1" 301 - "-" "Mozilla/5.0 (Windows NT 10.0; Win64; x64) AppleWebKit/537.36 (KHTML, like Gecko) Chrome/120.0.0.0 Safari/537.36"
104.211.74.130 - - [27/Sep/2026:16:36:09 +0300] "GET /shell.php HTTP/1.1" 404 84203 "-" "Mozilla/5.0 (Windows NT 10.0; Win64; x64) AppleWebKit/537.36 (KHTML, like Gecko) Chrome/120.0.0.0 Safari/537.36"
104.211.74.130 - - [27/Sep/2026:16:36:11 +0300] "GET /admin.php/ HTTP/1.1" 404 85793 "-" "Mozilla/5.0 (Windows NT 10.0; Win64; x64) AppleWebKit/537.36 (KHTML, like Gecko) Chrome/120.0.0.0 Safari/537.36"
104.211.74.130 - - [27/Sep/2026:16:36:13 +0300] "GET /randkeyword.PhP7 HTTP/1.1" 404 85168 "-" "Mozilla/5.0 (Windows NT 10.0; Win64; x64) AppleWebKit/537.36 (KHTML, like Gecko) Chrome/120.0.0.0 Safari/537.36"
104.211.74.130 - - [27/Sep/2026:16:36:15 +0300] "GET /wp-content/themes/twentytwentyfour/index.php HTTP/1.1" 301 - "-" "Mozilla/5.0 (Windows NT 10.0; Win64; x64) AppleWebKit/537.36 (KHTML, like Gecko) Chrome/120.0.0.0 Safari/537.36"
