88.97.190.249 - - [27/Sep/2026:17:58:29 +0300] "POST /xmlrpc.php HTTP/1.1" 200 403 "-" "Mozilla/5.0 (Windows NT 6.3; x64) AppleWebKit/537.36 (KHTML, like Gecko) Opera/73.0.0.0 Safari/537.36"
88.97.190.249 - - [27/Sep/2026:17:58:39 +0300] "POST /xmlrpc.php HTTP/1.1" 200 403 "-" "Mozilla/5.0 (Macintosh; Intel Mac OS X 10_15_7; arm64) AppleWebKit/537.36 (KHTML, like Gecko) Edge/89.0.0.0 Safari/537.36"
88.97.190.249 - - [27/Sep/2026:17:58:48 +0300] "POST /xmlrpc.php HTTP/1.1" 200 403 "-" "Mozilla/5.0 (Macintosh; Intel Mac OS X 10_15_7; x64) AppleWebKit/537.36 (KHTML, like Gecko) Safari/13.0.0.0 Safari/537.36"
88.97.190.249 - - [27/Sep/2026:17:59:00 +0300] "POST /xmlrpc.php HTTP/1.1" 200 403 "-" "Mozilla/5.0 (Macintosh; Intel Mac OS X 10_15_7; x64) AppleWebKit/537.36 (KHTML, like Gecko) Opera/74.0.0.0 Safari/537.36"
88.97.190.249 - - [27/Sep/2026:17:59:13 +0300] "POST /xmlrpc.php HTTP/1.1" 200 403 "-" "Mozilla/5.0 (Windows NT 6.3; x86) AppleWebKit/537.36 (KHTML, like Gecko) Opera/79.0.0.0 Safari/537.36"
85.254.144.33 - - [27/Sep/2026:17:59:26 +0300] "POST /wp-cron.php?doing_wp_cron=1790521166.7414979934692382812500 HTTP/1.1" 200 - "-" "WordPress/7.1.2; https://auto-porsche.com"
88.97.190.249 - - [27/Sep/2026:17:59:25 +0300] "POST /xmlrpc.php HTTP/1.1" 200 403 "-" "Mozilla/5.0 (Windows NT 10.0; arm64) AppleWebKit/537.36 (KHTML, like Gecko) Safari/15.0.0.0 Safari/537.36"
88.97.190.249 - - [27/Sep/2026:17:59:36 +0300] "POST /xmlrpc.php HTTP/1.1" 200 403 "-" "Mozilla/5.0 (Linux; Android 10; x86) AppleWebKit/537.36 (KHTML, like Gecko) Firefox/71.0.0.0 Safari/537.36"
88.97.190.249 - - [27/Sep/2026:17:59:46 +0300] "POST /xmlrpc.php HTTP/1.1" 200 403 "-" "Mozilla/5.0 (Macintosh; Intel Mac OS X 10_15_7; x86) AppleWebKit/537.36 (KHTML, like Gecko) Safari/10.0.0.0 Safari/537.36"
88.97.190.249 - - [27/Sep/2026:18:00:01 +0300] "POST /xmlrpc.php HTTP/1.1" 200 403 "-" "Mozilla/5.0 (Windows NT 10.0; x86) AppleWebKit/537.36 (KHTML, like Gecko) Edge/81.0.0.0 Safari/537.36"
88.97.190.249 - - [27/Sep/2026:18:00:12 +0300] "POST /xmlrpc.php HTTP/1.1" 200 403 "-" "Mozilla/5.0 (Macintosh; Intel Mac OS X 10_15_7; x64) AppleWebKit/537.36 (KHTML, like Gecko) Safari/11.0.0.0 Safari/537.36"
88.97.190.249 - - [27/Sep/2026:18:00:23 +0300] "POST /xmlrpc.php HTTP/1.1" 200 403 "-" "Mozilla/5.0 (Macintosh; Intel Mac OS X 10_15_7; x64) AppleWebKit/537.36 (KHTML, like Gecko) Chrome/88.0.0.0 Safari/537.36"
85.254.144.33 - - [27/Sep/2026:18:00:34 +0300] "POST /wp-cron.php?doing_wp_cron=1790521234.0383889675140380859375 HTTP/1.1" 200 - "-" "WordPress/7.1.2; https://auto-porsche.com"
88.97.190.249 - - [27/Sep/2026:18:00:33 +0300] "POST /xmlrpc.php HTTP/1.1" 200 403 "-" "Mozilla/5.0 (Windows NT 10.0; x86) AppleWebKit/537.36 (KHTML, like Gecko) Chrome/90.0.0.0 Safari/537.36"
88.97.190.249 - - [27/Sep/2026:18:00:44 +0300] "POST /xmlrpc.php HTTP/1.1" 200 403 "-" "Mozilla/5.0 (Windows NT 6.2; x86) AppleWebKit/537.36 (KHTML, like Gecko) Edge/87.0.0.0 Safari/537.36"
88.97.190.249 - - [27/Sep/2026:18:00:58 +0300] "POST /xmlrpc.php HTTP/1.1" 200 403 "-" "Mozilla/5.0 (Windows NT 6.2; x86) AppleWebKit/537.36 (KHTML, like Gecko) Opera/66.0.0.0 Safari/537.36"
49.51.47.100 - - [27/Sep/2026:18:01:04 +0300] "GET / HTTP/1.1" 200 93456 "http://www.auto-porsche.com" "Mozilla/5.0 (iPhone; CPU iPhone OS 13_2_3 like Mac OS X) AppleWebKit/605.1.15 (KHTML, like Gecko) Version/13.0.3 Mobile/15E148 Safari/604.1"
52.167.144.157 - - [27/Sep/2026:18:01:06 +0300] "GET /wp-content/uploads/2021/12/m2-335x220.jpg HTTP/2.0" 200 19843 "-" "Mozilla/5.0 AppleWebKit/537.36 (KHTML, like Gecko; compatible; bingbot/2.0; +http://www.bing.com/bingbot.htm) Chrome/116.0.1938.76 Safari/537.36"
88.97.190.249 - - [27/Sep/2026:18:01:10 +0300] "POST /xmlrpc.php HTTP/1.1" 200 403 "-" "Mozilla/5.0 (X11; Ubuntu; Linux x86_64; x64) AppleWebKit/537.36 (KHTML, like Gecko) Chrome/91.0.0.0 Safari/537.36"
88.97.190.249 - - [27/Sep/2026:18:01:18 +0300] "POST /xmlrpc.php HTTP/1.1" 200 403 "-" "Mozilla/5.0 (Windows NT 6.2; x64) AppleWebKit/537.36 (KHTML, like Gecko) Firefox/99.0.0.0 Safari/537.36"
85.254.144.33 - - [27/Sep/2026:18:01:30 +0300] "POST /wp-cron.php?doing_wp_cron=1790521290.6363520622253417968750 HTTP/1.1" 200 - "-" "WordPress/7.1.2; https://auto-porsche.com"
88.97.190.249 - - [27/Sep/2026:18:01:29 +0300] "POST /xmlrpc.php HTTP/1.1" 200 403 "-" "Mozilla/5.0 (Linux; Android 10; x86) AppleWebKit/537.36 (KHTML, like Gecko) Opera/72.0.0.0 Safari/537.36"
88.97.190.249 - - [27/Sep/2026:18:01:40 +0300] "POST /xmlrpc.php HTTP/1.1" 200 403 "-" "Mozilla/5.0 (Linux; Android 10; arm64) AppleWebKit/537.36 (KHTML, like Gecko) Chrome/95.0.0.0 Safari/537.36"
88.97.190.249 - - [27/Sep/2026:18:01:49 +0300] "POST /xmlrpc.php HTTP/1.1" 200 403 "-" "Mozilla/5.0 (X11; Ubuntu; Linux x86_64; x64) AppleWebKit/537.36 (KHTML, like Gecko) Opera/71.0.0.0 Safari/537.36"
88.97.190.249 - - [27/Sep/2026:18:02:02 +0300] "POST /xmlrpc.php HTTP/1.1" 200 403 "-" "Mozilla/5.0 (Windows NT 6.3; x64) AppleWebKit/537.36 (KHTML, like Gecko) Chrome/89.0.0.0 Safari/537.36"
43.153.71.132 - - [27/Sep/2026:18:02:10 +0300] "GET /2021/12/14/2019-porsche-panamera-for-sale-miami/feed/ HTTP/1.1" 200 842 "-" "Mozilla/5.0 (iPhone; CPU iPhone OS 13_2_3 like Mac OS X) AppleWebKit/605.1.15 (KHTML, like Gecko) Version/13.0.3 Mobile/15E148 Safari/604.1"
88.97.190.249 - - [27/Sep/2026:18:02:12 +0300] "POST /xmlrpc.php HTTP/1.1" 200 403 "-" "Mozilla/5.0 (Linux; Android 10; arm64) AppleWebKit/537.36 (KHTML, like Gecko) Edge/81.0.0.0 Safari/537.36"
85.254.144.33 - - [27/Sep/2026:18:02:23 +0300] "POST /wp-cron.php?doing_wp_cron=1790521343.4969120025634765625000 HTTP/1.1" 200 - "-" "WordPress/7.1.2; https://auto-porsche.com"
88.97.190.249 - - [27/Sep/2026:18:02:22 +0300] "POST /xmlrpc.php HTTP/1.1" 200 403 "-" "Mozilla/5.0 (Windows NT 6.3; x64) AppleWebKit/537.36 (KHTML, like Gecko) Chrome/107.0.0.0 Safari/537.36"
85.254.144.33 - - [27/Sep/2026:18:02:37 +0300] "POST /wp-cron.php?doing_wp_cron=1790521357.9154810905456542968750 HTTP/1.1" 200 - "-" "WordPress/7.1.2; https://auto-porsche.com"
88.97.190.249 - - [27/Sep/2026:18:02:37 +0300] "POST /xmlrpc.php HTTP/1.1" 200 403 "-" "Mozilla/5.0 (Linux; Android 10; arm64) AppleWebKit/537.36 (KHTML, like Gecko) Opera/76.0.0.0 Safari/537.36"
88.97.190.249 - - [27/Sep/2026:18:02:49 +0300] "POST /xmlrpc.php HTTP/1.1" 200 403 "-" "Mozilla/5.0 (Windows NT 6.2; arm64) AppleWebKit/537.36 (KHTML, like Gecko) Opera/76.0.0.0 Safari/537.36"
45.49.39.63 - - [27/Sep/2026:18:02:50 +0300] "GET /?bleak%2F72584994403= HTTP/1.1" 301 - "http://www.auto-porsche.com/" "Mozilla/5.0 (iPhone; CPU iPhone OS 18_3_2 like Mac OS X) AppleWebKit/605.1.15 (KHTML, like Gecko) FxiOS/153.0 Mobile/15E148 Safari/604.1"
85.254.144.33 - - [27/Sep/2026:18:03:01 +0300] "POST /wp-cron.php?doing_wp_cron=1790521381.7337150573730468750000 HTTP/1.1" 200 - "-" "WordPress/7.1.2; https://auto-porsche.com"
88.97.190.249 - - [27/Sep/2026:18:03:00 +0300] "POST /xmlrpc.php HTTP/1.1" 200 403 "-" "Mozilla/5.0 (Linux; Android 10; x86) AppleWebKit/537.36 (KHTML, like Gecko) Opera/74.0.0.0 Safari/537.36"
88.97.190.249 - - [27/Sep/2026:18:03:13 +0300] "POST /xmlrpc.php HTTP/1.1" 200 403 "-" "Mozilla/5.0 (Windows NT 10.0; x86) AppleWebKit/537.36 (KHTML, like Gecko) Safari/10.0.0.0 Safari/537.36"
85.254.144.33 - - [27/Sep/2026:18:03:26 +0300] "POST /wp-cron.php?doing_wp_cron=1790521406.6574590206146240234375 HTTP/1.1" 200 - "-" "WordPress/7.1.2; https://auto-porsche.com"
88.97.190.249 - - [27/Sep/2026:18:03:25 +0300] "POST /xmlrpc.php HTTP/1.1" 200 403 "-" "Mozilla/5.0 (X11; Ubuntu; Linux x86_64; arm64) AppleWebKit/537.36 (KHTML, like Gecko) Safari/13.0.0.0 Safari/537.36"
88.97.190.249 - - [27/Sep/2026:18:03:40 +0300] "POST /xmlrpc.php HTTP/1.1" 200 403 "-" "Mozilla/5.0 (Windows NT 10.0; x64) AppleWebKit/537.36 (KHTML, like Gecko) Safari/12.0.0.0 Safari/537.36"
88.97.190.249 - - [27/Sep/2026:18:03:54 +0300] "POST /xmlrpc.php HTTP/1.1" 200 403 "-" "Mozilla/5.0 (Macintosh; Intel Mac OS X 10_15_7; arm64) AppleWebKit/537.36 (KHTML, like Gecko) Firefox/77.0.0.0 Safari/537.36"
88.97.190.249 - - [27/Sep/2026:18:04:09 +0300] "POST /xmlrpc.php HTTP/1.1" 200 403 "-" "Mozilla/5.0 (Macintosh; Intel Mac OS X 10_15_7; x86) AppleWebKit/537.36 (KHTML, like Gecko) Edge/92.0.0.0 Safari/537.36"
85.254.144.33 - - [27/Sep/2026:18:04:26 +0300] "POST /wp-cron.php?doing_wp_cron=1790521466.1186668872833251953125 HTTP/1.1" 200 - "-" "WordPress/7.1.2; https://auto-porsche.com"
88.97.190.249 - - [27/Sep/2026:18:04:25 +0300] "POST /xmlrpc.php HTTP/1.1" 200 403 "-" "Mozilla/5.0 (Windows NT 6.3; x64) AppleWebKit/537.36 (KHTML, like Gecko) Opera/62.0.0.0 Safari/537.36"
88.97.190.249 - - [27/Sep/2026:18:04:41 +0300] "POST /xmlrpc.php HTTP/1.1" 200 403 "-" "Mozilla/5.0 (Windows NT 10.0; x86) AppleWebKit/537.36 (KHTML, like Gecko) Chrome/90.0.0.0 Safari/537.36"
88.97.190.249 - - [27/Sep/2026:18:04:59 +0300] "POST /xmlrpc.php HTTP/1.1" 200 403 "-" "Mozilla/5.0 (Windows NT 6.3; arm64) AppleWebKit/537.36 (KHTML, like Gecko) Firefox/94.0.0.0 Safari/537.36"
57.141.20.35 - - [27/Sep/2026:18:04:59 +0300] "GET /wp-content/uploads/2023/07/IMG_0574-700x480.jpg HTTP/2.0" 404 84537 "https://auto-porsche.com/2023/07/24/curious-about-the-seating-capacity-of-the-porsche-panamera-discover-if-it-can-comfortably-accommodate-five-passengers/" "Mozilla/5.0 (Windows NT 10.0; Win64; x64) AppleWebKit/537.36 (KHTML, like Gecko) Chrome/145.0.0.0 Safari/537.36 (compatible; meta-webindexer/1.1 (+https://developers.facebook.com/docs/sharing/webmasters/crawler))"
57.141.20.38 - - [27/Sep/2026:18:05:03 +0300] "GET /wp-content/uploads/2023/08/are-porsche-cars-prone-to-many-issues-investigating-the-dependability-of-porsche-vehicles-335x220.jpg HTTP/2.0" 200 18330 "-" "Mozilla/5.0 (Macintosh; Intel Mac OS X 10_15_7) AppleWebKit/537.36 (KHTML, like Gecko) Chrome/145.0.0.0 Safari/537.36 (compatible; meta-externalagent/1.1 (+https://developers.facebook.com/docs/sharing/webmasters/crawler))"
88.97.190.249 - - [27/Sep/2026:18:05:17 +0300] "POST /xmlrpc.php HTTP/1.1" 200 403 "-" "Mozilla/5.0 (Windows NT 6.3; x86) AppleWebKit/537.36 (KHTML, like Gecko) Chrome/96.0.0.0 Safari/537.36"
85.254.144.33 - - [27/Sep/2026:18:05:33 +0300] "POST /wp-cron.php?doing_wp_cron=1790521533.3747670650482177734375 HTTP/1.1" 200 - "-" "WordPress/7.1.2; https://auto-porsche.com"
88.97.190.249 - - [27/Sep/2026:18:05:32 +0300] "POST /xmlrpc.php HTTP/1.1" 200 403 "-" "Mozilla/5.0 (Macintosh; Intel Mac OS X 10_15_7; x86) AppleWebKit/537.36 (KHTML, like Gecko) Chrome/114.0.0.0 Safari/537.36"
88.97.190.249 - - [27/Sep/2026:18:05:44 +0300] "POST /xmlrpc.php HTTP/1.1" 200 403 "-" "Mozilla/5.0 (Linux; Android 10; x64) AppleWebKit/537.36 (KHTML, like Gecko) Chrome/92.0.0.0 Safari/537.36"
88.97.190.249 - - [27/Sep/2026:18:05:58 +0300] "POST /xmlrpc.php HTTP/1.1" 200 403 "-" "Mozilla/5.0 (X11; Ubuntu; Linux x86_64; x86) AppleWebKit/537.36 (KHTML, like Gecko) Firefox/93.0.0.0 Safari/537.36"
88.97.190.249 - - [27/Sep/2026:18:06:20 +0300] "POST /xmlrpc.php HTTP/1.1" 200 403 "-" "Mozilla/5.0 (Macintosh; Intel Mac OS X 10_15_7; x64) AppleWebKit/537.36 (KHTML, like Gecko) Firefox/92.0.0.0 Safari/537.36"
85.254.144.33 - - [27/Sep/2026:18:06:38 +0300] "POST /wp-cron.php?doing_wp_cron=1790521598.1926848888397216796875 HTTP/1.1" 200 - "-" "WordPress/7.1.2; https://auto-porsche.com"
88.97.190.249 - - [27/Sep/2026:18:06:37 +0300] "POST /xmlrpc.php HTTP/1.1" 200 403 "-" "Mozilla/5.0 (Windows NT 6.3; x86) AppleWebKit/537.36 (KHTML, like Gecko) Chrome/106.0.0.0 Safari/537.36"
88.97.190.249 - - [27/Sep/2026:18:06:53 +0300] "POST /xmlrpc.php HTTP/1.1" 200 403 "-" "Mozilla/5.0 (X11; Ubuntu; Linux x86_64; arm64) AppleWebKit/537.36 (KHTML, like Gecko) Safari/12.0.0.0 Safari/537.36"
88.97.190.249 - - [27/Sep/2026:18:07:08 +0300] "POST /xmlrpc.php HTTP/1.1" 200 403 "-" "Mozilla/5.0 (Linux; Android 10; arm64) AppleWebKit/537.36 (KHTML, like Gecko) Chrome/110.0.0.0 Safari/537.36"
40.77.167.14 - - [27/Sep/2026:18:07:18 +0300] "GET /2023/07/20/discover-all-the-essential-information-about-the-game-need-for-speed-porsche-unleashed/ HTTP/2.0" 500 55107 "-" "Mozilla/5.0 AppleWebKit/537.36 (KHTML, like Gecko; compatible; bingbot/2.0; +http://www.bing.com/bingbot.htm) Chrome/116.0.1938.76 Safari/537.36"
88.97.190.249 - - [27/Sep/2026:18:07:19 +0300] "POST /xmlrpc.php HTTP/1.1" 200 403 "-" "Mozilla/5.0 (X11; Ubuntu; Linux x86_64; arm64) AppleWebKit/537.36 (KHTML, like Gecko) Chrome/91.0.0.0 Safari/537.36"
85.254.144.33 - - [27/Sep/2026:18:07:35 +0300] "POST /wp-cron.php?doing_wp_cron=1790521655.7907969951629638671875 HTTP/1.1" 200 - "-" "WordPress/7.1.2; https://auto-porsche.com"
88.97.190.249 - - [27/Sep/2026:18:07:34 +0300] "POST /xmlrpc.php HTTP/1.1" 200 403 "-" "Mozilla/5.0 (Macintosh; Intel Mac OS X 10_15_7; x86) AppleWebKit/537.36 (KHTML, like Gecko) Firefox/76.0.0.0 Safari/537.36"
88.97.190.249 - - [27/Sep/2026:18:07:48 +0300] "POST /xmlrpc.php HTTP/1.1" 200 403 "-" "Mozilla/5.0 (Linux; Android 10; x86) AppleWebKit/537.36 (KHTML, like Gecko) Safari/14.0.0.0 Safari/537.36"
88.97.190.249 - - [27/Sep/2026:18:08:00 +0300] "POST /xmlrpc.php HTTP/1.1" 200 403 "-" "Mozilla/5.0 (X11; Ubuntu; Linux x86_64; x64) AppleWebKit/537.36 (KHTML, like Gecko) Edge/99.0.0.0 Safari/537.36"
88.97.190.249 - - [27/Sep/2026:18:08:13 +0300] "POST /xmlrpc.php HTTP/1.1" 200 403 "-" "Mozilla/5.0 (Windows NT 6.2; x86) AppleWebKit/537.36 (KHTML, like Gecko) Firefox/86.0.0.0 Safari/537.36"
85.254.144.33 - - [27/Sep/2026:18:08:31 +0300] "POST /wp-cron.php?doing_wp_cron=1790521711.5750029087066650390625 HTTP/1.1" 200 - "-" "WordPress/7.1.2; https://auto-porsche.com"
88.97.190.249 - - [27/Sep/2026:18:08:30 +0300] "POST /xmlrpc.php HTTP/1.1" 200 403 "-" "Mozilla/5.0 (Macintosh; Intel Mac OS X 10_15_7; arm64) AppleWebKit/537.36 (KHTML, like Gecko) Opera/64.0.0.0 Safari/537.36"
143.246.202.6 - - [27/Sep/2026:18:08:42 +0300] "GET /ueditor/ueditor.config.js/x.php HTTP/1.1" 404 84689 "-" "Mozilla/5.0 (Macintosh; Intel Mac OS X 10_12_6) AppleWebKit/537.36 (KHTML, like Gecko) Chrome/60.0.2510.24 Safari/537.36"
143.246.202.6 - - [27/Sep/2026:18:08:43 +0300] "GET /include/ueditor/ueditor.config.js/x.php HTTP/1.1" 404 83636 "-" "Mozilla/5.0 (Macintosh; Intel Mac OS X 10_12_6) AppleWebKit/537.36 (KHTML, like Gecko) Chrome/60.0.2510.24 Safari/537.36"
88.97.190.249 - - [27/Sep/2026:18:08:45 +0300] "POST /xmlrpc.php HTTP/1.1" 200 403 "-" "Mozilla/5.0 (Windows NT 6.2; x86) AppleWebKit/537.36 (KHTML, like Gecko) Safari/14.0.0.0 Safari/537.36"
143.246.202.6 - - [27/Sep/2026:18:08:45 +0300] "GET /app/app/ueditor/ueditor.config.js/x.php HTTP/1.1" 404 83910 "-" "Mozilla/5.0 (Macintosh; Intel Mac OS X 10_12_6) AppleWebKit/537.36 (KHTML, like Gecko) Chrome/60.0.2510.24 Safari/537.36"
143.246.202.6 - - [27/Sep/2026:18:08:47 +0300] "GET /app/admincp/ui/ueditor/ueditor.config.js/x.php HTTP/1.1" 404 83077 "-" "Mozilla/5.0 (Macintosh; Intel Mac OS X 10_12_6) AppleWebKit/537.36 (KHTML, like Gecko) Chrome/60.0.2510.24 Safari/537.36"
143.246.202.6 - - [27/Sep/2026:18:08:48 +0300] "GET /Public/ueditor/ueditor.config.js/x.php HTTP/1.1" 404 84078 "-" "Mozilla/5.0 (Macintosh; Intel Mac OS X 10_12_6) AppleWebKit/537.36 (KHTML, like Gecko) Chrome/60.0.2510.24 Safari/537.36"
143.246.202.6 - - [27/Sep/2026:18:08:50 +0300] "GET /public/ueditor/umeditor.config.js HTTP/1.1" 404 85270 "-" "Mozilla/5.0 (Macintosh; Intel Mac OS X 10_12_6) AppleWebKit/537.36 (KHTML, like Gecko) Chrome/60.0.2510.24 Safari/537.36"
143.246.202.6 - - [27/Sep/2026:18:08:51 +0300] "GET /plugin/ueditor/ueditor.config.js/x.php HTTP/1.1" 404 84425 "-" "Mozilla/5.0 (Macintosh; Intel Mac OS X 10_12_6) AppleWebKit/537.36 (KHTML, like Gecko) Chrome/60.0.2510.24 Safari/537.36"
143.246.202.6 - - [27/Sep/2026:18:08:53 +0300] "GET /includes/ueditor/ueditor.config.js/x.php HTTP/1.1" 404 85280 "-" "Mozilla/5.0 (Macintosh; Intel Mac OS X 10_12_6) AppleWebKit/537.36 (KHTML, like Gecko) Chrome/60.0.2510.24 Safari/537.36"
143.246.202.6 - - [27/Sep/2026:18:08:54 +0300] "GET /ewebeditor/ueditor/ueditor.config.js/x.php HTTP/1.1" 404 84056 "-" "Mozilla/5.0 (Macintosh; Intel Mac OS X 10_12_6) AppleWebKit/537.36 (KHTML, like Gecko) Chrome/60.0.2510.24 Safari/537.36"
143.246.202.6 - - [27/Sep/2026:18:08:56 +0300] "GET /Content/ueditor/editor_config.js HTTP/1.1" 404 84242 "-" "Mozilla/5.0 (Macintosh; Intel Mac OS X 10_12_6) AppleWebKit/537.36 (KHTML, like Gecko) Chrome/60.0.2510.24 Safari/537.36"
114.119.154.166 - - [27/Sep/2026:18:08:57 +0300] "GET /category/buy-now/page/2 HTTP/1.1" 301 - "https://auto-porsche.com/category/buy-now/page/3" "Mozilla/5.0 (Linux; Android 7.0;) AppleWebKit/537.36 (HTML, like Gecko) Mobile Safari/537.36 (compatible; PetalBot;+https://webmaster.petalsearch.com/site/petalbot)"
143.246.202.6 - - [27/Sep/2026:18:08:57 +0300] "GET /res/ueditor/ueditor.config.js/x.php HTTP/1.1" 404 83771 "-" "Mozilla/5.0 (Macintosh; Intel Mac OS X 10_12_6) AppleWebKit/537.36 (KHTML, like Gecko) Chrome/60.0.2510.24 Safari/537.36"
114.119.154.166 - - [27/Sep/2026:18:08:58 +0300] "GET /category/buy-now/page/2/ HTTP/1.1" 200 90454 "https://auto-porsche.com/category/buy-now/page/3" "Mozilla/5.0 (Linux; Android 7.0;) AppleWebKit/537.36 (HTML, like Gecko) Mobile Safari/537.36 (compatible; PetalBot;+https://webmaster.petalsearch.com/site/petalbot)"
143.246.202.6 - - [27/Sep/2026:18:08:59 +0300] "GET /static/admin/js/ueditor/ueditor.config.js/x.php HTTP/1.1" 404 85665 "-" "Mozilla/5.0 (Macintosh; Intel Mac OS X 10_12_6) AppleWebKit/537.36 (KHTML, like Gecko) Chrome/60.0.2510.24 Safari/537.36"
88.97.190.249 - - [27/Sep/2026:18:09:00 +0300] "POST /xmlrpc.php HTTP/1.1" 200 403 "-" "Mozilla/5.0 (Windows NT 6.3; arm64) AppleWebKit/537.36 (KHTML, like Gecko) Edge/96.0.0.0 Safari/537.36"
143.246.202.6 - - [27/Sep/2026:18:09:00 +0300] "GET /res/plugins/ueditor/ueditor.config.js/x.php HTTP/1.1" 404 85340 "-" "Mozilla/5.0 (Macintosh; Intel Mac OS X 10_12_6) AppleWebKit/537.36 (KHTML, like Gecko) Chrome/60.0.2510.24 Safari/537.36"
143.246.202.6 - - [27/Sep/2026:18:09:02 +0300] "GET /res/plugins/ueditor-1433/ueditor.config.js/x.php HTTP/1.1" 404 85356 "-" "Mozilla/5.0 (Macintosh; Intel Mac OS X 10_12_6) AppleWebKit/537.36 (KHTML, like Gecko) Chrome/60.0.2510.24 Safari/537.36"
143.246.202.6 - - [27/Sep/2026:18:09:03 +0300] "GET /web/dist/static/ueditor/ueditor.config.js/x.php HTTP/1.1" 404 84126 "-" "Mozilla/5.0 (Macintosh; Intel Mac OS X 10_12_6) AppleWebKit/537.36 (KHTML, like Gecko) Chrome/60.0.2510.24 Safari/537.36"
143.246.202.6 - - [27/Sep/2026:18:09:05 +0300] "GET /Data/editor/ueditor/ueditor.config.js/x.php HTTP/1.1" 404 85192 "-" "Mozilla/5.0 (Macintosh; Intel Mac OS X 10_12_6) AppleWebKit/537.36 (KHTML, like Gecko) Chrome/60.0.2510.24 Safari/537.36"
143.246.202.6 - - [27/Sep/2026:18:09:07 +0300] "GET /admin/include/umeditor/umeditor.config.js HTTP/1.1" 404 85332 "-" "Mozilla/5.0 (Macintosh; Intel Mac OS X 10_12_6) AppleWebKit/537.36 (KHTML, like Gecko) Chrome/60.0.2510.24 Safari/537.36"
143.246.202.6 - - [27/Sep/2026:18:09:08 +0300] "GET /admin/lib//ueditor/ueditor.config.js/x.php HTTP/1.1" 301 - "-" "Mozilla/5.0 (Macintosh; Intel Mac OS X 10_12_6) AppleWebKit/537.36 (KHTML, like Gecko) Chrome/60.0.2510.24 Safari/537.36"
143.246.202.6 - - [27/Sep/2026:18:09:09 +0300] "GET /admin/lib/ueditor/ueditor.config.js/x.php HTTP/1.1" 404 85213 "-" "Mozilla/5.0 (Macintosh; Intel Mac OS X 10_12_6) AppleWebKit/537.36 (KHTML, like Gecko) Chrome/60.0.2510.24 Safari/537.36"
88.97.190.249 - - [27/Sep/2026:18:09:11 +0300] "POST /xmlrpc.php HTTP/1.1" 200 403 "-" "Mozilla/5.0 (Windows NT 6.2; x86) AppleWebKit/537.36 (KHTML, like Gecko) Firefox/97.0.0.0 Safari/537.36"
143.246.202.6 - - [27/Sep/2026:18:09:10 +0300] "GET /admin/ueditor/ueditor.config.js/x.php HTTP/1.1" 404 84302 "-" "Mozilla/5.0 (Macintosh; Intel Mac OS X 10_12_6) AppleWebKit/537.36 (KHTML, like Gecko) Chrome/60.0.2510.24 Safari/537.36"
143.246.202.6 - - [27/Sep/2026:18:09:12 +0300] "GET /common/static/plugin/ueditor/1.4.3.3/ueditor.config.js/x.php HTTP/1.1" 404 85050 "-" "Mozilla/5.0 (Macintosh; Intel Mac OS X 10_12_6) AppleWebKit/537.36 (KHTML, like Gecko) Chrome/60.0.2510.24 Safari/537.36"
143.246.202.6 - - [27/Sep/2026:18:09:13 +0300] "GET /js/ueditor/ueditor.config.js/x.php HTTP/1.1" 404 85333 "-" "Mozilla/5.0 (Macintosh; Intel Mac OS X 10_12_6) AppleWebKit/537.36 (KHTML, like Gecko) Chrome/60.0.2510.24 Safari/537.36"
143.246.202.6 - - [27/Sep/2026:18:09:15 +0300] "GET /lib/ueditor/ueditor.config.js/x.php HTTP/1.1" 404 83914 "-" "Mozilla/5.0 (Macintosh; Intel Mac OS X 10_12_6) AppleWebKit/537.36 (KHTML, like Gecko) Chrome/60.0.2510.24 Safari/537.36"
143.246.202.6 - - [27/Sep/2026:18:09:16 +0300] "GET /Incs/UEditor/ueditor.config.js/x.php HTTP/1.1" 404 83083 "-" "Mozilla/5.0 (Macintosh; Intel Mac OS X 10_12_6) AppleWebKit/537.36 (KHTML, like Gecko) Chrome/60.0.2510.24 Safari/537.36"
143.246.202.6 - - [27/Sep/2026:18:09:18 +0300] "GET /library/ueditor/ueditor.config.js/x.php HTTP/1.1" 404 85531 "-" "Mozilla/5.0 (Macintosh; Intel Mac OS X 10_12_6) AppleWebKit/537.36 (KHTML, like Gecko) Chrome/60.0.2510.24 Safari/537.36"
143.246.202.6 - - [27/Sep/2026:18:09:19 +0300] "GET /template/admin/public/js/ueditor/ueditor.config.js/x.php HTTP/1.1" 404 83543 "-" "Mozilla/5.0 (Macintosh; Intel Mac OS X 10_12_6) AppleWebKit/537.36 (KHTML, like Gecko) Chrome/60.0.2510.24 Safari/537.36"
88.97.190.249 - - [27/Sep/2026:18:09:21 +0300] "POST /xmlrpc.php HTTP/1.1" 200 403 "-" "Mozilla/5.0 (Windows NT 10.0; arm64) AppleWebKit/537.36 (KHTML, like Gecko) Edge/88.0.0.0 Safari/537.36"
143.246.202.6 - - [27/Sep/2026:18:09:21 +0300] "GET /Theme/assets/ueditor/ueditor.config.js/x.php HTTP/1.1" 404 85581 "-" "Mozilla/5.0 (Macintosh; Intel Mac OS X 10_12_6) AppleWebKit/537.36 (KHTML, like Gecko) Chrome/60.0.2510.24 Safari/537.36"
143.246.202.6 - - [27/Sep/2026:18:09:22 +0300] "GET /viagraedit/ueditor.config.js/x.php HTTP/1.1" 404 85286 "-" "Mozilla/5.0 (Macintosh; Intel Mac OS X 10_12_6) AppleWebKit/537.36 (KHTML, like Gecko) Chrome/60.0.2510.24 Safari/537.36"
143.246.202.6 - - [27/Sep/2026:18:09:24 +0300] "GET /static/admin/lib/ueditor/1.4.3/ueditor.config.js/x.php HTTP/1.1" 404 83762 "-" "Mozilla/5.0 (Macintosh; Intel Mac OS X 10_12_6) AppleWebKit/537.36 (KHTML, like Gecko) Chrome/60.0.2510.24 Safari/537.36"
85.254.144.33 - - [27/Sep/2026:18:09:26 +0300] "POST /wp-cron.php?doing_wp_cron=1790521766.8776249885559082031250 HTTP/1.1" 200 - "-" "WordPress/7.1.2; https://auto-porsche.com"
143.246.202.6 - - [27/Sep/2026:18:09:25 +0300] "GET /source/plugin/iscwo_kaifu/ueditor/ueditor.config.js/x.php HTTP/1.1" 404 85643 "-" "Mozilla/5.0 (Macintosh; Intel Mac OS X 10_12_6) AppleWebKit/537.36 (KHTML, like Gecko) Chrome/60.0.2510.24 Safari/537.36"
143.246.202.6 - - [27/Sep/2026:18:09:27 +0300] "GET /statics/ueditor/ueditor.config.js/x.php HTTP/1.1" 404 85289 "-" "Mozilla/5.0 (Macintosh; Intel Mac OS X 10_12_6) AppleWebKit/537.36 (KHTML, like Gecko) Chrome/60.0.2510.24 Safari/537.36"
143.246.202.6 - - [27/Sep/2026:18:09:29 +0300] "GET /static/common/js/ueditor/ueditor.config.js/x.php HTTP/1.1" 404 83629 "-" "Mozilla/5.0 (Macintosh; Intel Mac OS X 10_12_6) AppleWebKit/537.36 (KHTML, like Gecko) Chrome/60.0.2510.24 Safari/537.36"
88.97.190.249 - - [27/Sep/2026:18:09:30 +0300] "POST /xmlrpc.php HTTP/1.1" 200 403 "-" "Mozilla/5.0 (Linux; Android 10; x86) AppleWebKit/537.36 (KHTML, like Gecko) Opera/77.0.0.0 Safari/537.36"
143.246.202.6 - - [27/Sep/2026:18:09:30 +0300] "GET /statics/js/ueditor/ueditor.config.js/x.php HTTP/1.1" 404 84055 "-" "Mozilla/5.0 (Macintosh; Intel Mac OS X 10_12_6) AppleWebKit/537.36 (KHTML, like Gecko) Chrome/60.0.2510.24 Safari/537.36"
143.246.202.6 - - [27/Sep/2026:18:09:32 +0300] "GET /static/common/user/uedit/ueditor.config.js/x.php HTTP/1.1" 404 85056 "-" "Mozilla/5.0 (Macintosh; Intel Mac OS X 10_12_6) AppleWebKit/537.36 (KHTML, like Gecko) Chrome/60.0.2510.24 Safari/537.36"
57.141.20.35 - - [27/Sep/2026:18:09:34 +0300] "GET /wp-content/uploads/2021/12/kelleybluebook-150x150.jpg HTTP/2.0" 200 8440 "-" "Mozilla/5.0 (X11; Linux x86_64; rv:147.0) Gecko/20100101 Firefox/147.0 (compatible; meta-externalagent/1.1 (+https://developers.facebook.com/docs/sharing/webmasters/crawler))"
143.246.202.6 - - [27/Sep/2026:18:09:33 +0300] "GET /static/ueditor/ueditor.config.js/x.php HTTP/1.1" 404 85489 "-" "Mozilla/5.0 (Macintosh; Intel Mac OS X 10_12_6) AppleWebKit/537.36 (KHTML, like Gecko) Chrome/60.0.2510.24 Safari/537.36"
143.246.202.6 - - [27/Sep/2026:18:09:35 +0300] "GET /static/web/UEditor/ueditor.config.js/x.php HTTP/1.1" 404 81612 "-" "Mozilla/5.0 (Macintosh; Intel Mac OS X 10_12_6) AppleWebKit/537.36 (KHTML, like Gecko) Chrome/60.0.2510.24 Safari/537.36"
143.246.202.6 - - [27/Sep/2026:18:09:36 +0300] "GET /static/admin/ueditor/ueditor.config.js/x.php HTTP/1.1" 404 83494 "-" "Mozilla/5.0 (Macintosh; Intel Mac OS X 10_12_6) AppleWebKit/537.36 (KHTML, like Gecko) Chrome/60.0.2510.24 Safari/537.36"
143.246.202.6 - - [27/Sep/2026:18:09:38 +0300] "GET /static/vendor/ueditor/ueditor.config.js/x.php HTTP/1.1" 404 83949 "-" "Mozilla/5.0 (Macintosh; Intel Mac OS X 10_12_6) AppleWebKit/537.36 (KHTML, like Gecko) Chrome/60.0.2510.24 Safari/537.36"
143.246.202.6 - - [27/Sep/2026:18:09:39 +0300] "GET /static/editor/ueditor.config.js/x.php HTTP/1.1" 404 84212 "-" "Mozilla/5.0 (Macintosh; Intel Mac OS X 10_12_6) AppleWebKit/537.36 (KHTML, like Gecko) Chrome/60.0.2510.24 Safari/537.36"
143.246.202.6 - - [27/Sep/2026:18:09:41 +0300] "GET /style/admin/plugins/ueditor/ueditor.config.js/x.php HTTP/1.1" 404 84703 "-" "Mozilla/5.0 (Macintosh; Intel Mac OS X 10_12_6) AppleWebKit/537.36 (KHTML, like Gecko) Chrome/60.0.2510.24 Safari/537.36"
88.97.190.249 - - [27/Sep/2026:18:09:42 +0300] "POST /xmlrpc.php HTTP/1.1" 200 403 "-" "Mozilla/5.0 (Windows NT 6.2; x64) AppleWebKit/537.36 (KHTML, like Gecko) Opera/77.0.0.0 Safari/537.36"
143.246.202.6 - - [27/Sep/2026:18:09:42 +0300] "GET /static/admin/js/plugins/ueditor/ueditor.config.js/x.php HTTP/1.1" 404 85607 "-" "Mozilla/5.0 (Macintosh; Intel Mac OS X 10_12_6) AppleWebKit/537.36 (KHTML, like Gecko) Chrome/60.0.2510.24 Safari/537.36"
143.246.202.6 - - [27/Sep/2026:18:09:44 +0300] "GET /static/common/lib/ueditor/ueditor.config.js/x.php HTTP/1.1" 404 81329 "-" "Mozilla/5.0 (Macintosh; Intel Mac OS X 10_12_6) AppleWebKit/537.36 (KHTML, like Gecko) Chrome/60.0.2510.24 Safari/537.36"
143.246.202.6 - - [27/Sep/2026:18:09:45 +0300] "GET /public/style/admin/plugins/ueditor/ueditor.config.js/x.php HTTP/1.1" 404 82481 "-" "Mozilla/5.0 (Macintosh; Intel Mac OS X 10_12_6) AppleWebKit/537.36 (KHTML, like Gecko) Chrome/60.0.2510.24 Safari/537.36"
143.246.202.6 - - [27/Sep/2026:18:09:47 +0300] "GET /public/platform/js/ueditor/ueditor.config.js/x.php HTTP/1.1" 404 85458 "-" "Mozilla/5.0 (Macintosh; Intel Mac OS X 10_12_6) AppleWebKit/537.36 (KHTML, like Gecko) Chrome/60.0.2510.24 Safari/537.36"
143.246.202.6 - - [27/Sep/2026:18:09:48 +0300] "GET /Public/admin/lib//ueditor/ueditor.config.js/x.php HTTP/1.1" 301 - "-" "Mozilla/5.0 (Macintosh; Intel Mac OS X 10_12_6) AppleWebKit/537.36 (KHTML, like Gecko) Chrome/60.0.2510.24 Safari/537.36"
143.246.202.6 - - [27/Sep/2026:18:09:49 +0300] "GET /Public/admin/lib/ueditor/ueditor.config.js/x.php HTTP/1.1" 404 84931 "-" "Mozilla/5.0 (Macintosh; Intel Mac OS X 10_12_6) AppleWebKit/537.36 (KHTML, like Gecko) Chrome/60.0.2510.24 Safari/537.36"
88.97.190.249 - - [27/Sep/2026:18:09:50 +0300] "POST /xmlrpc.php HTTP/1.1" 200 403 "-" "Mozilla/5.0 (Linux; Android 10; arm64) AppleWebKit/537.36 (KHTML, like Gecko) Edge/96.0.0.0 Safari/537.36"
143.246.202.6 - - [27/Sep/2026:18:09:51 +0300] "GET /public/admin/js/ueditor/ueditor.config.js/x.php HTTP/1.1" 404 84125 "-" "Mozilla/5.0 (Macintosh; Intel Mac OS X 10_12_6) AppleWebKit/537.36 (KHTML, like Gecko) Chrome/60.0.2510.24 Safari/537.36"
143.246.202.6 - - [27/Sep/2026:18:09:53 +0300] "GET /public/plugins/Ueditor/ueditor.config.js/x.php HTTP/1.1" 404 85700 "-" "Mozilla/5.0 (Macintosh; Intel Mac OS X 10_12_6) AppleWebKit/537.36 (KHTML, like Gecko) Chrome/60.0.2510.24 Safari/537.36"
143.246.202.6 - - [27/Sep/2026:18:09:54 +0300] "GET /public/js/uedi/ueditor.config.js/x.php HTTP/1.1" 404 83829 "-" "Mozilla/5.0 (Macintosh; Intel Mac OS X 10_12_6) AppleWebKit/537.36 (KHTML, like Gecko) Chrome/60.0.2510.24 Safari/537.36"
143.246.202.6 - - [27/Sep/2026:18:09:56 +0300] "GET /public/static/common/lib/ueditor/ueditor.config.js/x.php HTTP/1.1" 404 83737 "-" "Mozilla/5.0 (Macintosh; Intel Mac OS X 10_12_6) AppleWebKit/537.36 (KHTML, like Gecko) Chrome/60.0.2510.24 Safari/537.36"
143.246.202.6 - - [27/Sep/2026:18:09:58 +0300] "GET /Public/Js/ueditor/ueditor.config.js/x.php HTTP/1.1" 404 85449 "-" "Mozilla/5.0 (Macintosh; Intel Mac OS X 10_12_6) AppleWebKit/537.36 (KHTML, like Gecko) Chrome/60.0.2510.24 Safari/537.36"
143.246.202.6 - - [27/Sep/2026:18:09:59 +0300] "GET /public/static/admin/ueditor/ueditor.config.js/x.php HTTP/1.1" 404 83040 "-" "Mozilla/5.0 (Macintosh; Intel Mac OS X 10_12_6) AppleWebKit/537.36 (KHTML, like Gecko) Chrome/60.0.2510.24 Safari/537.36"
88.97.190.249 - - [27/Sep/2026:18:10:00 +0300] "POST /xmlrpc.php HTTP/1.1" 200 403 "-" "Mozilla/5.0 (Windows NT 6.3; x86) AppleWebKit/537.36 (KHTML, like Gecko) Opera/76.0.0.0 Safari/537.36"
143.246.202.6 - - [27/Sep/2026:18:10:01 +0300] "GET /Public/static/ueditor/ueditor.config.js/x.php HTTP/1.1" 404 85062 "-" "Mozilla/5.0 (Macintosh; Intel Mac OS X 10_12_6) AppleWebKit/537.36 (KHTML, like Gecko) Chrome/60.0.2510.24 Safari/537.36"
143.246.202.6 - - [27/Sep/2026:18:10:03 +0300] "GET /public/static/libs/ueditor/ueditor.config.js/x.php HTTP/1.1" 404 85452 "-" "Mozilla/5.0 (Macintosh; Intel Mac OS X 10_12_6) AppleWebKit/537.36 (KHTML, like Gecko) Chrome/60.0.2510.24 Safari/537.36"
143.246.202.6 - - [27/Sep/2026:18:10:05 +0300] "GET /Scripts/ueditor/ueditor.config.js/x.php HTTP/1.1" 404 84157 "-" "Mozilla/5.0 (Macintosh; Intel Mac OS X 10_12_6) AppleWebKit/537.36 (KHTML, like Gecko) Chrome/60.0.2510.24 Safari/537.36"
143.246.202.6 - - [27/Sep/2026:18:10:06 +0300] "GET /Scripts/Ueditor/ueditor.config.js/x.php HTTP/1.1" 404 85397 "-" "Mozilla/5.0 (Macintosh; Intel Mac OS X 10_12_6) AppleWebKit/537.36 (KHTML, like Gecko) Chrome/60.0.2510.24 Safari/537.36"
143.246.202.6 - - [27/Sep/2026:18:10:08 +0300] "GET /Scripts/plugins/ueditor/ueditor.config.js/x.php HTTP/1.1" 404 85542 "-" "Mozilla/5.0 (Macintosh; Intel Mac OS X 10_12_6) AppleWebKit/537.36 (KHTML, like Gecko) Chrome/60.0.2510.24 Safari/537.36"
143.246.202.6 - - [27/Sep/2026:18:10:10 +0300] "GET /Content/Js/ueditor/ueditor.config.js/x.php HTTP/1.1" 404 83818 "-" "Mozilla/5.0 (Macintosh; Intel Mac OS X 10_12_6) AppleWebKit/537.36 (KHTML, like Gecko) Chrome/60.0.2510.24 Safari/537.36"
88.97.190.249 - - [27/Sep/2026:18:10:10 +0300] "POST /xmlrpc.php HTTP/1.1" 200 403 "-" "Mozilla/5.0 (Windows NT 6.2; x86) AppleWebKit/537.36 (KHTML, like Gecko) Safari/15.0.0.0 Safari/537.36"
143.246.202.6 - - [27/Sep/2026:18:10:11 +0300] "GET /Utility/UEditor/ueditor.config.js/x.php HTTP/1.1" 404 84205 "-" "Mozilla/5.0 (Macintosh; Intel Mac OS X 10_12_6) AppleWebKit/537.36 (KHTML, like Gecko) Chrome/60.0.2510.24 Safari/537.36"
143.246.202.6 - - [27/Sep/2026:18:10:13 +0300] "GET /utility/ueditor/ueditor.config.js/x.php HTTP/1.1" 404 85571 "-" "Mozilla/5.0 (Macintosh; Intel Mac OS X 10_12_6) AppleWebKit/537.36 (KHTML, like Gecko) Chrome/60.0.2510.24 Safari/537.36"
143.246.202.6 - - [27/Sep/2026:18:10:14 +0300] "GET /assets/ueditor/ueditor.config.js/x.php HTTP/1.1" 404 83622 "-" "Mozilla/5.0 (Macintosh; Intel Mac OS X 10_12_6) AppleWebKit/537.36 (KHTML, like Gecko) Chrome/60.0.2510.24 Safari/537.36"
143.246.202.6 - - [27/Sep/2026:18:10:15 +0300] "GET /resource/ueditor/ueditor.config.js/x.php HTTP/1.1" 404 85858 "-" "Mozilla/5.0 (Macintosh; Intel Mac OS X 10_12_6) AppleWebKit/537.36 (KHTML, like Gecko) Chrome/60.0.2510.24 Safari/537.36"
143.246.202.6 - - [27/Sep/2026:18:10:17 +0300] "GET /themes/ueditor/ueditor.config.js/x.php HTTP/1.1" 404 81182 "-" "Mozilla/5.0 (Macintosh; Intel Mac OS X 10_12_6) AppleWebKit/537.36 (KHTML, like Gecko) Chrome/60.0.2510.24 Safari/537.36"
143.246.202.6 - - [27/Sep/2026:18:10:18 +0300] "GET /net/ueditor/ueditor.config.js/x.php HTTP/1.1" 404 84120 "-" "Mozilla/5.0 (Macintosh; Intel Mac OS X 10_12_6) AppleWebKit/537.36 (KHTML, like Gecko) Chrome/60.0.2510.24 Safari/537.36"
88.97.190.249 - - [27/Sep/2026:18:10:20 +0300] "POST /xmlrpc.php HTTP/1.1" 200 403 "-" "Mozilla/5.0 (X11; Ubuntu; Linux x86_64; x86) AppleWebKit/537.36 (KHTML, like Gecko) Chrome/87.0.0.0 Safari/537.36"
143.246.202.6 - - [27/Sep/2026:18:10:20 +0300] "GET /public/js/ueditor/ueditor.config.js/x.php HTTP/1.1" 404 84284 "-" "Mozilla/5.0 (Macintosh; Intel Mac OS X 10_12_6) AppleWebKit/537.36 (KHTML, like Gecko) Chrome/60.0.2510.24 Safari/537.36"
85.254.144.33 - - [27/Sep/2026:18:10:31 +0300] "POST /wp-cron.php?doing_wp_cron=1790521831.0583920478820800781250 HTTP/1.1" 200 - "-" "WordPress/7.1.2; https://auto-porsche.com"
88.97.190.249 - - [27/Sep/2026:18:10:30 +0300] "POST /xmlrpc.php HTTP/1.1" 200 403 "-" "Mozilla/5.0 (Windows NT 6.3; arm64) AppleWebKit/537.36 (KHTML, like Gecko) Chrome/106.0.0.0 Safari/537.36"
88.97.190.249 - - [27/Sep/2026:18:10:42 +0300] "POST /xmlrpc.php HTTP/1.1" 200 403 "-" "Mozilla/5.0 (Macintosh; Intel Mac OS X 10_15_7; x86) AppleWebKit/537.36 (KHTML, like Gecko) Safari/15.0.0.0 Safari/537.36"
88.97.190.249 - - [27/Sep/2026:18:10:53 +0300] "POST /xmlrpc.php HTTP/1.1" 200 403 "-" "Mozilla/5.0 (X11; Ubuntu; Linux x86_64; arm64) AppleWebKit/537.36 (KHTML, like Gecko) Chrome/81.0.0.0 Safari/537.36"
88.97.190.249 - - [27/Sep/2026:18:11:05 +0300] "POST /xmlrpc.php HTTP/1.1" 200 403 "-" "Mozilla/5.0 (Windows NT 6.3; arm64) AppleWebKit/537.36 (KHTML, like Gecko) Firefox/79.0.0.0 Safari/537.36"
88.97.190.249 - - [27/Sep/2026:18:11:15 +0300] "POST /xmlrpc.php HTTP/1.1" 200 403 "-" "Mozilla/5.0 (X11; Ubuntu; Linux x86_64; x86) AppleWebKit/537.36 (KHTML, like Gecko) Firefox/72.0.0.0 Safari/537.36"
43.164.197.117 - - [27/Sep/2026:18:11:18 +0300] "GET /?attachment_id=857 HTTP/1.1" 301 - "-" "Mozilla/5.0 (iPhone; CPU iPhone OS 13_2_3 like Mac OS X) AppleWebKit/605.1.15 (KHTML, like Gecko) Version/13.0.3 Mobile/15E148 Safari/604.1"
43.164.197.117 - - [27/Sep/2026:18:11:20 +0300] "GET /2021/12/14/2019-porsche-panamera-for-sale-miami/ HTTP/1.1" 500 39639 "https://auto-porsche.com/?attachment_id=857" "Mozilla/5.0 (iPhone; CPU iPhone OS 13_2_3 like Mac OS X) AppleWebKit/605.1.15 (KHTML, like Gecko) Version/13.0.3 Mobile/15E148 Safari/604.1"
143.246.202.6 - - [27/Sep/2026:18:11:22 +0300] "GET /Public/admin/lib/webuploader/0.1.5/webuploader.js HTTP/1.1" 404 83776 "-" "Mozilla/5.0 (Macintosh; Intel Mac OS X 10_12_6) AppleWebKit/537.36 (KHTML, like Gecko) Chrome/60.0.2956.64 Safari/537.36"
143.246.202.6 - - [27/Sep/2026:18:11:24 +0300] "GET /sy/base/frame/plugs/webuploader-0.1.5/webuploader.js HTTP/1.1" 404 85248 "-" "Mozilla/5.0 (Macintosh; Intel Mac OS X 10_12_6) AppleWebKit/537.36 (KHTML, like Gecko) Chrome/60.0.2956.64 Safari/537.36"
85.254.144.33 - - [27/Sep/2026:18:11:26 +0300] "POST /wp-cron.php?doing_wp_cron=1790521886.9596879482269287109375 HTTP/1.1" 200 - "-" "WordPress/7.1.2; https://auto-porsche.com"
143.246.202.6 - - [27/Sep/2026:18:11:25 +0300] "GET /static/plugin/webuploader-0.1.5/webuploader.js HTTP/1.1" 404 84100 "-" "Mozilla/5.0 (Macintosh; Intel Mac OS X 10_12_6) AppleWebKit/537.36 (KHTML, like Gecko) Chrome/60.0.2956.64 Safari/537.36"
88.97.190.249 - - [27/Sep/2026:18:11:27 +0300] "POST /xmlrpc.php HTTP/1.1" 200 403 "-" "Mozilla/5.0 (Macintosh; Intel Mac OS X 10_15_7; x64) AppleWebKit/537.36 (KHTML, like Gecko) Chrome/97.0.0.0 Safari/537.36"
143.246.202.6 - - [27/Sep/2026:18:11:27 +0300] "GET /admin/lib/webuploader/0.1.5/webuploader.js HTTP/1.1" 404 84040 "-" "Mozilla/5.0 (Macintosh; Intel Mac OS X 10_12_6) AppleWebKit/537.36 (KHTML, like Gecko) Chrome/60.0.2956.64 Safari/537.36"
143.246.202.6 - - [27/Sep/2026:18:11:29 +0300] "GET /manage/assets/lib/webuploader/0.1.5/webuploader.js HTTP/1.1" 404 84100 "-" "Mozilla/5.0 (Macintosh; Intel Mac OS X 10_12_6) AppleWebKit/537.36 (KHTML, like Gecko) Chrome/60.0.2956.64 Safari/537.36"
143.246.202.6 - - [27/Sep/2026:18:11:31 +0300] "GET /include/webuploader/0.1.5/webuploader.js HTTP/1.1" 404 85023 "-" "Mozilla/5.0 (Macintosh; Intel Mac OS X 10_12_6) AppleWebKit/537.36 (KHTML, like Gecko) Chrome/60.0.2956.64 Safari/537.36"
143.246.202.6 - - [27/Sep/2026:18:11:32 +0300] "GET /public/static/lib/webuploader/0.1.5/webuploader.js HTTP/1.1" 404 85157 "-" "Mozilla/5.0 (Macintosh; Intel Mac OS X 10_12_6) AppleWebKit/537.36 (KHTML, like Gecko) Chrome/60.0.2956.64 Safari/537.36"
143.246.202.6 - - [27/Sep/2026:18:11:33 +0300] "GET /Public//webuploader/0.1.5/webuploader.js HTTP/1.1" 301 - "-" "Mozilla/5.0 (Macintosh; Intel Mac OS X 10_12_6) AppleWebKit/537.36 (KHTML, like Gecko) Chrome/60.0.2956.64 Safari/537.36"
88.97.190.249 - - [27/Sep/2026:18:11:34 +0300] "POST /xmlrpc.php HTTP/1.1" 200 403 "-" "Mozilla/5.0 (Windows NT 6.2; x64) AppleWebKit/537.36 (KHTML, like Gecko) Edge/92.0.0.0 Safari/537.36"
143.246.202.6 - - [27/Sep/2026:18:11:34 +0300] "GET /Public/webuploader/0.1.5/webuploader.js HTTP/1.1" 404 82551 "-" "Mozilla/5.0 (Macintosh; Intel Mac OS X 10_12_6) AppleWebKit/537.36 (KHTML, like Gecko) Chrome/60.0.2956.64 Safari/537.36"
143.246.202.6 - - [27/Sep/2026:18:11:36 +0300] "GET /static/admin/lib/webuploader/0.1.5/webuploader.js HTTP/1.1" 404 82995 "-" "Mozilla/5.0 (Macintosh; Intel Mac OS X 10_12_6) AppleWebKit/537.36 (KHTML, like Gecko) Chrome/60.0.2956.64 Safari/537.36"
143.246.202.6 - - [27/Sep/2026:18:11:37 +0300] "GET /webuploader/0.1.5/webuploader.js HTTP/1.1" 404 82970 "-" "Mozilla/5.0 (Macintosh; Intel Mac OS X 10_12_6) AppleWebKit/537.36 (KHTML, like Gecko) Chrome/60.0.2956.64 Safari/537.36"
143.246.202.6 - - [27/Sep/2026:18:11:39 +0300] "GET /app/app/webuploader/0.1.5/webuploader.js HTTP/1.1" 404 84116 "-" "Mozilla/5.0 (Macintosh; Intel Mac OS X 10_12_6) AppleWebKit/537.36 (KHTML, like Gecko) Chrome/60.0.2956.64 Safari/537.36"
143.246.202.6 - - [27/Sep/2026:18:11:40 +0300] "GET /app/admincp/ui/webuploader/0.1.5/webuploader.js HTTP/1.1" 404 83778 "-" "Mozilla/5.0 (Macintosh; Intel Mac OS X 10_12_6) AppleWebKit/537.36 (KHTML, like Gecko) Chrome/60.0.2956.64 Safari/537.36"
143.246.202.6 - - [27/Sep/2026:18:11:42 +0300] "GET /Public/webuploader/0.1.5/webuploader.js HTTP/1.1" 404 82564 "-" "Mozilla/5.0 (Macintosh; Intel Mac OS X 10_12_6) AppleWebKit/537.36 (KHTML, like Gecko) Chrome/60.0.2956.64 Safari/537.36"
143.246.202.6 - - [27/Sep/2026:18:11:43 +0300] "GET /plugin/webuploader/0.1.5/webuploader.js HTTP/1.1" 404 84368 "-" "Mozilla/5.0 (Macintosh; Intel Mac OS X 10_12_6) AppleWebKit/537.36 (KHTML, like Gecko) Chrome/60.0.2956.64 Safari/537.36"
143.246.202.6 - - [27/Sep/2026:18:11:45 +0300] "GET /plugins/webuploader/0.1.5/webuploader.js HTTP/1.1" 404 82523 "-" "Mozilla/5.0 (Macintosh; Intel Mac OS X 10_12_6) AppleWebKit/537.36 (KHTML, like Gecko) Chrome/60.0.2956.64 Safari/537.36"
88.97.190.249 - - [27/Sep/2026:18:11:46 +0300] "POST /xmlrpc.php HTTP/1.1" 200 403 "-" "Mozilla/5.0 (Windows NT 6.3; arm64) AppleWebKit/537.36 (KHTML, like Gecko) Edge/90.0.0.0 Safari/537.36"
143.246.202.6 - - [27/Sep/2026:18:11:46 +0300] "GET /includes/webuploader/0.1.5/webuploader.js HTTP/1.1" 404 84390 "-" "Mozilla/5.0 (Macintosh; Intel Mac OS X 10_12_6) AppleWebKit/537.36 (KHTML, like Gecko) Chrome/60.0.2956.64 Safari/537.36"
143.246.202.6 - - [27/Sep/2026:18:11:48 +0300] "GET /ewebeditor/webuploader/0.1.5/webuploader.js HTTP/1.1" 404 82737 "-" "Mozilla/5.0 (Macintosh; Intel Mac OS X 10_12_6) AppleWebKit/537.36 (KHTML, like Gecko) Chrome/60.0.2956.64 Safari/537.36"
143.246.202.6 - - [27/Sep/2026:18:11:50 +0300] "GET /Content/webuploader/0.1.5/webuploader.js HTTP/1.1" 404 82973 "-" "Mozilla/5.0 (Macintosh; Intel Mac OS X 10_12_6) AppleWebKit/537.36 (KHTML, like Gecko) Chrome/60.0.2956.64 Safari/537.36"
143.246.202.6 - - [27/Sep/2026:18:11:51 +0300] "GET /res/webuploader/0.1.5/webuploader.js HTTP/1.1" 404 83986 "-" "Mozilla/5.0 (Macintosh; Intel Mac OS X 10_12_6) AppleWebKit/537.36 (KHTML, like Gecko) Chrome/60.0.2956.64 Safari/537.36"
143.246.202.6 - - [27/Sep/2026:18:11:53 +0300] "GET /res/plugins/webuploader/0.1.5/webuploader.js HTTP/1.1" 404 83842 "-" "Mozilla/5.0 (Macintosh; Intel Mac OS X 10_12_6) AppleWebKit/537.36 (KHTML, like Gecko) Chrome/60.0.2956.64 Safari/537.36"
193.31.126.176 - - [27/Sep/2026:18:11:54 +0300] "GET /2023/09/19/choosing-the-right-porsche-suv-a-comparison-of-the-macan-and-cayenne-models/ HTTP/1.1" 500 51343 "-" "Mozilla/5.0 (Windows NT 10.0; Win64; x64) AppleWebKit/537.36 (KHTML, like Gecko) Chrome/149.0.0.0 Safari/537.36 Edg/149.0.0.0"
143.246.202.6 - - [27/Sep/2026:18:11:54 +0300] "GET /web/dist/static/webuploader/0.1.5/webuploader.js HTTP/1.1" 404 84313 "-" "Mozilla/5.0 (Macintosh; Intel Mac OS X 10_12_6) AppleWebKit/537.36 (KHTML, like Gecko) Chrome/60.0.2956.64 Safari/537.36"
143.246.202.6 - - [27/Sep/2026:18:11:56 +0300] "GET /Data/editor/webuploader/0.1.5/webuploader.js HTTP/1.1" 404 84295 "-" "Mozilla/5.0 (Macintosh; Intel Mac OS X 10_12_6) AppleWebKit/537.36 (KHTML, like Gecko) Chrome/60.0.2956.64 Safari/537.36"
143.246.202.6 - - [27/Sep/2026:18:11:58 +0300] "GET /admin/include//webuploader/0.1.5/webuploader.js HTTP/1.1" 301 - "-" "Mozilla/5.0 (Macintosh; Intel Mac OS X 10_12_6) AppleWebKit/537.36 (KHTML, like Gecko) Chrome/60.0.2956.64 Safari/537.36"
143.246.202.6 - - [27/Sep/2026:18:11:59 +0300] "GET /admin/include/webuploader/0.1.5/webuploader.js HTTP/1.1" 404 84121 "-" "Mozilla/5.0 (Macintosh; Intel Mac OS X 10_12_6) AppleWebKit/537.36 (KHTML, like Gecko) Chrome/60.0.2956.64 Safari/537.36"
143.246.202.6 - - [27/Sep/2026:18:12:00 +0300] "GET /js/webuploader/0.1.5/webuploader.js HTTP/1.1" 404 84909 "-" "Mozilla/5.0 (Macintosh; Intel Mac OS X 10_12_6) AppleWebKit/537.36 (KHTML, like Gecko) Chrome/60.0.2956.64 Safari/537.36"
88.97.190.249 - - [27/Sep/2026:18:12:01 +0300] "POST /xmlrpc.php HTTP/1.1" 200 403 "-" "Mozilla/5.0 (Macintosh; Intel Mac OS X 10_15_7; x64) AppleWebKit/537.36 (KHTML, like Gecko) Chrome/89.0.0.0 Safari/537.36"
143.246.202.6 - - [27/Sep/2026:18:12:02 +0300] "GET /lib/webuploader/0.1.5/webuploader.js HTTP/1.1" 404 82618 "-" "Mozilla/5.0 (Macintosh; Intel Mac OS X 10_12_6) AppleWebKit/537.36 (KHTML, like Gecko) Chrome/60.0.2956.64 Safari/537.36"
143.246.202.6 - - [27/Sep/2026:18:12:03 +0300] "GET /library/webuploader/0.1.5/webuploader.js HTTP/1.1" 404 84021 "-" "Mozilla/5.0 (Macintosh; Intel Mac OS X 10_12_6) AppleWebKit/537.36 (KHTML, like Gecko) Chrome/60.0.2956.64 Safari/537.36"
143.246.202.6 - - [27/Sep/2026:18:12:05 +0300] "GET /template/admin/public/js/webuploader/0.1.5/webuploader.js HTTP/1.1" 404 83980 "-" "Mozilla/5.0 (Macintosh; Intel Mac OS X 10_12_6) AppleWebKit/537.36 (KHTML, like Gecko) Chrome/60.0.2956.64 Safari/537.36"
143.246.202.6 - - [27/Sep/2026:18:12:06 +0300] "GET /Theme/assets/webuploader/0.1.5/webuploader.js HTTP/1.1" 404 85212 "-" "Mozilla/5.0 (Macintosh; Intel Mac OS X 10_12_6) AppleWebKit/537.36 (KHTML, like Gecko) Chrome/60.0.2956.64 Safari/537.36"
143.246.202.6 - - [27/Sep/2026:18:12:08 +0300] "GET /viagraedit/webuploader/0.1.5/webuploader.js HTTP/1.1" 404 84350 "-" "Mozilla/5.0 (Macintosh; Intel Mac OS X 10_12_6) AppleWebKit/537.36 (KHTML, like Gecko) Chrome/60.0.2956.64 Safari/537.36"
88.97.190.249 - - [27/Sep/2026:18:12:10 +0300] "POST /xmlrpc.php HTTP/1.1" 200 403 "-" "Mozilla/5.0 (X11; Ubuntu; Linux x86_64; arm64) AppleWebKit/537.36 (KHTML, like Gecko) Safari/15.0.0.0 Safari/537.36"
143.246.202.6 - - [27/Sep/2026:18:12:10 +0300] "GET /source/plugin/iscwo_kaifu/webuploader/0.1.5/webuploader.js HTTP/1.1" 404 82512 "-" "Mozilla/5.0 (Macintosh; Intel Mac OS X 10_12_6) AppleWebKit/537.36 (KHTML, like Gecko) Chrome/60.0.2956.64 Safari/537.36"
143.246.202.6 - - [27/Sep/2026:18:12:11 +0300] "GET /statics/webuploader/0.1.5/webuploader.js HTTP/1.1" 404 83802 "-" "Mozilla/5.0 (Macintosh; Intel Mac OS X 10_12_6) AppleWebKit/537.36 (KHTML, like Gecko) Chrome/60.0.2956.64 Safari/537.36"
143.246.202.6 - - [27/Sep/2026:18:12:13 +0300] "GET /static/common/js/webuploader/0.1.5/webuploader.js HTTP/1.1" 404 83715 "-" "Mozilla/5.0 (Macintosh; Intel Mac OS X 10_12_6) AppleWebKit/537.36 (KHTML, like Gecko) Chrome/60.0.2956.64 Safari/537.36"
143.246.202.6 - - [27/Sep/2026:18:12:14 +0300] "GET /web/static//webuploader/0.1.5/webuploader.js HTTP/1.1" 301 - "-" "Mozilla/5.0 (Macintosh; Intel Mac OS X 10_12_6) AppleWebKit/537.36 (KHTML, like Gecko) Chrome/60.0.2956.64 Safari/537.36"
143.246.202.6 - - [27/Sep/2026:18:12:15 +0300] "GET /web/static/webuploader/0.1.5/webuploader.js HTTP/1.1" 404 84056 "-" "Mozilla/5.0 (Macintosh; Intel Mac OS X 10_12_6) AppleWebKit/537.36 (KHTML, like Gecko) Chrome/60.0.2956.64 Safari/537.36"
143.246.202.6 - - [27/Sep/2026:18:12:17 +0300] "GET /static/webuploader/0.1.5/webuploader.js HTTP/1.1" 404 83763 "-" "Mozilla/5.0 (Macintosh; Intel Mac OS X 10_12_6) AppleWebKit/537.36 (KHTML, like Gecko) Chrome/60.0.2956.64 Safari/537.36"
143.246.202.6 - - [27/Sep/2026:18:12:18 +0300] "GET /static/common/user/webuploader/0.1.5/webuploader.js HTTP/1.1" 404 82670 "-" "Mozilla/5.0 (Macintosh; Intel Mac OS X 10_12_6) AppleWebKit/537.36 (KHTML, like Gecko) Chrome/60.0.2956.64 Safari/537.36"
88.97.190.249 - - [27/Sep/2026:18:12:19 +0300] "POST /xmlrpc.php HTTP/1.1" 200 403 "-" "Mozilla/5.0 (Windows NT 10.0; x64) AppleWebKit/537.36 (KHTML, like Gecko) Firefox/82.0.0.0 Safari/537.36"
143.246.202.6 - - [27/Sep/2026:18:12:20 +0300] "GET /static/admin/webuploader/0.1.5/webuploader.js HTTP/1.1" 404 85320 "-" "Mozilla/5.0 (Macintosh; Intel Mac OS X 10_12_6) AppleWebKit/537.36 (KHTML, like Gecko) Chrome/60.0.2956.64 Safari/537.36"
143.246.202.6 - - [27/Sep/2026:18:12:22 +0300] "GET /style/admin/plugins/webuploader/0.1.5/webuploader.js HTTP/1.1" 404 84771 "-" "Mozilla/5.0 (Macintosh; Intel Mac OS X 10_12_6) AppleWebKit/537.36 (KHTML, like Gecko) Chrome/60.0.2956.64 Safari/537.36"
143.246.202.6 - - [27/Sep/2026:18:12:23 +0300] "GET /static/admin/js/plugins/webuploader/0.1.5/webuploader.js HTTP/1.1" 404 84058 "-" "Mozilla/5.0 (Macintosh; Intel Mac OS X 10_12_6) AppleWebKit/537.36 (KHTML, like Gecko) Chrome/60.0.2956.64 Safari/537.36"
85.254.144.33 - - [27/Sep/2026:18:12:26 +0300] "POST /wp-cron.php?doing_wp_cron=1790521946.6358549594879150390625 HTTP/1.1" 200 - "-" "WordPress/7.1.2; https://auto-porsche.com"
143.246.202.6 - - [27/Sep/2026:18:12:25 +0300] "GET /static/common/lib/webuploader/0.1.5/webuploader.js HTTP/1.1" 404 82668 "-" "Mozilla/5.0 (Macintosh; Intel Mac OS X 10_12_6) AppleWebKit/537.36 (KHTML, like Gecko) Chrome/60.0.2956.64 Safari/537.36"
64.16.133.60 - - [27/Sep/2026:18:12:26 +0300] "GET /2021/12/09/how-to-pronounce-porsche/ HTTP/1.1" 500 32812 "-" "Mozilla/5.0 (Macintosh; Intel Mac OS X 10_15_7) AppleWebKit/537.36 (KHTML, like Gecko) Chrome/104.0.0.0 Safari/537.36"
143.246.202.6 - - [27/Sep/2026:18:12:27 +0300] "GET /public/style/admin/plugins/webuploader/0.1.5/webuploader.js HTTP/1.1" 404 82822 "-" "Mozilla/5.0 (Macintosh; Intel Mac OS X 10_12_6) AppleWebKit/537.36 (KHTML, like Gecko) Chrome/60.0.2956.64 Safari/537.36"
64.16.133.60 - - [27/Sep/2026:18:12:28 +0300] "GET /2022/01/13/2020porsche-taycan-for-sale-in-stuttgart-germany/ HTTP/1.1" 500 41742 "-" "Mozilla/5.0 (Macintosh; Intel Mac OS X 10_15_7) AppleWebKit/537.36 (KHTML, like Gecko) Chrome/104.0.0.0 Safari/537.36"
88.97.190.249 - - [27/Sep/2026:18:12:29 +0300] "POST /xmlrpc.php HTTP/1.1" 200 403 "-" "Mozilla/5.0 (Windows NT 10.0; arm64) AppleWebKit/537.36 (KHTML, like Gecko) Chrome/82.0.0.0 Safari/537.36"
143.246.202.6 - - [27/Sep/2026:18:12:29 +0300] "GET /public/platform/js/webuploader/0.1.5/webuploader.js HTTP/1.1" 404 84646 "-" "Mozilla/5.0 (Macintosh; Intel Mac OS X 10_12_6) AppleWebKit/537.36 (KHTML, like Gecko) Chrome/60.0.2956.64 Safari/537.36"
64.16.133.60 - - [27/Sep/2026:18:12:30 +0300] "GET /2023/10/19/the-future-of-performance-cars-exploring-the-potential-of-electric-porsche-911/ HTTP/1.1" 500 60569 "-" "Mozilla/5.0 (Macintosh; Intel Mac OS X 10_15_7) AppleWebKit/537.36 (KHTML, like Gecko) Chrome/104.0.0.0 Safari/537.36"
143.246.202.6 - - [27/Sep/2026:18:12:30 +0300] "GET /public/admin/js/webuploader/0.1.5/webuploader.js HTTP/1.1" 404 83610 "-" "Mozilla/5.0 (Macintosh; Intel Mac OS X 10_12_6) AppleWebKit/537.36 (KHTML, like Gecko) Chrome/60.0.2956.64 Safari/537.36"
64.16.133.60 - - [27/Sep/2026:18:12:32 +0300] "GET /2021/12/23/1964-porsche-356-c-coupe-for-sale-in-amsterdam-netherlands/ HTTP/1.1" 500 43128 "-" "Mozilla/5.0 (Macintosh; Intel Mac OS X 10_15_7) AppleWebKit/537.36 (KHTML, like Gecko) Chrome/104.0.0.0 Safari/537.36"
143.246.202.6 - - [27/Sep/2026:18:12:32 +0300] "GET /public/plugins/webuploader/0.1.5/webuploader.js HTTP/1.1" 404 83630 "-" "Mozilla/5.0 (Macintosh; Intel Mac OS X 10_12_6) AppleWebKit/537.36 (KHTML, like Gecko) Chrome/60.0.2956.64 Safari/537.36"
143.246.202.6 - - [27/Sep/2026:18:12:34 +0300] "GET /public/js/webuploader/0.1.5/webuploader.js HTTP/1.1" 404 85565 "-" "Mozilla/5.0 (Macintosh; Intel Mac OS X 10_12_6) AppleWebKit/537.36 (KHTML, like Gecko) Chrome/60.0.2956.64 Safari/537.36"
64.16.133.60 - - [27/Sep/2026:18:12:34 +0300] "GET /2023/07/31/is-it-possible-to-use-regular-gasoline-in-a-porsche-learn-about-it-here/ HTTP/1.1" 500 57540 "-" "Mozilla/5.0 (Macintosh; Intel Mac OS X 10_15_7) AppleWebKit/537.36 (KHTML, like Gecko) Chrome/104.0.0.0 Safari/537.36"
143.246.202.6 - - [27/Sep/2026:18:12:36 +0300] "GET /public/static/common/lib/webuploader/0.1.5/webuploader.js HTTP/1.1" 404 85238 "-" "Mozilla/5.0 (Macintosh; Intel Mac OS X 10_12_6) AppleWebKit/537.36 (KHTML, like Gecko) Chrome/60.0.2956.64 Safari/537.36"
64.16.133.60 - - [27/Sep/2026:18:12:37 +0300] "GET /2023/08/27/porsche-s-engine-legacy-unveiling-the-truth-about-porsche-s-v8-engines/ HTTP/1.1" 500 57891 "-" "Mozilla/5.0 (Macintosh; Intel Mac OS X 10_15_7) AppleWebKit/537.36 (KHTML, like Gecko) Chrome/104.0.0.0 Safari/537.36"
