114.119.135.63 - - [27/Sep/2026:20:44:36 +0300] "GET /2023/08/29/is-porsche-in-the-truck-game-discover-the-answer-on-website-name HTTP/1.1" 301 - "https://auto-porsche.com/2023/08/29/is-porsche-in-the-truck-game-discover-the-answer-on-website-name" "Mozilla/5.0 (Linux; Android 7.0;) AppleWebKit/537.36 (HTML, like Gecko) Mobile Safari/537.36 (compatible; PetalBot;+https://webmaster.petalsearch.com/site/petalbot)"
114.119.135.63 - - [27/Sep/2026:20:44:38 +0300] "GET /2023/08/29/is-porsche-in-the-truck-game-discover-the-answer-on-website-name/ HTTP/1.1" 500 58057 "https://auto-porsche.com/2023/08/29/is-porsche-in-the-truck-game-discover-the-answer-on-website-name" "Mozilla/5.0 (Linux; Android 7.0;) AppleWebKit/537.36 (HTML, like Gecko) Mobile Safari/537.36 (compatible; PetalBot;+https://webmaster.petalsearch.com/site/petalbot)"
57.141.20.32 - - [27/Sep/2026:20:46:31 +0300] "GET /wp-content/uploads/2021/12/25-5-335x220.jpg HTTP/2.0" 200 28592 "-" "Mozilla/5.0 (Windows NT 10.0; Win64; x64) AppleWebKit/537.36 (KHTML, like Gecko) Chrome/145.0.0.0 Safari/537.36 (compatible; meta-externalagent/1.1 (+https://developers.facebook.com/docs/sharing/webmasters/crawler))"
57.141.20.32 - - [27/Sep/2026:20:47:11 +0300] "GET /wp-content/uploads/2023/08/discover-whether-porsche-offers-remote-start-capabilities-in-their-vehicles-with-this-comprehensive-guide-150x150.jpg HTTP/2.0" 200 5903 "-" "Mozilla/5.0 (Windows NT 10.0; Win64; x64) AppleWebKit/537.36 (KHTML, like Gecko) Chrome/145.0.0.0 Safari/537.36 (compatible; meta-externalagent/1.1 (+https://developers.facebook.com/docs/sharing/webmasters/crawler))"
85.254.144.33 - - [27/Sep/2026:20:47:34 +0300] "POST /wp-cron.php?doing_wp_cron=1790531254.8337469100952148437500 HTTP/1.1" 200 - "-" "WordPress/7.1.2; https://auto-porsche.com"
40.77.167.58 - - [27/Sep/2026:20:47:33 +0300] "GET /de/wp-content/uploads/2023/08/020-info-slider_2-1_slide5_3840x2160.jpg HTTP/2.0" 404 84266 "-" "Mozilla/5.0 AppleWebKit/537.36 (KHTML, like Gecko; compatible; bingbot/2.0; +http://www.bing.com/bingbot.htm) Chrome/116.0.1938.76 Safari/537.36"
114.119.135.63 - - [27/Sep/2026:20:47:47 +0300] "GET /2023/10/09/unveiling-the-enigma-discovering-the-porsche-mirage-a-journey-into-the-legendary-world-of-sports-cars HTTP/1.1" 301 - "https://auto-porsche.com/2023/10/09/unveiling-the-enigma-discovering-the-porsche-mirage-a-journey-into-the-legendary-world-of-sports-cars" "Mozilla/5.0 (Linux; Android 7.0;) AppleWebKit/537.36 (HTML, like Gecko) Mobile Safari/537.36 (compatible; PetalBot;+https://webmaster.petalsearch.com/site/petalbot)"
114.119.135.63 - - [27/Sep/2026:20:47:49 +0300] "GET /2023/10/09/unveiling-the-enigma-discovering-the-porsche-mirage-a-journey-into-the-legendary-world-of-sports-cars/ HTTP/1.1" 500 53249 "https://auto-porsche.com/2023/10/09/unveiling-the-enigma-discovering-the-porsche-mirage-a-journey-into-the-legendary-world-of-sports-cars" "Mozilla/5.0 (Linux; Android 7.0;) AppleWebKit/537.36 (HTML, like Gecko) Mobile Safari/537.36 (compatible; PetalBot;+https://webmaster.petalsearch.com/site/petalbot)"
185.201.163.15 - - [27/Sep/2026:20:49:28 +0300] "GET /wp-login.php HTTP/1.1" 200 9308 "-" "Mozilla/5.0 (Windows NT 10.0; Win64; x64) AppleWebKit/537.36 (KHTML, like Gecko) Chrome/115.0.0.0 Safari/537.36 Edg/115.0.1901.203"
185.201.163.15 - - [27/Sep/2026:20:49:29 +0300] "POST /wp-login.php HTTP/1.1" 200 9778 "https://auto-porsche.com/wp-login.php" "Mozilla/5.0 (Windows NT 10.0; Win64; x64) AppleWebKit/537.36 (KHTML, like Gecko) Chrome/115.0.0.0 Safari/537.36 Edg/115.0.1901.203"
114.119.137.116 - - [27/Sep/2026:20:51:02 +0300] "GET /2023/08/09/the-role-of-porsche-in-tank-manufacturing-unveiling-the-untold-history-of-porsche-s-contribution-to-the-tank-industry/ HTTP/1.1" 500 59801 "https://auto-porsche.com/2023/08/09/the-role-of-porsche-in-tank-manufacturing-unveiling-the-untold-history-of-porsche-s-contribution-to-the-tank-industry/" "Mozilla/5.0 (Linux; Android 7.0;) AppleWebKit/537.36 (HTML, like Gecko) Mobile Safari/537.36 (compatible; PetalBot;+https://webmaster.petalsearch.com/site/petalbot)"
85.254.144.33 - - [27/Sep/2026:20:51:20 +0300] "POST /wp-cron.php?doing_wp_cron=1790531480.9247779846191406250000 HTTP/1.1" 200 - "-" "WordPress/7.1.2; https://auto-porsche.com"
170.244.6.223 - - [27/Sep/2026:20:51:19 +0300] "GET /de/worauf-sollte-man-achten-wenn-man-einen-gebrauchten-porsche-cayman-kaufen-mochte.html HTTP/1.1" 404 83853 "-" "Mozilla/5.0 (Windows NT 10.0; Win64; x64) AppleWebKit/537.36 (KHTML, like Gecko) Chrome/126.0.6478.182 Safari/537.36"
85.254.144.33 - - [27/Sep/2026:20:52:46 +0300] "POST /wp-cron.php?doing_wp_cron=1790531566.0980689525604248046875 HTTP/1.1" 200 - "-" "WordPress/7.1.2; https://auto-porsche.com"
43.164.196.244 - - [27/Sep/2026:20:52:45 +0300] "GET /wp-json/oembed/1.0/embed?url=https%3A%2F%2Fauto-porsche.com%2F2023%2F08%2F19%2Funderstanding-the-long-term-depreciation-of-porsche-cars-a-closer-look-at-their-resale-value%2F HTTP/1.1" 200 2827 "-" "Mozilla/5.0 (iPhone; CPU iPhone OS 13_2_3 like Mac OS X) AppleWebKit/605.1.15 (KHTML, like Gecko) Version/13.0.3 Mobile/15E148 Safari/604.1"
64.16.133.152 - - [27/Sep/2026:20:52:48 +0300] "GET /2022/01/02/2018-porsche-panamera-turbo-s-e-hybrid-for-sale-in-newark-de/ HTTP/1.1" 500 43242 "-" "Mozilla/5.0 (Macintosh; Intel Mac OS X 10_15_7) AppleWebKit/537.36 (KHTML, like Gecko) Chrome/104.0.0.0 Safari/537.36"
64.16.133.152 - - [27/Sep/2026:20:52:50 +0300] "GET /2023/07/19/is-porsche-the-ultimate-car-brand-discover-the-reasons-here/ HTTP/1.1" 500 51485 "-" "Mozilla/5.0 (Macintosh; Intel Mac OS X 10_15_7) AppleWebKit/537.36 (KHTML, like Gecko) Chrome/104.0.0.0 Safari/537.36"
64.16.133.152 - - [27/Sep/2026:20:52:52 +0300] "GET /2021/12/30/porsche-macan/ HTTP/1.1" 500 47140 "-" "Mozilla/5.0 (Macintosh; Intel Mac OS X 10_15_7) AppleWebKit/537.36 (KHTML, like Gecko) Chrome/104.0.0.0 Safari/537.36"
64.16.133.152 - - [27/Sep/2026:20:52:54 +0300] "GET /2023/08/23/curious-about-porsche-s-hybrid-models-discover-the-range-here-website-name/ HTTP/1.1" 500 58019 "-" "Mozilla/5.0 (Macintosh; Intel Mac OS X 10_15_7) AppleWebKit/537.36 (KHTML, like Gecko) Chrome/104.0.0.0 Safari/537.36"
64.16.133.152 - - [27/Sep/2026:20:52:57 +0300] "GET /2023/06/22/discover-the-reliability-of-porsche-macan-unveiling-the-truth/ HTTP/1.1" 500 54044 "-" "Mozilla/5.0 (Macintosh; Intel Mac OS X 10_15_7) AppleWebKit/537.36 (KHTML, like Gecko) Chrome/104.0.0.0 Safari/537.36"
64.16.133.152 - - [27/Sep/2026:20:52:59 +0300] "GET /2021/11/19/the-evolution-of-porsche-logo/ HTTP/1.1" 500 40849 "-" "Mozilla/5.0 (Macintosh; Intel Mac OS X 10_15_7) AppleWebKit/537.36 (KHTML, like Gecko) Chrome/104.0.0.0 Safari/537.36"
216.73.217.65 - - [27/Sep/2026:20:53:03 +0300] "GET /robots.txt HTTP/2.0" 200 96 "-" "Mozilla/5.0 AppleWebKit/537.36 (KHTML, like Gecko; compatible; ClaudeBot/1.0; +claudebot@anthropic.com)"
64.16.133.152 - - [27/Sep/2026:20:53:01 +0300] "GET /2023/07/17/is-porsche-security-reliable-unveiling-the-truth-behind-porsche-theft-risks/ HTTP/1.1" 200 115150 "-" "Mozilla/5.0 (Macintosh; Intel Mac OS X 10_15_7) AppleWebKit/537.36 (KHTML, like Gecko) Chrome/104.0.0.0 Safari/537.36"
216.73.217.65 - - [27/Sep/2026:20:53:03 +0300] "GET /2022/01/09/2006-porsche-boxster-s-for-sale-in-randburg-south-africa HTTP/2.0" 301 - "-" "Mozilla/5.0 AppleWebKit/537.36 (KHTML, like Gecko; compatible; ClaudeBot/1.0; +claudebot@anthropic.com)"
64.16.133.152 - - [27/Sep/2026:20:53:03 +0300] "GET /2023/07/17/discover-the-truth-about-porsche-are-they-truly-exceptional-cars/ HTTP/1.1" 500 53439 "-" "Mozilla/5.0 (Macintosh; Intel Mac OS X 10_15_7) AppleWebKit/537.36 (KHTML, like Gecko) Chrome/104.0.0.0 Safari/537.36"
216.73.217.65 - - [27/Sep/2026:20:53:04 +0300] "GET /2022/01/09/2006-porsche-boxster-s-for-sale-in-randburg-south-africa/ HTTP/2.0" 500 41614 "https://auto-porsche.com/2022/01/09/2006-porsche-boxster-s-for-sale-in-randburg-south-africa" "Mozilla/5.0 AppleWebKit/537.36 (KHTML, like Gecko; compatible; ClaudeBot/1.0; +claudebot@anthropic.com)"
64.16.133.152 - - [27/Sep/2026:20:53:05 +0300] "GET /contact/ HTTP/1.1" 500 32350 "-" "Mozilla/5.0 (Macintosh; Intel Mac OS X 10_15_7) AppleWebKit/537.36 (KHTML, like Gecko) Chrome/104.0.0.0 Safari/537.36"
64.16.133.152 - - [27/Sep/2026:20:53:07 +0300] "GET /porsche-boxster/ HTTP/1.1" 500 51173 "-" "Mozilla/5.0 (Macintosh; Intel Mac OS X 10_15_7) AppleWebKit/537.36 (KHTML, like Gecko) Chrome/104.0.0.0 Safari/537.36"
64.16.133.152 - - [27/Sep/2026:20:53:10 +0300] "GET /porsche-taycan/ HTTP/1.1" 500 46812 "-" "Mozilla/5.0 (Macintosh; Intel Mac OS X 10_15_7) AppleWebKit/537.36 (KHTML, like Gecko) Chrome/104.0.0.0 Safari/537.36"
64.16.133.152 - - [27/Sep/2026:20:53:12 +0300] "GET /2023/11/21/porsche-cayenne-exploring-the-pricing-and-cost-of-this-luxury-suv/ HTTP/1.1" 500 52538 "-" "Mozilla/5.0 (Macintosh; Intel Mac OS X 10_15_7) AppleWebKit/537.36 (KHTML, like Gecko) Chrome/104.0.0.0 Safari/537.36"
64.16.133.152 - - [27/Sep/2026:20:53:14 +0300] "GET /2023/08/17/is-it-necessary-to-use-premium-gasoline-for-porsche-cars/ HTTP/1.1" 500 57641 "-" "Mozilla/5.0 (Macintosh; Intel Mac OS X 10_15_7) AppleWebKit/537.36 (KHTML, like Gecko) Chrome/104.0.0.0 Safari/537.36"
64.16.133.152 - - [27/Sep/2026:20:53:16 +0300] "GET /history-of-porsche/ HTTP/1.1" 500 51134 "-" "Mozilla/5.0 (Macintosh; Intel Mac OS X 10_15_7) AppleWebKit/537.36 (KHTML, like Gecko) Chrome/104.0.0.0 Safari/537.36"
64.16.133.152 - - [27/Sep/2026:20:53:18 +0300] "GET /porsche-964-turbo/ HTTP/1.1" 500 47852 "-" "Mozilla/5.0 (Macintosh; Intel Mac OS X 10_15_7) AppleWebKit/537.36 (KHTML, like Gecko) Chrome/104.0.0.0 Safari/537.36"
64.16.133.152 - - [27/Sep/2026:20:53:20 +0300] "GET /porsche-944/ HTTP/1.1" 500 48445 "-" "Mozilla/5.0 (Macintosh; Intel Mac OS X 10_15_7) AppleWebKit/537.36 (KHTML, like Gecko) Chrome/104.0.0.0 Safari/537.36"
64.16.133.152 - - [27/Sep/2026:20:53:22 +0300] "GET /porsche-912/ HTTP/1.1" 500 50329 "-" "Mozilla/5.0 (Macintosh; Intel Mac OS X 10_15_7) AppleWebKit/537.36 (KHTML, like Gecko) Chrome/104.0.0.0 Safari/537.36"
85.254.144.33 - - [27/Sep/2026:20:53:26 +0300] "POST /wp-cron.php?doing_wp_cron=1790531606.1022870540618896484375 HTTP/1.1" 200 - "-" "WordPress/7.1.2; https://auto-porsche.com"
64.16.133.152 - - [27/Sep/2026:20:53:25 +0300] "GET /porsche-924/ HTTP/1.1" 500 47312 "-" "Mozilla/5.0 (Macintosh; Intel Mac OS X 10_15_7) AppleWebKit/537.36 (KHTML, like Gecko) Chrome/104.0.0.0 Safari/537.36"
64.16.133.152 - - [27/Sep/2026:20:53:28 +0300] "GET /2023/08/18/are-porsches-available-with-automatic-transmission-discover-the-answer-here/ HTTP/1.1" 500 58015 "-" "Mozilla/5.0 (Macintosh; Intel Mac OS X 10_15_7) AppleWebKit/537.36 (KHTML, like Gecko) Chrome/104.0.0.0 Safari/537.36"
64.16.133.152 - - [27/Sep/2026:20:53:30 +0300] "GET /2023/08/21/discover-whether-porsches-are-equipped-with-apple-carplay-in-this-detailed-guide/ HTTP/1.1" 500 62227 "-" "Mozilla/5.0 (Macintosh; Intel Mac OS X 10_15_7) AppleWebKit/537.36 (KHTML, like Gecko) Chrome/104.0.0.0 Safari/537.36"
64.16.133.152 - - [27/Sep/2026:20:53:33 +0300] "GET /2023/06/29/how-much-does-it-cost-to-own-a-porsche-a-deep-dive-into-the-price-of-porsche-cars/ HTTP/1.1" 500 55982 "-" "Mozilla/5.0 (Macintosh; Intel Mac OS X 10_15_7) AppleWebKit/537.36 (KHTML, like Gecko) Chrome/104.0.0.0 Safari/537.36"
64.16.133.152 - - [27/Sep/2026:20:53:35 +0300] "GET /porsche-panamera/ HTTP/1.1" 500 48375 "-" "Mozilla/5.0 (Macintosh; Intel Mac OS X 10_15_7) AppleWebKit/537.36 (KHTML, like Gecko) Chrome/104.0.0.0 Safari/537.36"
64.16.133.152 - - [27/Sep/2026:20:53:37 +0300] "GET /2021/12/23/porsche-924-2/ HTTP/1.1" 500 42405 "-" "Mozilla/5.0 (Macintosh; Intel Mac OS X 10_15_7) AppleWebKit/537.36 (KHTML, like Gecko) Chrome/104.0.0.0 Safari/537.36"
64.16.133.152 - - [27/Sep/2026:20:53:39 +0300] "GET /2021/12/01/porsche-panamera/ HTTP/1.1" 500 50536 "-" "Mozilla/5.0 (Macintosh; Intel Mac OS X 10_15_7) AppleWebKit/537.36 (KHTML, like Gecko) Chrome/104.0.0.0 Safari/537.36"
64.16.133.152 - - [27/Sep/2026:20:53:41 +0300] "GET /2021/12/08/porsche-964/ HTTP/1.1" 500 49801 "-" "Mozilla/5.0 (Macintosh; Intel Mac OS X 10_15_7) AppleWebKit/537.36 (KHTML, like Gecko) Chrome/104.0.0.0 Safari/537.36"
64.16.133.152 - - [27/Sep/2026:20:53:44 +0300] "GET /2023/06/25/can-i-still-get-a-porsche-with-a-manual-transmission/ HTTP/1.1" 500 53231 "-" "Mozilla/5.0 (Macintosh; Intel Mac OS X 10_15_7) AppleWebKit/537.36 (KHTML, like Gecko) Chrome/104.0.0.0 Safari/537.36"
64.16.133.152 - - [27/Sep/2026:20:53:46 +0300] "GET /2023/08/29/is-porsche-in-the-truck-game-discover-the-answer-on-website-name/ HTTP/1.1" 500 58057 "-" "Mozilla/5.0 (Macintosh; Intel Mac OS X 10_15_7) AppleWebKit/537.36 (KHTML, like Gecko) Chrome/104.0.0.0 Safari/537.36"
172.203.190.135 - - [27/Sep/2026:20:53:58 +0300] "GET /robots.txt HTTP/2.0" 200 96 "-" "Mozilla/5.0 (Macintosh; Intel Mac OS X 10_15_7) AppleWebKit/537.36 (KHTML, like Gecko) Chrome/131.0.0.0 Safari/537.36; compatible; OAI-SearchBot/1.0; +https://openai.com/searchbot"
204.168.153.80 - - [27/Sep/2026:20:54:01 +0300] "GET /wp-content/uploads/2023/07/New-Jersey-Township-Sees-Two-Porsches-Stolen.jpg HTTP/1.1" 404 82642 "-" "Mozilla/5.0 (Macintosh; Intel Mac OS X 10_15_7) AppleWebKit/537.36 (KHTML, like Gecko) Chrome/104.0.0.0 Safari/537.36"
65.108.83.158 - - [27/Sep/2026:20:54:04 +0300] "GET /wp-content/uploads/2023/07/be9797f85e51a8a4cd4cf0541049117a.jpg HTTP/1.1" 404 84196 "-" "Mozilla/5.0 (Macintosh; Intel Mac OS X 10_15_7) AppleWebKit/537.36 (KHTML, like Gecko) Chrome/104.0.0.0 Safari/537.36"
65.108.83.158 - - [27/Sep/2026:20:54:04 +0300] "GET /wp-content/uploads/2023/07/P04_0211_a4.jpg HTTP/1.1" 404 81622 "-" "Mozilla/5.0 (Macintosh; Intel Mac OS X 10_15_7) AppleWebKit/537.36 (KHTML, like Gecko) Chrome/104.0.0.0 Safari/537.36"
65.108.83.158 - - [27/Sep/2026:20:54:04 +0300] "GET /wp-content/uploads/2023/07/P04_0469_a4.jpg HTTP/1.1" 404 83532 "-" "Mozilla/5.0 (Macintosh; Intel Mac OS X 10_15_7) AppleWebKit/537.36 (KHTML, like Gecko) Chrome/104.0.0.0 Safari/537.36"
114.119.152.47 - - [27/Sep/2026:20:54:14 +0300] "GET /2023/09/29/the-origins-of-porsche-debunking-the-myth-of-nazi-involvement HTTP/1.1" 301 - "https://auto-porsche.com/2023/09/29/the-origins-of-porsche-debunking-the-myth-of-nazi-involvement" "Mozilla/5.0 (Linux; Android 7.0;) AppleWebKit/537.36 (HTML, like Gecko) Mobile Safari/537.36 (compatible; PetalBot;+https://webmaster.petalsearch.com/site/petalbot)"
114.119.152.47 - - [27/Sep/2026:20:54:17 +0300] "GET /2023/09/29/the-origins-of-porsche-debunking-the-myth-of-nazi-involvement/ HTTP/1.1" 500 56091 "https://auto-porsche.com/2023/09/29/the-origins-of-porsche-debunking-the-myth-of-nazi-involvement" "Mozilla/5.0 (Linux; Android 7.0;) AppleWebKit/537.36 (HTML, like Gecko) Mobile Safari/537.36 (compatible; PetalBot;+https://webmaster.petalsearch.com/site/petalbot)"
40.77.167.58 - - [27/Sep/2026:20:54:30 +0300] "GET /wp-content/uploads/2023/07/img_64c2988dd28af-150x150.png HTTP/2.0" 404 85028 "-" "Mozilla/5.0 AppleWebKit/537.36 (KHTML, like Gecko; compatible; bingbot/2.0; +http://www.bing.com/bingbot.htm) Chrome/116.0.1938.76 Safari/537.36"
85.254.144.33 - - [27/Sep/2026:20:54:31 +0300] "POST /wp-cron.php?doing_wp_cron=1790531671.9027729034423828125000 HTTP/1.1" 200 - "-" "WordPress/7.1.2; https://auto-porsche.com"
77.88.47.11 - - [27/Sep/2026:20:55:00 +0300] "GET /porsche-911/ HTTP/1.1" 200 116599 "-" "Mozilla/5.0 (compatible; YandexBot/3.0; +http://yandex.com/bots) AppleWebKit/537.36 (KHTML, like Gecko) Chrome/108.0.0.0"
40.77.167.58 - - [27/Sep/2026:20:55:10 +0300] "GET /de/wp-content/uploads/2023/08/csm_PorscheAG_Logo_878ff5cbbb.png HTTP/2.0" 404 83858 "-" "Mozilla/5.0 AppleWebKit/537.36 (KHTML, like Gecko; compatible; bingbot/2.0; +http://www.bing.com/bingbot.htm) Chrome/116.0.1938.76 Safari/537.36"
8.134.86.236 - - [27/Sep/2026:20:55:20 +0300] "GET / HTTP/2.0" 200 95202 "-" "Mozilla/5.0 (Linux; Android 14; HUAWEI Mate 60 Pro) AppleWebKit/537.36 (KHTML, like Gecko) Chrome/116.0.0.0 Mobile Safari/537.36"
8.134.86.236 - - [27/Sep/2026:20:55:21 +0300] "GET /wp-content/plugins/maxslider/assets/vendor/slick/slick.css?ver=1.6.0 HTTP/2.0" 200 1729 "https://auto-porsche.com/" "Mozilla/5.0 (Linux; Android 14; HUAWEI Mate 60 Pro) AppleWebKit/537.36 (KHTML, like Gecko) Chrome/116.0.0.0 Mobile Safari/537.36"
8.134.86.236 - - [27/Sep/2026:20:55:21 +0300] "GET /wp-content/plugins/automatic-upload-images/public/css/automatic-upload-images-public.css?ver=1.0.0 HTTP/2.0" 200 98 "https://auto-porsche.com/" "Mozilla/5.0 (Linux; Android 14; HUAWEI Mate 60 Pro) AppleWebKit/537.36 (KHTML, like Gecko) Chrome/116.0.0.0 Mobile Safari/537.36"
8.134.86.236 - - [27/Sep/2026:20:55:21 +0300] "GET /wp-content/plugins/cookie-notice/css/front.min.css?ver=3.1.12 HTTP/2.0" 200 5830 "https://auto-porsche.com/" "Mozilla/5.0 (Linux; Android 14; HUAWEI Mate 60 Pro) AppleWebKit/537.36 (KHTML, like Gecko) Chrome/116.0.0.0 Mobile Safari/537.36"
8.134.86.236 - - [27/Sep/2026:20:55:21 +0300] "GET /wp-content/plugins/maxslider/assets/css/maxslider.css?ver=1.2.4 HTTP/2.0" 200 4687 "https://auto-porsche.com/" "Mozilla/5.0 (Linux; Android 14; HUAWEI Mate 60 Pro) AppleWebKit/537.36 (KHTML, like Gecko) Chrome/116.0.0.0 Mobile Safari/537.36"
8.134.86.236 - - [27/Sep/2026:20:55:21 +0300] "GET /wp-includes/js/jquery/jquery.min.js?ver=3.7.1 HTTP/2.0" 200 87553 "https://auto-porsche.com/" "Mozilla/5.0 (Linux; Android 14; HUAWEI Mate 60 Pro) AppleWebKit/537.36 (KHTML, like Gecko) Chrome/116.0.0.0 Mobile Safari/537.36"
8.134.86.236 - - [27/Sep/2026:20:55:21 +0300] "GET /wp-includes/js/jquery/jquery-migrate.min.js?ver=3.4.1 HTTP/2.0" 200 13577 "https://auto-porsche.com/" "Mozilla/5.0 (Linux; Android 14; HUAWEI Mate 60 Pro) AppleWebKit/537.36 (KHTML, like Gecko) Chrome/116.0.0.0 Mobile Safari/537.36"
8.134.86.236 - - [27/Sep/2026:20:55:21 +0300] "GET /wp-content/themes/reboot/assets/css/style.min.css?ver=1.1.0 HTTP/2.0" 200 219490 "https://auto-porsche.com/" "Mozilla/5.0 (Linux; Android 14; HUAWEI Mate 60 Pro) AppleWebKit/537.36 (KHTML, like Gecko) Chrome/116.0.0.0 Mobile Safari/537.36"
8.134.86.236 - - [27/Sep/2026:20:55:21 +0300] "GET /wp-content/plugins/automatic-upload-images/public/js/automatic-upload-images-public.js?ver=1.0.0 HTTP/2.0" 200 838 "https://auto-porsche.com/" "Mozilla/5.0 (Linux; Android 14; HUAWEI Mate 60 Pro) AppleWebKit/537.36 (KHTML, like Gecko) Chrome/116.0.0.0 Mobile Safari/537.36"
8.134.86.236 - - [27/Sep/2026:20:55:21 +0300] "GET /wp-content/plugins/cookie-notice/js/front.min.js?ver=3.1.12 HTTP/2.0" 200 9144 "https://auto-porsche.com/" "Mozilla/5.0 (Linux; Android 14; HUAWEI Mate 60 Pro) AppleWebKit/537.36 (KHTML, like Gecko) Chrome/116.0.0.0 Mobile Safari/537.36"
8.134.86.236 - - [27/Sep/2026:20:55:21 +0300] "GET /wp-content/plugins/maxslider/assets/vendor/slick/slick.js?ver=1.6.0 HTTP/2.0" 200 84265 "https://auto-porsche.com/" "Mozilla/5.0 (Linux; Android 14; HUAWEI Mate 60 Pro) AppleWebKit/537.36 (KHTML, like Gecko) Chrome/116.0.0.0 Mobile Safari/537.36"
8.134.86.236 - - [27/Sep/2026:20:55:21 +0300] "GET /wp-content/plugins/maxslider/assets/js/maxslider.js?ver=1.2.4 HTTP/2.0" 200 1209 "https://auto-porsche.com/" "Mozilla/5.0 (Linux; Android 14; HUAWEI Mate 60 Pro) AppleWebKit/537.36 (KHTML, like Gecko) Chrome/116.0.0.0 Mobile Safari/537.36"
8.134.86.236 - - [27/Sep/2026:20:55:21 +0300] "GET /wp-content/plugins/responsify-wp/src/picturefill.3.0.1.min.js HTTP/2.0" 200 11397 "https://auto-porsche.com/" "Mozilla/5.0 (Linux; Android 14; HUAWEI Mate 60 Pro) AppleWebKit/537.36 (KHTML, like Gecko) Chrome/116.0.0.0 Mobile Safari/537.36"
8.134.86.236 - - [27/Sep/2026:20:55:21 +0300] "GET /wp-content/themes/reboot/assets/js/all.min.js?ver=1.1.0 HTTP/2.0" 200 196148 "https://auto-porsche.com/" "Mozilla/5.0 (Linux; Android 14; HUAWEI Mate 60 Pro) AppleWebKit/537.36 (KHTML, like Gecko) Chrome/116.0.0.0 Mobile Safari/537.36"
8.134.86.236 - - [27/Sep/2026:20:55:22 +0300] "GET /wp-includes/js/wp-emoji-release.min.js?ver=7.1.2 HTTP/2.0" 200 22752 "https://auto-porsche.com/" "Mozilla/5.0 (Linux; Android 14; HUAWEI Mate 60 Pro) AppleWebKit/537.36 (KHTML, like Gecko) Chrome/116.0.0.0 Mobile Safari/537.36"
85.254.144.33 - - [27/Sep/2026:20:56:36 +0300] "POST /wp-cron.php?doing_wp_cron=1790531796.1550910472869873046875 HTTP/1.1" 200 - "-" "WordPress/7.1.2; https://auto-porsche.com"
40.77.167.68 - - [27/Sep/2026:20:56:34 +0300] "GET /wp-content/uploads/2023/07/Porsche20Cayenne2028129-100x100.jpg HTTP/2.0" 404 82531 "-" "Mozilla/5.0 AppleWebKit/537.36 (KHTML, like Gecko; compatible; bingbot/2.0; +http://www.bing.com/bingbot.htm) Chrome/116.0.1938.76 Safari/537.36"
36.110.131.153 - - [27/Sep/2026:21:00:09 +0300] "GET /wp-content/uploads/2021/11/porsche-911.png HTTP/2.0" 200 1140915 "-" "Mozilla/5.0 (Windows NT 10.0; Win64; x64) AppleWebKit/537.36 (KHTML, like Gecko) Chrome/120.0.0.0 Safari/537.36"
85.254.144.33 - - [27/Sep/2026:21:00:25 +0300] "POST /wp-cron.php?doing_wp_cron=1790532025.1539070606231689453125 HTTP/1.1" 200 - "-" "WordPress/7.1.2; https://auto-porsche.com"
223.109.252.209 - - [27/Sep/2026:21:00:23 +0300] "GET /category/models/ HTTP/1.1" 200 90770 "-" "Sogou web spider/4.0(+http://www.sogou.com/docs/help/webmasters.htm#07)"
85.254.144.33 - - [27/Sep/2026:21:00:43 +0300] "POST /wp-cron.php?doing_wp_cron=1790532043.6949961185455322265625 HTTP/1.1" 200 - "-" "WordPress/7.1.2; https://auto-porsche.com"
114.119.135.63 - - [27/Sep/2026:21:00:42 +0300] "GET /2023/09/24/exploring-porsche-s-involvement-in-formula-1-racing-a-look-into-porsche-s-history-in-the-f1-world HTTP/1.1" 301 - "https://auto-porsche.com/2023/09/24/exploring-porsche-s-involvement-in-formula-1-racing-a-look-into-porsche-s-history-in-the-f1-world" "Mozilla/5.0 (Linux; Android 7.0;) AppleWebKit/537.36 (HTML, like Gecko) Mobile Safari/537.36 (compatible; PetalBot;+https://webmaster.petalsearch.com/site/petalbot)"
114.119.135.63 - - [27/Sep/2026:21:00:46 +0300] "GET /2023/09/24/exploring-porsche-s-involvement-in-formula-1-racing-a-look-into-porsche-s-history-in-the-f1-world/ HTTP/1.1" 500 62233 "https://auto-porsche.com/2023/09/24/exploring-porsche-s-involvement-in-formula-1-racing-a-look-into-porsche-s-history-in-the-f1-world" "Mozilla/5.0 (Linux; Android 7.0;) AppleWebKit/537.36 (HTML, like Gecko) Mobile Safari/537.36 (compatible; PetalBot;+https://webmaster.petalsearch.com/site/petalbot)"
85.254.144.33 - - [27/Sep/2026:21:01:56 +0300] "POST /wp-cron.php?doing_wp_cron=1790532116.5623979568481445312500 HTTP/1.1" 200 - "-" "WordPress/7.1.2; https://auto-porsche.com"
40.77.167.32 - - [27/Sep/2026:21:01:54 +0300] "GET /wp-content/uploads/2023/07/E9pOKduWQAQd9SK.jpg HTTP/2.0" 404 83843 "-" "Mozilla/5.0 AppleWebKit/537.36 (KHTML, like Gecko; compatible; bingbot/2.0; +http://www.bing.com/bingbot.htm) Chrome/116.0.1938.76 Safari/537.36"
85.254.144.33 - - [27/Sep/2026:21:02:32 +0300] "POST /wp-cron.php?doing_wp_cron=1790532152.1437649726867675781250 HTTP/1.1" 200 - "-" "WordPress/7.1.2; https://auto-porsche.com"
43.164.196.47 - - [27/Sep/2026:21:02:31 +0300] "GET /2023/08/19/understanding-the-long-term-depreciation-of-porsche-cars-a-closer-look-at-their-resale-value/ HTTP/1.1" 500 60842 "-" "Mozilla/5.0 (iPhone; CPU iPhone OS 13_2_3 like Mac OS X) AppleWebKit/605.1.15 (KHTML, like Gecko) Version/13.0.3 Mobile/15E148 Safari/604.1"
57.141.20.28 - - [27/Sep/2026:21:03:48 +0300] "GET /wp-content/uploads/2023/08/exploring-porsches-surprising-history-from-luxury-cars-to-unforeseen-tractors-335x220.jpg HTTP/2.0" 200 15411 "-" "Mozilla/5.0 (Macintosh; Intel Mac OS X 10_15_7) AppleWebKit/537.36 (KHTML, like Gecko) Chrome/145.0.0.0 Safari/537.36 (compatible; meta-externalagent/1.1 (+https://developers.facebook.com/docs/sharing/webmasters/crawler))"
85.254.144.33 - - [27/Sep/2026:21:03:55 +0300] "POST /wp-cron.php?doing_wp_cron=1790532235.5156230926513671875000 HTTP/1.1" 200 - "-" "WordPress/7.1.2; https://auto-porsche.com"
114.119.144.15 - - [27/Sep/2026:21:03:54 +0300] "GET /2023/07/24/the-ultimate-guide-to-upgrading-porsche-pcm-everything-you-need-to-know HTTP/1.1" 301 - "https://auto-porsche.com/2023/07/24/the-ultimate-guide-to-upgrading-porsche-pcm-everything-you-need-to-know" "Mozilla/5.0 (Linux; Android 7.0;) AppleWebKit/537.36 (HTML, like Gecko) Mobile Safari/537.36 (compatible; PetalBot;+https://webmaster.petalsearch.com/site/petalbot)"
114.119.144.15 - - [27/Sep/2026:21:03:57 +0300] "GET /2023/07/24/the-ultimate-guide-to-upgrading-porsche-pcm-everything-you-need-to-know/ HTTP/1.1" 200 125617 "https://auto-porsche.com/2023/07/24/the-ultimate-guide-to-upgrading-porsche-pcm-everything-you-need-to-know" "Mozilla/5.0 (Linux; Android 7.0;) AppleWebKit/537.36 (HTML, like Gecko) Mobile Safari/537.36 (compatible; PetalBot;+https://webmaster.petalsearch.com/site/petalbot)"
42.1.112.36 - - [27/Sep/2026:21:04:08 +0300] "GET / HTTP/1.1" 400 52 "-" "Mozilla/5.0 (Windows NT 10.0; Win64; x64) AppleWebKit/537.36 (KHTML, like Gecko) Chrome/126.0.0.0 Safari/537.36"
85.254.144.33 - - [27/Sep/2026:21:05:13 +0300] "POST /wp-cron.php?doing_wp_cron=1790532313.9729230403900146484375 HTTP/1.1" 200 - "-" "WordPress/7.1.2; https://auto-porsche.com"
178.143.233.83 - - [27/Sep/2026:21:05:13 +0300] "GET /category/blog HTTP/2.0" 301 - "https://auto-porsche.com/" "Mozilla/5.0 (Windows NT 6.2; Win64; x64) AppleWebKit/537.36 (KHTML, like Gecko) Chrome/72.0.3862.34 Safari/537.36"
178.143.233.83 - - [27/Sep/2026:21:05:15 +0300] "GET /category/blog/ HTTP/2.0" 200 96412 "https://auto-porsche.com/" "Mozilla/5.0 (Windows NT 6.2; Win64; x64) AppleWebKit/537.36 (KHTML, like Gecko) Chrome/72.0.3862.34 Safari/537.36"
85.254.144.33 - - [27/Sep/2026:21:07:13 +0300] "POST /wp-cron.php?doing_wp_cron=1790532433.8030331134796142578125 HTTP/1.1" 200 - "-" "WordPress/7.1.2; https://auto-porsche.com"
52.167.144.23 - - [27/Sep/2026:21:07:12 +0300] "GET /de/ursprungsland-der-marke-porsche-wo-liegen-die-wurzeln-des-automobilherstellers.html HTTP/2.0" 301 - "-" "Mozilla/5.0 AppleWebKit/537.36 (KHTML, like Gecko; compatible; bingbot/2.0; +http://www.bing.com/bingbot.htm) Chrome/116.0.1938.76 Safari/537.36"
85.254.144.33 - - [27/Sep/2026:21:07:35 +0300] "POST /wp-cron.php?doing_wp_cron=1790532455.0577559471130371093750 HTTP/1.1" 200 - "-" "WordPress/7.1.2; https://auto-porsche.com"
114.119.158.46 - - [27/Sep/2026:21:07:34 +0300] "GET /2023/07/01/assessing-the-reliability-and-safety-of-the-porsche-panamera-a-comprehensive-review HTTP/1.1" 301 - "https://auto-porsche.com/2023/07/01/assessing-the-reliability-and-safety-of-the-porsche-panamera-a-comprehensive-review" "Mozilla/5.0 (Linux; Android 7.0;) AppleWebKit/537.36 (HTML, like Gecko) Mobile Safari/537.36 (compatible; PetalBot;+https://webmaster.petalsearch.com/site/petalbot)"
114.119.158.46 - - [27/Sep/2026:21:07:36 +0300] "GET /2023/07/01/assessing-the-reliability-and-safety-of-the-porsche-panamera-a-comprehensive-review/ HTTP/1.1" 500 47290 "https://auto-porsche.com/2023/07/01/assessing-the-reliability-and-safety-of-the-porsche-panamera-a-comprehensive-review" "Mozilla/5.0 (Linux; Android 7.0;) AppleWebKit/537.36 (HTML, like Gecko) Mobile Safari/537.36 (compatible; PetalBot;+https://webmaster.petalsearch.com/site/petalbot)"
17.166.24.121 - - [27/Sep/2026:21:07:55 +0300] "GET /robots.txt HTTP/2.0" 200 96 "-" "Mozilla/5.0 (Macintosh; Intel Mac OS X 10_15_7) AppleWebKit/605.1.15 (KHTML, like Gecko) Version/17.4 Safari/605.1.15 (Applebot/0.1; +http://www.apple.com/go/applebot)"
17.166.24.121 - - [27/Sep/2026:21:07:56 +0300] "GET /2023/08/06/is-it-true-that-porsche-designed-the-beetle/ HTTP/2.0" 500 52721 "-" "Mozilla/5.0 (Macintosh; Intel Mac OS X 10_15_7) AppleWebKit/605.1.15 (KHTML, like Gecko) Version/17.4 Safari/605.1.15 (Applebot/0.1; +http://www.apple.com/go/applebot)"
159.223.226.118 - - [27/Sep/2026:21:08:13 +0300] "POST /wp-login.php HTTP/1.1" 200 9678 "-" "Mozilla/5.0 (Windows NT 10.0; WOW64) AppleWebKit/537.43 (KHTML, like Gecko) Chrome/138.0.0.0 Safari/537.36 OPR/122.0.0.0"
40.77.167.32 - - [27/Sep/2026:21:08:25 +0300] "GET /wp-content/uploads/2023/07/718-style-edition-18-1667334774-100x100.jpg HTTP/2.0" 200 2770 "-" "Mozilla/5.0 AppleWebKit/537.36 (KHTML, like Gecko; compatible; bingbot/2.0; +http://www.bing.com/bingbot.htm) Chrome/116.0.1938.76 Safari/537.36"
17.166.25.224 - - [27/Sep/2026:21:09:46 +0300] "GET /wp-content/plugins/cookie-notice/css/front.min.css?ver=3.1.12 HTTP/2.0" 200 5830 "https://auto-porsche.com/2023/08/06/is-it-true-that-porsche-designed-the-beetle/" "Mozilla/5.0 (Macintosh; Intel Mac OS X 10_15_7) AppleWebKit/605.1.15 (KHTML, like Gecko) Version/17.4 Safari/605.1.15 (Applebot/0.1; +http://www.apple.com/go/applebot)"
17.166.25.224 - - [27/Sep/2026:21:09:47 +0300] "GET /wp-content/plugins/maxslider/assets/css/maxslider.css?ver=1.2.4 HTTP/2.0" 200 4687 "https://auto-porsche.com/2023/08/06/is-it-true-that-porsche-designed-the-beetle/" "Mozilla/5.0 (Macintosh; Intel Mac OS X 10_15_7) AppleWebKit/605.1.15 (KHTML, like Gecko) Version/17.4 Safari/605.1.15 (Applebot/0.1; +http://www.apple.com/go/applebot)"
17.166.25.224 - - [27/Sep/2026:21:09:48 +0300] "GET /wp-content/themes/reboot/assets/css/style.min.css?ver=1.1.0 HTTP/2.0" 200 219490 "https://auto-porsche.com/2023/08/06/is-it-true-that-porsche-designed-the-beetle/" "Mozilla/5.0 (Macintosh; Intel Mac OS X 10_15_7) AppleWebKit/605.1.15 (KHTML, like Gecko) Version/17.4 Safari/605.1.15 (Applebot/0.1; +http://www.apple.com/go/applebot)"
17.166.25.224 - - [27/Sep/2026:21:09:50 +0300] "GET /wp-content/plugins/automatic-upload-images/public/css/automatic-upload-images-public.css?ver=1.0.0 HTTP/2.0" 200 98 "https://auto-porsche.com/2023/08/06/is-it-true-that-porsche-designed-the-beetle/" "Mozilla/5.0 (Macintosh; Intel Mac OS X 10_15_7) AppleWebKit/605.1.15 (KHTML, like Gecko) Version/17.4 Safari/605.1.15 (Applebot/0.1; +http://www.apple.com/go/applebot)"
17.166.25.224 - - [27/Sep/2026:21:09:51 +0300] "GET /wp-content/plugins/maxslider/assets/vendor/slick/slick.css?ver=1.6.0 HTTP/2.0" 200 1729 "https://auto-porsche.com/2023/08/06/is-it-true-that-porsche-designed-the-beetle/" "Mozilla/5.0 (Macintosh; Intel Mac OS X 10_15_7) AppleWebKit/605.1.15 (KHTML, like Gecko) Version/17.4 Safari/605.1.15 (Applebot/0.1; +http://www.apple.com/go/applebot)"
17.166.25.224 - - [27/Sep/2026:21:09:53 +0300] "GET /wp-includes/js/jquery/jquery.min.js?ver=3.7.1 HTTP/2.0" 200 87553 "https://auto-porsche.com/2023/08/06/is-it-true-that-porsche-designed-the-beetle/" "Mozilla/5.0 (Macintosh; Intel Mac OS X 10_15_7) AppleWebKit/605.1.15 (KHTML, like Gecko) Version/17.4 Safari/605.1.15 (Applebot/0.1; +http://www.apple.com/go/applebot)"
17.166.25.224 - - [27/Sep/2026:21:09:54 +0300] "GET /wp-includes/js/jquery/jquery-migrate.min.js?ver=3.4.1 HTTP/2.0" 200 13577 "https://auto-porsche.com/2023/08/06/is-it-true-that-porsche-designed-the-beetle/" "Mozilla/5.0 (Macintosh; Intel Mac OS X 10_15_7) AppleWebKit/605.1.15 (KHTML, like Gecko) Version/17.4 Safari/605.1.15 (Applebot/0.1; +http://www.apple.com/go/applebot)"
17.166.25.224 - - [27/Sep/2026:21:09:56 +0300] "GET /wp-content/plugins/automatic-upload-images/public/js/automatic-upload-images-public.js?ver=1.0.0 HTTP/2.0" 200 838 "https://auto-porsche.com/2023/08/06/is-it-true-that-porsche-designed-the-beetle/" "Mozilla/5.0 (Macintosh; Intel Mac OS X 10_15_7) AppleWebKit/605.1.15 (KHTML, like Gecko) Version/17.4 Safari/605.1.15 (Applebot/0.1; +http://www.apple.com/go/applebot)"
17.166.25.224 - - [27/Sep/2026:21:09:57 +0300] "GET /wp-content/plugins/cookie-notice/js/front.min.js?ver=3.1.12 HTTP/2.0" 200 9144 "https://auto-porsche.com/2023/08/06/is-it-true-that-porsche-designed-the-beetle/" "Mozilla/5.0 (Macintosh; Intel Mac OS X 10_15_7) AppleWebKit/605.1.15 (KHTML, like Gecko) Version/17.4 Safari/605.1.15 (Applebot/0.1; +http://www.apple.com/go/applebot)"
85.254.144.33 - - [27/Sep/2026:21:11:06 +0300] "POST /wp-cron.php?doing_wp_cron=1790532666.7734880447387695312500 HTTP/1.1" 200 - "-" "WordPress/7.1.2; https://auto-porsche.com"
114.119.137.116 - - [27/Sep/2026:21:11:05 +0300] "GET /2023/06/20/explore-the-unbeatable-features-of-the-porsche-911-the-epitome-of-sports-cars HTTP/1.1" 301 - "https://auto-porsche.com/2023/06/20/explore-the-unbeatable-features-of-the-porsche-911-the-epitome-of-sports-cars" "Mozilla/5.0 (Linux; Android 7.0;) AppleWebKit/537.36 (HTML, like Gecko) Mobile Safari/537.36 (compatible; PetalBot;+https://webmaster.petalsearch.com/site/petalbot)"
114.119.137.116 - - [27/Sep/2026:21:11:08 +0300] "GET /2023/06/20/explore-the-unbeatable-features-of-the-porsche-911-the-epitome-of-sports-cars/ HTTP/1.1" 200 125366 "https://auto-porsche.com/2023/06/20/explore-the-unbeatable-features-of-the-porsche-911-the-epitome-of-sports-cars" "Mozilla/5.0 (Linux; Android 7.0;) AppleWebKit/537.36 (HTML, like Gecko) Mobile Safari/537.36 (compatible; PetalBot;+https://webmaster.petalsearch.com/site/petalbot)"
85.254.144.33 - - [27/Sep/2026:21:12:01 +0300] "POST /wp-cron.php?doing_wp_cron=1790532721.7691030502319335937500 HTTP/1.1" 200 - "-" "WordPress/7.1.2; https://auto-porsche.com"
17.166.22.22 - - [27/Sep/2026:21:12:00 +0300] "GET /2023/08/07/analyzing-the-reasons-for-the-depreciation-of-porsche-panamera-a-comprehensive-investigation-into-the-influencing-factors/ HTTP/2.0" 500 60940 "-" "Mozilla/5.0 (Macintosh; Intel Mac OS X 10_15_7) AppleWebKit/605.1.15 (KHTML, like Gecko) Version/17.4 Safari/605.1.15 (Applebot/0.1; +http://www.apple.com/go/applebot)"
85.254.144.33 - - [27/Sep/2026:21:13:34 +0300] "POST /wp-cron.php?doing_wp_cron=1790532814.8011419773101806640625 HTTP/1.1" 200 - "-" "WordPress/7.1.2; https://auto-porsche.com"
114.119.148.64 - - [27/Sep/2026:21:13:33 +0300] "GET /2022/01/09/2006-porsche-boxster-s-for-sale-in-randburg-south-africa HTTP/1.1" 301 - "https://auto-porsche.com/2022/01/09/2006-porsche-boxster-s-for-sale-in-randburg-south-africa" "Mozilla/5.0 (Linux; Android 7.0;) AppleWebKit/537.36 (HTML, like Gecko) Mobile Safari/537.36 (compatible; PetalBot;+https://webmaster.petalsearch.com/site/petalbot)"
114.119.148.64 - - [27/Sep/2026:21:13:36 +0300] "GET /2022/01/09/2006-porsche-boxster-s-for-sale-in-randburg-south-africa/ HTTP/1.1" 500 41614 "https://auto-porsche.com/2022/01/09/2006-porsche-boxster-s-for-sale-in-randburg-south-africa" "Mozilla/5.0 (Linux; Android 7.0;) AppleWebKit/537.36 (HTML, like Gecko) Mobile Safari/537.36 (compatible; PetalBot;+https://webmaster.petalsearch.com/site/petalbot)"
43.159.152.4 - - [27/Sep/2026:21:14:09 +0300] "GET /?attachment_id=861 HTTP/1.1" 301 - "-" "Mozilla/5.0 (iPhone; CPU iPhone OS 13_2_3 like Mac OS X) AppleWebKit/605.1.15 (KHTML, like Gecko) Version/13.0.3 Mobile/15E148 Safari/604.1"
43.159.152.4 - - [27/Sep/2026:21:14:14 +0300] "GET /2021/12/14/2019-porsche-panamera-for-sale-miami/ HTTP/1.1" 500 39639 "https://auto-porsche.com/?attachment_id=861" "Mozilla/5.0 (iPhone; CPU iPhone OS 13_2_3 like Mac OS X) AppleWebKit/605.1.15 (KHTML, like Gecko) Version/13.0.3 Mobile/15E148 Safari/604.1"
45.157.80.254 - - [27/Sep/2026:21:14:39 +0300] "GET /wp-content/uploads/2021/12/s-100x100.jpg HTTP/2.0" 200 2525 "https://auto-porsche.com/" "Mozilla/5.0 (Macintosh; Intel Mac OS X 10_15_7) AppleWebKit/537.36 (KHTML, like Gecko) Chrome/142.0.0.0 Safari/537.36"
212.156.70.154 - - [27/Sep/2026:21:15:20 +0300] "GET / HTTP/1.1" 400 52 "-" "Mozilla/5.0 (Windows NT 10.0; Win64; x64) AppleWebKit/537.36 (KHTML, like Gecko) Chrome/150.0.0.0 Safari/537.36"
85.254.144.33 - - [27/Sep/2026:21:15:21 +0300] "POST /wp-cron.php?doing_wp_cron=1790532921.5561389923095703125000 HTTP/1.1" 200 - "-" "WordPress/7.1.2; https://auto-porsche.com"
52.167.144.173 - - [27/Sep/2026:21:15:20 +0300] "GET /2023/07/18/is-porsche-a-reliable-car-brand-let-s-expose-the-facts-about-porsche-s-reliability/ HTTP/2.0" 500 49379 "-" "Mozilla/5.0 AppleWebKit/537.36 (KHTML, like Gecko; compatible; bingbot/2.0; +http://www.bing.com/bingbot.htm) Chrome/116.0.1938.76 Safari/537.36"
40.77.167.1 - - [27/Sep/2026:21:15:48 +0300] "GET /2023/10/07/a-comprehensive-guide-to-singer-porsche-unveiling-the-secrets-of-the-legendary-restorations/ HTTP/2.0" 500 57683 "-" "Mozilla/5.0 AppleWebKit/537.36 (KHTML, like Gecko; compatible; bingbot/2.0; +http://www.bing.com/bingbot.htm) Chrome/116.0.1938.76 Safari/537.36"
85.254.144.33 - - [27/Sep/2026:21:15:48 +0300] "POST /wp-cron.php?doing_wp_cron=1790532948.8845949172973632812500 HTTP/1.1" 200 - "-" "WordPress/7.1.2; https://auto-porsche.com"
45.148.10.120 - - [27/Sep/2026:21:15:47 +0300] "GET /.git/config HTTP/1.1" 404 84090 "-" "Mozilla/5.0 (Windows NT 10.0; Win64; x64) AppleWebKit/537.36 (KHTML, like Gecko) Chrome/64.0.3282.140 Safari/537.36 Edge/18.17763"
209.59.230.86 - - [27/Sep/2026:21:15:54 +0300] "GET /2021/12/30/porsche-macan/ HTTP/1.1" 500 47140 "-" "Mozilla/5.0 (Macintosh; Intel Mac OS X 10_15_7) AppleWebKit/537.36 (KHTML, like Gecko) Chrome/104.0.0.0 Safari/537.36"
209.59.230.86 - - [27/Sep/2026:21:15:55 +0300] "GET /2023/10/19/the-future-of-performance-cars-exploring-the-potential-of-electric-porsche-911/ HTTP/1.1" 500 60569 "-" "Mozilla/5.0 (Macintosh; Intel Mac OS X 10_15_7) AppleWebKit/537.36 (KHTML, like Gecko) Chrome/104.0.0.0 Safari/537.36"
209.59.230.86 - - [27/Sep/2026:21:15:57 +0300] "GET /contact/ HTTP/1.1" 500 32350 "-" "Mozilla/5.0 (Macintosh; Intel Mac OS X 10_15_7) AppleWebKit/537.36 (KHTML, like Gecko) Chrome/104.0.0.0 Safari/537.36"
209.59.230.86 - - [27/Sep/2026:21:15:58 +0300] "GET /porsche-boxster/ HTTP/1.1" 500 51173 "-" "Mozilla/5.0 (Macintosh; Intel Mac OS X 10_15_7) AppleWebKit/537.36 (KHTML, like Gecko) Chrome/104.0.0.0 Safari/537.36"
209.59.230.86 - - [27/Sep/2026:21:15:59 +0300] "GET /porsche-taycan/ HTTP/1.1" 500 46812 "-" "Mozilla/5.0 (Macintosh; Intel Mac OS X 10_15_7) AppleWebKit/537.36 (KHTML, like Gecko) Chrome/104.0.0.0 Safari/537.36"
209.59.230.86 - - [27/Sep/2026:21:16:01 +0300] "GET /porsche-964-turbo/ HTTP/1.1" 500 47852 "-" "Mozilla/5.0 (Macintosh; Intel Mac OS X 10_15_7) AppleWebKit/537.36 (KHTML, like Gecko) Chrome/104.0.0.0 Safari/537.36"
209.59.230.86 - - [27/Sep/2026:21:16:02 +0300] "GET /history-of-porsche/ HTTP/1.1" 500 51134 "-" "Mozilla/5.0 (Macintosh; Intel Mac OS X 10_15_7) AppleWebKit/537.36 (KHTML, like Gecko) Chrome/104.0.0.0 Safari/537.36"
209.59.230.86 - - [27/Sep/2026:21:16:04 +0300] "GET /porsche-944/ HTTP/1.1" 500 48445 "-" "Mozilla/5.0 (Macintosh; Intel Mac OS X 10_15_7) AppleWebKit/537.36 (KHTML, like Gecko) Chrome/104.0.0.0 Safari/537.36"
209.59.230.86 - - [27/Sep/2026:21:16:05 +0300] "GET /porsche-912/ HTTP/1.1" 500 50329 "-" "Mozilla/5.0 (Macintosh; Intel Mac OS X 10_15_7) AppleWebKit/537.36 (KHTML, like Gecko) Chrome/104.0.0.0 Safari/537.36"
209.59.230.86 - - [27/Sep/2026:21:16:07 +0300] "GET /porsche-924/ HTTP/1.1" 500 47312 "-" "Mozilla/5.0 (Macintosh; Intel Mac OS X 10_15_7) AppleWebKit/537.36 (KHTML, like Gecko) Chrome/104.0.0.0 Safari/537.36"
209.59.230.86 - - [27/Sep/2026:21:16:08 +0300] "GET /2021/12/14/2019-porsche-panamera-for-sale-miami/ HTTP/1.1" 500 39639 "-" "Mozilla/5.0 (Macintosh; Intel Mac OS X 10_15_7) AppleWebKit/537.36 (KHTML, like Gecko) Chrome/104.0.0.0 Safari/537.36"
209.59.230.86 - - [27/Sep/2026:21:16:09 +0300] "GET /category/questions/page/6/ HTTP/1.1" 200 98625 "-" "Mozilla/5.0 (Macintosh; Intel Mac OS X 10_15_7) AppleWebKit/537.36 (KHTML, like Gecko) Chrome/104.0.0.0 Safari/537.36"
209.59.230.86 - - [27/Sep/2026:21:16:11 +0300] "GET /2023/07/18/is-porsche-a-reliable-car-brand-let-s-expose-the-facts-about-porsche-s-reliability/ HTTP/1.1" 500 49379 "-" "Mozilla/5.0 (Macintosh; Intel Mac OS X 10_15_7) AppleWebKit/537.36 (KHTML, like Gecko) Chrome/104.0.0.0 Safari/537.36"
209.59.230.86 - - [27/Sep/2026:21:16:13 +0300] "GET /2023/10/19/exploring-the-timing-and-implications-of-porsche-s-initial-public-offering-ipo/ HTTP/1.1" 500 60952 "-" "Mozilla/5.0 (Macintosh; Intel Mac OS X 10_15_7) AppleWebKit/537.36 (KHTML, like Gecko) Chrome/104.0.0.0 Safari/537.36"
209.59.230.86 - - [27/Sep/2026:21:16:14 +0300] "GET /history-of-porsche HTTP/1.1" 301 - "-" "Mozilla/5.0 (Macintosh; Intel Mac OS X 10_15_7) AppleWebKit/537.36 (KHTML, like Gecko) Chrome/104.0.0.0 Safari/537.36"
209.59.230.86 - - [27/Sep/2026:21:16:15 +0300] "GET /history-of-porsche/ HTTP/1.1" 500 51134 "-" "Mozilla/5.0 (Macintosh; Intel Mac OS X 10_15_7) AppleWebKit/537.36 (KHTML, like Gecko) Chrome/104.0.0.0 Safari/537.36"
209.59.230.86 - - [27/Sep/2026:21:16:17 +0300] "GET /porsche-panamera/ HTTP/1.1" 500 48375 "-" "Mozilla/5.0 (Macintosh; Intel Mac OS X 10_15_7) AppleWebKit/537.36 (KHTML, like Gecko) Chrome/104.0.0.0 Safari/537.36"
209.59.230.86 - - [27/Sep/2026:21:16:19 +0300] "GET /2021/12/23/1985-porsche-944-lux-for-sale-in-surrey-united-kingdom/ HTTP/1.1" 500 41183 "-" "Mozilla/5.0 (Macintosh; Intel Mac OS X 10_15_7) AppleWebKit/537.36 (KHTML, like Gecko) Chrome/104.0.0.0 Safari/537.36"
209.59.230.86 - - [27/Sep/2026:21:16:20 +0300] "GET /2021/12/14/2018-porsche-macan-for-sale-for-sale-in-germany/ HTTP/1.1" 500 40947 "-" "Mozilla/5.0 (Macintosh; Intel Mac OS X 10_15_7) AppleWebKit/537.36 (KHTML, like Gecko) Chrome/104.0.0.0 Safari/537.36"
209.59.230.86 - - [27/Sep/2026:21:16:21 +0300] "GET /2021/12/03/porsche-924/ HTTP/1.1" 500 49539 "-" "Mozilla/5.0 (Macintosh; Intel Mac OS X 10_15_7) AppleWebKit/537.36 (KHTML, like Gecko) Chrome/104.0.0.0 Safari/537.36"
209.59.230.86 - - [27/Sep/2026:21:16:23 +0300] "GET /2021/11/30/porsche-cayenne/ HTTP/1.1" 500 49702 "-" "Mozilla/5.0 (Macintosh; Intel Mac OS X 10_15_7) AppleWebKit/537.36 (KHTML, like Gecko) Chrome/104.0.0.0 Safari/537.36"
209.59.230.86 - - [27/Sep/2026:21:16:24 +0300] "GET /2023/10/27/what-are-the-expected-changes-in-the-porsche-macan/ HTTP/1.1" 500 56454 "-" "Mozilla/5.0 (Macintosh; Intel Mac OS X 10_15_7) AppleWebKit/537.36 (KHTML, like Gecko) Chrome/104.0.0.0 Safari/537.36"
85.254.144.33 - - [27/Sep/2026:21:16:27 +0300] "POST /wp-cron.php?doing_wp_cron=1790532987.3567121028900146484375 HTTP/1.1" 200 - "-" "WordPress/7.1.2; https://auto-porsche.com"
209.59.230.86 - - [27/Sep/2026:21:16:26 +0300] "GET /2021/11/25/porsche-boxster/ HTTP/1.1" 500 54641 "-" "Mozilla/5.0 (Macintosh; Intel Mac OS X 10_15_7) AppleWebKit/537.36 (KHTML, like Gecko) Chrome/104.0.0.0 Safari/537.36"
209.59.230.86 - - [27/Sep/2026:21:16:28 +0300] "GET /category/questions/page/7/ HTTP/1.1" 200 95886 "-" "Mozilla/5.0 (Macintosh; Intel Mac OS X 10_15_7) AppleWebKit/537.36 (KHTML, like Gecko) Chrome/104.0.0.0 Safari/537.36"
209.59.230.86 - - [27/Sep/2026:21:16:30 +0300] "GET /2023/11/02/porsche-911-gt3-explore-the-pricing-and-features-of-this-iconic-sports-car/ HTTP/1.1" 500 55084 "-" "Mozilla/5.0 (Macintosh; Intel Mac OS X 10_15_7) AppleWebKit/537.36 (KHTML, like Gecko) Chrome/104.0.0.0 Safari/537.36"
209.59.230.86 - - [27/Sep/2026:21:16:31 +0300] "GET /porsche-cayenne-2/ HTTP/1.1" 500 48821 "-" "Mozilla/5.0 (Macintosh; Intel Mac OS X 10_15_7) AppleWebKit/537.36 (KHTML, like Gecko) Chrome/104.0.0.0 Safari/537.36"
209.59.230.86 - - [27/Sep/2026:21:16:33 +0300] "GET /porsche-cayenne/ HTTP/1.1" 500 31091 "-" "Mozilla/5.0 (Macintosh; Intel Mac OS X 10_15_7) AppleWebKit/537.36 (KHTML, like Gecko) Chrome/104.0.0.0 Safari/537.36"
209.59.230.86 - - [27/Sep/2026:21:16:34 +0300] "GET /2023/10/25/what-is-the-expected-timeline-for-the-next-generation-of-the-porsche-cayenne/ HTTP/1.1" 500 58040 "-" "Mozilla/5.0 (Macintosh; Intel Mac OS X 10_15_7) AppleWebKit/537.36 (KHTML, like Gecko) Chrome/104.0.0.0 Safari/537.36"
47.128.117.46 - - [27/Sep/2026:21:16:45 +0300] "GET /2023/11/02/porsche-911-gt3-explore-the-pricing-and-features-of-this-iconic-sports-car/ HTTP/2.0" 500 55084 "-" "Mozilla/5.0 (Linux; Android 5.0) AppleWebKit/537.36 (KHTML, like Gecko) Mobile Safari/537.36 (compatible; TikTokSpider; ttspider-feedback@tiktok.com)"
47.128.117.46 - - [27/Sep/2026:21:16:46 +0300] "GET /wp-content/uploads/2023/07/Porsche2091120GT320.jpg HTTP/2.0" 404 83900 "https://auto-porsche.com/2023/11/02/porsche-911-gt3-explore-the-pricing-and-features-of-this-iconic-sports-car/" "Mozilla/5.0 (Linux; Android 5.0) AppleWebKit/537.36 (KHTML, like Gecko) Mobile Safari/537.36 (compatible; TikTokSpider; ttspider-feedback@tiktok.com)"
114.119.148.64 - - [27/Sep/2026:21:16:49 +0300] "GET /2021/12/19/2020-porsche-taycan-for-sale-in/ HTTP/1.1" 500 42006 "https://auto-porsche.com/2021/12/19/2020-porsche-taycan-for-sale-in/" "Mozilla/5.0 (Linux; Android 7.0;) AppleWebKit/537.36 (HTML, like Gecko) Mobile Safari/537.36 (compatible; PetalBot;+https://webmaster.petalsearch.com/site/petalbot)"
47.128.117.46 - - [27/Sep/2026:21:16:49 +0300] "GET /wp-content/uploads/2023/07/Porsche2091120GT320.jpg HTTP/2.0" 404 - "https://auto-porsche.com/2023/11/02/porsche-911-gt3-explore-the-pricing-and-features-of-this-iconic-sports-car/" "Mozilla/5.0 (Linux; Android 5.0) AppleWebKit/537.36 (KHTML, like Gecko) Mobile Safari/537.36 (compatible; TikTokSpider; ttspider-feedback@tiktok.com)"
52.167.144.173 - - [27/Sep/2026:21:16:55 +0300] "GET /wp-content/uploads/2023/07/Porsche2091120GT320.jpg HTTP/2.0" 404 85325 "-" "Mozilla/5.0 AppleWebKit/537.36 (KHTML, like Gecko; compatible; bingbot/2.0; +http://www.bing.com/bingbot.htm) Chrome/116.0.1938.76 Safari/537.36"
37.27.204.220 - - [27/Sep/2026:21:17:01 +0300] "GET /wp-content/uploads/2023/08/exploring-porsches-surprising-history-from-luxury-cars-to-unforeseen-tractors.jpg HTTP/1.1" 200 114746 "-" "Mozilla/5.0 (Macintosh; Intel Mac OS X 10_15_7) AppleWebKit/537.36 (KHTML, like Gecko) Chrome/104.0.0.0 Safari/537.36"
37.27.204.220 - - [27/Sep/2026:21:17:01 +0300] "GET /wp-content/uploads/2023/08/the-intriguing-connection-between-porsche-and-military-vehicles-unveiling-the-untold-history-of-porsches-tank-production.jpg HTTP/1.1" 200 545867 "-" "Mozilla/5.0 (Macintosh; Intel Mac OS X 10_15_7) AppleWebKit/537.36 (KHTML, like Gecko) Chrome/104.0.0.0 Safari/537.36"
37.27.204.220 - - [27/Sep/2026:21:17:01 +0300] "GET /wp-content/uploads/2023/08/examining-porsches-ability-to-utilize-tesla-charging-stations-assessing-compatibility-and-exploring-viable-alternatives.jpg HTTP/1.1" 404 85402 "-" "Mozilla/5.0 (Macintosh; Intel Mac OS X 10_15_7) AppleWebKit/537.36 (KHTML, like Gecko) Chrome/104.0.0.0 Safari/537.36"
40.77.167.1 - - [27/Sep/2026:21:17:05 +0300] "GET /de/page/2 HTTP/2.0" 404 85614 "-" "Mozilla/5.0 AppleWebKit/537.36 (KHTML, like Gecko; compatible; bingbot/2.0; +http://www.bing.com/bingbot.htm) Chrome/116.0.1938.76 Safari/537.36"
52.167.144.173 - - [27/Sep/2026:21:17:09 +0300] "GET /2023/11/26/discover-the-price-and-specifications-of-the-porsche-gt3-how-much-does-it-cost/ HTTP/2.0" 500 53228 "-" "Mozilla/5.0 AppleWebKit/537.36 (KHTML, like Gecko; compatible; bingbot/2.0; +http://www.bing.com/bingbot.htm) Chrome/116.0.1938.76 Safari/537.36"
65.108.80.236 - - [27/Sep/2026:21:17:37 +0300] "GET /wp-content/uploads/2023/07/exploring-the-relationship-between-porsche-and-audi-is-porsche-the-owner-of-audi-or-do-they-share-a-common-heritage.jpg HTTP/1.1" 404 84258 "-" "Mozilla/5.0 (Macintosh; Intel Mac OS X 10_15_7) AppleWebKit/537.36 (KHTML, like Gecko) Chrome/104.0.0.0 Safari/537.36"
65.108.80.236 - - [27/Sep/2026:21:17:37 +0300] "GET /wp-content/uploads/2023/08/unraveling-the-mystery-did-porsche-once-have-a-formula-1-team-discover-the-untold-story.jpg HTTP/1.1" 404 83817 "-" "Mozilla/5.0 (Macintosh; Intel Mac OS X 10_15_7) AppleWebKit/537.36 (KHTML, like Gecko) Chrome/104.0.0.0 Safari/537.36"
85.254.144.33 - - [27/Sep/2026:21:17:38 +0300] "POST /wp-cron.php?doing_wp_cron=1790533058.9813950061798095703125 HTTP/1.1" 200 - "-" "WordPress/7.1.2; https://auto-porsche.com"
65.108.80.236 - - [27/Sep/2026:21:17:37 +0300] "GET /wp-content/uploads/2023/08/discover-the-impressive-towing-capacity-of-the-porsche-cayenne-unleashing-power-and-versatility.jpg HTTP/1.1" 404 84784 "-" "Mozilla/5.0 (Macintosh; Intel Mac OS X 10_15_7) AppleWebKit/537.36 (KHTML, like Gecko) Chrome/104.0.0.0 Safari/537.36"
52.167.144.181 - - [27/Sep/2026:21:17:51 +0300] "GET /2023/11/21/porsche-cayenne-exploring-the-pricing-and-cost-of-this-luxury-suv/ HTTP/2.0" 500 52538 "-" "Mozilla/5.0 AppleWebKit/537.36 (KHTML, like Gecko; compatible; bingbot/2.0; +http://www.bing.com/bingbot.htm) Chrome/116.0.1938.76 Safari/537.36"
43.172.197.7 - - [27/Sep/2026:21:17:56 +0300] "GET /2024/01/26/find-the-speediest-porsche-911-models-select-your-ultimate-champion/ HTTP/1.1" 500 57787 "-" "Mozilla/5.0 (Windows NT 10.0; Win64; x64) AppleWebKit/537.36 (KHTML, like Gecko) Chrome/106.0.5249.119 Safari/537.36"
43.172.198.39 - - [27/Sep/2026:21:18:09 +0300] "GET /2024/01/26/find-the-speediest-porsche-911-models-select-your-ultimate-champion/ HTTP/1.1" 500 57787 "-" "Mozilla/5.0 (Windows NT 10.0; Win64; x64) AppleWebKit/537.36 (KHTML, like Gecko) Chrome/107.0.0.0 Safari/537.36"
182.161.73.20 - - [27/Sep/2026:21:18:12 +0300] "GET /2024/01/26/find-the-speediest-porsche-911-models-select-your-ultimate-champion HTTP/1.1" 301 - "-" "CriteoBot/0.1 (+https://www.criteo.com/criteo-crawler/)"
182.161.73.25 - - [27/Sep/2026:21:18:13 +0300] "GET /2024/01/26/find-the-speediest-porsche-911-models-select-your-ultimate-champion/ HTTP/1.1" 500 57787 "-" "CriteoBot/0.1 (+https://www.criteo.com/criteo-crawler/)"
43.110.36.224 - - [27/Sep/2026:21:18:14 +0300] "GET /2024/01/26/find-the-speediest-porsche-911-models-select-your-ultimate-champion/ HTTP/1.1" 500 57787 "-" "Mozilla/5.0 (Windows NT 10.0; Win64; x64) AppleWebKit/537.36 (KHTML, like Gecko) Chrome/107.0.0.0 Safari/537.36"
45.148.10.120 - - [27/Sep/2026:21:19:28 +0300] "GET /.git/config HTTP/1.1" 200 12147 "-" "Mozilla/5.0 (Windows NT 10.0; Win64; x64; rv:139.0) Gecko/20100101 Firefox/139.0"
52.167.144.173 - - [27/Sep/2026:21:19:35 +0300] "GET /wp-content/uploads/2022/01/35-1-870x400.jpg HTTP/2.0" 200 57621 "-" "Mozilla/5.0 AppleWebKit/537.36 (KHTML, like Gecko; compatible; bingbot/2.0; +http://www.bing.com/bingbot.htm) Chrome/116.0.1938.76 Safari/537.36"
85.254.144.33 - - [27/Sep/2026:21:20:04 +0300] "POST /wp-cron.php?doing_wp_cron=1790533204.4323730468750000000000 HTTP/1.1" 200 - "-" "WordPress/7.1.2; https://auto-porsche.com"
