104.211.74.130 - - [27/Sep/2026:16:36:16 +0300] "GET /wp-content/themes/twentytwentyfive/about.php HTTP/1.1" 404 81245 "-" "Mozilla/5.0 (Windows NT 10.0; Win64; x64) AppleWebKit/537.36 (KHTML, like Gecko) Chrome/120.0.0.0 Safari/537.36"
104.211.74.130 - - [27/Sep/2026:16:36:17 +0300] "GET /x.php HTTP/1.1" 404 84049 "-" "Mozilla/5.0 (Windows NT 10.0; Win64; x64) AppleWebKit/537.36 (KHTML, like Gecko) Chrome/120.0.0.0 Safari/537.36"
104.211.74.130 - - [27/Sep/2026:16:36:19 +0300] "GET /wp-admin/maint/ HTTP/1.1" 200 840 "-" "Mozilla/5.0 (Windows NT 10.0; Win64; x64) AppleWebKit/537.36 (KHTML, like Gecko) Chrome/120.0.0.0 Safari/537.36"
104.211.74.130 - - [27/Sep/2026:16:36:19 +0300] "GET /wp-admin/css/3admin.php HTTP/1.1" 404 85070 "-" "Mozilla/5.0 (Windows NT 10.0; Win64; x64) AppleWebKit/537.36 (KHTML, like Gecko) Chrome/120.0.0.0 Safari/537.36"
104.211.74.130 - - [27/Sep/2026:16:36:21 +0300] "GET /wp-content/themes/twentytwentyfour/wp-login.php HTTP/1.1" 404 82651 "-" "Mozilla/5.0 (Windows NT 10.0; Win64; x64) AppleWebKit/537.36 (KHTML, like Gecko) Chrome/120.0.0.0 Safari/537.36"
104.211.74.130 - - [27/Sep/2026:16:36:23 +0300] "GET /wp-includes/sitemaps/alfa-rex.php HTTP/1.1" 404 82825 "-" "Mozilla/5.0 (Windows NT 10.0; Win64; x64) AppleWebKit/537.36 (KHTML, like Gecko) Chrome/120.0.0.0 Safari/537.36"
85.254.144.33 - - [27/Sep/2026:16:36:26 +0300] "POST /wp-cron.php?doing_wp_cron=1790516186.9156079292297363281250 HTTP/1.1" 200 - "-" "WordPress/7.1.2; https://auto-porsche.com"
104.211.74.130 - - [27/Sep/2026:16:36:25 +0300] "GET /7.php HTTP/1.1" 404 85233 "-" "Mozilla/5.0 (Windows NT 10.0; Win64; x64) AppleWebKit/537.36 (KHTML, like Gecko) Chrome/120.0.0.0 Safari/537.36"
104.211.74.130 - - [27/Sep/2026:16:36:27 +0300] "GET /wp-includes/style-engine/ HTTP/1.1" 200 1717 "-" "Mozilla/5.0 (Windows NT 10.0; Win64; x64) AppleWebKit/537.36 (KHTML, like Gecko) Chrome/120.0.0.0 Safari/537.36"
104.211.74.130 - - [27/Sep/2026:16:36:28 +0300] "GET /edit.php HTTP/1.1" 404 84031 "-" "Mozilla/5.0 (Windows NT 10.0; Win64; x64) AppleWebKit/537.36 (KHTML, like Gecko) Chrome/120.0.0.0 Safari/537.36"
104.211.74.130 - - [27/Sep/2026:16:36:29 +0300] "GET /wp-admin/index.php HTTP/1.1" 302 - "-" "Mozilla/5.0 (Windows NT 10.0; Win64; x64) AppleWebKit/537.36 (KHTML, like Gecko) Chrome/120.0.0.0 Safari/537.36"
104.211.74.130 - - [27/Sep/2026:16:36:31 +0300] "GET /storage/rip.php HTTP/1.1" 404 83431 "-" "Mozilla/5.0 (Windows NT 10.0; Win64; x64) AppleWebKit/537.36 (KHTML, like Gecko) Chrome/120.0.0.0 Safari/537.36"
104.211.74.130 - - [27/Sep/2026:16:36:32 +0300] "GET /search/about.php HTTP/1.1" 200 83781 "-" "Mozilla/5.0 (Windows NT 10.0; Win64; x64) AppleWebKit/537.36 (KHTML, like Gecko) Chrome/120.0.0.0 Safari/537.36"
104.211.74.130 - - [27/Sep/2026:16:36:34 +0300] "GET /wp-content/themes/go HTTP/1.1" 404 85858 "-" "Mozilla/5.0 (Windows NT 10.0; Win64; x64) AppleWebKit/537.36 (KHTML, like Gecko) Chrome/120.0.0.0 Safari/537.36"
104.211.74.130 - - [27/Sep/2026:16:36:36 +0300] "GET /wp-content/themes/hello-elementor HTTP/1.1" 404 84854 "-" "Mozilla/5.0 (Windows NT 10.0; Win64; x64) AppleWebKit/537.36 (KHTML, like Gecko) Chrome/120.0.0.0 Safari/537.36"
104.211.74.130 - - [27/Sep/2026:16:36:38 +0300] "GET /atomlib.php HTTP/1.1" 404 84488 "-" "Mozilla/5.0 (Windows NT 10.0; Win64; x64) AppleWebKit/537.36 (KHTML, like Gecko) Chrome/120.0.0.0 Safari/537.36"
104.211.74.130 - - [27/Sep/2026:16:36:40 +0300] "GET /wp-admin/ HTTP/1.1" 302 - "-" "Mozilla/5.0 (Windows NT 10.0; Win64; x64) AppleWebKit/537.36 (KHTML, like Gecko) Chrome/120.0.0.0 Safari/537.36"
104.211.74.130 - - [27/Sep/2026:16:36:41 +0300] "GET /adminfuns.php HTTP/1.1" 404 84848 "-" "Mozilla/5.0 (Windows NT 10.0; Win64; x64) AppleWebKit/537.36 (KHTML, like Gecko) Chrome/120.0.0.0 Safari/537.36"
104.211.74.130 - - [27/Sep/2026:16:36:43 +0300] "GET /css.php HTTP/1.1" 404 83157 "-" "Mozilla/5.0 (Windows NT 10.0; Win64; x64) AppleWebKit/537.36 (KHTML, like Gecko) Chrome/120.0.0.0 Safari/537.36"
104.211.74.130 - - [27/Sep/2026:16:36:44 +0300] "GET /wp-content/plugins/admin.php HTTP/1.1" 404 84374 "-" "Mozilla/5.0 (Windows NT 10.0; Win64; x64) AppleWebKit/537.36 (KHTML, like Gecko) Chrome/120.0.0.0 Safari/537.36"
104.211.74.130 - - [27/Sep/2026:16:36:46 +0300] "GET /wp-includes/rest-api/endpoints/ HTTP/1.1" 200 10660 "-" "Mozilla/5.0 (Windows NT 10.0; Win64; x64) AppleWebKit/537.36 (KHTML, like Gecko) Chrome/120.0.0.0 Safari/537.36"
104.211.74.130 - - [27/Sep/2026:16:36:46 +0300] "GET /2.php HTTP/1.1" 404 83794 "-" "Mozilla/5.0 (Windows NT 10.0; Win64; x64) AppleWebKit/537.36 (KHTML, like Gecko) Chrome/120.0.0.0 Safari/537.36"
104.211.74.130 - - [27/Sep/2026:16:36:48 +0300] "GET /a7.php HTTP/1.1" 404 83880 "-" "Mozilla/5.0 (Windows NT 10.0; Win64; x64) AppleWebKit/537.36 (KHTML, like Gecko) Chrome/120.0.0.0 Safari/537.36"
104.211.74.130 - - [27/Sep/2026:16:36:50 +0300] "GET /wp-load.php HTTP/1.1" 200 - "-" "Mozilla/5.0 (Windows NT 10.0; Win64; x64) AppleWebKit/537.36 (KHTML, like Gecko) Chrome/120.0.0.0 Safari/537.36"
104.211.74.130 - - [27/Sep/2026:16:36:51 +0300] "GET /wk/ HTTP/1.1" 404 83867 "-" "Mozilla/5.0 (Windows NT 10.0; Win64; x64) AppleWebKit/537.36 (KHTML, like Gecko) Chrome/120.0.0.0 Safari/537.36"
85.254.144.33 - - [27/Sep/2026:16:38:39 +0300] "POST /wp-cron.php?doing_wp_cron=1790516319.9036109447479248046875 HTTP/1.1" 200 - "-" "WordPress/7.1.2; https://auto-porsche.com"
114.119.154.166 - - [27/Sep/2026:16:38:39 +0300] "GET /2021/11/19/the-evolution-of-porsche-logo HTTP/1.1" 301 - "https://auto-porsche.com/2021/12/23/1985-porsche-944-lux-for-sale-in-surrey-united-kingdom" "Mozilla/5.0 (Linux; Android 7.0;) AppleWebKit/537.36 (HTML, like Gecko) Mobile Safari/537.36 (compatible; PetalBot;+https://webmaster.petalsearch.com/site/petalbot)"
114.119.154.166 - - [27/Sep/2026:16:38:41 +0300] "GET /2021/11/19/the-evolution-of-porsche-logo/ HTTP/1.1" 500 40849 "https://auto-porsche.com/2021/12/23/1985-porsche-944-lux-for-sale-in-surrey-united-kingdom" "Mozilla/5.0 (Linux; Android 7.0;) AppleWebKit/537.36 (HTML, like Gecko) Mobile Safari/537.36 (compatible; PetalBot;+https://webmaster.petalsearch.com/site/petalbot)"
104.234.53.118 - - [27/Sep/2026:16:39:55 +0300] "GET /wp-login.php HTTP/1.1" 200 9308 "-" "Mozilla/5.0"
104.234.53.118 - - [27/Sep/2026:16:39:56 +0300] "GET /?author=1 HTTP/1.1" 301 - "-" "Mozilla/5.0"
104.234.53.118 - - [27/Sep/2026:16:39:57 +0300] "GET /?feed=rss2 HTTP/1.1" 301 - "-" "Mozilla/5.0"
104.234.53.118 - - [27/Sep/2026:16:39:58 +0300] "GET /feed/ HTTP/1.1" 200 202335 "-" "Mozilla/5.0"
57.141.20.14 - - [27/Sep/2026:16:40:58 +0300] "GET /wp-content/uploads/2023/08/mastering-the-art-of-beating-traffic-unleash-the-power-of-a-home-porsche-ad-300x300.jpg HTTP/2.0" 200 14010 "-" "Mozilla/5.0 (Macintosh; Intel Mac OS X 10_15_7) AppleWebKit/537.36 (KHTML, like Gecko) Chrome/145.0.0.0 Safari/537.36 (compatible; meta-externalagent/1.1 (+https://developers.facebook.com/docs/sharing/webmasters/crawler))"
40.77.167.138 - - [27/Sep/2026:16:41:16 +0300] "GET /robots.txt HTTP/2.0" 200 96 "-" "Mozilla/5.0 AppleWebKit/537.36 (KHTML, like Gecko; compatible; bingbot/2.0; +http://www.bing.com/bingbot.htm) Chrome/116.0.1938.76 Safari/537.36"
85.254.144.33 - - [27/Sep/2026:16:41:23 +0300] "POST /wp-cron.php?doing_wp_cron=1790516483.2117090225219726562500 HTTP/1.1" 200 - "-" "WordPress/7.1.2; https://auto-porsche.com"
52.167.144.166 - - [27/Sep/2026:16:41:22 +0300] "GET /de/welche-art-von-benzin-ist-die-beste-wahl-fuer-den-porsche-macan.html HTTP/2.0" 301 - "-" "Mozilla/5.0 AppleWebKit/537.36 (KHTML, like Gecko; compatible; bingbot/2.0; +http://www.bing.com/bingbot.htm) Chrome/116.0.1938.76 Safari/537.36"
85.254.144.33 - - [27/Sep/2026:16:42:40 +0300] "POST /wp-cron.php?doing_wp_cron=1790516560.1540179252624511718750 HTTP/1.1" 200 - "-" "WordPress/7.1.2; https://auto-porsche.com"
43.133.253.253 - - [27/Sep/2026:16:42:39 +0300] "GET /wp-json/oembed/1.0/embed?url=https%3A%2F%2Fauto-porsche.com%2F2021%2F12%2F15%2F1980-porsche-924-turbo-for-sale-in-kent-uk%2F&format=xml HTTP/1.1" 200 2673 "-" "Mozilla/5.0 (iPhone; CPU iPhone OS 13_2_3 like Mac OS X) AppleWebKit/605.1.15 (KHTML, like Gecko) Version/13.0.3 Mobile/15E148 Safari/604.1"
34.236.37.82 - - [27/Sep/2026:16:44:03 +0300] "GET /wp-admin/network/ HTTP/1.1" 302 - "binance.com" "Mozilla/5.0 (Windows NT 10.0; Win64; x64) AppleWebKit/537.36 (KHTML, like Gecko) Chrome/90.0.4430.85 Safari/537.36"
34.236.37.82 - - [27/Sep/2026:16:44:04 +0300] "GET /wp-login.php?redirect_to=https%3A%2F%2Fauto-porsche.com%2Fwp-admin%2Fnetwork%2F&reauth=1 HTTP/1.1" 200 9316 "binance.com" "Mozilla/5.0 (Windows NT 10.0; Win64; x64) AppleWebKit/537.36 (KHTML, like Gecko) Chrome/90.0.4430.85 Safari/537.36"
34.236.37.82 - - [27/Sep/2026:16:44:09 +0300] "GET /wp-admin/user/ HTTP/1.1" 302 - "binance.com" "Mozilla/5.0 (Windows NT 10.0; Win64; x64) AppleWebKit/537.36 (KHTML, like Gecko) Chrome/90.0.4430.85 Safari/537.36"
34.236.37.82 - - [27/Sep/2026:16:44:10 +0300] "GET /wp-login.php?redirect_to=https%3A%2F%2Fauto-porsche.com%2Fwp-admin%2Fuser%2F&reauth=1 HTTP/1.1" 200 9313 "binance.com" "Mozilla/5.0 (Windows NT 10.0; Win64; x64) AppleWebKit/537.36 (KHTML, like Gecko) Chrome/90.0.4430.85 Safari/537.36"
85.254.144.33 - - [27/Sep/2026:16:45:28 +0300] "POST /wp-cron.php?doing_wp_cron=1790516728.6761870384216308593750 HTTP/1.1" 200 - "-" "WordPress/7.1.2; https://auto-porsche.com"
77.88.47.28 - - [27/Sep/2026:16:45:27 +0300] "GET /2023/12/07/updated-pricing-guide-for-porsche-macan-how-much-does-it-cost-to-own-one/ HTTP/1.1" 500 51542 "-" "Mozilla/5.0 (compatible; YandexBot/3.0; +http://yandex.com/bots) AppleWebKit/537.36 (KHTML, like Gecko) Chrome/108.0.0.0"
41.208.137.151 - - [27/Sep/2026:16:46:12 +0300] "GET /porsche-924 HTTP/2.0" 301 - "https://auto-porsche.com" "Mozilla/5.0 (Windows NT 10.0; Win64; x64) AppleWebKit/537.36 (KHTML, like Gecko) Chrome/145.0.0.0 Safari/537.36 Edg/145.0.0.0"
153.66.81.171 - - [27/Sep/2026:16:46:15 +0300] "GET /porsche-924/ HTTP/2.0" 500 47312 "https://auto-porsche.com/porsche-924" "Mozilla/5.0 (Windows NT 10.0; Win64; x64) AppleWebKit/537.36 (KHTML, like Gecko) Chrome/145.0.0.0 Safari/537.36 Edg/145.0.0.0"
38.35.195.132 - - [27/Sep/2026:16:46:19 +0300] "GET /porsche-924 HTTP/2.0" 301 - "https://auto-porsche.com" "Mozilla/5.0 (Windows NT 10.0; Win64; x64) AppleWebKit/537.36 (KHTML, like Gecko) Chrome/145.0.0.0 Safari/537.36 Edg/145.0.0.0"
5.70.247.64 - - [27/Sep/2026:16:46:21 +0300] "GET /porsche-924/ HTTP/2.0" 500 47312 "https://auto-porsche.com/porsche-924" "Mozilla/5.0 (Windows NT 10.0; Win64; x64) AppleWebKit/537.36 (KHTML, like Gecko) Chrome/145.0.0.0 Safari/537.36 Edg/145.0.0.0"
91.150.201.44 - - [27/Sep/2026:16:46:24 +0300] "GET /porsche-924 HTTP/2.0" 301 - "https://auto-porsche.com" "Mozilla/5.0 (Windows NT 10.0; Win64; x64) AppleWebKit/537.36 (KHTML, like Gecko) Chrome/145.0.0.0 Safari/537.36 Edg/145.0.0.0"
85.254.144.33 - - [27/Sep/2026:16:46:28 +0300] "POST /wp-cron.php?doing_wp_cron=1790516788.1721611022949218750000 HTTP/1.1" 200 - "-" "WordPress/7.1.2; https://auto-porsche.com"
188.86.4.232 - - [27/Sep/2026:16:46:27 +0300] "GET /porsche-924/ HTTP/2.0" 500 47312 "https://auto-porsche.com/porsche-924" "Mozilla/5.0 (Windows NT 10.0; Win64; x64) AppleWebKit/537.36 (KHTML, like Gecko) Chrome/145.0.0.0 Safari/537.36 Edg/145.0.0.0"
85.254.144.33 - - [27/Sep/2026:16:48:40 +0300] "POST /wp-cron.php?doing_wp_cron=1790516920.4525389671325683593750 HTTP/1.1" 200 - "-" "WordPress/7.1.2; https://auto-porsche.com"
103.77.203.149 - - [27/Sep/2026:16:48:39 +0300] "GET /wp-json/oembed/1.0/embed?url=https%3A%2F%2Fauto-porsche.com%2F2023%2F09%2F14%2Fporsche-s-dominance-at-le-mans-a-historic-journey-of-victories-and-achievements%2F&format=xml HTTP/2.0" 200 2953 "-" "Mozilla/5.0 (X11; Linux x86_64) AppleWebKit/537.36 (KHTML, like Gecko) Edge/76.0.1859.16 Safari/537.36"
85.254.144.33 - - [27/Sep/2026:16:50:24 +0300] "POST /wp-cron.php?doing_wp_cron=1790517024.8609089851379394531250 HTTP/1.1" 200 - "-" "WordPress/7.1.2; https://auto-porsche.com"
207.46.13.36 - - [27/Sep/2026:16:50:23 +0300] "GET /2021/11/17/porsche-912/ HTTP/2.0" 500 52105 "-" "Mozilla/5.0 AppleWebKit/537.36 (KHTML, like Gecko; compatible; bingbot/2.0; +http://www.bing.com/bingbot.htm) Chrome/116.0.1938.76 Safari/537.36"
85.254.144.33 - - [27/Sep/2026:16:52:28 +0300] "POST /wp-cron.php?doing_wp_cron=1790517148.3417110443115234375000 HTTP/1.1" 200 - "-" "WordPress/7.1.2; https://auto-porsche.com"
43.130.32.245 - - [27/Sep/2026:16:52:27 +0300] "GET /2023/10/19/the-future-of-performance-cars-exploring-the-potential-of-electric-porsche-911/ HTTP/1.1" 500 60569 "-" "Mozilla/5.0 (iPhone; CPU iPhone OS 13_2_3 like Mac OS X) AppleWebKit/605.1.15 (KHTML, like Gecko) Version/13.0.3 Mobile/15E148 Safari/604.1"
85.254.144.33 - - [27/Sep/2026:16:54:45 +0300] "POST /wp-cron.php?doing_wp_cron=1790517285.4063360691070556640625 HTTP/1.1" 200 - "-" "WordPress/7.1.2; https://auto-porsche.com"
157.55.39.201 - - [27/Sep/2026:16:54:43 +0300] "GET /wp-content/uploads/2023/07/Porsche20Cayenne2028129-scaled.jpg HTTP/2.0" 404 83558 "-" "Mozilla/5.0 AppleWebKit/537.36 (KHTML, like Gecko; compatible; bingbot/2.0; +http://www.bing.com/bingbot.htm) Chrome/116.0.1938.76 Safari/537.36"
40.77.167.27 - - [27/Sep/2026:16:56:15 +0300] "GET /wp-content/uploads/2021/12/17-750x450.jpg HTTP/2.0" 200 64065 "-" "Mozilla/5.0 AppleWebKit/537.36 (KHTML, like Gecko; compatible; bingbot/2.0; +http://www.bing.com/bingbot.htm) Chrome/116.0.1938.76 Safari/537.36"
77.88.47.18 - - [27/Sep/2026:16:57:17 +0300] "GET /wp-content/uploads/2023/09/is-investing-in-porsche-stock-a-good-idea-exploring-the-advantages-and-disadvantages-335x220.png HTTP/2.0" 304 - "-" "Mozilla/5.0 (compatible; YandexImages/3.0; +http://yandex.com/bots)"
85.254.144.33 - - [27/Sep/2026:16:57:55 +0300] "POST /wp-cron.php?doing_wp_cron=1790517475.8740510940551757812500 HTTP/1.1" 200 - "-" "WordPress/7.1.2; https://auto-porsche.com"
35.89.37.95 - - [27/Sep/2026:16:57:54 +0300] "GET /de/wp-content/uploads/2023/08/Walter-RoCC88hrl-911-ST-05.jpg HTTP/2.0" 404 85066 "-" "Mozilla/5.0 (Windows NT 10.0; Win64; x64) AppleWebKit/537.36 (KHTML, like Gecko) Chrome/144.0.0.0 Safari/537.36"
44.247.6.84 - - [27/Sep/2026:16:57:57 +0300] "GET /de/wp-content/uploads/2023/08/Walter-RoCC88hrl-911-ST-05.jpg HTTP/2.0" 404 82743 "-" "Mozilla/5.0 (Windows NT 10.0; Win64; x64) AppleWebKit/537.36 (KHTML, like Gecko) Chrome/144.0.0.0 Safari/537.36"
35.165.109.239 - - [27/Sep/2026:16:58:00 +0300] "GET /de/wp-content/uploads/2023/08/Walter-RoCC88hrl-911-ST-05.jpg HTTP/2.0" 404 83792 "-" "Mozilla/5.0 (Windows NT 10.0; Win64; x64) AppleWebKit/537.36 (KHTML, like Gecko) Chrome/144.0.0.0 Safari/537.36"
157.180.24.196 - - [27/Sep/2026:16:58:07 +0300] "GET /robots.txt HTTP/2.0" 200 96 "-" "Mozilla/5.0 AppleWebKit/537.36 (KHTML, like Gecko; compatible; Bravebot/1.0; +https://search.brave.com/help/brave-search-crawler) Chrome/W.X.Y.Z Safari/537.36"
85.254.144.33 - - [27/Sep/2026:17:02:47 +0300] "POST /wp-cron.php?doing_wp_cron=1790517767.5590751171112060546875 HTTP/1.1" 200 - "-" "WordPress/7.1.2; https://auto-porsche.com"
170.106.84.136 - - [27/Sep/2026:17:02:45 +0300] "GET /wp-json/wp/v2/posts/136 HTTP/1.1" 200 28422 "-" "Mozilla/5.0 (iPhone; CPU iPhone OS 13_2_3 like Mac OS X) AppleWebKit/605.1.15 (KHTML, like Gecko) Version/13.0.3 Mobile/15E148 Safari/604.1"
43.130.53.252 - - [27/Sep/2026:17:02:58 +0300] "GET / HTTP/1.1" 200 92785 "http://auto-porsche.com" "Mozilla/5.0 (iPhone; CPU iPhone OS 13_2_3 like Mac OS X) AppleWebKit/605.1.15 (KHTML, like Gecko) Version/13.0.3 Mobile/15E148 Safari/604.1"
40.77.167.7 - - [27/Sep/2026:17:04:32 +0300] "GET /wp-content/uploads/2021/11/86b72a20-4432340aeaf36a8226e7eab35cb6f9fa-300x152.jpg HTTP/2.0" 200 7901 "-" "Mozilla/5.0 AppleWebKit/537.36 (KHTML, like Gecko; compatible; bingbot/2.0; +http://www.bing.com/bingbot.htm) Chrome/116.0.1938.76 Safari/537.36"
40.77.167.7 - - [27/Sep/2026:17:04:41 +0300] "GET /wp-content/uploads/2021/11/8-2-768x432.jpg HTTP/2.0" 200 70888 "-" "Mozilla/5.0 AppleWebKit/537.36 (KHTML, like Gecko; compatible; bingbot/2.0; +http://www.bing.com/bingbot.htm) Chrome/116.0.1938.76 Safari/537.36"
85.254.144.33 - - [27/Sep/2026:17:05:48 +0300] "POST /wp-cron.php?doing_wp_cron=1790517948.8075790405273437500000 HTTP/1.1" 200 - "-" "WordPress/7.1.2; https://auto-porsche.com"
52.167.144.176 - - [27/Sep/2026:17:05:47 +0300] "GET /wp-content/uploads/2023/07/img_64c29c71360ac-100x100.jpg HTTP/2.0" 404 83909 "-" "Mozilla/5.0 AppleWebKit/537.36 (KHTML, like Gecko; compatible; bingbot/2.0; +http://www.bing.com/bingbot.htm) Chrome/116.0.1938.76 Safari/537.36"
85.254.144.33 - - [27/Sep/2026:17:06:41 +0300] "POST /wp-cron.php?doing_wp_cron=1790518001.2618279457092285156250 HTTP/1.1" 200 - "-" "WordPress/7.1.2; https://auto-porsche.com"
77.88.47.18 - - [27/Sep/2026:17:06:39 +0300] "GET /de/war-porsche-ein-unternehmen-das-panzer-herstellte.html HTTP/2.0" 404 85253 "-" "Mozilla/5.0 (compatible; YandexBot/3.0; +http://yandex.com/bots)"
57.141.20.13 - - [27/Sep/2026:17:06:51 +0300] "GET /wp-content/uploads/2023/09/are-porsche-vehicles-reliable-an-in-depth-analysis-of-porsches-reliability-performance-335x220.jpg HTTP/2.0" 200 47281 "-" "Mozilla/5.0 (Macintosh; Intel Mac OS X 10_15_7) AppleWebKit/537.36 (KHTML, like Gecko) Chrome/145.0.0.0 Safari/537.36 (compatible; meta-externalagent/1.1 (+https://developers.facebook.com/docs/sharing/webmasters/crawler))"
52.167.144.176 - - [27/Sep/2026:17:07:07 +0300] "GET /de/wp-content/uploads/2023/08/020-info-slider_2-1_slide5_3840x2160-768x432.jpg HTTP/2.0" 404 85411 "-" "Mozilla/5.0 AppleWebKit/537.36 (KHTML, like Gecko; compatible; bingbot/2.0; +http://www.bing.com/bingbot.htm) Chrome/116.0.1938.76 Safari/537.36"
40.77.167.7 - - [27/Sep/2026:17:08:34 +0300] "GET /wp-content/uploads/2022/01/33-2.jpg HTTP/2.0" 200 189612 "-" "Mozilla/5.0 AppleWebKit/537.36 (KHTML, like Gecko; compatible; bingbot/2.0; +http://www.bing.com/bingbot.htm) Chrome/116.0.1938.76 Safari/537.36"
85.254.144.33 - - [27/Sep/2026:17:09:46 +0300] "POST /wp-cron.php?doing_wp_cron=1790518186.1536419391632080078125 HTTP/1.1" 200 - "-" "WordPress/7.1.2; https://auto-porsche.com"
43.173.179.21 - - [27/Sep/2026:17:09:45 +0300] "GET /porsche-912/ HTTP/1.1" 500 50329 "-" "Mozilla/5.0 (Windows NT 10.0; Win64; x64) AppleWebKit/537.36 (KHTML, like Gecko) Chrome/116.0.0.0 Safari/537.36"
43.173.182.236 - - [27/Sep/2026:17:09:55 +0300] "GET /porsche-912/ HTTP/1.1" 500 50329 "-" "Mozilla/5.0 (Windows NT 10.0; Win64; x64) AppleWebKit/537.36 (KHTML, like Gecko) Chrome/109.0.0.0 Safari/537.36"
8.218.0.219 - - [27/Sep/2026:17:10:01 +0300] "GET /porsche-912/ HTTP/1.1" 500 50329 "-" "Mozilla/5.0 (Windows NT 10.0; Win64; x64) AppleWebKit/537.36 (KHTML, like Gecko) Chrome/109.0.0.0 Safari/537.36"
85.254.144.33 - - [27/Sep/2026:17:10:38 +0300] "POST /wp-cron.php?doing_wp_cron=1790518238.5250039100646972656250 HTTP/1.1" 200 - "-" "WordPress/7.1.2; https://auto-porsche.com"
114.119.148.64 - - [27/Sep/2026:17:10:37 +0300] "GET /kadikoy-escort HTTP/1.1" 404 85070 "https://auto-porsche.com/porsche-912" "Mozilla/5.0 (Linux; Android 7.0;) AppleWebKit/537.36 (HTML, like Gecko) Mobile Safari/537.36 (compatible; PetalBot;+https://webmaster.petalsearch.com/site/petalbot)"
159.195.74.192 - - [27/Sep/2026:17:11:51 +0300] "GET /robots.txt HTTP/1.1" 200 96 "-" "SEOFounderResearchBot/1.0 (+local research; respects robots.txt)"
85.254.144.33 - - [27/Sep/2026:17:11:52 +0300] "POST /wp-cron.php?doing_wp_cron=1790518312.9398720264434814453125 HTTP/1.1" 200 - "-" "WordPress/7.1.2; https://auto-porsche.com"
159.195.74.192 - - [27/Sep/2026:17:11:51 +0300] "GET /de/porsche-museum-eintrittspreise-offnungszeiten-und-ausstellungen-im-uberblick.html HTTP/1.1" 404 83461 "-" "SEOFounderResearchBot/1.0 (+local research; respects robots.txt)"
43.165.7.74 - - [27/Sep/2026:17:12:28 +0300] "GET /2021/12/14/2019-porsche-panamera-for-sale-miami/ HTTP/1.1" 500 39639 "-" "Mozilla/5.0 (iPhone; CPU iPhone OS 13_2_3 like Mac OS X) AppleWebKit/605.1.15 (KHTML, like Gecko) Version/13.0.3 Mobile/15E148 Safari/604.1"
157.55.39.48 - - [27/Sep/2026:17:12:29 +0300] "GET /wp-content/uploads/2023/07/91b052bd443c1ec931607216f111857f-335x220.jpg HTTP/2.0" 404 82997 "-" "Mozilla/5.0 AppleWebKit/537.36 (KHTML, like Gecko; compatible; bingbot/2.0; +http://www.bing.com/bingbot.htm) Chrome/116.0.1938.76 Safari/537.36"
121.229.156.58 - - [27/Sep/2026:17:13:18 +0300] "GET /category/models/ HTTP/1.1" 200 91645 "-" "Sogou web spider/4.0(+http://www.sogou.com/docs/help/webmasters.htm#07)"
85.254.144.33 - - [27/Sep/2026:17:14:35 +0300] "POST /wp-cron.php?doing_wp_cron=1790518475.4731419086456298828125 HTTP/1.1" 200 - "-" "WordPress/7.1.2; https://auto-porsche.com"
114.119.158.46 - - [27/Sep/2026:17:14:34 +0300] "GET /category/blog/page/4 HTTP/1.1" 301 - "https://auto-porsche.com/category/blog/page/3" "Mozilla/5.0 (Linux; Android 7.0;) AppleWebKit/537.36 (HTML, like Gecko) Mobile Safari/537.36 (compatible; PetalBot;+https://webmaster.petalsearch.com/site/petalbot)"
114.119.158.46 - - [27/Sep/2026:17:14:37 +0300] "GET /category/blog/page/4/ HTTP/1.1" 200 99218 "https://auto-porsche.com/category/blog/page/3" "Mozilla/5.0 (Linux; Android 7.0;) AppleWebKit/537.36 (HTML, like Gecko) Mobile Safari/537.36 (compatible; PetalBot;+https://webmaster.petalsearch.com/site/petalbot)"
47.128.117.63 - - [27/Sep/2026:17:15:10 +0300] "GET /2023/11/02/porsche-911-gt3-explore-the-pricing-and-features-of-this-iconic-sports-car/ HTTP/2.0" 500 55084 "-" "Mozilla/5.0 (Linux; Android 5.0) AppleWebKit/537.36 (KHTML, like Gecko) Mobile Safari/537.36 (compatible; TikTokSpider; ttspider-feedback@tiktok.com)"
14.231.168.27 - - [27/Sep/2026:17:14:51 +0300] "GET /porsche-912/ HTTP/2.0" 500 50329 "-" "Mozilla/5.0 (Windows NT 10.0; Win64; x64) AppleWebKit/537.36 (KHTML, like Gecko) Chrome/129.0.0.0 Safari/537.36"
47.128.117.63 - - [27/Sep/2026:17:15:12 +0300] "GET /wp-content/uploads/2023/07/Porsche2091120GT320.jpg HTTP/2.0" 404 85167 "https://auto-porsche.com/2023/11/02/porsche-911-gt3-explore-the-pricing-and-features-of-this-iconic-sports-car/" "Mozilla/5.0 (Linux; Android 5.0) AppleWebKit/537.36 (KHTML, like Gecko) Mobile Safari/537.36 (compatible; TikTokSpider; ttspider-feedback@tiktok.com)"
47.128.117.63 - - [27/Sep/2026:17:15:15 +0300] "GET /wp-content/uploads/2023/07/Porsche2091120GT320.jpg HTTP/2.0" 404 - "https://auto-porsche.com/2023/11/02/porsche-911-gt3-explore-the-pricing-and-features-of-this-iconic-sports-car/" "Mozilla/5.0 (Linux; Android 5.0) AppleWebKit/537.36 (KHTML, like Gecko) Mobile Safari/537.36 (compatible; TikTokSpider; ttspider-feedback@tiktok.com)"
78.85.36.111 - - [27/Sep/2026:17:15:22 +0300] "GET /porsche-912/ HTTP/2.0" 500 50329 "-" "Mozilla/5.0 (Windows NT 10.0; Win64; x64) AppleWebKit/537.36 (KHTML, like Gecko) Chrome/129.0.0.0 Safari/537.36"
85.254.144.33 - - [27/Sep/2026:17:15:32 +0300] "POST /wp-cron.php?doing_wp_cron=1790518532.0255029201507568359375 HTTP/1.1" 200 - "-" "WordPress/7.1.2; https://auto-porsche.com"
196.224.172.34 - - [27/Sep/2026:17:15:31 +0300] "GET /porsche-912/ HTTP/2.0" 500 50329 "-" "Mozilla/5.0 (Windows NT 10.0; Win64; x64) AppleWebKit/537.36 (KHTML, like Gecko) Chrome/151.0.0.0 Safari/537.36"
196.224.172.34 - - [27/Sep/2026:17:15:35 +0300] "GET /wp-content/plugins/maxslider/assets/css/maxslider.css?ver=1.2.4 HTTP/2.0" 200 4687 "https://auto-porsche.com/porsche-912/" "Mozilla/5.0 (Windows NT 10.0; Win64; x64) AppleWebKit/537.36 (KHTML, like Gecko) Chrome/151.0.0.0 Safari/537.36"
196.224.172.34 - - [27/Sep/2026:17:15:35 +0300] "GET /wp-content/plugins/cookie-notice/css/front.min.css?ver=3.1.12 HTTP/2.0" 200 5830 "https://auto-porsche.com/porsche-912/" "Mozilla/5.0 (Windows NT 10.0; Win64; x64) AppleWebKit/537.36 (KHTML, like Gecko) Chrome/151.0.0.0 Safari/537.36"
196.224.172.34 - - [27/Sep/2026:17:15:35 +0300] "GET /wp-includes/js/jquery/jquery.min.js?ver=3.7.1 HTTP/2.0" 200 87553 "https://auto-porsche.com/porsche-912/" "Mozilla/5.0 (Windows NT 10.0; Win64; x64) AppleWebKit/537.36 (KHTML, like Gecko) Chrome/151.0.0.0 Safari/537.36"
196.224.172.34 - - [27/Sep/2026:17:15:35 +0300] "GET /wp-includes/js/jquery/jquery-migrate.min.js?ver=3.4.1 HTTP/2.0" 200 13577 "https://auto-porsche.com/porsche-912/" "Mozilla/5.0 (Windows NT 10.0; Win64; x64) AppleWebKit/537.36 (KHTML, like Gecko) Chrome/151.0.0.0 Safari/537.36"
196.224.172.34 - - [27/Sep/2026:17:15:35 +0300] "GET /wp-content/plugins/automatic-upload-images/public/js/automatic-upload-images-public.js?ver=1.0.0 HTTP/2.0" 200 838 "https://auto-porsche.com/porsche-912/" "Mozilla/5.0 (Windows NT 10.0; Win64; x64) AppleWebKit/537.36 (KHTML, like Gecko) Chrome/151.0.0.0 Safari/537.36"
196.224.172.34 - - [27/Sep/2026:17:15:35 +0300] "GET /wp-content/plugins/automatic-upload-images/public/css/automatic-upload-images-public.css?ver=1.0.0 HTTP/2.0" 200 98 "https://auto-porsche.com/porsche-912/" "Mozilla/5.0 (Windows NT 10.0; Win64; x64) AppleWebKit/537.36 (KHTML, like Gecko) Chrome/151.0.0.0 Safari/537.36"
196.224.172.34 - - [27/Sep/2026:17:15:35 +0300] "GET /wp-content/themes/reboot/assets/css/style.min.css?ver=1.1.0 HTTP/2.0" 200 219490 "https://auto-porsche.com/porsche-912/" "Mozilla/5.0 (Windows NT 10.0; Win64; x64) AppleWebKit/537.36 (KHTML, like Gecko) Chrome/151.0.0.0 Safari/537.36"
87.85.235.155 - - [27/Sep/2026:17:15:59 +0300] "GET /porsche-912/ HTTP/2.0" 500 50329 "-" "Mozilla/5.0 (Windows NT 10.0; Win64; x64) AppleWebKit/537.36 (KHTML, like Gecko) Chrome/131.0.0.0 Safari/537.36"
87.85.235.155 - - [27/Sep/2026:17:16:03 +0300] "GET /porsche-912/ HTTP/2.0" 500 50329 "-" "Mozilla/5.0 (X11; Linux x86_64) AppleWebKit/537.36 (KHTML, like Gecko) Chrome/146.0.0.0 Safari/537.36"
87.85.235.155 - - [27/Sep/2026:17:16:05 +0300] "GET /wp-content/plugins/automatic-upload-images/public/css/automatic-upload-images-public.css?ver=1.0.0 HTTP/2.0" 200 98 "https://auto-porsche.com/porsche-912/" "Mozilla/5.0 (X11; Linux x86_64) AppleWebKit/537.36 (KHTML, like Gecko) Chrome/146.0.0.0 Safari/537.36"
87.85.235.155 - - [27/Sep/2026:17:16:05 +0300] "GET /wp-content/plugins/cookie-notice/css/front.min.css?ver=3.1.12 HTTP/2.0" 200 5830 "https://auto-porsche.com/porsche-912/" "Mozilla/5.0 (X11; Linux x86_64) AppleWebKit/537.36 (KHTML, like Gecko) Chrome/146.0.0.0 Safari/537.36"
87.85.235.155 - - [27/Sep/2026:17:16:05 +0300] "GET /wp-content/plugins/maxslider/assets/vendor/slick/slick.css?ver=1.6.0 HTTP/2.0" 200 1729 "https://auto-porsche.com/porsche-912/" "Mozilla/5.0 (X11; Linux x86_64) AppleWebKit/537.36 (KHTML, like Gecko) Chrome/146.0.0.0 Safari/537.36"
87.85.235.155 - - [27/Sep/2026:17:16:05 +0300] "GET /wp-content/plugins/maxslider/assets/css/maxslider.css?ver=1.2.4 HTTP/2.0" 200 4687 "https://auto-porsche.com/porsche-912/" "Mozilla/5.0 (X11; Linux x86_64) AppleWebKit/537.36 (KHTML, like Gecko) Chrome/146.0.0.0 Safari/537.36"
87.85.235.155 - - [27/Sep/2026:17:16:05 +0300] "GET /wp-content/themes/reboot/assets/css/style.min.css?ver=1.1.0 HTTP/2.0" 200 219490 "https://auto-porsche.com/porsche-912/" "Mozilla/5.0 (X11; Linux x86_64) AppleWebKit/537.36 (KHTML, like Gecko) Chrome/146.0.0.0 Safari/537.36"
87.85.235.155 - - [27/Sep/2026:17:16:05 +0300] "GET /wp-includes/js/jquery/jquery.min.js?ver=3.7.1 HTTP/2.0" 200 87553 "https://auto-porsche.com/porsche-912/" "Mozilla/5.0 (X11; Linux x86_64) AppleWebKit/537.36 (KHTML, like Gecko) Chrome/146.0.0.0 Safari/537.36"
87.85.235.155 - - [27/Sep/2026:17:16:06 +0300] "GET /wp-includes/js/jquery/jquery-migrate.min.js?ver=3.4.1 HTTP/2.0" 200 13577 "https://auto-porsche.com/porsche-912/" "Mozilla/5.0 (X11; Linux x86_64) AppleWebKit/537.36 (KHTML, like Gecko) Chrome/146.0.0.0 Safari/537.36"
87.85.235.155 - - [27/Sep/2026:17:16:06 +0300] "GET /wp-content/plugins/automatic-upload-images/public/js/automatic-upload-images-public.js?ver=1.0.0 HTTP/2.0" 200 838 "https://auto-porsche.com/porsche-912/" "Mozilla/5.0 (X11; Linux x86_64) AppleWebKit/537.36 (KHTML, like Gecko) Chrome/146.0.0.0 Safari/537.36"
87.85.235.155 - - [27/Sep/2026:17:16:06 +0300] "GET /wp-content/plugins/cookie-notice/js/front.min.js?ver=3.1.12 HTTP/2.0" 200 9144 "https://auto-porsche.com/porsche-912/" "Mozilla/5.0 (X11; Linux x86_64) AppleWebKit/537.36 (KHTML, like Gecko) Chrome/146.0.0.0 Safari/537.36"
141.101.98.144 - - [27/Sep/2026:17:17:17 +0300] "GET / HTTP/2.0" 200 92785 "-" "Mozilla/5.0 (Windows NT 10.0; Win64; x64) AppleWebKit/537.36 (KHTML, like Gecko) Chrome/122.0.0.0 Safari/537.36 Edg/122.0.0.0"
85.254.144.33 - - [27/Sep/2026:17:17:25 +0300] "POST /wp-cron.php?doing_wp_cron=1790518645.5803699493408203125000 HTTP/1.1" 200 - "-" "WordPress/7.1.2; https://auto-porsche.com"
141.101.98.144 - - [27/Sep/2026:17:17:24 +0300] "GET /wp-content/plugins/woocommerce/readme.txt HTTP/2.0" 404 84789 "-" "Mozilla/5.0 (Macintosh; Intel Mac OS X 10_15_7) AppleWebKit/537.36 (KHTML, like Gecko) Chrome/122.0.0.0 Safari/537.36"
57.141.20.32 - - [27/Sep/2026:17:17:44 +0300] "GET /2023/07/12/porsche-vs-audi-a-comprehensive-comparison-of-the-world-s-finest-luxury-car-brands/ HTTP/2.0" 500 58282 "-" "Mozilla/5.0 (Windows NT 10.0; Win64; x64) AppleWebKit/537.36 (KHTML, like Gecko) Chrome/145.0.0.0 Safari/537.36 (compatible; meta-webindexer/1.1 (+https://developers.facebook.com/docs/sharing/webmasters/crawler))"
114.119.148.64 - - [27/Sep/2026:17:17:48 +0300] "GET /sultanbeyli-escort HTTP/1.1" 404 82862 "https://auto-porsche.com/porsche-912" "Mozilla/5.0 (Linux; Android 7.0;) AppleWebKit/537.36 (HTML, like Gecko) Mobile Safari/537.36 (compatible; PetalBot;+https://webmaster.petalsearch.com/site/petalbot)"
57.141.20.16 - - [27/Sep/2026:17:18:16 +0300] "GET /wp-content/uploads/2022/01/asds-335x220.jpg HTTP/2.0" 200 12108 "-" "Mozilla/5.0 (Windows NT 10.0; Win64; x64) AppleWebKit/537.36 (KHTML, like Gecko) Chrome/145.0.0.0 Safari/537.36 (compatible; meta-externalagent/1.1 (+https://developers.facebook.com/docs/sharing/webmasters/crawler))"
85.254.144.33 - - [27/Sep/2026:17:20:58 +0300] "POST /wp-cron.php?doing_wp_cron=1790518858.6323149204254150390625 HTTP/1.1" 200 - "-" "WordPress/7.1.2; https://auto-porsche.com"
18.214.238.178 - - [27/Sep/2026:17:20:57 +0300] "GET /2021/12/18/porsche-boxster-2/embed/ HTTP/1.1" 200 20207 "-" "Mozilla/5.0 AppleWebKit/537.36 (KHTML, like Gecko; compatible; Amazonbot/0.1; +https://developer.amazon.com/support/amazonbot) Chrome/119.0.6045.214 Safari/537.36"
114.119.158.46 - - [27/Sep/2026:17:21:23 +0300] "GET /2023/07/31/is-it-possible-to-use-regular-gasoline-in-a-porsche-learn-about-it-here HTTP/1.1" 301 - "https://auto-porsche.com/2023/07/31/is-it-possible-to-use-regular-gasoline-in-a-porsche-learn-about-it-here" "Mozilla/5.0 (Linux; Android 7.0;) AppleWebKit/537.36 (HTML, like Gecko) Mobile Safari/537.36 (compatible; PetalBot;+https://webmaster.petalsearch.com/site/petalbot)"
85.254.144.33 - - [27/Sep/2026:17:21:26 +0300] "POST /wp-cron.php?doing_wp_cron=1790518886.0593860149383544921875 HTTP/1.1" 200 - "-" "WordPress/7.1.2; https://auto-porsche.com"
114.119.158.46 - - [27/Sep/2026:17:21:25 +0300] "GET /2023/07/31/is-it-possible-to-use-regular-gasoline-in-a-porsche-learn-about-it-here/ HTTP/1.1" 500 57540 "https://auto-porsche.com/2023/07/31/is-it-possible-to-use-regular-gasoline-in-a-porsche-learn-about-it-here" "Mozilla/5.0 (Linux; Android 7.0;) AppleWebKit/537.36 (HTML, like Gecko) Mobile Safari/537.36 (compatible; PetalBot;+https://webmaster.petalsearch.com/site/petalbot)"
57.141.20.5 - - [27/Sep/2026:17:21:54 +0300] "GET /wp-content/uploads/2023/09/exploring-porsches-involvement-in-formula-1-racing-a-look-into-porsches-history-in-the-f1-world-335x220.jpg HTTP/2.0" 200 19678 "-" "Mozilla/5.0 (X11; Linux x86_64) AppleWebKit/537.36 (KHTML, like Gecko) Chrome/145.0.0.0 Safari/537.36 (compatible; meta-externalagent/1.1 (+https://developers.facebook.com/docs/sharing/webmasters/crawler))"
85.254.144.33 - - [27/Sep/2026:17:22:28 +0300] "POST /wp-cron.php?doing_wp_cron=1790518947.9952919483184814453125 HTTP/1.1" 200 - "-" "WordPress/7.1.2; https://auto-porsche.com"
43.130.72.40 - - [27/Sep/2026:17:22:26 +0300] "GET /2023/09/21/is-investing-in-porsche-stock-a-good-idea-exploring-the-advantages-and-disadvantages/ HTTP/1.1" 500 55773 "-" "Mozilla/5.0 (iPhone; CPU iPhone OS 13_2_3 like Mac OS X) AppleWebKit/605.1.15 (KHTML, like Gecko) Version/13.0.3 Mobile/15E148 Safari/604.1"
57.141.20.34 - - [27/Sep/2026:17:23:03 +0300] "GET /wp-content/uploads/2023/10/which-porsche-model-will-be-featured-in-the-upcoming-transformers-movie-335x220.jpg HTTP/2.0" 200 24787 "-" "Mozilla/5.0 (Macintosh; Intel Mac OS X 10_15_7) AppleWebKit/537.36 (KHTML, like Gecko) Chrome/145.0.0.0 Safari/537.36 (compatible; meta-externalagent/1.1 (+https://developers.facebook.com/docs/sharing/webmasters/crawler))"
40.77.167.72 - - [27/Sep/2026:17:25:24 +0300] "GET /wp-content/uploads/2023/07/1675349936-GettyImages-1457904261-1536x1024.jpg HTTP/2.0" 200 229058 "-" "Mozilla/5.0 AppleWebKit/537.36 (KHTML, like Gecko; compatible; bingbot/2.0; +http://www.bing.com/bingbot.htm) Chrome/116.0.1938.76 Safari/537.36"
52.167.144.205 - - [27/Sep/2026:17:26:58 +0300] "GET /de/wp-content/uploads/2023/08/porsche-der-bildband-mit-ueber-150-brillanten-aufnahmen-fruehe-design-klassiker-911er-356er-carrera-turbo-boxter-macan-cayenne-u-v-m-gebundene-ausgabe-peter-ruch-261x300.jpg HTTP/2.0" 404 85495 "-" "Mozilla/5.0 AppleWebKit/537.36 (KHTML, like Gecko; compatible; bingbot/2.0; +http://www.bing.com/bingbot.htm) Chrome/116.0.1938.76 Safari/537.36"
57.141.20.41 - - [27/Sep/2026:17:27:03 +0300] "GET /wp-content/uploads/2021/12/29-300x168.jpg HTTP/2.0" 200 18665 "-" "Mozilla/5.0 (Windows NT 10.0; Win64; x64) AppleWebKit/537.36 (KHTML, like Gecko) Chrome/145.0.0.0 Safari/537.36 (compatible; meta-externalagent/1.1 (+https://developers.facebook.com/docs/sharing/webmasters/crawler))"
57.141.20.12 - - [27/Sep/2026:17:27:07 +0300] "GET /wp-content/uploads/2022/01/24-335x220.jpg HTTP/2.0" 200 22355 "-" "Mozilla/5.0 (Macintosh; Intel Mac OS X 10_15_7) AppleWebKit/537.36 (KHTML, like Gecko) Chrome/145.0.0.0 Safari/537.36 (compatible; meta-externalagent/1.1 (+https://developers.facebook.com/docs/sharing/webmasters/crawler))"
64.16.133.54 - - [27/Sep/2026:17:27:14 +0300] "GET /2022/01/02/2018-porsche-panamera-turbo-s-e-hybrid-for-sale-in-newark-de/ HTTP/1.1" 500 43242 "-" "Mozilla/5.0 (Macintosh; Intel Mac OS X 10_15_7) AppleWebKit/537.36 (KHTML, like Gecko) Chrome/104.0.0.0 Safari/537.36"
64.16.133.54 - - [27/Sep/2026:17:27:16 +0300] "GET /2021/12/19/2012-porsche-boxster-for-sale-in-keston-london/ HTTP/1.1" 500 42424 "-" "Mozilla/5.0 (Macintosh; Intel Mac OS X 10_15_7) AppleWebKit/537.36 (KHTML, like Gecko) Chrome/104.0.0.0 Safari/537.36"
64.16.133.54 - - [27/Sep/2026:17:27:19 +0300] "GET /2023/10/19/the-future-of-performance-cars-exploring-the-potential-of-electric-porsche-911/ HTTP/1.1" 500 60569 "-" "Mozilla/5.0 (Macintosh; Intel Mac OS X 10_15_7) AppleWebKit/537.36 (KHTML, like Gecko) Chrome/104.0.0.0 Safari/537.36"
64.16.133.54 - - [27/Sep/2026:17:27:21 +0300] "GET /2023/08/06/is-it-true-that-porsche-designed-the-beetle/ HTTP/1.1" 500 52721 "-" "Mozilla/5.0 (Macintosh; Intel Mac OS X 10_15_7) AppleWebKit/537.36 (KHTML, like Gecko) Chrome/104.0.0.0 Safari/537.36"
64.16.133.54 - - [27/Sep/2026:17:27:23 +0300] "GET /contact/ HTTP/1.1" 500 32350 "-" "Mozilla/5.0 (Macintosh; Intel Mac OS X 10_15_7) AppleWebKit/537.36 (KHTML, like Gecko) Chrome/104.0.0.0 Safari/537.36"
85.254.144.33 - - [27/Sep/2026:17:27:26 +0300] "POST /wp-cron.php?doing_wp_cron=1790519246.1858921051025390625000 HTTP/1.1" 200 - "-" "WordPress/7.1.2; https://auto-porsche.com"
64.16.133.54 - - [27/Sep/2026:17:27:25 +0300] "GET /2024/01/24/experience-the-thrill-of-the-all-new-porsche-cayenne/ HTTP/1.1" 500 54063 "-" "Mozilla/5.0 (Macintosh; Intel Mac OS X 10_15_7) AppleWebKit/537.36 (KHTML, like Gecko) Chrome/104.0.0.0 Safari/537.36"
64.16.133.54 - - [27/Sep/2026:17:27:28 +0300] "GET /2024/01/09/get-to-know-bella-poarch-the-tiktok-star-taking-the-internet-by-storm/ HTTP/1.1" 500 53488 "-" "Mozilla/5.0 (Macintosh; Intel Mac OS X 10_15_7) AppleWebKit/537.36 (KHTML, like Gecko) Chrome/104.0.0.0 Safari/537.36"
64.16.133.54 - - [27/Sep/2026:17:27:30 +0300] "GET /history-of-porsche/ HTTP/1.1" 500 51134 "-" "Mozilla/5.0 (Macintosh; Intel Mac OS X 10_15_7) AppleWebKit/537.36 (KHTML, like Gecko) Chrome/104.0.0.0 Safari/537.36"
64.16.133.54 - - [27/Sep/2026:17:27:32 +0300] "GET /2021/12/15/1990-porsche-911-c2-cabriolet-for-sale-in-london-uk/ HTTP/1.1" 500 41933 "-" "Mozilla/5.0 (Macintosh; Intel Mac OS X 10_15_7) AppleWebKit/537.36 (KHTML, like Gecko) Chrome/104.0.0.0 Safari/537.36"
64.16.133.54 - - [27/Sep/2026:17:27:34 +0300] "GET /2022/01/08/1293/ HTTP/1.1" 500 33928 "-" "Mozilla/5.0 (Macintosh; Intel Mac OS X 10_15_7) AppleWebKit/537.36 (KHTML, like Gecko) Chrome/104.0.0.0 Safari/537.36"
64.16.133.54 - - [27/Sep/2026:17:27:36 +0300] "GET /2021/11/17/porsche-912/ HTTP/1.1" 500 52105 "-" "Mozilla/5.0 (Macintosh; Intel Mac OS X 10_15_7) AppleWebKit/537.36 (KHTML, like Gecko) Chrome/104.0.0.0 Safari/537.36"
64.16.133.54 - - [27/Sep/2026:17:27:38 +0300] "GET /category/buy-now/page/4/ HTTP/1.1" 200 72997 "-" "Mozilla/5.0 (Macintosh; Intel Mac OS X 10_15_7) AppleWebKit/537.36 (KHTML, like Gecko) Chrome/104.0.0.0 Safari/537.36"
64.16.133.54 - - [27/Sep/2026:17:27:39 +0300] "GET /2022/01/09/1990-porsche-944-convertible-for-sale-in-littleton-co/ HTTP/1.1" 500 38201 "-" "Mozilla/5.0 (Macintosh; Intel Mac OS X 10_15_7) AppleWebKit/537.36 (KHTML, like Gecko) Chrome/104.0.0.0 Safari/537.36"
64.16.133.54 - - [27/Sep/2026:17:27:41 +0300] "GET /2023/07/20/comparing-porsche-and-bmw-a-detailed-analysis-of-germany-s-most-iconic-car-brands/ HTTP/1.1" 200 119532 "-" "Mozilla/5.0 (Macintosh; Intel Mac OS X 10_15_7) AppleWebKit/537.36 (KHTML, like Gecko) Chrome/104.0.0.0 Safari/537.36"
64.16.133.54 - - [27/Sep/2026:17:27:43 +0300] "GET /2021/11/18/porsche-944/ HTTP/1.1" 500 50392 "-" "Mozilla/5.0 (Macintosh; Intel Mac OS X 10_15_7) AppleWebKit/537.36 (KHTML, like Gecko) Chrome/104.0.0.0 Safari/537.36"
64.16.133.54 - - [27/Sep/2026:17:27:46 +0300] "GET /category/questions/page/9/ HTTP/1.1" 200 92835 "-" "Mozilla/5.0 (Macintosh; Intel Mac OS X 10_15_7) AppleWebKit/537.36 (KHTML, like Gecko) Chrome/104.0.0.0 Safari/537.36"
64.16.133.54 - - [27/Sep/2026:17:27:47 +0300] "GET /2022/01/02/1243/ HTTP/1.1" 500 41814 "-" "Mozilla/5.0 (Macintosh; Intel Mac OS X 10_15_7) AppleWebKit/537.36 (KHTML, like Gecko) Chrome/104.0.0.0 Safari/537.36"
64.16.133.54 - - [27/Sep/2026:17:27:50 +0300] "GET /history-of-porsche HTTP/1.1" 301 - "-" "Mozilla/5.0 (Macintosh; Intel Mac OS X 10_15_7) AppleWebKit/537.36 (KHTML, like Gecko) Chrome/104.0.0.0 Safari/537.36"
64.16.133.54 - - [27/Sep/2026:17:27:51 +0300] "GET /history-of-porsche/ HTTP/1.1" 500 51134 "-" "Mozilla/5.0 (Macintosh; Intel Mac OS X 10_15_7) AppleWebKit/537.36 (KHTML, like Gecko) Chrome/104.0.0.0 Safari/537.36"
85.254.144.33 - - [27/Sep/2026:17:27:54 +0300] "POST /wp-cron.php?doing_wp_cron=1790519274.2265350818634033203125 HTTP/1.1" 200 - "-" "WordPress/7.1.2; https://auto-porsche.com"
64.16.133.54 - - [27/Sep/2026:17:27:53 +0300] "GET /2021/12/17/2016-porsche-panamera-turbo-for-sale-in-poland-warszawa/ HTTP/1.1" 500 41868 "-" "Mozilla/5.0 (Macintosh; Intel Mac OS X 10_15_7) AppleWebKit/537.36 (KHTML, like Gecko) Chrome/104.0.0.0 Safari/537.36"
64.16.133.54 - - [27/Sep/2026:17:27:55 +0300] "GET /2023/09/19/is-it-a-good-idea-to-purchase-a-pre-owned-porsche-cayenne-a-detailed-buyer-s-guide/ HTTP/1.1" 500 59258 "-" "Mozilla/5.0 (Macintosh; Intel Mac OS X 10_15_7) AppleWebKit/537.36 (KHTML, like Gecko) Chrome/104.0.0.0 Safari/537.36"
64.16.133.54 - - [27/Sep/2026:17:27:57 +0300] "GET /2021/12/08/porsche-964/ HTTP/1.1" 500 49801 "-" "Mozilla/5.0 (Macintosh; Intel Mac OS X 10_15_7) AppleWebKit/537.36 (KHTML, like Gecko) Chrome/104.0.0.0 Safari/537.36"
207.46.13.36 - - [27/Sep/2026:17:27:57 +0300] "GET /wp-content/uploads/2023/07/ref-2-900x480-1-335x220.jpg HTTP/2.0" 404 85496 "-" "Mozilla/5.0 AppleWebKit/537.36 (KHTML, like Gecko; compatible; bingbot/2.0; +http://www.bing.com/bingbot.htm) Chrome/116.0.1938.76 Safari/537.36"
64.16.133.54 - - [27/Sep/2026:17:28:00 +0300] "GET /2023/06/25/can-i-still-get-a-porsche-with-a-manual-transmission/ HTTP/1.1" 500 53231 "-" "Mozilla/5.0 (Macintosh; Intel Mac OS X 10_15_7) AppleWebKit/537.36 (KHTML, like Gecko) Chrome/104.0.0.0 Safari/537.36"
64.16.133.54 - - [27/Sep/2026:17:28:02 +0300] "GET /2024/01/03/exploring-the-ultimate-driving-experience-your-place-or-mine-porsche/ HTTP/1.1" 500 52662 "-" "Mozilla/5.0 (Macintosh; Intel Mac OS X 10_15_7) AppleWebKit/537.36 (KHTML, like Gecko) Chrome/104.0.0.0 Safari/537.36"
64.16.133.54 - - [27/Sep/2026:17:28:04 +0300] "GET /2023/10/27/what-are-the-expected-changes-in-the-porsche-macan/ HTTP/1.1" 500 56454 "-" "Mozilla/5.0 (Macintosh; Intel Mac OS X 10_15_7) AppleWebKit/537.36 (KHTML, like Gecko) Chrome/104.0.0.0 Safari/537.36"
64.16.133.54 - - [27/Sep/2026:17:28:06 +0300] "GET /2021/12/15/1988-porsche-944-for-sale-berkshire-uk/ HTTP/1.1" 500 40159 "-" "Mozilla/5.0 (Macintosh; Intel Mac OS X 10_15_7) AppleWebKit/537.36 (KHTML, like Gecko) Chrome/104.0.0.0 Safari/537.36"
64.16.133.54 - - [27/Sep/2026:17:28:08 +0300] "GET /category/blog/page/2/ HTTP/1.1" 200 97605 "-" "Mozilla/5.0 (Macintosh; Intel Mac OS X 10_15_7) AppleWebKit/537.36 (KHTML, like Gecko) Chrome/104.0.0.0 Safari/537.36"
64.16.133.54 - - [27/Sep/2026:17:28:10 +0300] "GET /2024/01/26/unveiling-the-mystery-uncover-the-true-identity-of-the-porsche-in-the-cars-movie/ HTTP/1.1" 500 63286 "-" "Mozilla/5.0 (Macintosh; Intel Mac OS X 10_15_7) AppleWebKit/537.36 (KHTML, like Gecko) Chrome/104.0.0.0 Safari/537.36"
64.16.133.54 - - [27/Sep/2026:17:28:12 +0300] "GET /2022/01/09/2006-porsche-boxster-s-for-sale-in-randburg-south-africa/ HTTP/1.1" 500 41614 "-" "Mozilla/5.0 (Macintosh; Intel Mac OS X 10_15_7) AppleWebKit/537.36 (KHTML, like Gecko) Chrome/104.0.0.0 Safari/537.36"
64.16.133.54 - - [27/Sep/2026:17:28:14 +0300] "GET /porsche-cayenne/ HTTP/1.1" 500 31091 "-" "Mozilla/5.0 (Macintosh; Intel Mac OS X 10_15_7) AppleWebKit/537.36 (KHTML, like Gecko) Chrome/104.0.0.0 Safari/537.36"
52.167.144.205 - - [27/Sep/2026:17:28:29 +0300] "GET /wp-content/uploads/2023/07/800-L-porsche-sassocie-pixar-pour-crer-une-911-inspire-par-sally-carrera-du-film-cars-749x400.jpg HTTP/2.0" 200 79599 "-" "Mozilla/5.0 AppleWebKit/537.36 (KHTML, like Gecko; compatible; bingbot/2.0; +http://www.bing.com/bingbot.htm) Chrome/116.0.1938.76 Safari/537.36"
204.168.187.181 - - [27/Sep/2026:17:28:37 +0300] "GET /wp-content/uploads/2023/12/2021-guide-updated-prices-and-models-of-porsche-in-india.jpg HTTP/1.1" 200 12610 "-" "Mozilla/5.0 (Macintosh; Intel Mac OS X 10_15_7) AppleWebKit/537.36 (KHTML, like Gecko) Chrome/104.0.0.0 Safari/537.36"
204.168.187.181 - - [27/Sep/2026:17:28:37 +0300] "GET /wp-content/uploads/2023/07/most-reliable-German-car-1200x630.jpg HTTP/1.1" 404 83671 "-" "Mozilla/5.0 (Macintosh; Intel Mac OS X 10_15_7) AppleWebKit/537.36 (KHTML, like Gecko) Chrome/104.0.0.0 Safari/537.36"
85.254.144.33 - - [27/Sep/2026:17:28:38 +0300] "POST /wp-cron.php?doing_wp_cron=1790519318.5750679969787597656250 HTTP/1.1" 200 - "-" "WordPress/7.1.2; https://auto-porsche.com"
204.168.187.181 - - [27/Sep/2026:17:28:37 +0300] "GET /wp-content/uploads/2023/07/img_64c298ad05f31. HTTP/1.1" 301 - "-" "Mozilla/5.0 (Macintosh; Intel Mac OS X 10_15_7) AppleWebKit/537.36 (KHTML, like Gecko) Chrome/104.0.0.0 Safari/537.36"
204.168.187.181 - - [27/Sep/2026:17:28:39 +0300] "GET /wp-content/uploads/2023/07/img_64c298ad05f31 HTTP/1.1" 404 85458 "-" "Mozilla/5.0 (Macintosh; Intel Mac OS X 10_15_7) AppleWebKit/537.36 (KHTML, like Gecko) Chrome/104.0.0.0 Safari/537.36"
204.168.201.185 - - [27/Sep/2026:17:28:43 +0300] "GET /wp-content/uploads/2021/12/sas.jpg HTTP/1.1" 200 157303 "-" "Mozilla/5.0 (Macintosh; Intel Mac OS X 10_15_7) AppleWebKit/537.36 (KHTML, like Gecko) Chrome/104.0.0.0 Safari/537.36"
204.168.201.185 - - [27/Sep/2026:17:28:43 +0300] "GET /wp-content/uploads/2021/12/a.jpg HTTP/1.1" 200 78049 "-" "Mozilla/5.0 (Macintosh; Intel Mac OS X 10_15_7) AppleWebKit/537.36 (KHTML, like Gecko) Chrome/104.0.0.0 Safari/537.36"
204.168.201.185 - - [27/Sep/2026:17:28:43 +0300] "GET /wp-content/uploads/2021/12/S19_5075_fine.jpeg HTTP/1.1" 200 241376 "-" "Mozilla/5.0 (Macintosh; Intel Mac OS X 10_15_7) AppleWebKit/537.36 (KHTML, like Gecko) Chrome/104.0.0.0 Safari/537.36"
204.168.199.17 - - [27/Sep/2026:17:28:44 +0300] "GET /wp-content/uploads/2023/12/is-the-porsche-panamera-a-reliable-car-uncover-the-truth-about-its-dependability-and-performance.jpg HTTP/1.1" 200 41146 "-" "Mozilla/5.0 (Macintosh; Intel Mac OS X 10_15_7) AppleWebKit/537.36 (KHTML, like Gecko) Chrome/104.0.0.0 Safari/537.36"
204.168.199.17 - - [27/Sep/2026:17:28:44 +0300] "GET /wp-content/uploads/2021/12/1481292510-screen-shot-2016-12-09-at-90812-am.png HTTP/1.1" 200 166060 "-" "Mozilla/5.0 (Macintosh; Intel Mac OS X 10_15_7) AppleWebKit/537.36 (KHTML, like Gecko) Chrome/104.0.0.0 Safari/537.36"
204.168.199.17 - - [27/Sep/2026:17:28:44 +0300] "GET /wp-content/uploads/2023/12/discover-the-porsche-young-driver-experience-awaken-the-racer-within-you.jpg HTTP/1.1" 200 1935345 "-" "Mozilla/5.0 (Macintosh; Intel Mac OS X 10_15_7) AppleWebKit/537.36 (KHTML, like Gecko) Chrome/104.0.0.0 Safari/537.36"
204.168.201.95 - - [27/Sep/2026:17:28:48 +0300] "GET /wp-content/uploads/2023/12/discover-the-ultimate-deals-on-porsche-panamera-explore-the-best-offers-for-porsche-panamera-vehicles-on-sale.jpg HTTP/1.1" 200 34442 "-" "Mozilla/5.0 (Macintosh; Intel Mac OS X 10_15_7) AppleWebKit/537.36 (KHTML, like Gecko) Chrome/104.0.0.0 Safari/537.36"
204.168.201.95 - - [27/Sep/2026:17:28:48 +0300] "GET /wp-content/uploads/2023/07/Best20German20cars202021-12.jpg HTTP/1.1" 404 85440 "-" "Mozilla/5.0 (Macintosh; Intel Mac OS X 10_15_7) AppleWebKit/537.36 (KHTML, like Gecko) Chrome/104.0.0.0 Safari/537.36"
204.168.201.95 - - [27/Sep/2026:17:28:48 +0300] "GET /wp-content/uploads/2023/07/is-it-possible-to-use-regular-gasoline-in-a-porsche-learn-about-it-here.jpg HTTP/1.1" 404 85540 "-" "Mozilla/5.0 (Macintosh; Intel Mac OS X 10_15_7) AppleWebKit/537.36 (KHTML, like Gecko) Chrome/104.0.0.0 Safari/537.36"
204.168.157.54 - - [27/Sep/2026:17:28:57 +0300] "GET /wp-content/uploads/2023/12/all-you-need-to-know-about-the-porsche-washer-fluid-hose-a-comprehensive-guide.png HTTP/1.1" 200 33093 "-" "Mozilla/5.0 (Macintosh; Intel Mac OS X 10_15_7) AppleWebKit/537.36 (KHTML, like Gecko) Chrome/104.0.0.0 Safari/537.36"
204.168.157.54 - - [27/Sep/2026:17:28:57 +0300] "GET /wp-content/uploads/2023/12/embracing-the-elegance-the-timeless-appeal-of-a-white-porsche.png HTTP/1.1" 200 610951 "-" "Mozilla/5.0 (Macintosh; Intel Mac OS X 10_15_7) AppleWebKit/537.36 (KHTML, like Gecko) Chrome/104.0.0.0 Safari/537.36"
204.168.157.54 - - [27/Sep/2026:17:28:57 +0300] "GET /wp-content/uploads/2023/07/bmw-m4-vs-porsche-911.png HTTP/1.1" 404 83998 "-" "Mozilla/5.0 (Macintosh; Intel Mac OS X 10_15_7) AppleWebKit/537.36 (KHTML, like Gecko) Chrome/104.0.0.0 Safari/537.36"
89.167.8.115 - - [27/Sep/2026:17:29:00 +0300] "GET /wp-content/uploads/2023/08/exploring-the-role-of-porsche-in-world-war-ii-from-sports-cars-to-tanks.jpg HTTP/1.1" 200 135836 "-" "Mozilla/5.0 (Macintosh; Intel Mac OS X 10_15_7) AppleWebKit/537.36 (KHTML, like Gecko) Chrome/104.0.0.0 Safari/537.36"
89.167.8.115 - - [27/Sep/2026:17:29:00 +0300] "GET /wp-content/uploads/2023/11/discover-the-truth-does-volkswagen-own-porsche.jpg HTTP/1.1" 200 219541 "-" "Mozilla/5.0 (Macintosh; Intel Mac OS X 10_15_7) AppleWebKit/537.36 (KHTML, like Gecko) Chrome/104.0.0.0 Safari/537.36"
89.167.8.115 - - [27/Sep/2026:17:29:00 +0300] "GET /wp-content/uploads/2023/11/is-porsche-an-italian-car-manufacturer-find-out-the-truth-behind-the-brands-origins.jpg HTTP/1.1" 200 520918 "-" "Mozilla/5.0 (Macintosh; Intel Mac OS X 10_15_7) AppleWebKit/537.36 (KHTML, like Gecko) Chrome/104.0.0.0 Safari/537.36"
65.21.54.154 - - [27/Sep/2026:17:29:05 +0300] "GET /wp-content/uploads/2021/12/s.jpg HTTP/1.1" 200 87804 "-" "Mozilla/5.0 (Macintosh; Intel Mac OS X 10_15_7) AppleWebKit/537.36 (KHTML, like Gecko) Chrome/104.0.0.0 Safari/537.36"
65.21.54.154 - - [27/Sep/2026:17:29:05 +0300] "GET /wp-content/uploads/2023/12/exploring-the-reliability-of-porsche-separating-fact-from-fiction.jpg HTTP/1.1" 200 144275 "-" "Mozilla/5.0 (Macintosh; Intel Mac OS X 10_15_7) AppleWebKit/537.36 (KHTML, like Gecko) Chrome/104.0.0.0 Safari/537.36"
65.21.54.154 - - [27/Sep/2026:17:29:05 +0300] "GET /wp-content/uploads/2023/07/Best20German20cars202021-12-scaled.jpg HTTP/1.1" 404 84475 "-" "Mozilla/5.0 (Macintosh; Intel Mac OS X 10_15_7) AppleWebKit/537.36 (KHTML, like Gecko) Chrome/104.0.0.0 Safari/537.36"
57.141.20.16 - - [27/Sep/2026:17:30:41 +0300] "GET /wp-content/uploads/2023/09/find-out-if-porsche-supports-android-auto-and-the-features-it-offers-218x300.jpg HTTP/2.0" 200 117117 "-" "Mozilla/5.0 (Macintosh; Intel Mac OS X 10_15_7) AppleWebKit/537.36 (KHTML, like Gecko) Chrome/145.0.0.0 Safari/537.36 (compatible; meta-externalagent/1.1 (+https://developers.facebook.com/docs/sharing/webmasters/crawler))"
114.119.158.46 - - [27/Sep/2026:17:31:15 +0300] "GET /wp-content/uploads/2023/08/are-porsches-available-with-automatic-transmission-discover-the-answer-here.png HTTP/1.1" 200 363690 "https://auto-porsche.com/2023/08/18/are-porsches-available-with-automatic-transmission-discover-the-answer-here/" "Mozilla/5.0 (Linux; Android 7.0;) AppleWebKit/537.36 (HTML, like Gecko) Mobile Safari/537.36 (compatible; PetalBot;+https://webmaster.petalsearch.com/site/petalbot)"
57.141.20.26 - - [27/Sep/2026:17:31:19 +0300] "GET /wp-content/uploads/2021/10/sitemap-870x400.png HTTP/2.0" 200 46425 "-" "Mozilla/5.0 (Macintosh; Intel Mac OS X 10_15_7) AppleWebKit/537.36 (KHTML, like Gecko) Chrome/145.0.0.0 Safari/537.36 (compatible; meta-externalagent/1.1 (+https://developers.facebook.com/docs/sharing/webmasters/crawler))"
