85.254.144.33 - - [27/Sep/2026:17:31:22 +0300] "POST /wp-cron.php?doing_wp_cron=1790519482.6704959869384765625000 HTTP/1.1" 200 - "-" "WordPress/7.1.2; https://auto-porsche.com"
43.164.196.47 - - [27/Sep/2026:17:31:21 +0300] "GET /2023/06/21/get-the-real-scoop-on-the-reliability-of-porsche-cayenne-models/ HTTP/1.1" 500 50142 "-" "Mozilla/5.0 (iPhone; CPU iPhone OS 13_2_3 like Mac OS X) AppleWebKit/605.1.15 (KHTML, like Gecko) Version/13.0.3 Mobile/15E148 Safari/604.1"
204.168.154.54 - - [27/Sep/2026:17:32:51 +0300] "GET /wp-content/uploads/2023/12/the-ultimate-guide-to-the-price-of-porsche-cayenne-everything-you-need-to-know-about-the-cost-of-this-luxurious-suv.jpg HTTP/1.1" 200 47651 "-" "Mozilla/5.0 (Macintosh; Intel Mac OS X 10_15_7) AppleWebKit/537.36 (KHTML, like Gecko) Chrome/104.0.0.0 Safari/537.36"
204.168.154.54 - - [27/Sep/2026:17:32:51 +0300] "GET /wp-content/uploads/2022/01/asds.jpg HTTP/1.1" 200 361529 "-" "Mozilla/5.0 (Macintosh; Intel Mac OS X 10_15_7) AppleWebKit/537.36 (KHTML, like Gecko) Chrome/104.0.0.0 Safari/537.36"
204.168.154.54 - - [27/Sep/2026:17:32:51 +0300] "GET /wp-content/uploads/2023/12/discover-the-exquisite-elegance-of-porsche-quartzite-grey-metallic-elevate-your-luxury-cars-aesthetic.png HTTP/1.1" 200 647968 "-" "Mozilla/5.0 (Macintosh; Intel Mac OS X 10_15_7) AppleWebKit/537.36 (KHTML, like Gecko) Chrome/104.0.0.0 Safari/537.36"
65.108.91.14 - - [27/Sep/2026:17:32:58 +0300] "GET /wp-content/uploads/2021/12/S19_5075_fine.jpeg HTTP/1.1" 200 241376 "-" "Mozilla/5.0 (Macintosh; Intel Mac OS X 10_15_7) AppleWebKit/537.36 (KHTML, like Gecko) Chrome/104.0.0.0 Safari/537.36"
65.108.91.14 - - [27/Sep/2026:17:32:58 +0300] "GET /wp-content/uploads/2023/07/2019-porsche-91120vs-bmw-m850i.png HTTP/1.1" 200 368646 "-" "Mozilla/5.0 (Macintosh; Intel Mac OS X 10_15_7) AppleWebKit/537.36 (KHTML, like Gecko) Chrome/104.0.0.0 Safari/537.36"
85.254.144.33 - - [27/Sep/2026:17:32:59 +0300] "POST /wp-cron.php?doing_wp_cron=1790519579.7664000988006591796875 HTTP/1.1" 200 - "-" "WordPress/7.1.2; https://auto-porsche.com"
65.108.91.14 - - [27/Sep/2026:17:32:58 +0300] "GET /wp-content/uploads/2023/07/most-reliable-German-car.jpg HTTP/1.1" 404 85205 "-" "Mozilla/5.0 (Macintosh; Intel Mac OS X 10_15_7) AppleWebKit/537.36 (KHTML, like Gecko) Chrome/104.0.0.0 Safari/537.36"
190.43.154.59 - - [27/Sep/2026:17:33:17 +0300] "GET /2023/07/21/get-all-the-details-on-the-launch-of-the-porsche-992-2-a-comprehensive-guide/ HTTP/1.1" 500 57472 "-" "Mozilla/5.0 (Macintosh; Intel Mac OS X 11_3_1) AppleWebKit/537.36 (KHTML, like Gecko) Chrome/130.0.6723.116 Safari/537.36"
45.148.10.9 - - [27/Sep/2026:17:33:54 +0300] "GET / HTTP/1.1" 200 93456 "http://mail.auto-porsche.com/" "Mozilla/5.0 (iPhone; CPU iPhone OS 17_5 like Mac OS X) AppleWebKit/605.1.15 (KHTML, like Gecko) Version/17.5 Mobile/15E148 Safari/604.1"
85.254.144.33 - - [27/Sep/2026:17:34:32 +0300] "POST /wp-cron.php?doing_wp_cron=1790519672.1500940322875976562500 HTTP/1.1" 200 - "-" "WordPress/7.1.2; https://auto-porsche.com"
52.167.144.25 - - [27/Sep/2026:17:34:30 +0300] "GET /uloid/unsophisticated/52627360927 HTTP/2.0" 404 84812 "-" "Mozilla/5.0 AppleWebKit/537.36 (KHTML, like Gecko; compatible; bingbot/2.0; +http://www.bing.com/bingbot.htm) Chrome/116.0.1938.76 Safari/537.36"
207.46.13.36 - - [27/Sep/2026:17:34:48 +0300] "GET /wp-content/uploads/2023/07/1x-1-100x100.jpg HTTP/2.0" 200 3253 "-" "Mozilla/5.0 AppleWebKit/537.36 (KHTML, like Gecko; compatible; bingbot/2.0; +http://www.bing.com/bingbot.htm) Chrome/116.0.1938.76 Safari/537.36"
195.178.110.105 - - [27/Sep/2026:17:34:50 +0300] "GET / HTTP/1.1" 200 12140 "-" "Mozilla/5.0 (Windows NT 10.0; Win64; x64) AppleWebKit/537.36 (KHTML, like Gecko) Chrome/131.0.0.0 Safari/537.36"
195.178.110.105 - - [27/Sep/2026:17:34:50 +0300] "GET /livewire/update HTTP/1.1" 200 12145 "-" "Mozilla/5.0"
93.92.20.197 - - [27/Sep/2026:17:36:02 +0300] "GET /2023/07/22/porsche-vs-corvette-the-ultimate-showdown-of-supercars/ HTTP/1.1" 500 51367 "-" "Mozilla/5.0 (Macintosh; Intel Mac OS X 10_15_7) AppleWebKit/537.36 (KHTML, like Gecko) Chrome/104.0.0.0 Safari/537.36"
85.254.144.33 - - [27/Sep/2026:17:36:03 +0300] "POST /wp-cron.php?doing_wp_cron=1790519763.4645929336547851562500 HTTP/1.1" 200 - "-" "WordPress/7.1.2; https://auto-porsche.com"
82.26.28.130 - - [27/Sep/2026:17:36:02 +0300] "GET /2023/07/22/porsche-vs-corvette-the-ultimate-showdown-of-supercars/ HTTP/1.1" 500 51367 "-" "Mozilla/5.0 (Macintosh; Intel Mac OS X 10_15_7) AppleWebKit/537.36 (KHTML, like Gecko) Chrome/104.0.0.0 Safari/537.36"
93.92.20.197 - - [27/Sep/2026:17:36:03 +0300] "GET /2021/11/16/porsche-911/ HTTP/1.1" 500 49566 "-" "Mozilla/5.0 (Macintosh; Intel Mac OS X 10_15_7) AppleWebKit/537.36 (KHTML, like Gecko) Chrome/104.0.0.0 Safari/537.36"
82.26.28.130 - - [27/Sep/2026:17:36:04 +0300] "GET /2021/11/16/porsche-911/ HTTP/1.1" 500 49566 "-" "Mozilla/5.0 (Macintosh; Intel Mac OS X 10_15_7) AppleWebKit/537.36 (KHTML, like Gecko) Chrome/104.0.0.0 Safari/537.36"
93.92.20.197 - - [27/Sep/2026:17:36:05 +0300] "GET /2023/08/20/the-ultimate-guide-to-pronouncing-porsche-correctly-a-step-by-step-tutorial/ HTTP/1.1" 500 54567 "-" "Mozilla/5.0 (Macintosh; Intel Mac OS X 10_15_7) AppleWebKit/537.36 (KHTML, like Gecko) Chrome/104.0.0.0 Safari/537.36"
82.26.28.130 - - [27/Sep/2026:17:36:05 +0300] "GET /2023/08/20/the-ultimate-guide-to-pronouncing-porsche-correctly-a-step-by-step-tutorial/ HTTP/1.1" 500 54567 "-" "Mozilla/5.0 (Macintosh; Intel Mac OS X 10_15_7) AppleWebKit/537.36 (KHTML, like Gecko) Chrome/104.0.0.0 Safari/537.36"
93.92.20.197 - - [27/Sep/2026:17:36:06 +0300] "GET /2021/12/15/1980-porsche-924-turbo-for-sale-in-kent-uk/ HTTP/1.1" 500 41674 "-" "Mozilla/5.0 (Macintosh; Intel Mac OS X 10_15_7) AppleWebKit/537.36 (KHTML, like Gecko) Chrome/104.0.0.0 Safari/537.36"
82.26.28.130 - - [27/Sep/2026:17:36:07 +0300] "GET /2021/12/15/1980-porsche-924-turbo-for-sale-in-kent-uk/ HTTP/1.1" 500 41674 "-" "Mozilla/5.0 (Macintosh; Intel Mac OS X 10_15_7) AppleWebKit/537.36 (KHTML, like Gecko) Chrome/104.0.0.0 Safari/537.36"
93.92.20.197 - - [27/Sep/2026:17:36:07 +0300] "GET /2023/07/06/unveiling-the-true-essence-of-sally-exploring-the-authentic-nature-of-porsche/ HTTP/1.1" 500 58376 "-" "Mozilla/5.0 (Macintosh; Intel Mac OS X 10_15_7) AppleWebKit/537.36 (KHTML, like Gecko) Chrome/104.0.0.0 Safari/537.36"
82.26.28.130 - - [27/Sep/2026:17:36:08 +0300] "GET /2023/07/06/unveiling-the-true-essence-of-sally-exploring-the-authentic-nature-of-porsche/ HTTP/1.1" 500 58376 "-" "Mozilla/5.0 (Macintosh; Intel Mac OS X 10_15_7) AppleWebKit/537.36 (KHTML, like Gecko) Chrome/104.0.0.0 Safari/537.36"
93.92.20.197 - - [27/Sep/2026:17:36:09 +0300] "GET /2023/07/12/all-the-essential-information-you-should-know-about-the-kinn-porsche/ HTTP/1.1" 500 52730 "-" "Mozilla/5.0 (Macintosh; Intel Mac OS X 10_15_7) AppleWebKit/537.36 (KHTML, like Gecko) Chrome/104.0.0.0 Safari/537.36"
82.26.28.130 - - [27/Sep/2026:17:36:09 +0300] "GET /2023/07/12/all-the-essential-information-you-should-know-about-the-kinn-porsche/ HTTP/1.1" 500 52730 "-" "Mozilla/5.0 (Macintosh; Intel Mac OS X 10_15_7) AppleWebKit/537.36 (KHTML, like Gecko) Chrome/104.0.0.0 Safari/537.36"
93.92.20.197 - - [27/Sep/2026:17:36:10 +0300] "GET /2024/01/26/find-the-speediest-porsche-911-models-select-your-ultimate-champion/ HTTP/1.1" 500 57787 "-" "Mozilla/5.0 (Macintosh; Intel Mac OS X 10_15_7) AppleWebKit/537.36 (KHTML, like Gecko) Chrome/104.0.0.0 Safari/537.36"
82.26.28.130 - - [27/Sep/2026:17:36:11 +0300] "GET /2024/01/26/find-the-speediest-porsche-911-models-select-your-ultimate-champion/ HTTP/1.1" 500 57787 "-" "Mozilla/5.0 (Macintosh; Intel Mac OS X 10_15_7) AppleWebKit/537.36 (KHTML, like Gecko) Chrome/104.0.0.0 Safari/537.36"
93.92.20.197 - - [27/Sep/2026:17:36:11 +0300] "GET /2023/08/16/mastering-the-art-of-beating-traffic-unleash-the-power-of-a-home-porsche-ad/ HTTP/1.1" 500 55020 "-" "Mozilla/5.0 (Macintosh; Intel Mac OS X 10_15_7) AppleWebKit/537.36 (KHTML, like Gecko) Chrome/104.0.0.0 Safari/537.36"
82.26.28.130 - - [27/Sep/2026:17:36:12 +0300] "GET /2023/08/16/mastering-the-art-of-beating-traffic-unleash-the-power-of-a-home-porsche-ad/ HTTP/1.1" 500 55020 "-" "Mozilla/5.0 (Macintosh; Intel Mac OS X 10_15_7) AppleWebKit/537.36 (KHTML, like Gecko) Chrome/104.0.0.0 Safari/537.36"
93.92.20.197 - - [27/Sep/2026:17:36:13 +0300] "GET /2023/09/29/the-origins-of-porsche-debunking-the-myth-of-nazi-involvement/ HTTP/1.1" 500 56091 "-" "Mozilla/5.0 (Macintosh; Intel Mac OS X 10_15_7) AppleWebKit/537.36 (KHTML, like Gecko) Chrome/104.0.0.0 Safari/537.36"
82.26.28.130 - - [27/Sep/2026:17:36:13 +0300] "GET /2023/09/29/the-origins-of-porsche-debunking-the-myth-of-nazi-involvement/ HTTP/1.1" 500 56091 "-" "Mozilla/5.0 (Macintosh; Intel Mac OS X 10_15_7) AppleWebKit/537.36 (KHTML, like Gecko) Chrome/104.0.0.0 Safari/537.36"
93.92.20.197 - - [27/Sep/2026:17:36:14 +0300] "GET /porsche-taycan/ HTTP/1.1" 500 46812 "-" "Mozilla/5.0 (Macintosh; Intel Mac OS X 10_15_7) AppleWebKit/537.36 (KHTML, like Gecko) Chrome/104.0.0.0 Safari/537.36"
82.26.28.130 - - [27/Sep/2026:17:36:15 +0300] "GET /porsche-taycan/ HTTP/1.1" 500 46812 "-" "Mozilla/5.0 (Macintosh; Intel Mac OS X 10_15_7) AppleWebKit/537.36 (KHTML, like Gecko) Chrome/104.0.0.0 Safari/537.36"
93.92.20.197 - - [27/Sep/2026:17:36:15 +0300] "GET /2021/12/25/2007-porsche-911-carrera-coupe-for-sale-in-hollywood-fl/ HTTP/1.1" 500 41447 "-" "Mozilla/5.0 (Macintosh; Intel Mac OS X 10_15_7) AppleWebKit/537.36 (KHTML, like Gecko) Chrome/104.0.0.0 Safari/537.36"
82.26.28.130 - - [27/Sep/2026:17:36:16 +0300] "GET /2021/12/25/2007-porsche-911-carrera-coupe-for-sale-in-hollywood-fl/ HTTP/1.1" 500 41447 "-" "Mozilla/5.0 (Macintosh; Intel Mac OS X 10_15_7) AppleWebKit/537.36 (KHTML, like Gecko) Chrome/104.0.0.0 Safari/537.36"
93.92.20.197 - - [27/Sep/2026:17:36:17 +0300] "GET /2023/08/25/the-history-of-porsche-s-involvement-in-formula-1-everything-you-need-to-know/ HTTP/1.1" 500 53829 "-" "Mozilla/5.0 (Macintosh; Intel Mac OS X 10_15_7) AppleWebKit/537.36 (KHTML, like Gecko) Chrome/104.0.0.0 Safari/537.36"
82.26.28.130 - - [27/Sep/2026:17:36:17 +0300] "GET /2023/08/25/the-history-of-porsche-s-involvement-in-formula-1-everything-you-need-to-know/ HTTP/1.1" 500 53829 "-" "Mozilla/5.0 (Macintosh; Intel Mac OS X 10_15_7) AppleWebKit/537.36 (KHTML, like Gecko) Chrome/104.0.0.0 Safari/537.36"
93.92.20.197 - - [27/Sep/2026:17:36:18 +0300] "GET /2023/11/21/porsche-cayenne-exploring-the-pricing-and-cost-of-this-luxury-suv/ HTTP/1.1" 500 52538 "-" "Mozilla/5.0 (Macintosh; Intel Mac OS X 10_15_7) AppleWebKit/537.36 (KHTML, like Gecko) Chrome/104.0.0.0 Safari/537.36"
82.26.28.130 - - [27/Sep/2026:17:36:19 +0300] "GET /2023/11/21/porsche-cayenne-exploring-the-pricing-and-cost-of-this-luxury-suv/ HTTP/1.1" 500 52538 "-" "Mozilla/5.0 (Macintosh; Intel Mac OS X 10_15_7) AppleWebKit/537.36 (KHTML, like Gecko) Chrome/104.0.0.0 Safari/537.36"
93.92.20.197 - - [27/Sep/2026:17:36:19 +0300] "GET /2022/01/01/1989-porsche-924-for-sale-in-germany-hamburg/ HTTP/1.1" 500 43437 "-" "Mozilla/5.0 (Macintosh; Intel Mac OS X 10_15_7) AppleWebKit/537.36 (KHTML, like Gecko) Chrome/104.0.0.0 Safari/537.36"
82.26.28.130 - - [27/Sep/2026:17:36:20 +0300] "GET /2022/01/01/1989-porsche-924-for-sale-in-germany-hamburg/ HTTP/1.1" 500 43437 "-" "Mozilla/5.0 (Macintosh; Intel Mac OS X 10_15_7) AppleWebKit/537.36 (KHTML, like Gecko) Chrome/104.0.0.0 Safari/537.36"
93.92.20.197 - - [27/Sep/2026:17:36:20 +0300] "GET /2021/12/14/2019-porsche-panamera-for-sale-miami/ HTTP/1.1" 500 39639 "-" "Mozilla/5.0 (Macintosh; Intel Mac OS X 10_15_7) AppleWebKit/537.36 (KHTML, like Gecko) Chrome/104.0.0.0 Safari/537.36"
82.26.28.130 - - [27/Sep/2026:17:36:21 +0300] "GET /2021/12/14/2019-porsche-panamera-for-sale-miami/ HTTP/1.1" 500 39639 "-" "Mozilla/5.0 (Macintosh; Intel Mac OS X 10_15_7) AppleWebKit/537.36 (KHTML, like Gecko) Chrome/104.0.0.0 Safari/537.36"
93.92.20.197 - - [27/Sep/2026:17:36:22 +0300] "GET /2021/12/14/porsche-taycan-for-sale-in-florida/ HTTP/1.1" 500 40470 "-" "Mozilla/5.0 (Macintosh; Intel Mac OS X 10_15_7) AppleWebKit/537.36 (KHTML, like Gecko) Chrome/104.0.0.0 Safari/537.36"
82.26.28.130 - - [27/Sep/2026:17:36:23 +0300] "GET /2021/12/14/porsche-taycan-for-sale-in-florida/ HTTP/1.1" 500 40470 "-" "Mozilla/5.0 (Macintosh; Intel Mac OS X 10_15_7) AppleWebKit/537.36 (KHTML, like Gecko) Chrome/104.0.0.0 Safari/537.36"
93.92.20.197 - - [27/Sep/2026:17:36:23 +0300] "GET /2023/09/19/choosing-the-right-porsche-suv-a-comparison-of-the-macan-and-cayenne-models/ HTTP/1.1" 500 51343 "-" "Mozilla/5.0 (Macintosh; Intel Mac OS X 10_15_7) AppleWebKit/537.36 (KHTML, like Gecko) Chrome/104.0.0.0 Safari/537.36"
82.26.28.130 - - [27/Sep/2026:17:36:24 +0300] "GET /2023/09/19/choosing-the-right-porsche-suv-a-comparison-of-the-macan-and-cayenne-models/ HTTP/1.1" 500 51343 "-" "Mozilla/5.0 (Macintosh; Intel Mac OS X 10_15_7) AppleWebKit/537.36 (KHTML, like Gecko) Chrome/104.0.0.0 Safari/537.36"
93.92.20.197 - - [27/Sep/2026:17:36:24 +0300] "GET /2023/08/21/discover-whether-porsches-are-equipped-with-apple-carplay-in-this-detailed-guide/ HTTP/1.1" 500 62227 "-" "Mozilla/5.0 (Macintosh; Intel Mac OS X 10_15_7) AppleWebKit/537.36 (KHTML, like Gecko) Chrome/104.0.0.0 Safari/537.36"
93.92.20.197 - - [27/Sep/2026:17:36:26 +0300] "GET /category/questions/page/4/ HTTP/1.1" 200 99301 "-" "Mozilla/5.0 (Macintosh; Intel Mac OS X 10_15_7) AppleWebKit/537.36 (KHTML, like Gecko) Chrome/104.0.0.0 Safari/537.36"
85.254.144.33 - - [27/Sep/2026:17:36:26 +0300] "POST /wp-cron.php?doing_wp_cron=1790519786.7619450092315673828125 HTTP/1.1" 200 - "-" "WordPress/7.1.2; https://auto-porsche.com"
82.26.28.130 - - [27/Sep/2026:17:36:25 +0300] "GET /2023/08/21/discover-whether-porsches-are-equipped-with-apple-carplay-in-this-detailed-guide/ HTTP/1.1" 500 62227 "-" "Mozilla/5.0 (Macintosh; Intel Mac OS X 10_15_7) AppleWebKit/537.36 (KHTML, like Gecko) Chrome/104.0.0.0 Safari/537.36"
82.26.28.130 - - [27/Sep/2026:17:36:28 +0300] "GET /category/questions/page/4/ HTTP/1.1" 200 99301 "-" "Mozilla/5.0 (Macintosh; Intel Mac OS X 10_15_7) AppleWebKit/537.36 (KHTML, like Gecko) Chrome/104.0.0.0 Safari/537.36"
93.92.20.197 - - [27/Sep/2026:17:36:27 +0300] "GET /2023/10/19/exploring-the-timing-and-implications-of-porsche-s-initial-public-offering-ipo/ HTTP/1.1" 500 60952 "-" "Mozilla/5.0 (Macintosh; Intel Mac OS X 10_15_7) AppleWebKit/537.36 (KHTML, like Gecko) Chrome/104.0.0.0 Safari/537.36"
82.26.28.130 - - [27/Sep/2026:17:36:28 +0300] "GET /2023/10/19/exploring-the-timing-and-implications-of-porsche-s-initial-public-offering-ipo/ HTTP/1.1" 500 60952 "-" "Mozilla/5.0 (Macintosh; Intel Mac OS X 10_15_7) AppleWebKit/537.36 (KHTML, like Gecko) Chrome/104.0.0.0 Safari/537.36"
93.92.20.197 - - [27/Sep/2026:17:36:29 +0300] "GET /2021/12/14/2018-porsche-macan-for-sale-for-sale-in-germany/ HTTP/1.1" 500 40947 "-" "Mozilla/5.0 (Macintosh; Intel Mac OS X 10_15_7) AppleWebKit/537.36 (KHTML, like Gecko) Chrome/104.0.0.0 Safari/537.36"
82.26.28.130 - - [27/Sep/2026:17:36:29 +0300] "GET /2021/12/14/2018-porsche-macan-for-sale-for-sale-in-germany/ HTTP/1.1" 500 40947 "-" "Mozilla/5.0 (Macintosh; Intel Mac OS X 10_15_7) AppleWebKit/537.36 (KHTML, like Gecko) Chrome/104.0.0.0 Safari/537.36"
93.92.20.197 - - [27/Sep/2026:17:36:30 +0300] "GET /2021/12/14/what-is-kelley-blue-book/ HTTP/1.1" 500 31915 "-" "Mozilla/5.0 (Macintosh; Intel Mac OS X 10_15_7) AppleWebKit/537.36 (KHTML, like Gecko) Chrome/104.0.0.0 Safari/537.36"
82.26.28.130 - - [27/Sep/2026:17:36:31 +0300] "GET /2021/12/14/what-is-kelley-blue-book/ HTTP/1.1" 500 31915 "-" "Mozilla/5.0 (Macintosh; Intel Mac OS X 10_15_7) AppleWebKit/537.36 (KHTML, like Gecko) Chrome/104.0.0.0 Safari/537.36"
93.92.20.197 - - [27/Sep/2026:17:36:31 +0300] "GET /2023/08/09/discover-the-perfect-route-to-the-porsche-museum-in-stuttgart/ HTTP/1.1" 500 54085 "-" "Mozilla/5.0 (Macintosh; Intel Mac OS X 10_15_7) AppleWebKit/537.36 (KHTML, like Gecko) Chrome/104.0.0.0 Safari/537.36"
82.26.28.130 - - [27/Sep/2026:17:36:32 +0300] "GET /2023/08/09/discover-the-perfect-route-to-the-porsche-museum-in-stuttgart/ HTTP/1.1" 500 54085 "-" "Mozilla/5.0 (Macintosh; Intel Mac OS X 10_15_7) AppleWebKit/537.36 (KHTML, like Gecko) Chrome/104.0.0.0 Safari/537.36"
93.92.20.197 - - [27/Sep/2026:17:36:32 +0300] "GET /2021/11/25/porsche-boxster/ HTTP/1.1" 500 54641 "-" "Mozilla/5.0 (Macintosh; Intel Mac OS X 10_15_7) AppleWebKit/537.36 (KHTML, like Gecko) Chrome/104.0.0.0 Safari/537.36"
82.26.28.130 - - [27/Sep/2026:17:36:33 +0300] "GET /2021/11/25/porsche-boxster/ HTTP/1.1" 500 54641 "-" "Mozilla/5.0 (Macintosh; Intel Mac OS X 10_15_7) AppleWebKit/537.36 (KHTML, like Gecko) Chrome/104.0.0.0 Safari/537.36"
93.92.20.197 - - [27/Sep/2026:17:36:34 +0300] "GET /category/blog/page/4/ HTTP/1.1" 200 97769 "-" "Mozilla/5.0 (Macintosh; Intel Mac OS X 10_15_7) AppleWebKit/537.36 (KHTML, like Gecko) Chrome/104.0.0.0 Safari/537.36"
82.26.28.130 - - [27/Sep/2026:17:36:34 +0300] "GET /category/blog/page/4/ HTTP/1.1" 200 97923 "-" "Mozilla/5.0 (Macintosh; Intel Mac OS X 10_15_7) AppleWebKit/537.36 (KHTML, like Gecko) Chrome/104.0.0.0 Safari/537.36"
93.92.20.197 - - [27/Sep/2026:17:36:36 +0300] "GET /2023/11/02/porsche-911-gt3-explore-the-pricing-and-features-of-this-iconic-sports-car/ HTTP/1.1" 500 55084 "-" "Mozilla/5.0 (Macintosh; Intel Mac OS X 10_15_7) AppleWebKit/537.36 (KHTML, like Gecko) Chrome/104.0.0.0 Safari/537.36"
82.26.28.130 - - [27/Sep/2026:17:36:36 +0300] "GET /2023/11/02/porsche-911-gt3-explore-the-pricing-and-features-of-this-iconic-sports-car/ HTTP/1.1" 500 55084 "-" "Mozilla/5.0 (Macintosh; Intel Mac OS X 10_15_7) AppleWebKit/537.36 (KHTML, like Gecko) Chrome/104.0.0.0 Safari/537.36"
93.92.20.197 - - [27/Sep/2026:17:36:37 +0300] "GET /porsche-cayenne-2/ HTTP/1.1" 500 48821 "-" "Mozilla/5.0 (Macintosh; Intel Mac OS X 10_15_7) AppleWebKit/537.36 (KHTML, like Gecko) Chrome/104.0.0.0 Safari/537.36"
82.26.28.130 - - [27/Sep/2026:17:36:37 +0300] "GET /porsche-cayenne-2/ HTTP/1.1" 500 48821 "-" "Mozilla/5.0 (Macintosh; Intel Mac OS X 10_15_7) AppleWebKit/537.36 (KHTML, like Gecko) Chrome/104.0.0.0 Safari/537.36"
93.92.20.197 - - [27/Sep/2026:17:36:38 +0300] "GET /2021/12/16/1991-porsche-964-carrera-4-for-sale-in-italy-rome/ HTTP/1.1" 500 40523 "-" "Mozilla/5.0 (Macintosh; Intel Mac OS X 10_15_7) AppleWebKit/537.36 (KHTML, like Gecko) Chrome/104.0.0.0 Safari/537.36"
82.26.28.130 - - [27/Sep/2026:17:36:39 +0300] "GET /2021/12/16/1991-porsche-964-carrera-4-for-sale-in-italy-rome/ HTTP/1.1" 500 40523 "-" "Mozilla/5.0 (Macintosh; Intel Mac OS X 10_15_7) AppleWebKit/537.36 (KHTML, like Gecko) Chrome/104.0.0.0 Safari/537.36"
93.92.20.197 - - [27/Sep/2026:17:36:39 +0300] "GET /2023/10/25/what-is-the-expected-timeline-for-the-next-generation-of-the-porsche-cayenne/ HTTP/1.1" 500 58040 "-" "Mozilla/5.0 (Macintosh; Intel Mac OS X 10_15_7) AppleWebKit/537.36 (KHTML, like Gecko) Chrome/104.0.0.0 Safari/537.36"
82.26.28.130 - - [27/Sep/2026:17:36:40 +0300] "GET /2023/10/25/what-is-the-expected-timeline-for-the-next-generation-of-the-porsche-cayenne/ HTTP/1.1" 500 58040 "-" "Mozilla/5.0 (Macintosh; Intel Mac OS X 10_15_7) AppleWebKit/537.36 (KHTML, like Gecko) Chrome/104.0.0.0 Safari/537.36"
93.92.20.197 - - [27/Sep/2026:17:36:41 +0300] "GET /2023/08/10/porsche-s-formula-1-legacy-tracing-porsche-s-journey-in-the-world-of-f1-racing/ HTTP/1.1" 500 55514 "-" "Mozilla/5.0 (Macintosh; Intel Mac OS X 10_15_7) AppleWebKit/537.36 (KHTML, like Gecko) Chrome/104.0.0.0 Safari/537.36"
82.26.28.130 - - [27/Sep/2026:17:36:41 +0300] "GET /2023/08/10/porsche-s-formula-1-legacy-tracing-porsche-s-journey-in-the-world-of-f1-racing/ HTTP/1.1" 500 55514 "-" "Mozilla/5.0 (Macintosh; Intel Mac OS X 10_15_7) AppleWebKit/537.36 (KHTML, like Gecko) Chrome/104.0.0.0 Safari/537.36"
204.168.194.53 - - [27/Sep/2026:17:37:07 +0300] "GET /wp-content/uploads/2023/10/get-the-latest-updates-and-trends-on-porsche-prices-have-they-increased.jpg HTTP/1.1" 200 114857 "-" "Mozilla/5.0 (Macintosh; Intel Mac OS X 10_15_7) AppleWebKit/537.36 (KHTML, like Gecko) Chrome/104.0.0.0 Safari/537.36"
204.168.194.53 - - [27/Sep/2026:17:37:07 +0300] "GET /wp-content/uploads/2023/09/discover-if-the-porsche-macan-is-worth-your-investment-and-make-an-informed-decision.jpg HTTP/1.1" 200 598750 "-" "Mozilla/5.0 (Macintosh; Intel Mac OS X 10_15_7) AppleWebKit/537.36 (KHTML, like Gecko) Chrome/104.0.0.0 Safari/537.36"
204.168.194.53 - - [27/Sep/2026:17:37:07 +0300] "GET /wp-content/uploads/2023/09/is-the-porsche-cayenne-worth-buying-a-comprehensive-analysis-of-the-pros-and-cons.jpg HTTP/1.1" 200 245354 "-" "Mozilla/5.0 (Macintosh; Intel Mac OS X 10_15_7) AppleWebKit/537.36 (KHTML, like Gecko) Chrome/104.0.0.0 Safari/537.36"
65.21.55.202 - - [27/Sep/2026:17:37:19 +0300] "GET /wp-content/uploads/2023/09/is-investing-in-a-porsche-worth-the-money-exploring-the-pros-and-cons-of-owning-a-porsche-as-an-investment.jpg HTTP/1.1" 200 37025 "-" "Mozilla/5.0 (Macintosh; Intel Mac OS X 10_15_7) AppleWebKit/537.36 (KHTML, like Gecko) Chrome/104.0.0.0 Safari/537.36"
65.21.55.202 - - [27/Sep/2026:17:37:19 +0300] "GET /wp-content/uploads/2023/09/get-the-latest-updates-on-porsche-production-are-they-still-manufacturing-cars.jpg HTTP/1.1" 200 162530 "-" "Mozilla/5.0 (Macintosh; Intel Mac OS X 10_15_7) AppleWebKit/537.36 (KHTML, like Gecko) Chrome/104.0.0.0 Safari/537.36"
65.21.55.202 - - [27/Sep/2026:17:37:19 +0300] "GET /wp-content/uploads/2023/09/find-out-if-porsche-supports-android-auto-and-the-features-it-offers.jpg HTTP/1.1" 200 230441 "-" "Mozilla/5.0 (Macintosh; Intel Mac OS X 10_15_7) AppleWebKit/537.36 (KHTML, like Gecko) Chrome/104.0.0.0 Safari/537.36"
204.168.146.212 - - [27/Sep/2026:17:37:19 +0300] "GET /wp-content/uploads/2023/09/is-it-worth-investing-in-a-porsche-discover-the-advantages-and-disadvantages-of-owning-a-porsche-and-decide-for-yourself.jpg HTTP/1.1" 200 37025 "-" "Mozilla/5.0 (Macintosh; Intel Mac OS X 10_15_7) AppleWebKit/537.36 (KHTML, like Gecko) Chrome/104.0.0.0 Safari/537.36"
204.168.146.212 - - [27/Sep/2026:17:37:19 +0300] "GET /wp-content/uploads/2023/09/what-is-the-latest-news-on-porsche-production-discover-if-the-production-has-been-halted.jpg HTTP/1.1" 200 228909 "-" "Mozilla/5.0 (Macintosh; Intel Mac OS X 10_15_7) AppleWebKit/537.36 (KHTML, like Gecko) Chrome/104.0.0.0 Safari/537.36"
204.168.146.212 - - [27/Sep/2026:17:37:19 +0300] "GET /wp-content/uploads/2023/09/updates-on-the-status-of-porsche-nottingham-are-they-still-in-operation.jpg HTTP/1.1" 200 11227544 "-" "Mozilla/5.0 (Macintosh; Intel Mac OS X 10_15_7) AppleWebKit/537.36 (KHTML, like Gecko) Chrome/104.0.0.0 Safari/537.36"
204.168.199.84 - - [27/Sep/2026:17:37:21 +0300] "GET /wp-content/uploads/2023/09/is-investing-in-a-porsche-a-wise-decision-weighing-the-advantages-and-disadvantages-of-owning-a-porsche.jpg HTTP/1.1" 200 551649 "-" "Mozilla/5.0 (Macintosh; Intel Mac OS X 10_15_7) AppleWebKit/537.36 (KHTML, like Gecko) Chrome/104.0.0.0 Safari/537.36"
204.168.199.84 - - [27/Sep/2026:17:37:21 +0300] "GET /wp-content/uploads/2023/08/porsches-engine-legacy-unveiling-the-truth-about-porsches-v8-engines.jpg HTTP/1.1" 200 217015 "-" "Mozilla/5.0 (Macintosh; Intel Mac OS X 10_15_7) AppleWebKit/537.36 (KHTML, like Gecko) Chrome/104.0.0.0 Safari/537.36"
204.168.199.84 - - [27/Sep/2026:17:37:21 +0300] "GET /wp-content/uploads/2023/10/uncovering-the-roots-a-dive-into-the-history-and-establishment-of-porsche-unveiling-the-origins-of-the-iconic-car-manufacturer.jpg HTTP/1.1" 200 144275 "-" "Mozilla/5.0 (Macintosh; Intel Mac OS X 10_15_7) AppleWebKit/537.36 (KHTML, like Gecko) Chrome/104.0.0.0 Safari/537.36"
204.168.201.86 - - [27/Sep/2026:17:37:29 +0300] "GET /wp-content/uploads/2023/08/is-it-true-that-porsche-owns-volkswagen-unveiling-the-facts.jpg HTTP/1.1" 200 22452 "-" "Mozilla/5.0 (Macintosh; Intel Mac OS X 10_15_7) AppleWebKit/537.36 (KHTML, like Gecko) Chrome/104.0.0.0 Safari/537.36"
204.168.201.86 - - [27/Sep/2026:17:37:29 +0300] "GET /wp-content/uploads/2023/09/porsches-dominance-at-le-mans-a-historic-journey-of-victories-and-achievements.jpg HTTP/1.1" 200 45220 "-" "Mozilla/5.0 (Macintosh; Intel Mac OS X 10_15_7) AppleWebKit/537.36 (KHTML, like Gecko) Chrome/104.0.0.0 Safari/537.36"
204.168.201.86 - - [27/Sep/2026:17:37:29 +0300] "GET /wp-content/uploads/2023/10/did-porsche-ever-participate-in-the-formula-1-racing-championship.jpg HTTP/1.1" 200 165552 "-" "Mozilla/5.0 (Macintosh; Intel Mac OS X 10_15_7) AppleWebKit/537.36 (KHTML, like Gecko) Chrome/104.0.0.0 Safari/537.36"
89.167.8.115 - - [27/Sep/2026:17:37:30 +0300] "GET /wp-content/uploads/2023/09/the-evolution-of-porsches-engine-lineup-uncovering-the-truth-about-the-v12-model.jpg HTTP/1.1" 200 59004 "-" "Mozilla/5.0 (Macintosh; Intel Mac OS X 10_15_7) AppleWebKit/537.36 (KHTML, like Gecko) Chrome/104.0.0.0 Safari/537.36"
89.167.8.115 - - [27/Sep/2026:17:37:30 +0300] "GET /wp-content/uploads/2023/09/latest-news-and-updates-is-it-true-that-porsche-has-acquired-williams.png HTTP/1.1" 200 64535 "-" "Mozilla/5.0 (Macintosh; Intel Mac OS X 10_15_7) AppleWebKit/537.36 (KHTML, like Gecko) Chrome/104.0.0.0 Safari/537.36"
89.167.8.115 - - [27/Sep/2026:17:37:30 +0300] "GET /wp-content/uploads/2023/09/are-porsche-vehicles-reliable-an-in-depth-analysis-of-porsches-reliability-performance.jpg HTTP/1.1" 200 46208 "-" "Mozilla/5.0 (Macintosh; Intel Mac OS X 10_15_7) AppleWebKit/537.36 (KHTML, like Gecko) Chrome/104.0.0.0 Safari/537.36"
85.254.144.33 - - [27/Sep/2026:17:39:27 +0300] "POST /wp-cron.php?doing_wp_cron=1790519967.1485600471496582031250 HTTP/1.1" 200 - "-" "WordPress/7.1.2; https://auto-porsche.com"
40.77.167.67 - - [27/Sep/2026:17:39:25 +0300] "GET /de/wp-content/uploads/2023/08/porsche-macan-t-2022-fahrbericht-01.jpg HTTP/2.0" 404 82645 "-" "Mozilla/5.0 AppleWebKit/537.36 (KHTML, like Gecko; compatible; bingbot/2.0; +http://www.bing.com/bingbot.htm) Chrome/116.0.1938.76 Safari/537.36"
173.2.174.93 - - [27/Sep/2026:17:39:44 +0300] "GET /2023/09/29/the-truth-unveiled-was-porsche-actually-an-italian-brand-unraveling-the-origins-of-porsche/ HTTP/2.0" 500 56772 "https://www.google.com/" "Mozilla/5.0 (Windows NT 10.0; Win64; x64) AppleWebKit/537.36 (KHTML, like Gecko) Chrome/153.0.0.0 Safari/537.36"
150.129.95.55 - - [27/Sep/2026:17:39:48 +0300] "GET / HTTP/2.0" 200 93456 "-" "Mozilla/5.0 (Windows NT 10.0; Win64; x64) AppleWebKit/537.36 (KHTML, like Gecko) Chrome/153.0.0.0 Safari/537.36"
150.129.95.55 - - [27/Sep/2026:17:39:49 +0300] "GET /wp-content/plugins/automatic-upload-images/public/css/automatic-upload-images-public.css?ver=1.0.0 HTTP/2.0" 200 98 "https://auto-porsche.com/" "Mozilla/5.0 (Windows NT 10.0; Win64; x64) AppleWebKit/537.36 (KHTML, like Gecko) Chrome/153.0.0.0 Safari/537.36"
150.129.95.55 - - [27/Sep/2026:17:39:49 +0300] "GET /wp-content/plugins/cookie-notice/css/front.min.css?ver=3.1.12 HTTP/2.0" 200 5830 "https://auto-porsche.com/" "Mozilla/5.0 (Windows NT 10.0; Win64; x64) AppleWebKit/537.36 (KHTML, like Gecko) Chrome/153.0.0.0 Safari/537.36"
150.129.95.55 - - [27/Sep/2026:17:39:49 +0300] "GET /wp-content/plugins/maxslider/assets/vendor/slick/slick.css?ver=1.6.0 HTTP/2.0" 200 1729 "https://auto-porsche.com/" "Mozilla/5.0 (Windows NT 10.0; Win64; x64) AppleWebKit/537.36 (KHTML, like Gecko) Chrome/153.0.0.0 Safari/537.36"
150.129.95.55 - - [27/Sep/2026:17:39:49 +0300] "GET /wp-content/plugins/maxslider/assets/css/maxslider.css?ver=1.2.4 HTTP/2.0" 200 4687 "https://auto-porsche.com/" "Mozilla/5.0 (Windows NT 10.0; Win64; x64) AppleWebKit/537.36 (KHTML, like Gecko) Chrome/153.0.0.0 Safari/537.36"
150.129.95.55 - - [27/Sep/2026:17:39:49 +0300] "GET /wp-content/themes/reboot/assets/css/style.min.css?ver=1.1.0 HTTP/2.0" 200 219490 "https://auto-porsche.com/" "Mozilla/5.0 (Windows NT 10.0; Win64; x64) AppleWebKit/537.36 (KHTML, like Gecko) Chrome/153.0.0.0 Safari/537.36"
150.129.95.55 - - [27/Sep/2026:17:39:49 +0300] "GET /wp-includes/js/jquery/jquery.min.js?ver=3.7.1 HTTP/2.0" 200 87553 "https://auto-porsche.com/" "Mozilla/5.0 (Windows NT 10.0; Win64; x64) AppleWebKit/537.36 (KHTML, like Gecko) Chrome/153.0.0.0 Safari/537.36"
150.129.95.55 - - [27/Sep/2026:17:39:49 +0300] "GET /wp-content/plugins/cookie-notice/js/front.min.js?ver=3.1.12 HTTP/2.0" 200 9144 "https://auto-porsche.com/" "Mozilla/5.0 (Windows NT 10.0; Win64; x64) AppleWebKit/537.36 (KHTML, like Gecko) Chrome/153.0.0.0 Safari/537.36"
150.129.95.55 - - [27/Sep/2026:17:39:49 +0300] "GET /wp-content/plugins/automatic-upload-images/public/js/automatic-upload-images-public.js?ver=1.0.0 HTTP/2.0" 200 838 "https://auto-porsche.com/" "Mozilla/5.0 (Windows NT 10.0; Win64; x64) AppleWebKit/537.36 (KHTML, like Gecko) Chrome/153.0.0.0 Safari/537.36"
150.129.95.55 - - [27/Sep/2026:17:39:49 +0300] "GET /wp-includes/js/jquery/jquery-migrate.min.js?ver=3.4.1 HTTP/2.0" 200 13577 "https://auto-porsche.com/" "Mozilla/5.0 (Windows NT 10.0; Win64; x64) AppleWebKit/537.36 (KHTML, like Gecko) Chrome/153.0.0.0 Safari/537.36"
150.129.95.55 - - [27/Sep/2026:17:39:50 +0300] "GET /wp-content/plugins/maxslider/assets/vendor/slick/slick.js?ver=1.6.0 HTTP/2.0" 200 84265 "https://auto-porsche.com/" "Mozilla/5.0 (Windows NT 10.0; Win64; x64) AppleWebKit/537.36 (KHTML, like Gecko) Chrome/153.0.0.0 Safari/537.36"
150.129.95.55 - - [27/Sep/2026:17:39:50 +0300] "GET /wp-content/uploads/2021/12/sasd-1024x576.png HTTP/2.0" 200 365513 "https://auto-porsche.com/" "Mozilla/5.0 (Windows NT 10.0; Win64; x64) AppleWebKit/537.36 (KHTML, like Gecko) Chrome/153.0.0.0 Safari/537.36"
150.129.95.55 - - [27/Sep/2026:17:39:51 +0300] "GET /wp-content/plugins/maxslider/assets/js/maxslider.js?ver=1.2.4 HTTP/2.0" 200 1209 "https://auto-porsche.com/" "Mozilla/5.0 (Windows NT 10.0; Win64; x64) AppleWebKit/537.36 (KHTML, like Gecko) Chrome/153.0.0.0 Safari/537.36"
150.129.95.55 - - [27/Sep/2026:17:39:51 +0300] "GET /wp-content/plugins/responsify-wp/src/picturefill.3.0.1.min.js HTTP/2.0" 200 11397 "https://auto-porsche.com/" "Mozilla/5.0 (Windows NT 10.0; Win64; x64) AppleWebKit/537.36 (KHTML, like Gecko) Chrome/153.0.0.0 Safari/537.36"
150.129.95.55 - - [27/Sep/2026:17:39:52 +0300] "GET /wp-content/themes/reboot/assets/js/all.min.js?ver=1.1.0 HTTP/2.0" 200 196148 "https://auto-porsche.com/" "Mozilla/5.0 (Windows NT 10.0; Win64; x64) AppleWebKit/537.36 (KHTML, like Gecko) Chrome/153.0.0.0 Safari/537.36"
150.129.95.55 - - [27/Sep/2026:17:39:53 +0300] "GET /wp-content/uploads/2021/11/best-porsche-models-870x400.jpg HTTP/2.0" 200 53614 "https://auto-porsche.com/" "Mozilla/5.0 (Windows NT 10.0; Win64; x64) AppleWebKit/537.36 (KHTML, like Gecko) Chrome/153.0.0.0 Safari/537.36"
150.129.95.55 - - [27/Sep/2026:17:39:53 +0300] "GET /wp-content/uploads/2021/11/Seven-generations-of-the-Porsche-911-in-pictures-750x450.jpg HTTP/2.0" 200 61476 "https://auto-porsche.com/" "Mozilla/5.0 (Windows NT 10.0; Win64; x64) AppleWebKit/537.36 (KHTML, like Gecko) Chrome/153.0.0.0 Safari/537.36"
150.129.95.55 - - [27/Sep/2026:17:39:53 +0300] "GET /wp-content/themes/reboot/assets/fonts/wpshop-core.ttf?bz30xv HTTP/2.0" 200 58668 "https://auto-porsche.com/wp-content/themes/reboot/assets/css/style.min.css?ver=1.1.0" "Mozilla/5.0 (Windows NT 10.0; Win64; x64) AppleWebKit/537.36 (KHTML, like Gecko) Chrome/153.0.0.0 Safari/537.36"
150.129.95.55 - - [27/Sep/2026:17:39:53 +0300] "GET /wp-content/uploads/2021/11/1.jpg HTTP/2.0" 200 187873 "https://auto-porsche.com/" "Mozilla/5.0 (Windows NT 10.0; Win64; x64) AppleWebKit/537.36 (KHTML, like Gecko) Chrome/153.0.0.0 Safari/537.36"
150.129.95.55 - - [27/Sep/2026:17:39:54 +0300] "GET /wp-content/uploads/2023/09/discover-the-current-price-range-for-leasing-a-porsche-and-determine-if-it-fits-your-budget-300x225.jpg HTTP/2.0" 200 6844 "https://auto-porsche.com/" "Mozilla/5.0 (Windows NT 10.0; Win64; x64) AppleWebKit/537.36 (KHTML, like Gecko) Chrome/153.0.0.0 Safari/537.36"
150.129.95.55 - - [27/Sep/2026:17:39:54 +0300] "GET /wp-content/uploads/2021/12/p3-300x169.jpg HTTP/2.0" 200 13748 "https://auto-porsche.com/" "Mozilla/5.0 (Windows NT 10.0; Win64; x64) AppleWebKit/537.36 (KHTML, like Gecko) Chrome/153.0.0.0 Safari/537.36"
150.129.95.55 - - [27/Sep/2026:17:39:54 +0300] "GET /wp-content/uploads/2022/01/m2-300x132.jpg HTTP/2.0" 200 17359 "https://auto-porsche.com/" "Mozilla/5.0 (Windows NT 10.0; Win64; x64) AppleWebKit/537.36 (KHTML, like Gecko) Chrome/153.0.0.0 Safari/537.36"
150.129.95.55 - - [27/Sep/2026:17:39:54 +0300] "GET /wp-content/uploads/2021/12/17-6-300x171.jpg HTTP/2.0" 200 17065 "https://auto-porsche.com/" "Mozilla/5.0 (Windows NT 10.0; Win64; x64) AppleWebKit/537.36 (KHTML, like Gecko) Chrome/153.0.0.0 Safari/537.36"
150.129.95.55 - - [27/Sep/2026:17:39:54 +0300] "GET /wp-content/uploads/2021/12/57-300x153.jpg HTTP/2.0" 200 20416 "https://auto-porsche.com/" "Mozilla/5.0 (Windows NT 10.0; Win64; x64) AppleWebKit/537.36 (KHTML, like Gecko) Chrome/153.0.0.0 Safari/537.36"
150.129.95.55 - - [27/Sep/2026:17:39:55 +0300] "GET /wp-content/uploads/2021/12/S19_5075_fine-335x220.jpeg HTTP/2.0" 200 19199 "https://auto-porsche.com/" "Mozilla/5.0 (Windows NT 10.0; Win64; x64) AppleWebKit/537.36 (KHTML, like Gecko) Chrome/153.0.0.0 Safari/537.36"
150.129.95.55 - - [27/Sep/2026:17:39:55 +0300] "GET /wp-content/uploads/2023/08/understanding-the-long-term-depreciation-of-porsche-cars-a-closer-look-at-their-resale-value-335x220.jpg HTTP/2.0" 200 8323 "https://auto-porsche.com/" "Mozilla/5.0 (Windows NT 10.0; Win64; x64) AppleWebKit/537.36 (KHTML, like Gecko) Chrome/153.0.0.0 Safari/537.36"
150.129.95.55 - - [27/Sep/2026:17:39:58 +0300] "GET /wp-includes/js/wp-emoji-release.min.js?ver=7.1.2 HTTP/2.0" 200 22752 "https://auto-porsche.com/" "Mozilla/5.0 (Windows NT 10.0; Win64; x64) AppleWebKit/537.36 (KHTML, like Gecko) Chrome/153.0.0.0 Safari/537.36"
150.129.95.55 - - [27/Sep/2026:17:40:00 +0300] "GET /2023/09/29/the-truth-unveiled-was-porsche-actually-an-italian-brand-unraveling-the-origins-of-porsche/ HTTP/2.0" 500 56772 "https://auto-porsche.com/" "Mozilla/5.0 (Windows NT 10.0; Win64; x64) AppleWebKit/537.36 (KHTML, like Gecko) Chrome/153.0.0.0 Safari/537.36"
85.254.144.33 - - [27/Sep/2026:17:42:40 +0300] "POST /wp-cron.php?doing_wp_cron=1790520160.8589150905609130859375 HTTP/1.1" 200 - "-" "WordPress/7.1.2; https://auto-porsche.com"
124.156.204.51 - - [27/Sep/2026:17:42:40 +0300] "GET /?attachment_id=860 HTTP/1.1" 301 - "-" "Mozilla/5.0 (iPhone; CPU iPhone OS 13_2_3 like Mac OS X) AppleWebKit/605.1.15 (KHTML, like Gecko) Version/13.0.3 Mobile/15E148 Safari/604.1"
124.156.204.51 - - [27/Sep/2026:17:42:43 +0300] "GET /2021/12/14/2019-porsche-panamera-for-sale-miami/ HTTP/1.1" 500 39639 "https://auto-porsche.com/?attachment_id=860" "Mozilla/5.0 (iPhone; CPU iPhone OS 13_2_3 like Mac OS X) AppleWebKit/605.1.15 (KHTML, like Gecko) Version/13.0.3 Mobile/15E148 Safari/604.1"
85.254.144.33 - - [27/Sep/2026:17:44:48 +0300] "POST /wp-cron.php?doing_wp_cron=1790520288.1741011142730712890625 HTTP/1.1" 200 - "-" "WordPress/7.1.2; https://auto-porsche.com"
40.77.167.67 - - [27/Sep/2026:17:44:46 +0300] "GET /shops/redhand/d6i6s7l0i7k0e1f8u2l5 HTTP/2.0" 404 84742 "-" "Mozilla/5.0 AppleWebKit/537.36 (KHTML, like Gecko; compatible; bingbot/2.0; +http://www.bing.com/bingbot.htm) Chrome/116.0.1938.76 Safari/537.36"
47.128.126.189 - - [27/Sep/2026:17:45:14 +0300] "GET / HTTP/2.0" 200 93456 "-" "Mozilla/5.0 (Linux; Android 5.0) AppleWebKit/537.36 (KHTML, like Gecko) Mobile Safari/537.36 (compatible; Bytespider; spider-feedback@bytedance.com)"
57.141.20.5 - - [27/Sep/2026:17:46:21 +0300] "GET /wp-content/uploads/2023/09/are-porsche-vehicles-reliable-an-in-depth-analysis-of-porsches-reliability-performance-150x150.jpg HTTP/2.0" 200 39902 "-" "Mozilla/5.0 (Macintosh; Intel Mac OS X 10_15_7) AppleWebKit/537.36 (KHTML, like Gecko) Chrome/145.0.0.0 Safari/537.36 (compatible; meta-externalagent/1.1 (+https://developers.facebook.com/docs/sharing/webmasters/crawler))"
57.141.20.37 - - [27/Sep/2026:17:46:36 +0300] "GET /wp-content/uploads/2021/12/16-7-150x150.jpg HTTP/2.0" 200 12680 "-" "Mozilla/5.0 (Macintosh; Intel Mac OS X 10_15_7) AppleWebKit/537.36 (KHTML, like Gecko) Chrome/145.0.0.0 Safari/537.36 (compatible; meta-externalagent/1.1 (+https://developers.facebook.com/docs/sharing/webmasters/crawler))"
85.254.144.33 - - [27/Sep/2026:17:47:54 +0300] "POST /wp-cron.php?doing_wp_cron=1790520474.8136470317840576171875 HTTP/1.1" 200 - "-" "WordPress/7.1.2; https://auto-porsche.com"
88.97.190.249 - - [27/Sep/2026:17:47:53 +0300] "POST /xmlrpc.php HTTP/1.1" 200 403 "-" "Mozilla/5.0 (Windows NT 10.0; x86) AppleWebKit/537.36 (KHTML, like Gecko) Opera/77.0.0.0 Safari/537.36"
57.141.20.66 - - [27/Sep/2026:17:48:06 +0300] "GET /wp-content/uploads/2023/10/which-porsche-model-will-be-featured-in-the-upcoming-transformers-movie-300x180.jpg HTTP/2.0" 200 19393 "-" "Mozilla/5.0 (Windows NT 10.0; Win64; x64) AppleWebKit/537.36 (KHTML, like Gecko) Chrome/145.0.0.0 Safari/537.36 (compatible; meta-externalagent/1.1 (+https://developers.facebook.com/docs/sharing/webmasters/crawler))"
85.254.144.33 - - [27/Sep/2026:17:49:38 +0300] "POST /wp-cron.php?doing_wp_cron=1790520578.4579200744628906250000 HTTP/1.1" 200 - "-" "WordPress/7.1.2; https://auto-porsche.com"
88.97.190.249 - - [27/Sep/2026:17:49:37 +0300] "GET /wp-json/wp/v2/users HTTP/1.1" 200 746 "-" "Mozilla/4.0 (compatible; Win32; WinHttp.WinHttpRequest.5)"
57.141.20.12 - - [27/Sep/2026:17:49:55 +0300] "GET /wp-content/uploads/2024/01/discover-the-current-prices-and-range-of-models-for-porsche-uncover-the-cost-of-owning-a-porsche-335x220.jpg HTTP/2.0" 200 18165 "-" "Mozilla/5.0 (Macintosh; Intel Mac OS X 10_15_7) AppleWebKit/537.36 (KHTML, like Gecko) Chrome/145.0.0.0 Safari/537.36 (compatible; meta-externalagent/1.1 (+https://developers.facebook.com/docs/sharing/webmasters/crawler))"
88.97.190.249 - - [27/Sep/2026:17:50:07 +0300] "POST /xmlrpc.php HTTP/1.1" 200 403 "-" "Mozilla/5.0 (Linux; Android 10; arm64) AppleWebKit/537.36 (KHTML, like Gecko) Firefox/100.0.0.0 Safari/537.36"
114.119.148.64 - - [27/Sep/2026:17:50:14 +0300] "GET /wp-content/uploads/2022/01/m2-335x220.jpg HTTP/1.1" 200 21720 "https://auto-porsche.com/wp-content/uploads/2022/01/m2-335x220.jpg" "Mozilla/5.0 (Linux; Android 7.0;) AppleWebKit/537.36 (HTML, like Gecko) Mobile Safari/537.36 (compatible; PetalBot;+https://webmaster.petalsearch.com/site/petalbot)"
88.97.190.249 - - [27/Sep/2026:17:50:23 +0300] "POST /xmlrpc.php HTTP/1.1" 200 403 "-" "Mozilla/5.0 (Windows NT 10.0; x64) AppleWebKit/537.36 (KHTML, like Gecko) Edge/94.0.0.0 Safari/537.36"
85.254.144.33 - - [27/Sep/2026:17:50:41 +0300] "POST /wp-cron.php?doing_wp_cron=1790520641.2141170501708984375000 HTTP/1.1" 200 - "-" "WordPress/7.1.2; https://auto-porsche.com"
88.97.190.249 - - [27/Sep/2026:17:50:40 +0300] "POST /xmlrpc.php HTTP/1.1" 200 403 "-" "Mozilla/5.0 (Windows NT 6.3; x64) AppleWebKit/537.36 (KHTML, like Gecko) Safari/12.0.0.0 Safari/537.36"
88.97.190.249 - - [27/Sep/2026:17:50:55 +0300] "POST /xmlrpc.php HTTP/1.1" 200 403 "-" "Mozilla/5.0 (Windows NT 6.3; arm64) AppleWebKit/537.36 (KHTML, like Gecko) Firefox/96.0.0.0 Safari/537.36"
85.254.144.33 - - [27/Sep/2026:17:51:13 +0300] "POST /wp-cron.php?doing_wp_cron=1790520673.8395080566406250000000 HTTP/1.1" 200 - "-" "WordPress/7.1.2; https://auto-porsche.com"
88.97.190.249 - - [27/Sep/2026:17:51:12 +0300] "POST /xmlrpc.php HTTP/1.1" 200 403 "-" "Mozilla/5.0 (X11; Ubuntu; Linux x86_64; x86) AppleWebKit/537.36 (KHTML, like Gecko) Firefox/93.0.0.0 Safari/537.36"
52.167.144.211 - - [27/Sep/2026:17:51:19 +0300] "GET /wp-content/uploads/2021/11/6-2-1024x576.jpg HTTP/2.0" 200 123922 "-" "Mozilla/5.0 AppleWebKit/537.36 (KHTML, like Gecko; compatible; bingbot/2.0; +http://www.bing.com/bingbot.htm) Chrome/116.0.1938.76 Safari/537.36"
85.254.144.33 - - [27/Sep/2026:17:51:34 +0300] "POST /wp-cron.php?doing_wp_cron=1790520694.3949921131134033203125 HTTP/1.1" 200 - "-" "WordPress/7.1.2; https://auto-porsche.com"
88.97.190.249 - - [27/Sep/2026:17:51:33 +0300] "POST /xmlrpc.php HTTP/1.1" 200 403 "-" "Mozilla/5.0 (Linux; Android 10; x86) AppleWebKit/537.36 (KHTML, like Gecko) Safari/15.0.0.0 Safari/537.36"
88.97.190.249 - - [27/Sep/2026:17:51:54 +0300] "POST /xmlrpc.php HTTP/1.1" 200 403 "-" "Mozilla/5.0 (Windows NT 10.0; x64) AppleWebKit/537.36 (KHTML, like Gecko) Chrome/99.0.0.0 Safari/537.36"
88.97.190.249 - - [27/Sep/2026:17:52:23 +0300] "POST /xmlrpc.php HTTP/1.1" 200 403 "-" "Mozilla/5.0 (Macintosh; Intel Mac OS X 10_15_7; x64) AppleWebKit/537.36 (KHTML, like Gecko) Edge/97.0.0.0 Safari/537.36"
85.254.144.33 - - [27/Sep/2026:17:52:27 +0300] "POST /wp-cron.php?doing_wp_cron=1790520747.4967598915100097656250 HTTP/1.1" 200 - "-" "WordPress/7.1.2; https://auto-porsche.com"
162.62.231.139 - - [27/Sep/2026:17:52:26 +0300] "GET /?attachment_id=862 HTTP/1.1" 301 - "-" "Mozilla/5.0 (iPhone; CPU iPhone OS 13_2_3 like Mac OS X) AppleWebKit/605.1.15 (KHTML, like Gecko) Version/13.0.3 Mobile/15E148 Safari/604.1"
162.62.231.139 - - [27/Sep/2026:17:52:31 +0300] "GET /2021/12/14/2019-porsche-panamera-for-sale-miami/ HTTP/1.1" 500 39639 "https://auto-porsche.com/?attachment_id=862" "Mozilla/5.0 (iPhone; CPU iPhone OS 13_2_3 like Mac OS X) AppleWebKit/605.1.15 (KHTML, like Gecko) Version/13.0.3 Mobile/15E148 Safari/604.1"
216.73.217.65 - - [27/Sep/2026:17:52:32 +0300] "GET /robots.txt HTTP/2.0" 200 96 "-" "Mozilla/5.0 AppleWebKit/537.36 (KHTML, like Gecko; compatible; ClaudeBot/1.0; +claudebot@anthropic.com)"
216.73.217.65 - - [27/Sep/2026:17:52:32 +0300] "GET /de/porsche-gegen-audi-eine-detaillierte-vergleichsstudie-uber-die-beiden-automarken.html HTTP/2.0" 404 84061 "-" "Mozilla/5.0 AppleWebKit/537.36 (KHTML, like Gecko; compatible; ClaudeBot/1.0; +claudebot@anthropic.com)"
85.254.144.33 - - [27/Sep/2026:17:52:58 +0300] "POST /wp-cron.php?doing_wp_cron=1790520778.7155649662017822265625 HTTP/1.1" 200 - "-" "WordPress/7.1.2; https://auto-porsche.com"
88.97.190.249 - - [27/Sep/2026:17:52:57 +0300] "POST /xmlrpc.php HTTP/1.1" 200 403 "-" "Mozilla/5.0 (X11; Ubuntu; Linux x86_64; arm64) AppleWebKit/537.36 (KHTML, like Gecko) Opera/68.0.0.0 Safari/537.36"
85.254.144.33 - - [27/Sep/2026:17:53:35 +0300] "POST /wp-cron.php?doing_wp_cron=1790520815.1642320156097412109375 HTTP/1.1" 200 - "-" "WordPress/7.1.2; https://auto-porsche.com"
88.97.190.249 - - [27/Sep/2026:17:53:34 +0300] "POST /xmlrpc.php HTTP/1.1" 200 403 "-" "Mozilla/5.0 (Macintosh; Intel Mac OS X 10_15_7; x86) AppleWebKit/537.36 (KHTML, like Gecko) Edge/89.0.0.0 Safari/537.36"
114.119.135.63 - - [27/Sep/2026:17:53:51 +0300] "GET /2023/09/24/exploring-porsche-s-involvement-in-formula-1-racing-a-look-into-porsche-s-history-in-the-f1-world/ HTTP/1.1" 500 62233 "https://auto-porsche.com/category/questions/page/3" "Mozilla/5.0 (Linux; Android 7.0;) AppleWebKit/537.36 (HTML, like Gecko) Mobile Safari/537.36 (compatible; PetalBot;+https://webmaster.petalsearch.com/site/petalbot)"
88.97.190.249 - - [27/Sep/2026:17:54:07 +0300] "POST /xmlrpc.php HTTP/1.1" 200 403 "-" "Mozilla/5.0 (Windows NT 6.2; x86) AppleWebKit/537.36 (KHTML, like Gecko) Edge/81.0.0.0 Safari/537.36"
57.141.20.37 - - [27/Sep/2026:17:54:19 +0300] "GET /wp-content/uploads/2023/10/exploring-the-timing-and-implications-of-porsches-initial-public-offering-ipo-335x220.jpg HTTP/2.0" 200 23193 "-" "Mozilla/5.0 (Macintosh; Intel Mac OS X 10_15_7) AppleWebKit/537.36 (KHTML, like Gecko) Chrome/145.0.0.0 Safari/537.36 (compatible; meta-externalagent/1.1 (+https://developers.facebook.com/docs/sharing/webmasters/crawler))"
52.167.144.157 - - [27/Sep/2026:17:54:22 +0300] "GET /wp-content/uploads/2021/11/2014-1024x732.png HTTP/2.0" 200 123880 "-" "Mozilla/5.0 AppleWebKit/537.36 (KHTML, like Gecko; compatible; bingbot/2.0; +http://www.bing.com/bingbot.htm) Chrome/116.0.1938.76 Safari/537.36"
85.254.144.33 - - [27/Sep/2026:17:54:41 +0300] "POST /wp-cron.php?doing_wp_cron=1790520881.9580090045928955078125 HTTP/1.1" 200 - "-" "WordPress/7.1.2; https://auto-porsche.com"
88.97.190.249 - - [27/Sep/2026:17:54:41 +0300] "POST /xmlrpc.php HTTP/1.1" 200 403 "-" "Mozilla/5.0 (Linux; Android 10; x86) AppleWebKit/537.36 (KHTML, like Gecko) Edge/89.0.0.0 Safari/537.36"
88.97.190.249 - - [27/Sep/2026:17:55:15 +0300] "POST /xmlrpc.php HTTP/1.1" 200 403 "-" "Mozilla/5.0 (X11; Ubuntu; Linux x86_64; x64) AppleWebKit/537.36 (KHTML, like Gecko) Opera/63.0.0.0 Safari/537.36"
57.141.20.41 - - [27/Sep/2026:17:55:46 +0300] "GET /wp-content/plugins/cookie-notice/js/front.min.js?ver=3.1.12 HTTP/2.0" 200 9144 "https://auto-porsche.com/2023/07/24/curious-about-the-seating-capacity-of-the-porsche-panamera-discover-if-it-can-comfortably-accommodate-five-passengers/" "Mozilla/5.0 (Windows NT 10.0; Win64; x64) AppleWebKit/537.36 (KHTML, like Gecko) Chrome/145.0.0.0 Safari/537.36 (compatible; meta-webindexer/1.1 (+https://developers.facebook.com/docs/sharing/webmasters/crawler))"
85.254.144.33 - - [27/Sep/2026:17:55:45 +0300] "POST /wp-cron.php?doing_wp_cron=1790520945.7793469429016113281250 HTTP/1.1" 200 - "-" "WordPress/7.1.2; https://auto-porsche.com"
57.141.20.29 - - [27/Sep/2026:17:55:44 +0300] "GET /2023/07/24/curious-about-the-seating-capacity-of-the-porsche-panamera-discover-if-it-can-comfortably-accommodate-five-passengers/ HTTP/2.0" 500 56899 "-" "Mozilla/5.0 (Windows NT 10.0; Win64; x64) AppleWebKit/537.36 (KHTML, like Gecko) Chrome/145.0.0.0 Safari/537.36 (compatible; meta-webindexer/1.1 (+https://developers.facebook.com/docs/sharing/webmasters/crawler))"
57.141.20.32 - - [27/Sep/2026:17:55:47 +0300] "GET /wp-content/uploads/2023/07/IMG_0574-700x480.jpg HTTP/2.0" 404 85285 "https://auto-porsche.com/2023/07/24/curious-about-the-seating-capacity-of-the-porsche-panamera-discover-if-it-can-comfortably-accommodate-five-passengers/" "Mozilla/5.0 (Windows NT 10.0; Win64; x64) AppleWebKit/537.36 (KHTML, like Gecko) Chrome/145.0.0.0 Safari/537.36 (compatible; meta-webindexer/1.1 (+https://developers.facebook.com/docs/sharing/webmasters/crawler))"
88.97.190.249 - - [27/Sep/2026:17:55:48 +0300] "POST /xmlrpc.php HTTP/1.1" 200 403 "-" "Mozilla/5.0 (Windows NT 10.0; x86) AppleWebKit/537.36 (KHTML, like Gecko) Opera/68.0.0.0 Safari/537.36"
88.97.190.249 - - [27/Sep/2026:17:56:22 +0300] "POST /xmlrpc.php HTTP/1.1" 200 403 "-" "Mozilla/5.0 (Macintosh; Intel Mac OS X 10_15_7; x86) AppleWebKit/537.36 (KHTML, like Gecko) Safari/11.0.0.0 Safari/537.36"
85.254.144.33 - - [27/Sep/2026:17:56:59 +0300] "POST /wp-cron.php?doing_wp_cron=1790521019.6501569747924804687500 HTTP/1.1" 200 - "-" "WordPress/7.1.2; https://auto-porsche.com"
88.97.190.249 - - [27/Sep/2026:17:56:58 +0300] "POST /xmlrpc.php HTTP/1.1" 200 403 "-" "Mozilla/5.0 (Linux; Android 10; x64) AppleWebKit/537.36 (KHTML, like Gecko) Opera/63.0.0.0 Safari/537.36"
88.97.190.249 - - [27/Sep/2026:17:57:18 +0300] "POST /xmlrpc.php HTTP/1.1" 200 403 "-" "Mozilla/5.0 (Windows NT 6.2; x86) AppleWebKit/537.36 (KHTML, like Gecko) Chrome/110.0.0.0 Safari/537.36"
51.68.163.211 - - [27/Sep/2026:17:57:18 +0300] "GET /wp-content/plugins/woocommerce-request-a-quote/assets/css/afrfq_admin.css HTTP/2.0" 404 84415 "-" "Mozilla/5.0 (Macintosh; Intel Mac OS X 10_15_7) AppleWebKit/537.36 (KHTML, like Gecko) Chrome/148.0.0.0 Safari/537.36"
51.68.163.211 - - [27/Sep/2026:17:57:19 +0300] "GET /wp-content/plugins/background-image-cropper/background-image-cropper.js HTTP/2.0" 404 82540 "-" "Mozilla/5.0 (Macintosh; Intel Mac OS X 10_15_7) AppleWebKit/537.36 (KHTML, like Gecko) Chrome/146.0.0.0 Safari/537.36"
51.68.163.211 - - [27/Sep/2026:17:57:19 +0300] "GET /wp-content/plugins/wp-file-cacher/wp-file-cacher.php?k=woo2026 HTTP/2.0" 404 85546 "-" "Mozilla/5.0 (Windows NT 10.0; Win64; x64) AppleWebKit/537.36 (KHTML, like Gecko) Chrome/147.0.0.0 Safari/537.36"
52.167.144.211 - - [27/Sep/2026:17:57:20 +0300] "GET /stellar/jolter/1225906358 HTTP/2.0" 404 85304 "-" "Mozilla/5.0 AppleWebKit/537.36 (KHTML, like Gecko; compatible; bingbot/2.0; +http://www.bing.com/bingbot.htm) Chrome/116.0.1938.76 Safari/537.36"
85.254.144.33 - - [27/Sep/2026:17:57:26 +0300] "POST /wp-cron.php?doing_wp_cron=1790521046.7016160488128662109375 HTTP/1.1" 200 - "-" "WordPress/7.1.2; https://auto-porsche.com"
114.119.144.15 - - [27/Sep/2026:17:57:25 +0300] "GET /2023/09/14/latest-news-and-updates-is-it-true-that-porsche-has-acquired-williams HTTP/1.1" 301 - "https://auto-porsche.com/2023/09/14/latest-news-and-updates-is-it-true-that-porsche-has-acquired-williams" "Mozilla/5.0 (Linux; Android 7.0;) AppleWebKit/537.36 (HTML, like Gecko) Mobile Safari/537.36 (compatible; PetalBot;+https://webmaster.petalsearch.com/site/petalbot)"
114.119.144.15 - - [27/Sep/2026:17:57:28 +0300] "GET /2023/09/14/latest-news-and-updates-is-it-true-that-porsche-has-acquired-williams/ HTTP/1.1" 500 54538 "https://auto-porsche.com/2023/09/14/latest-news-and-updates-is-it-true-that-porsche-has-acquired-williams" "Mozilla/5.0 (Linux; Android 7.0;) AppleWebKit/537.36 (HTML, like Gecko) Mobile Safari/537.36 (compatible; PetalBot;+https://webmaster.petalsearch.com/site/petalbot)"
88.97.190.249 - - [27/Sep/2026:17:57:38 +0300] "POST /xmlrpc.php HTTP/1.1" 200 403 "-" "Mozilla/5.0 (Macintosh; Intel Mac OS X 10_15_7; x86) AppleWebKit/537.36 (KHTML, like Gecko) Chrome/114.0.0.0 Safari/537.36"
88.97.190.249 - - [27/Sep/2026:17:57:52 +0300] "POST /xmlrpc.php HTTP/1.1" 200 403 "-" "Mozilla/5.0 (X11; Ubuntu; Linux x86_64; x86) AppleWebKit/537.36 (KHTML, like Gecko) Edge/89.0.0.0 Safari/537.36"
88.97.190.249 - - [27/Sep/2026:17:58:07 +0300] "POST /xmlrpc.php HTTP/1.1" 200 403 "-" "Mozilla/5.0 (Windows NT 6.3; x64) AppleWebKit/537.36 (KHTML, like Gecko) Opera/61.0.0.0 Safari/537.36"
88.97.190.249 - - [27/Sep/2026:17:58:18 +0300] "POST /xmlrpc.php HTTP/1.1" 200 403 "-" "Mozilla/5.0 (Macintosh; Intel Mac OS X 10_15_7; arm64) AppleWebKit/537.36 (KHTML, like Gecko) Chrome/88.0.0.0 Safari/537.36"
85.254.144.33 - - [27/Sep/2026:17:58:30 +0300] "POST /wp-cron.php?doing_wp_cron=1790521110.6084671020507812500000 HTTP/1.1" 200 - "-" "WordPress/7.1.2; https://auto-porsche.com"
