35.229.175.21 - - [27/Sep/2026:20:03:58 +0300] "GET /account/login HTTP/2.0" 301 - "-" "Mozilla/5.0 (Linux; Android 10; K) AppleWebKit/537.36 (KHTML, like Gecko) Chrome/153.0.0.0 Mobile Safari/537.36"
201.4.68.156 - - [27/Sep/2026:20:04:12 +0300] "GET /lenders/loanpioneer/attachment/3-png/ HTTP/1.1" 301 - "https://www.finofy.com/lenders/loanpioneer/attachment/3-png/" "Mozilla/5.0 (Linux; Android 14; OPPO PCLM1) AppleWebKit/537.36 (KHTML, like Gecko) Chrome/153.0.5337.28 Mobile Safari/537.36"
66.249.73.64 - - [27/Sep/2026:20:04:12 +0300] "GET /pattern/tool/f04r15sbhbwiqud.shtml HTTP/1.1" 301 - "-" "Mozilla/5.0 (Linux; Android 6.0.1; Nexus 5X Build/MMB29P) AppleWebKit/537.36 (KHTML, like Gecko) Chrome/153.0.8010.52 Mobile Safari/537.36 (compatible; Googlebot/2.1; +http://www.google.com/bot.html)"
35.229.175.21 - - [27/Sep/2026:20:03:58 +0300] "GET /auth HTTP/2.0" 301 - "-" "Mozilla/5.0 (Linux; Android 10; K) AppleWebKit/537.36 (KHTML, like Gecko) Chrome/153.0.0.0 Mobile Safari/537.36"
35.229.175.21 - - [27/Sep/2026:20:04:05 +0300] "GET / HTTP/2.0" 200 - "https://www.finofy.com" "Mozilla/5.0 (Linux; Android 10; K) AppleWebKit/537.36 (KHTML, like Gecko) Chrome/153.0.0.0 Mobile Safari/537.36"
35.229.175.21 - - [27/Sep/2026:20:03:58 +0300] "GET /user/login HTTP/2.0" 301 - "-" "Mozilla/5.0 (Linux; Android 10; K) AppleWebKit/537.36 (KHTML, like Gecko) Chrome/153.0.0.0 Mobile Safari/537.36"
39.48.21.118 - - [27/Sep/2026:20:04:16 +0300] "POST /xmlrpc.php HTTP/1.1" 200 403 "-" "Jetpack by WordPress.com"
35.229.175.21 - - [27/Sep/2026:20:03:58 +0300] "GET /signin HTTP/2.0" 301 - "-" "Mozilla/5.0 (Linux; Android 10; K) AppleWebKit/537.36 (KHTML, like Gecko) Chrome/153.0.0.0 Mobile Safari/537.36"
131.72.168.65 - - [27/Sep/2026:20:04:16 +0300] "GET /wp-admin/ HTTP/1.1" 302 - "https://www.finofy.com/lenders/loanpioneer/attachment/3-png/" "Mozilla/5.0 (Linux; Android 14; OPPO PCLM1) AppleWebKit/537.36 (KHTML, like Gecko) Chrome/153.0.5337.28 Mobile Safari/537.36"
35.229.175.21 - - [27/Sep/2026:20:03:58 +0300] "GET /register HTTP/2.0" 301 - "-" "Mozilla/5.0 (Linux; Android 10; K) AppleWebKit/537.36 (KHTML, like Gecko) Chrome/153.0.0.0 Mobile Safari/537.36"
66.249.73.64 - - [27/Sep/2026:20:04:19 +0300] "GET /association/gear/evzp8onmo8n9el4.shtml HTTP/1.1" 301 - "-" "Mozilla/5.0 (Linux; Android 6.0.1; Nexus 5X Build/MMB29P) AppleWebKit/537.36 (KHTML, like Gecko) Chrome/153.0.8010.52 Mobile Safari/537.36 (compatible; Googlebot/2.1; +http://www.google.com/bot.html)"
193.22.12.26 - - [27/Sep/2026:20:04:20 +0300] "GET /wp-login.php?redirect_to=https%3A%2F%2Ffinofy.com%2Fwp-admin%2F&reauth=1 HTTP/1.1" 200 9484 "https://www.finofy.com/lenders/loanpioneer/attachment/3-png/" "Mozilla/5.0 (Linux; Android 14; OPPO PCLM1) AppleWebKit/537.36 (KHTML, like Gecko) Chrome/153.0.5337.28 Mobile Safari/537.36"
39.48.21.118 - - [27/Sep/2026:20:04:26 +0300] "POST /xmlrpc.php HTTP/1.1" 200 403 "-" "Jetpack by WordPress.com"
66.249.73.64 - - [27/Sep/2026:20:04:27 +0300] "GET /strain/product/eim6jnajz7akckr.shtml HTTP/1.1" 301 - "-" "Mozilla/5.0 (Linux; Android 6.0.1; Nexus 5X Build/MMB29P) AppleWebKit/537.36 (KHTML, like Gecko) Chrome/153.0.8010.52 Mobile Safari/537.36 (compatible; Googlebot/2.1; +http://www.google.com/bot.html)"
39.48.21.118 - - [27/Sep/2026:20:04:37 +0300] "POST /xmlrpc.php HTTP/1.1" 200 403 "-" "WordPress.com; https://wordpress.com"
66.249.73.64 - - [27/Sep/2026:20:04:38 +0300] "GET /shoal/artifact/fwas7bybnh2oy0j.shtml HTTP/1.1" 301 - "-" "Mozilla/5.0 (Linux; Android 6.0.1; Nexus 5X Build/MMB29P) AppleWebKit/537.36 (KHTML, like Gecko) Chrome/153.0.8010.52 Mobile Safari/537.36 (compatible; Googlebot/2.1; +http://www.google.com/bot.html)"
66.249.73.64 - - [27/Sep/2026:20:04:45 +0300] "GET /index/detail/e3jegk7qw47hyho.shtml HTTP/1.1" 301 - "-" "Mozilla/5.0 (Linux; Android 6.0.1; Nexus 5X Build/MMB29P) AppleWebKit/537.36 (KHTML, like Gecko) Chrome/153.0.8010.52 Mobile Safari/537.36 (compatible; Googlebot/2.1; +http://www.google.com/bot.html)"
39.48.21.118 - - [27/Sep/2026:20:04:47 +0300] "POST /xmlrpc.php HTTP/1.1" 200 403 "-" "Jetpack by WordPress.com (Jetpack 12.5; WordPress 6.4)"
66.249.73.64 - - [27/Sep/2026:20:04:55 +0300] "GET /assemblage/possession/elo991c8plcaxyt.shtml HTTP/1.1" 301 - "-" "Mozilla/5.0 (Linux; Android 6.0.1; Nexus 5X Build/MMB29P) AppleWebKit/537.36 (KHTML, like Gecko) Chrome/153.0.8010.52 Mobile Safari/537.36 (compatible; Googlebot/2.1; +http://www.google.com/bot.html)"
39.48.21.118 - - [27/Sep/2026:20:04:58 +0300] "POST /xmlrpc.php HTTP/1.1" 200 403 "-" "Jetpack/12.1; WordPress/6.2; http://site40023369.com"
66.249.73.64 - - [27/Sep/2026:20:05:02 +0300] "GET /genus/abtameru/e1rec4fmsofdu1w.shtml HTTP/1.1" 301 - "-" "Mozilla/5.0 (Linux; Android 6.0.1; Nexus 5X Build/MMB29P) AppleWebKit/537.36 (KHTML, like Gecko) Chrome/153.0.8010.52 Mobile Safari/537.36 (compatible; Googlebot/2.1; +http://www.google.com/bot.html)"
85.254.144.33 - - [27/Sep/2026:20:05:03 +0300] "POST /wp-cron.php?doing_wp_cron=1790528703.5338439941406250000000 HTTP/1.1" 200 - "-" "WordPress/7.1.2; https://finofy.com"
39.48.21.118 - - [27/Sep/2026:20:05:08 +0300] "POST /xmlrpc.php HTTP/1.1" 200 403 "-" "Jetpack by WordPress.com (Jetpack 12.5; WordPress 6.2)"
66.249.73.64 - - [27/Sep/2026:20:05:13 +0300] "GET /pack/segment/ebad7byunvy8p8f.shtml HTTP/1.1" 301 - "-" "Mozilla/5.0 (Linux; Android 6.0.1; Nexus 5X Build/MMB29P) AppleWebKit/537.36 (KHTML, like Gecko) Chrome/153.0.8010.52 Mobile Safari/537.36 (compatible; Googlebot/2.1; +http://www.google.com/bot.html)"
39.48.21.118 - - [27/Sep/2026:20:05:19 +0300] "POST /xmlrpc.php HTTP/1.1" 200 403 "-" "WordPress.com; https://wordpress.com"
45.131.195.166 - - [27/Sep/2026:20:05:22 +0300] "POST /wp-login.php HTTP/1.1" 200 9767 "-" "Mozilla/5.0 (Windows NT 10.0; Win64; x64) AppleWebKit/537.36 Chrome/129.0.0.0 Safari/537.36"
45.131.195.146 - - [27/Sep/2026:20:05:22 +0300] "POST /wp-login.php HTTP/1.1" 200 9764 "-" "Mozilla/5.0 (Windows NT 10.0; Win64; rv:143.0) Gecko/20100101 Firefox/143.0"
66.249.73.64 - - [27/Sep/2026:20:05:23 +0300] "GET /table/variant/e7vmswj08gjtct0.shtml HTTP/1.1" 301 - "-" "Mozilla/5.0 (Linux; Android 6.0.1; Nexus 5X Build/MMB29P) AppleWebKit/537.36 (KHTML, like Gecko) Chrome/153.0.8010.52 Mobile Safari/537.36 (compatible; Googlebot/2.1; +http://www.google.com/bot.html)"
39.48.21.118 - - [27/Sep/2026:20:05:29 +0300] "POST /xmlrpc.php HTTP/1.1" 200 403 "-" "Jetpack/12.0; WordPress/6.2; http://site19536601.com"
66.249.73.64 - - [27/Sep/2026:20:05:30 +0300] "GET /cohort/handicraft/ftylvzmbbxqcgo7.shtml HTTP/1.1" 301 - "-" "Mozilla/5.0 (Linux; Android 6.0.1; Nexus 5X Build/MMB29P) AppleWebKit/537.36 (KHTML, like Gecko) Chrome/153.0.8010.52 Mobile Safari/537.36 (compatible; Googlebot/2.1; +http://www.google.com/bot.html)"
79.131.131.225 - - [27/Sep/2026:20:05:33 +0300] "GET /wp-json/wp/v2/users HTTP/1.1" 200 845 "-" "Mozilla/4.0 (compatible; Win32; WinHttp.WinHttpRequest.5)"
39.48.21.118 - - [27/Sep/2026:20:05:40 +0300] "POST /xmlrpc.php HTTP/1.1" 200 403 "-" "Jetpack by WordPress.com"
66.249.73.64 - - [27/Sep/2026:20:05:41 +0300] "GET /typology/asset/efh9q65l6q5rf3m.shtml HTTP/1.1" 301 - "-" "Mozilla/5.0 (Linux; Android 6.0.1; Nexus 5X Build/MMB29P) AppleWebKit/537.36 (KHTML, like Gecko) Chrome/153.0.8010.52 Mobile Safari/537.36 (compatible; Googlebot/2.1; +http://www.google.com/bot.html)"
66.249.73.64 - - [27/Sep/2026:20:05:47 +0300] "GET /catalog/particle/fw4f15sbhmwi1ud.shtml HTTP/1.1" 301 - "-" "Mozilla/5.0 (Linux; Android 6.0.1; Nexus 5X Build/MMB29P) AppleWebKit/537.36 (KHTML, like Gecko) Chrome/153.0.8010.52 Mobile Safari/537.36 (compatible; Googlebot/2.1; +http://www.google.com/bot.html)"
39.48.21.118 - - [27/Sep/2026:20:05:50 +0300] "POST /xmlrpc.php HTTP/1.1" 200 403 "-" "Jetpack/12.1; WordPress/6.2; http://site24844764.com"
66.249.73.64 - - [27/Sep/2026:20:05:56 +0300] "GET /society/material/ecrsc4fbsofd91w.shtml HTTP/1.1" 301 - "-" "Mozilla/5.0 (Linux; Android 6.0.1; Nexus 5X Build/MMB29P) AppleWebKit/537.36 (KHTML, like Gecko) Chrome/153.0.8010.52 Mobile Safari/537.36 (compatible; Googlebot/2.1; +http://www.google.com/bot.html)"
39.48.21.118 - - [27/Sep/2026:20:06:01 +0300] "POST /xmlrpc.php HTTP/1.1" 200 403 "-" "Jetpack by WordPress.com"
85.254.144.33 - - [27/Sep/2026:20:06:02 +0300] "POST /wp-cron.php?doing_wp_cron=1790528762.8586499691009521484375 HTTP/1.1" 200 - "-" "WordPress/7.1.2; https://finofy.com"
66.249.73.66 - - [27/Sep/2026:20:06:08 +0300] "GET /clique/mechanism/el4y15smhps2f29.shtml HTTP/1.1" 301 - "-" "Mozilla/5.0 (Linux; Android 6.0.1; Nexus 5X Build/MMB29P) AppleWebKit/537.36 (KHTML, like Gecko) Chrome/153.0.8010.52 Mobile Safari/537.36 (compatible; Googlebot/2.1; +http://www.google.com/bot.html)"
39.48.21.118 - - [27/Sep/2026:20:06:12 +0300] "POST /xmlrpc.php HTTP/1.1" 200 403 "-" "WordPress.com; https://wordpress.com"
66.249.73.64 - - [27/Sep/2026:20:06:13 +0300] "GET /domain/outgrowth/exaf7byrnvy828f.shtml HTTP/1.1" 301 - "-" "Mozilla/5.0 (Linux; Android 6.0.1; Nexus 5X Build/MMB29P) AppleWebKit/537.36 (KHTML, like Gecko) Chrome/153.0.8010.52 Mobile Safari/537.36 (compatible; Googlebot/2.1; +http://www.google.com/bot.html)"
79.131.131.225 - - [27/Sep/2026:20:06:14 +0300] "POST /xmlrpc.php HTTP/1.1" 200 403 "-" "Mozilla/5.0 (X11; Ubuntu; Linux x86_64; x64) AppleWebKit/537.36 (KHTML, like Gecko) Safari/15.0.0.0 Safari/537.36"
39.48.21.118 - - [27/Sep/2026:20:06:22 +0300] "POST /xmlrpc.php HTTP/1.1" 200 403 "-" "Jetpack/12.0; WordPress/6.3; http://site12140355.com"
66.249.73.64 - - [27/Sep/2026:20:06:23 +0300] "GET /genus/utensil/epjigk79w47hlho.shtml HTTP/1.1" 301 - "-" "Mozilla/5.0 (Linux; Android 6.0.1; Nexus 5X Build/MMB29P) AppleWebKit/537.36 (KHTML, like Gecko) Chrome/153.0.8010.52 Mobile Safari/537.36 (compatible; Googlebot/2.1; +http://www.google.com/bot.html)"
39.48.21.118 - - [27/Sep/2026:20:06:33 +0300] "POST /xmlrpc.php HTTP/1.1" 200 403 "-" "WordPress.com; https://wordpress.com"
66.249.73.64 - - [27/Sep/2026:20:06:33 +0300] "GET /field/construction/emm9jnakz7aktkr.shtml HTTP/1.1" 301 - "-" "Mozilla/5.0 (Linux; Android 6.0.1; Nexus 5X Build/MMB29P) AppleWebKit/537.36 (KHTML, like Gecko) Chrome/153.0.8010.52 Mobile Safari/537.36 (compatible; Googlebot/2.1; +http://www.google.com/bot.html)"
66.249.73.64 - - [27/Sep/2026:20:06:44 +0300] "GET /matrix/option/ey7x48vjksv5d5c.shtml HTTP/1.1" 301 - "-" "Mozilla/5.0 (Linux; Android 6.0.1; Nexus 5X Build/MMB29P) AppleWebKit/537.36 (KHTML, like Gecko) Chrome/153.0.8010.52 Mobile Safari/537.36 (compatible; Googlebot/2.1; +http://www.google.com/bot.html)"
39.48.21.118 - - [27/Sep/2026:20:06:45 +0300] "POST /xmlrpc.php HTTP/1.1" 200 403 "-" "Jetpack by WordPress.com"
79.131.131.225 - - [27/Sep/2026:20:06:46 +0300] "POST /xmlrpc.php HTTP/1.1" 200 403 "-" "Mozilla/5.0 (Windows NT 10.0; x64) AppleWebKit/537.36 (KHTML, like Gecko) Firefox/78.0.0.0 Safari/537.36"
66.249.73.64 - - [27/Sep/2026:20:06:54 +0300] "GET /pod/accomplishment/cu17y2pcempzsgb.shtml HTTP/1.1" 301 - "-" "Mozilla/5.0 (Linux; Android 6.0.1; Nexus 5X Build/MMB29P) AppleWebKit/537.36 (KHTML, like Gecko) Chrome/153.0.8010.52 Mobile Safari/537.36 (compatible; Googlebot/2.1; +http://www.google.com/bot.html)"
66.249.73.66 - - [27/Sep/2026:20:07:01 +0300] "GET /attribute/class/d1k7t98e9t8uq6p.shtml HTTP/1.1" 301 - "-" "Mozilla/5.0 (Linux; Android 6.0.1; Nexus 5X Build/MMB29P) AppleWebKit/537.36 (KHTML, like Gecko) Chrome/153.0.8010.52 Mobile Safari/537.36 (compatible; Googlebot/2.1; +http://www.google.com/bot.html)"
85.254.144.33 - - [27/Sep/2026:20:07:02 +0300] "POST /wp-cron.php?doing_wp_cron=1790528822.7259609699249267578125 HTTP/1.1" 200 - "-" "WordPress/7.1.2; https://finofy.com"
66.249.73.64 - - [27/Sep/2026:20:07:11 +0300] "GET /sector/outcome/eeiw3v6gjf641sn.shtml HTTP/1.1" 301 - "-" "Mozilla/5.0 (Linux; Android 6.0.1; Nexus 5X Build/MMB29P) AppleWebKit/537.36 (KHTML, like Gecko) Chrome/153.0.8010.52 Mobile Safari/537.36 (compatible; Googlebot/2.1; +http://www.google.com/bot.html)"
79.131.131.225 - - [27/Sep/2026:20:07:14 +0300] "POST /xmlrpc.php HTTP/1.1" 200 403 "-" "Mozilla/5.0 (Windows NT 6.2; arm64) AppleWebKit/537.36 (KHTML, like Gecko) Edge/95.0.0.0 Safari/537.36"
66.249.73.64 - - [27/Sep/2026:20:07:23 +0300] "GET /matrix/unit/e6zv8onjo8n9dl4.shtml HTTP/1.1" 301 - "-" "Mozilla/5.0 (Linux; Android 6.0.1; Nexus 5X Build/MMB29P) AppleWebKit/537.36 (KHTML, like Gecko) Chrome/153.0.8010.52 Mobile Safari/537.36 (compatible; Googlebot/2.1; +http://www.google.com/bot.html)"
66.249.73.64 - - [27/Sep/2026:20:07:31 +0300] "GET /label/contraption/f99aumxbaodnanu.shtml HTTP/1.1" 301 - "-" "Mozilla/5.0 (Linux; Android 6.0.1; Nexus 5X Build/MMB29P) AppleWebKit/537.36 (KHTML, like Gecko) Chrome/153.0.8010.52 Mobile Safari/537.36 (compatible; Googlebot/2.1; +http://www.google.com/bot.html)"
66.249.73.64 - - [27/Sep/2026:20:07:41 +0300] "GET /factor/category/edt62ihbi2h3lfy.shtml HTTP/1.1" 301 - "-" "Mozilla/5.0 (Linux; Android 6.0.1; Nexus 5X Build/MMB29P) AppleWebKit/537.36 (KHTML, like Gecko) Chrome/153.0.8010.52 Mobile Safari/537.36 (compatible; Googlebot/2.1; +http://www.google.com/bot.html)"
79.131.131.225 - - [27/Sep/2026:20:07:42 +0300] "POST /xmlrpc.php HTTP/1.1" 200 403 "-" "Mozilla/5.0 (Windows NT 6.3; arm64) AppleWebKit/537.36 (KHTML, like Gecko) Edge/89.0.0.0 Safari/537.36"
66.249.73.64 - - [27/Sep/2026:20:07:50 +0300] "GET /kind/commodity/e37s48vtksv515c.shtml HTTP/1.1" 301 - "-" "Mozilla/5.0 (Linux; Android 6.0.1; Nexus 5X Build/MMB29P) AppleWebKit/537.36 (KHTML, like Gecko) Chrome/153.0.8010.52 Mobile Safari/537.36 (compatible; Googlebot/2.1; +http://www.google.com/bot.html)"
39.48.21.118 - - [27/Sep/2026:20:07:56 +0300] "POST /xmlrpc.php HTTP/1.1" 200 403 "-" "Jetpack/12.0; WordPress/6.3; http://site46473838.com"
66.249.73.65 - - [27/Sep/2026:20:08:00 +0300] "GET /faction/module/e0nfwcbncwbx59s.shtml HTTP/1.1" 301 - "-" "Mozilla/5.0 (Linux; Android 6.0.1; Nexus 5X Build/MMB29P) AppleWebKit/537.36 (KHTML, like Gecko) Chrome/153.0.8010.52 Mobile Safari/537.36 (compatible; Googlebot/2.1; +http://www.google.com/bot.html)"
39.48.21.118 - - [27/Sep/2026:20:08:06 +0300] "POST /xmlrpc.php HTTP/1.1" 200 403 "-" "Jetpack by WordPress.com"
85.254.144.33 - - [27/Sep/2026:20:08:07 +0300] "POST /wp-cron.php?doing_wp_cron=1790528887.8094151020050048828125 HTTP/1.1" 200 - "-" "WordPress/7.1.2; https://finofy.com"
66.249.73.64 - - [27/Sep/2026:20:08:09 +0300] "GET /pod/brand/evlq6y9fmi97hvq.shtml HTTP/1.1" 301 - "-" "Mozilla/5.0 (Linux; Android 6.0.1; Nexus 5X Build/MMB29P) AppleWebKit/537.36 (KHTML, like Gecko) Chrome/153.0.8010.52 Mobile Safari/537.36 (compatible; Googlebot/2.1; +http://www.google.com/bot.html)"
66.249.73.64 - - [27/Sep/2026:20:08:15 +0300] "GET /community/project/edkit98h9t8ui6p.shtml HTTP/1.1" 301 - "-" "Mozilla/5.0 (Linux; Android 6.0.1; Nexus 5X Build/MMB29P) AppleWebKit/537.36 (KHTML, like Gecko) Chrome/153.0.8010.52 Mobile Safari/537.36 (compatible; Googlebot/2.1; +http://www.google.com/bot.html)"
39.48.21.118 - - [27/Sep/2026:20:08:16 +0300] "POST /xmlrpc.php HTTP/1.1" 200 403 "-" "Jetpack by WordPress.com"
151.241.48.38 - - [27/Sep/2026:20:08:20 +0300] "GET /yytest/ HTTP/1.1" 301 - "-" "Mozilla/5.0 (compatible; Googlebot/2.1; +http://www.google.com/bot.html)"
147.53.121.195 - - [27/Sep/2026:20:08:20 +0300] "GET /yytest/ HTTP/1.1" 301 - "-" "Mozilla/5.0 (compatible; Googlebot/2.1; +http://www.google.com/bot.html)"
158.62.222.197 - - [27/Sep/2026:20:08:20 +0300] "GET /yytest/ HTTP/1.1" 301 - "-" "Mozilla/5.0 (compatible; Googlebot/2.1; +http://www.google.com/bot.html)"
151.241.48.38 - - [27/Sep/2026:20:08:22 +0300] "GET / HTTP/1.1" 301 - "https://finofy.com/yytest/" "Mozilla/5.0 (compatible; Googlebot/2.1; +http://www.google.com/bot.html)"
147.53.121.195 - - [27/Sep/2026:20:08:22 +0300] "GET / HTTP/1.1" 301 - "https://finofy.com/yytest/" "Mozilla/5.0 (compatible; Googlebot/2.1; +http://www.google.com/bot.html)"
158.62.222.197 - - [27/Sep/2026:20:08:23 +0300] "GET / HTTP/1.1" 301 - "https://finofy.com/yytest/" "Mozilla/5.0 (compatible; Googlebot/2.1; +http://www.google.com/bot.html)"
151.241.48.38 - - [27/Sep/2026:20:08:23 +0300] "GET / HTTP/1.1" 200 50422 "https://www.finofy.com" "Mozilla/5.0 (compatible; Googlebot/2.1; +http://www.google.com/bot.html)"
147.53.121.195 - - [27/Sep/2026:20:08:24 +0300] "GET / HTTP/1.1" 200 50422 "https://www.finofy.com" "Mozilla/5.0 (compatible; Googlebot/2.1; +http://www.google.com/bot.html)"
79.131.131.225 - - [27/Sep/2026:20:08:25 +0300] "POST /xmlrpc.php HTTP/1.1" 200 403 "-" "Mozilla/5.0 (Windows NT 6.2; arm64) AppleWebKit/537.36 (KHTML, like Gecko) Firefox/74.0.0.0 Safari/537.36"
63.141.239.146 - - [27/Sep/2026:20:08:24 +0300] "GET /yytest/ HTTP/1.1" 301 - "-" "Mozilla/5.0 (compatible; Googlebot/2.1; +http://www.google.com/bot.html)"
63.141.239.146 - - [27/Sep/2026:20:08:26 +0300] "GET / HTTP/1.1" 301 - "https://finofy.com/yytest/" "Mozilla/5.0 (compatible; Googlebot/2.1; +http://www.google.com/bot.html)"
39.48.21.118 - - [27/Sep/2026:20:08:27 +0300] "POST /xmlrpc.php HTTP/1.1" 200 403 "-" "Jetpack by WordPress.com (Jetpack 12.5; WordPress 6.1)"
63.141.239.146 - - [27/Sep/2026:20:08:28 +0300] "GET / HTTP/1.1" 200 50422 "https://www.finofy.com" "Mozilla/5.0 (compatible; Googlebot/2.1; +http://www.google.com/bot.html)"
66.249.73.64 - - [27/Sep/2026:20:08:28 +0300] "GET /tier/work/ee2ebrqjrbqcco7.shtml HTTP/1.1" 301 - "-" "Mozilla/5.0 (Linux; Android 6.0.1; Nexus 5X Build/MMB29P) AppleWebKit/537.36 (KHTML, like Gecko) Chrome/153.0.8010.52 Mobile Safari/537.36 (compatible; Googlebot/2.1; +http://www.google.com/bot.html)"
31.58.166.21 - - [27/Sep/2026:20:08:30 +0300] "POST / HTTP/1.1" 200 50422 "-" "Mozilla/5.0 (Windows NT 10.0; Win64; x64; rv:130.0) Gecko/20100101 Firefox/130.0"
151.241.48.40 - - [27/Sep/2026:20:08:30 +0300] "POST / HTTP/1.1" 200 50422 "-" "Mozilla/5.0 (Windows NT 10.0; Win64; x64; rv:130.0) Gecko/20100101 Firefox/130.0"
66.84.94.48 - - [27/Sep/2026:20:08:31 +0300] "POST / HTTP/1.1" 200 50422 "-" "Mozilla/5.0 (Windows NT 10.0; Win64; x64; rv:130.0) Gecko/20100101 Firefox/130.0"
66.249.73.64 - - [27/Sep/2026:20:08:32 +0300] "GET /arrangement/belonging/e6kst98q9t8uh6p.shtml HTTP/1.1" 301 - "-" "Mozilla/5.0 (Linux; Android 6.0.1; Nexus 5X Build/MMB29P) AppleWebKit/537.36 (KHTML, like Gecko) Chrome/153.0.8010.52 Mobile Safari/537.36 (compatible; Googlebot/2.1; +http://www.google.com/bot.html)"
39.48.21.118 - - [27/Sep/2026:20:08:37 +0300] "POST /xmlrpc.php HTTP/1.1" 200 403 "-" "WordPress.com; https://wordpress.com"
66.249.73.64 - - [27/Sep/2026:20:08:42 +0300] "GET /catalog/resource/eyp7mqdf2adn3nu.shtml HTTP/1.1" 301 - "-" "Mozilla/5.0 (Linux; Android 6.0.1; Nexus 5X Build/MMB29P) AppleWebKit/537.36 (KHTML, like Gecko) Chrome/153.0.8010.52 Mobile Safari/537.36 (compatible; Googlebot/2.1; +http://www.google.com/bot.html)"
39.48.21.118 - - [27/Sep/2026:20:08:48 +0300] "POST /xmlrpc.php HTTP/1.1" 200 403 "-" "Jetpack/12.5; WordPress/6.3; http://site93049312.com"
66.249.73.64 - - [27/Sep/2026:20:08:52 +0300] "GET /attribute/career/ff9jumxbaqdn4nu.shtml HTTP/1.1" 301 - "-" "Mozilla/5.0 (Linux; Android 6.0.1; Nexus 5X Build/MMB29P) AppleWebKit/537.36 (KHTML, like Gecko) Chrome/153.0.8010.52 Mobile Safari/537.36 (compatible; Googlebot/2.1; +http://www.google.com/bot.html)"
66.249.73.64 - - [27/Sep/2026:20:08:57 +0300] "GET /pattern/fruit/erchxp0nd90y0mh.shtml HTTP/1.1" 301 - "-" "Mozilla/5.0 (Linux; Android 6.0.1; Nexus 5X Build/MMB29P) AppleWebKit/537.36 (KHTML, like Gecko) Chrome/153.0.8010.52 Mobile Safari/537.36 (compatible; Googlebot/2.1; +http://www.google.com/bot.html)"
39.48.21.118 - - [27/Sep/2026:20:08:59 +0300] "POST /xmlrpc.php HTTP/1.1" 200 403 "-" "Jetpack by WordPress.com"
66.249.73.64 - - [27/Sep/2026:20:08:59 +0300] "GET /institution/appliance/eu35ogrb40rp9d8.shtml HTTP/1.1" 301 - "-" "Mozilla/5.0 (Linux; Android 6.0.1; Nexus 5X Build/MMB29P) AppleWebKit/537.36 (KHTML, like Gecko) Chrome/153.0.8010.52 Mobile Safari/537.36 (compatible; Googlebot/2.1; +http://www.google.com/bot.html)"
79.131.131.225 - - [27/Sep/2026:20:09:01 +0300] "POST /xmlrpc.php HTTP/1.1" 200 403 "-" "Mozilla/5.0 (Linux; Android 10; arm64) AppleWebKit/537.36 (KHTML, like Gecko) Opera/75.0.0.0 Safari/537.36"
85.254.144.33 - - [27/Sep/2026:20:09:02 +0300] "POST /wp-cron.php?doing_wp_cron=1790528942.4144940376281738281250 HTTP/1.1" 200 - "-" "WordPress/7.1.2; https://finofy.com"
39.48.21.118 - - [27/Sep/2026:20:09:09 +0300] "POST /xmlrpc.php HTTP/1.1" 200 403 "-" "Jetpack/12.5; WordPress/6.1; http://site44377139.com"
66.249.73.64 - - [27/Sep/2026:20:09:11 +0300] "GET /level/remnant/d3ah7byqnvy8g8f.shtml HTTP/1.1" 301 - "-" "Mozilla/5.0 (Linux; Android 6.0.1; Nexus 5X Build/MMB29P) AppleWebKit/537.36 (KHTML, like Gecko) Chrome/153.0.8010.52 Mobile Safari/537.36 (compatible; Googlebot/2.1; +http://www.google.com/bot.html)"
39.48.21.118 - - [27/Sep/2026:20:09:19 +0300] "POST /xmlrpc.php HTTP/1.1" 200 403 "-" "Jetpack by WordPress.com (Jetpack 13.0; WordPress 6.2)"
66.249.73.64 - - [27/Sep/2026:20:09:20 +0300] "GET /province/sample/edkft98b9t8uc6p.shtml HTTP/1.1" 301 - "-" "Mozilla/5.0 (Linux; Android 6.0.1; Nexus 5X Build/MMB29P) AppleWebKit/537.36 (KHTML, like Gecko) Chrome/153.0.8010.52 Mobile Safari/537.36 (compatible; Googlebot/2.1; +http://www.google.com/bot.html)"
39.48.21.118 - - [27/Sep/2026:20:09:30 +0300] "POST /xmlrpc.php HTTP/1.1" 200 403 "-" "Jetpack by WordPress.com (Jetpack 12.5; WordPress 6.1)"
66.249.73.64 - - [27/Sep/2026:20:09:31 +0300] "GET /style/offering/e20gldo01xomra5.shtml HTTP/1.1" 301 - "-" "Mozilla/5.0 (Linux; Android 6.0.1; Nexus 5X Build/MMB29P) AppleWebKit/537.36 (KHTML, like Gecko) Chrome/153.0.8010.52 Mobile Safari/537.36 (compatible; Googlebot/2.1; +http://www.google.com/bot.html)"
79.131.131.225 - - [27/Sep/2026:20:09:38 +0300] "POST /xmlrpc.php HTTP/1.1" 200 403 "-" "Mozilla/5.0 (X11; Ubuntu; Linux x86_64; x64) AppleWebKit/537.36 (KHTML, like Gecko) Edge/87.0.0.0 Safari/537.36"
39.48.21.118 - - [27/Sep/2026:20:09:40 +0300] "POST /xmlrpc.php HTTP/1.1" 200 403 "-" "Jetpack by WordPress.com (Jetpack 13.0; WordPress 6.4)"
66.249.73.64 - - [27/Sep/2026:20:09:43 +0300] "GET /segment/package/fxot91cbpts2y29.shtml HTTP/1.1" 301 - "-" "Mozilla/5.0 (Linux; Android 6.0.1; Nexus 5X Build/MMB29P) AppleWebKit/537.36 (KHTML, like Gecko) Chrome/153.0.8010.52 Mobile Safari/537.36 (compatible; Googlebot/2.1; +http://www.google.com/bot.html)"
39.48.21.118 - - [27/Sep/2026:20:09:51 +0300] "POST /xmlrpc.php HTTP/1.1" 200 403 "-" "WordPress.com; https://wordpress.com"
66.249.73.64 - - [27/Sep/2026:20:09:52 +0300] "GET /pod/feature/fnxrialbyf1bxbi.shtml HTTP/1.1" 301 - "-" "Mozilla/5.0 (Linux; Android 6.0.1; Nexus 5X Build/MMB29P) AppleWebKit/537.36 (KHTML, like Gecko) Chrome/153.0.8010.52 Mobile Safari/537.36 (compatible; Googlebot/2.1; +http://www.google.com/bot.html)"
66.249.73.64 - - [27/Sep/2026:20:09:54 +0300] "GET /club/set/ex26brq9rbqcoo7.shtml HTTP/1.1" 301 - "-" "Mozilla/5.0 (Linux; Android 6.0.1; Nexus 5X Build/MMB29P) AppleWebKit/537.36 (KHTML, like Gecko) Chrome/153.0.8010.52 Mobile Safari/537.36 (compatible; Googlebot/2.1; +http://www.google.com/bot.html)"
39.48.21.118 - - [27/Sep/2026:20:10:01 +0300] "POST /xmlrpc.php HTTP/1.1" 200 403 "-" "Jetpack by WordPress.com"
85.254.144.33 - - [27/Sep/2026:20:10:03 +0300] "POST /wp-cron.php?doing_wp_cron=1790529003.2787439823150634765625 HTTP/1.1" 200 - "-" "WordPress/7.1.2; https://finofy.com"
39.48.21.118 - - [27/Sep/2026:20:10:13 +0300] "POST /xmlrpc.php HTTP/1.1" 200 403 "-" "Jetpack by WordPress.com (Jetpack 12.0; WordPress 6.1)"
66.249.73.65 - - [27/Sep/2026:20:10:13 +0300] "GET /pod/fort-rules/enpumqdh2adn3nu.shtml HTTP/1.1" 301 - "-" "Mozilla/5.0 (Linux; Android 6.0.1; Nexus 5X Build/MMB29P) AppleWebKit/537.36 (KHTML, like Gecko) Chrome/153.0.8010.52 Mobile Safari/537.36 (compatible; Googlebot/2.1; +http://www.google.com/bot.html)"
79.131.131.225 - - [27/Sep/2026:20:10:14 +0300] "POST /xmlrpc.php HTTP/1.1" 200 403 "-" "Mozilla/5.0 (Windows NT 10.0; arm64) AppleWebKit/537.36 (KHTML, like Gecko) Safari/15.0.0.0 Safari/537.36"
66.249.73.64 - - [27/Sep/2026:20:10:23 +0300] "GET /shoal/mechanism/f89mumxbapdnlnu.shtml HTTP/1.1" 301 - "-" "Mozilla/5.0 (Linux; Android 6.0.1; Nexus 5X Build/MMB29P) AppleWebKit/537.36 (KHTML, like Gecko) Chrome/153.0.8010.52 Mobile Safari/537.36 (compatible; Googlebot/2.1; +http://www.google.com/bot.html)"
39.48.21.118 - - [27/Sep/2026:20:10:24 +0300] "POST /xmlrpc.php HTTP/1.1" 200 403 "-" "Jetpack by WordPress.com (Jetpack 12.1; WordPress 6.3)"
66.249.73.64 - - [27/Sep/2026:20:10:42 +0300] "GET /breed/cargo/ehdvae1kqy1bubi.shtml HTTP/1.1" 301 - "-" "Mozilla/5.0 (Linux; Android 6.0.1; Nexus 5X Build/MMB29P) AppleWebKit/537.36 (KHTML, like Gecko) Chrome/153.0.8010.52 Mobile Safari/537.36 (compatible; Googlebot/2.1; +http://www.google.com/bot.html)"
79.131.131.225 - - [27/Sep/2026:20:10:49 +0300] "POST /xmlrpc.php HTTP/1.1" 200 403 "-" "Mozilla/5.0 (Linux; Android 10; arm64) AppleWebKit/537.36 (KHTML, like Gecko) Edge/80.0.0.0 Safari/537.36"
79.131.131.225 - - [27/Sep/2026:20:11:25 +0300] "POST /xmlrpc.php HTTP/1.1" 200 403 "-" "Mozilla/5.0 (Windows NT 10.0; arm64) AppleWebKit/537.36 (KHTML, like Gecko) Safari/15.0.0.0 Safari/537.36"
85.254.144.33 - - [27/Sep/2026:20:11:26 +0300] "POST /wp-cron.php?doing_wp_cron=1790529086.8263080120086669921875 HTTP/1.1" 200 - "-" "WordPress/7.1.2; https://finofy.com"
66.249.73.64 - - [27/Sep/2026:20:11:52 +0300] "GET /institution/accessory/eiv6swjq8gjt4t0.shtml HTTP/1.1" 301 - "-" "Mozilla/5.0 (Linux; Android 6.0.1; Nexus 5X Build/MMB29P) AppleWebKit/537.36 (KHTML, like Gecko) Chrome/153.0.8010.52 Mobile Safari/537.36 (compatible; Googlebot/2.1; +http://www.google.com/bot.html)"
79.131.131.225 - - [27/Sep/2026:20:11:59 +0300] "POST /xmlrpc.php HTTP/1.1" 200 403 "-" "Mozilla/5.0 (Windows NT 10.0; arm64) AppleWebKit/537.36 (KHTML, like Gecko) Safari/11.0.0.0 Safari/537.36"
79.131.131.225 - - [27/Sep/2026:20:12:31 +0300] "POST /xmlrpc.php HTTP/1.1" 200 403 "-" "Mozilla/5.0 (Linux; Android 10; arm64) AppleWebKit/537.36 (KHTML, like Gecko) Edge/86.0.0.0 Safari/537.36"
85.254.144.33 - - [27/Sep/2026:20:12:32 +0300] "POST /wp-cron.php?doing_wp_cron=1790529152.3660280704498291015625 HTTP/1.1" 200 - "-" "WordPress/7.1.2; https://finofy.com"
79.131.131.225 - - [27/Sep/2026:20:13:01 +0300] "POST /xmlrpc.php HTTP/1.1" 200 403 "-" "Mozilla/5.0 (X11; Ubuntu; Linux x86_64; arm64) AppleWebKit/537.36 (KHTML, like Gecko) Opera/70.0.0.0 Safari/537.36"
85.254.144.33 - - [27/Sep/2026:20:13:03 +0300] "POST /wp-cron.php?doing_wp_cron=1790529183.0043609142303466796875 HTTP/1.1" 200 - "-" "WordPress/7.1.2; https://finofy.com"
66.249.73.65 - - [27/Sep/2026:20:13:09 +0300] "GET /type/byproduct/eybgk0z60kzlsxg.shtml HTTP/1.1" 301 - "-" "Mozilla/5.0 (Linux; Android 6.0.1; Nexus 5X Build/MMB29P) AppleWebKit/537.36 (KHTML, like Gecko) Chrome/153.0.8010.52 Mobile Safari/537.36 (compatible; Googlebot/2.1; +http://www.google.com/bot.html)"
66.249.73.65 - - [27/Sep/2026:20:13:22 +0300] "GET /version/cargo/f43rogrb4t7hzho.shtml HTTP/1.1" 301 - "-" "Mozilla/5.0 (Linux; Android 6.0.1; Nexus 5X Build/MMB29P) AppleWebKit/537.36 (KHTML, like Gecko) Chrome/153.0.8010.52 Mobile Safari/537.36 (compatible; Googlebot/2.1; +http://www.google.com/bot.html)"
79.131.131.225 - - [27/Sep/2026:20:13:30 +0300] "POST /xmlrpc.php HTTP/1.1" 200 403 "-" "Mozilla/5.0 (Windows NT 6.2; x86) AppleWebKit/537.36 (KHTML, like Gecko) Safari/10.0.0.0 Safari/537.36"
66.249.73.64 - - [27/Sep/2026:20:13:31 +0300] "GET /faction/module/egntwcb0cwbxm9s.shtml HTTP/1.1" 301 - "-" "Mozilla/5.0 (Linux; Android 6.0.1; Nexus 5X Build/MMB29P) AppleWebKit/537.36 (KHTML, like Gecko) Chrome/153.0.8010.52 Mobile Safari/537.36 (compatible; Googlebot/2.1; +http://www.google.com/bot.html)"
66.249.73.64 - - [27/Sep/2026:20:13:47 +0300] "GET /grouping/part/fmheq65b6lxvpje.shtml HTTP/1.1" 301 - "-" "Mozilla/5.0 (Linux; Android 6.0.1; Nexus 5X Build/MMB29P) AppleWebKit/537.36 (KHTML, like Gecko) Chrome/153.0.8010.52 Mobile Safari/537.36 (compatible; Googlebot/2.1; +http://www.google.com/bot.html)"
79.131.131.225 - - [27/Sep/2026:20:13:58 +0300] "POST /xmlrpc.php HTTP/1.1" 200 403 "-" "Mozilla/5.0 (Windows NT 6.3; x86) AppleWebKit/537.36 (KHTML, like Gecko) Opera/78.0.0.0 Safari/537.36"
79.131.131.225 - - [27/Sep/2026:20:14:15 +0300] "POST /xmlrpc.php HTTP/1.1" 200 403 "-" "Mozilla/5.0 (Windows NT 6.3; arm64) AppleWebKit/537.36 (KHTML, like Gecko) Chrome/86.0.0.0 Safari/537.36"
85.254.144.33 - - [27/Sep/2026:20:14:17 +0300] "POST /wp-cron.php?doing_wp_cron=1790529257.0375320911407470703125 HTTP/1.1" 200 - "-" "WordPress/7.1.2; https://finofy.com"
79.131.131.225 - - [27/Sep/2026:20:14:33 +0300] "POST /xmlrpc.php HTTP/1.1" 200 403 "-" "Mozilla/5.0 (Windows NT 10.0; arm64) AppleWebKit/537.36 (KHTML, like Gecko) Edge/97.0.0.0 Safari/537.36"
213.180.203.25 - - [27/Sep/2026:20:14:38 +0300] "GET /robots.txt HTTP/1.1" 200 79 "-" "Mozilla/5.0 (compatible; YandexBot/3.0; +http://yandex.com/bots)"
45.148.65.19 - - [27/Sep/2026:20:14:39 +0300] "GET / HTTP/2.0" 200 50422 "-" "Mozilla/5.0 (compatible; YandexBot/3.0; +http://yandex.com/bots)"
66.249.73.66 - - [27/Sep/2026:20:14:50 +0300] "GET /style/batch/e6gzdh4nt14emel.shtml HTTP/1.1" 301 - "-" "Mozilla/5.0 (Linux; Android 6.0.1; Nexus 5X Build/MMB29P) AppleWebKit/537.36 (KHTML, like Gecko) Chrome/153.0.8010.52 Mobile Safari/537.36 (compatible; Googlebot/2.1; +http://www.google.com/bot.html)"
79.131.131.225 - - [27/Sep/2026:20:14:56 +0300] "POST /xmlrpc.php HTTP/1.1" 200 403 "-" "Mozilla/5.0 (X11; Ubuntu; Linux x86_64; x86) AppleWebKit/537.36 (KHTML, like Gecko) Firefox/93.0.0.0 Safari/537.36"
66.249.73.66 - - [27/Sep/2026:20:15:14 +0300] "GET /pride/subassembly/emebn3223n2or0j.shtml HTTP/1.1" 301 - "-" "Mozilla/5.0 (Linux; Android 6.0.1; Nexus 5X Build/MMB29P) AppleWebKit/537.36 (KHTML, like Gecko) Chrome/153.0.8010.52 Mobile Safari/537.36 (compatible; Googlebot/2.1; +http://www.google.com/bot.html)"
79.131.131.225 - - [27/Sep/2026:20:15:13 +0300] "POST /xmlrpc.php HTTP/1.1" 200 403 "-" "Mozilla/5.0 (Windows NT 6.3; x64) AppleWebKit/537.36 (KHTML, like Gecko) Safari/12.0.0.0 Safari/537.36"
85.254.144.33 - - [27/Sep/2026:20:15:15 +0300] "POST /wp-cron.php?doing_wp_cron=1790529315.0952858924865722656250 HTTP/1.1" 200 - "-" "WordPress/7.1.2; https://finofy.com"
66.249.73.64 - - [27/Sep/2026:20:15:24 +0300] "GET /ambit/substance/fq9vumxbaxdn9nu.shtml HTTP/1.1" 301 - "-" "Mozilla/5.0 (Linux; Android 6.0.1; Nexus 5X Build/MMB29P) AppleWebKit/537.36 (KHTML, like Gecko) Chrome/153.0.8010.52 Mobile Safari/537.36 (compatible; Googlebot/2.1; +http://www.google.com/bot.html)"
79.131.131.225 - - [27/Sep/2026:20:15:31 +0300] "POST /xmlrpc.php HTTP/1.1" 200 403 "-" "Mozilla/5.0 (Windows NT 10.0; x86) AppleWebKit/537.36 (KHTML, like Gecko) Safari/11.0.0.0 Safari/537.36"
45.131.195.166 - - [27/Sep/2026:20:15:49 +0300] "POST /wp-login.php HTTP/1.1" 200 9767 "-" "Mozilla/5.0 (Macintosh; Intel Mac OS X 10_15_7) AppleWebKit/605.1.15 Version/17.0 Safari/605.1.15"
45.131.195.119 - - [27/Sep/2026:20:15:49 +0300] "POST /wp-login.php HTTP/1.1" 200 9764 "-" "Mozilla/5.0 (Macintosh; Intel Mac OS X 10_15_7) AppleWebKit/605.1.15 Version/17.0 Safari/605.1.15"
79.131.131.225 - - [27/Sep/2026:20:15:51 +0300] "POST /xmlrpc.php HTTP/1.1" 200 403 "-" "Mozilla/5.0 (Macintosh; Intel Mac OS X 10_15_7; x86) AppleWebKit/537.36 (KHTML, like Gecko) Safari/15.0.0.0 Safari/537.36"
79.131.131.225 - - [27/Sep/2026:20:16:10 +0300] "POST /xmlrpc.php HTTP/1.1" 200 403 "-" "Mozilla/5.0 (Windows NT 10.0; x86) AppleWebKit/537.36 (KHTML, like Gecko) Firefox/90.0.0.0 Safari/537.36"
85.254.144.33 - - [27/Sep/2026:20:16:11 +0300] "POST /wp-cron.php?doing_wp_cron=1790529371.6301090717315673828125 HTTP/1.1" 200 - "-" "WordPress/7.1.2; https://finofy.com"
66.249.73.66 - - [27/Sep/2026:20:16:22 +0300] "GET /batch/edition/fhjngk7bwlbx19s.shtml HTTP/1.1" 301 - "-" "Mozilla/5.0 (Linux; Android 6.0.1; Nexus 5X Build/MMB29P) AppleWebKit/537.36 (KHTML, like Gecko) Chrome/153.0.8010.52 Mobile Safari/537.36 (compatible; Googlebot/2.1; +http://www.google.com/bot.html)"
79.131.131.225 - - [27/Sep/2026:20:16:31 +0300] "POST /xmlrpc.php HTTP/1.1" 200 403 "-" "Mozilla/5.0 (Macintosh; Intel Mac OS X 10_15_7; x86) AppleWebKit/537.36 (KHTML, like Gecko) Safari/15.0.0.0 Safari/537.36"
66.249.73.65 - - [27/Sep/2026:20:16:47 +0300] "GET /type/release/fvntwcbbc231apk.shtml HTTP/1.1" 301 - "-" "Mozilla/5.0 (Linux; Android 6.0.1; Nexus 5X Build/MMB29P) AppleWebKit/537.36 (KHTML, like Gecko) Chrome/153.0.8010.52 Mobile Safari/537.36 (compatible; Googlebot/2.1; +http://www.google.com/bot.html)"
85.254.144.33 - - [27/Sep/2026:20:16:49 +0300] "POST /wp-cron.php?doing_wp_cron=1790529409.0913650989532470703125 HTTP/1.1" 200 - "-" "WordPress/7.1.2; https://finofy.com"
79.131.131.225 - - [27/Sep/2026:20:16:49 +0300] "POST /xmlrpc.php HTTP/1.1" 200 403 "-" "Mozilla/5.0 (Macintosh; Intel Mac OS X 10_15_7; arm64) AppleWebKit/537.36 (KHTML, like Gecko) Edge/95.0.0.0 Safari/537.36"
79.131.131.225 - - [27/Sep/2026:20:17:09 +0300] "POST /xmlrpc.php HTTP/1.1" 200 403 "-" "Mozilla/5.0 (Windows NT 6.2; arm64) AppleWebKit/537.36 (KHTML, like Gecko) Edge/98.0.0.0 Safari/537.36"
85.254.144.33 - - [27/Sep/2026:20:17:11 +0300] "POST /wp-cron.php?doing_wp_cron=1790529431.1604609489440917968750 HTTP/1.1" 200 - "-" "WordPress/7.1.2; https://finofy.com"
66.249.73.66 - - [27/Sep/2026:20:17:15 +0300] "GET /shoal/edition/fqvsswjb85n9vl4.shtml HTTP/1.1" 301 - "-" "Mozilla/5.0 (Linux; Android 6.0.1; Nexus 5X Build/MMB29P) AppleWebKit/537.36 (KHTML, like Gecko) Chrome/153.0.8010.52 Mobile Safari/537.36 (compatible; Googlebot/2.1; +http://www.google.com/bot.html)"
66.249.73.65 - - [27/Sep/2026:20:17:25 +0300] "GET /label/supply/cj2gbrqnrbqchho.shtml HTTP/1.1" 301 - "-" "Mozilla/5.0 (Linux; Android 6.0.1; Nexus 5X Build/MMB29P) AppleWebKit/537.36 (KHTML, like Gecko) Chrome/153.0.8010.52 Mobile Safari/537.36 (compatible; Googlebot/2.1; +http://www.google.com/bot.html)"
79.131.131.225 - - [27/Sep/2026:20:17:28 +0300] "POST /xmlrpc.php HTTP/1.1" 200 403 "-" "Mozilla/5.0 (Macintosh; Intel Mac OS X 10_15_7; x86) AppleWebKit/537.36 (KHTML, like Gecko) Edge/90.0.0.0 Safari/537.36"
31.58.166.21 - - [27/Sep/2026:20:17:32 +0300] "GET /yytest/ HTTP/1.1" 301 - "-" "Mozilla/5.0 (compatible; Googlebot/2.1; +http://www.google.com/bot.html)"
130.254.112.187 - - [27/Sep/2026:20:17:33 +0300] "GET /yytest/ HTTP/1.1" 301 - "-" "Mozilla/5.0 (compatible; Googlebot/2.1; +http://www.google.com/bot.html)"
66.84.94.48 - - [27/Sep/2026:20:17:33 +0300] "GET /yytest/ HTTP/1.1" 301 - "-" "Mozilla/5.0 (compatible; Googlebot/2.1; +http://www.google.com/bot.html)"
31.58.166.21 - - [27/Sep/2026:20:17:34 +0300] "GET / HTTP/1.1" 301 - "https://finofy.com/yytest/" "Mozilla/5.0 (compatible; Googlebot/2.1; +http://www.google.com/bot.html)"
130.254.112.187 - - [27/Sep/2026:20:17:35 +0300] "GET / HTTP/1.1" 301 - "https://finofy.com/yytest/" "Mozilla/5.0 (compatible; Googlebot/2.1; +http://www.google.com/bot.html)"
66.84.94.48 - - [27/Sep/2026:20:17:36 +0300] "GET / HTTP/1.1" 301 - "https://finofy.com/yytest/" "Mozilla/5.0 (compatible; Googlebot/2.1; +http://www.google.com/bot.html)"
31.58.166.21 - - [27/Sep/2026:20:17:36 +0300] "GET / HTTP/1.1" 200 50422 "https://www.finofy.com" "Mozilla/5.0 (compatible; Googlebot/2.1; +http://www.google.com/bot.html)"
130.254.112.187 - - [27/Sep/2026:20:17:37 +0300] "GET / HTTP/1.1" 200 50422 "https://www.finofy.com" "Mozilla/5.0 (compatible; Googlebot/2.1; +http://www.google.com/bot.html)"
63.141.239.146 - - [27/Sep/2026:20:17:37 +0300] "GET /yytest/ HTTP/1.1" 301 - "-" "Mozilla/5.0 (compatible; Googlebot/2.1; +http://www.google.com/bot.html)"
63.141.239.146 - - [27/Sep/2026:20:17:39 +0300] "GET / HTTP/1.1" 301 - "https://finofy.com/yytest/" "Mozilla/5.0 (compatible; Googlebot/2.1; +http://www.google.com/bot.html)"
63.141.239.146 - - [27/Sep/2026:20:17:40 +0300] "GET / HTTP/1.1" 200 50422 "https://www.finofy.com" "Mozilla/5.0 (compatible; Googlebot/2.1; +http://www.google.com/bot.html)"
66.249.73.64 - - [27/Sep/2026:20:17:43 +0300] "GET /bunch/assortment/fnzk8onbonfdn1w.shtml HTTP/1.1" 301 - "-" "Mozilla/5.0 (Linux; Android 6.0.1; Nexus 5X Build/MMB29P) AppleWebKit/537.36 (KHTML, like Gecko) Chrome/153.0.8010.52 Mobile Safari/537.36 (compatible; Googlebot/2.1; +http://www.google.com/bot.html)"
31.58.162.22 - - [27/Sep/2026:20:17:43 +0300] "POST / HTTP/1.1" 200 50422 "-" "Mozilla/5.0 (Linux; Android 12; Pixel 6) AppleWebKit/537.36 (KHTML, like Gecko) Chrome/129.0.0.0 Mobile Safari/537.36"
147.53.121.195 - - [27/Sep/2026:20:17:43 +0300] "POST / HTTP/1.1" 200 50422 "-" "Mozilla/5.0 (Linux; Android 12; Pixel 6) AppleWebKit/537.36 (KHTML, like Gecko) Chrome/129.0.0.0 Mobile Safari/537.36"
168.91.47.20 - - [27/Sep/2026:20:17:43 +0300] "POST / HTTP/1.1" 200 50422 "-" "Mozilla/5.0 (Linux; Android 12; Pixel 6) AppleWebKit/537.36 (KHTML, like Gecko) Chrome/129.0.0.0 Mobile Safari/537.36"
79.131.131.225 - - [27/Sep/2026:20:17:44 +0300] "POST /xmlrpc.php HTTP/1.1" 200 403 "-" "Mozilla/5.0 (Linux; Android 10; x64) AppleWebKit/537.36 (KHTML, like Gecko) Edge/91.0.0.0 Safari/537.36"
66.249.73.64 - - [27/Sep/2026:20:17:55 +0300] "GET /kingdom/inventory/e3l86y9umi974vq.shtml HTTP/1.1" 301 - "-" "Mozilla/5.0 (Linux; Android 6.0.1; Nexus 5X Build/MMB29P) AppleWebKit/537.36 (KHTML, like Gecko) Chrome/153.0.8010.52 Mobile Safari/537.36 (compatible; Googlebot/2.1; +http://www.google.com/bot.html)"
79.131.131.225 - - [27/Sep/2026:20:18:00 +0300] "POST /xmlrpc.php HTTP/1.1" 200 403 "-" "Mozilla/5.0 (Windows NT 6.3; arm64) AppleWebKit/537.36 (KHTML, like Gecko) Chrome/81.0.0.0 Safari/537.36"
85.254.144.33 - - [27/Sep/2026:20:18:02 +0300] "POST /wp-cron.php?doing_wp_cron=1790529482.2829809188842773437500 HTTP/1.1" 200 - "-" "WordPress/7.1.2; https://finofy.com"
66.249.73.66 - - [27/Sep/2026:20:18:13 +0300] "GET /rubric/gadget/facsxp0bd3gqeqx.shtml HTTP/1.1" 301 - "-" "Mozilla/5.0 (Linux; Android 6.0.1; Nexus 5X Build/MMB29P) AppleWebKit/537.36 (KHTML, like Gecko) Chrome/153.0.8010.52 Mobile Safari/537.36 (compatible; Googlebot/2.1; +http://www.google.com/bot.html)"
79.131.131.225 - - [27/Sep/2026:20:18:21 +0300] "POST /xmlrpc.php HTTP/1.1" 200 403 "-" "Mozilla/5.0 (Windows NT 6.2; x64) AppleWebKit/537.36 (KHTML, like Gecko) Safari/10.0.0.0 Safari/537.36"
66.249.73.64 - - [27/Sep/2026:20:18:21 +0300] "GET /sorority/case/f28ehxwbx0omna5.shtml HTTP/1.1" 301 - "-" "Mozilla/5.0 (Linux; Android 6.0.1; Nexus 5X Build/MMB29P) AppleWebKit/537.36 (KHTML, like Gecko) Chrome/153.0.8010.52 Mobile Safari/537.36 (compatible; Googlebot/2.1; +http://www.google.com/bot.html)"
66.249.73.64 - - [27/Sep/2026:20:18:30 +0300] "GET /rubric/variant/fvzf8onbojfd71w.shtml HTTP/1.1" 301 - "-" "Mozilla/5.0 (Linux; Android 6.0.1; Nexus 5X Build/MMB29P) AppleWebKit/537.36 (KHTML, like Gecko) Chrome/153.0.8010.52 Mobile Safari/537.36 (compatible; Googlebot/2.1; +http://www.google.com/bot.html)"
66.249.73.64 - - [27/Sep/2026:20:18:36 +0300] "GET /fraternity/build/evd0ae1rqy1blbi.shtml HTTP/1.1" 301 - "-" "Mozilla/5.0 (Linux; Android 6.0.1; Nexus 5X Build/MMB29P) AppleWebKit/537.36 (KHTML, like Gecko) Chrome/153.0.8010.52 Mobile Safari/537.36 (compatible; Googlebot/2.1; +http://www.google.com/bot.html)"
79.131.131.225 - - [27/Sep/2026:20:18:36 +0300] "POST /xmlrpc.php HTTP/1.1" 200 403 "-" "Mozilla/5.0 (Windows NT 6.2; x64) AppleWebKit/537.36 (KHTML, like Gecko) Safari/12.0.0.0 Safari/537.36"
66.249.73.64 - - [27/Sep/2026:20:18:45 +0300] "GET /tier/characteristic/eaycvzmibjmw3w3.shtml HTTP/1.1" 301 - "-" "Mozilla/5.0 (Linux; Android 6.0.1; Nexus 5X Build/MMB29P) AppleWebKit/537.36 (KHTML, like Gecko) Chrome/153.0.8010.52 Mobile Safari/537.36 (compatible; Googlebot/2.1; +http://www.google.com/bot.html)"
66.249.73.64 - - [27/Sep/2026:20:18:56 +0300] "GET /bunch/production/fogodh4btb8uq6p.shtml HTTP/1.1" 301 - "-" "Mozilla/5.0 (Linux; Android 6.0.1; Nexus 5X Build/MMB29P) AppleWebKit/537.36 (KHTML, like Gecko) Chrome/153.0.8010.52 Mobile Safari/537.36 (compatible; Googlebot/2.1; +http://www.google.com/bot.html)"
79.131.131.225 - - [27/Sep/2026:20:18:56 +0300] "POST /xmlrpc.php HTTP/1.1" 200 403 "-" "Mozilla/5.0 (X11; Ubuntu; Linux x86_64; x86) AppleWebKit/537.36 (KHTML, like Gecko) Edge/97.0.0.0 Safari/537.36"
66.249.73.66 - - [27/Sep/2026:20:19:03 +0300] "GET /genus/possession/el84hxwdxhwimud.shtml HTTP/1.1" 301 - "-" "Mozilla/5.0 (Linux; Android 6.0.1; Nexus 5X Build/MMB29P) AppleWebKit/537.36 (KHTML, like Gecko) Chrome/153.0.8010.52 Mobile Safari/537.36 (compatible; Googlebot/2.1; +http://www.google.com/bot.html)"
85.254.144.33 - - [27/Sep/2026:20:19:05 +0300] "POST /wp-cron.php?doing_wp_cron=1790529545.0020439624786376953125 HTTP/1.1" 200 - "-" "WordPress/7.1.2; https://finofy.com"
66.249.73.65 - - [27/Sep/2026:20:19:13 +0300] "GET /domain/edition/frlv6y9bm9pzvz6.shtml HTTP/1.1" 301 - "-" "Mozilla/5.0 (Linux; Android 6.0.1; Nexus 5X Build/MMB29P) AppleWebKit/537.36 (KHTML, like Gecko) Chrome/153.0.8010.52 Mobile Safari/537.36 (compatible; Googlebot/2.1; +http://www.google.com/bot.html)"
79.131.131.225 - - [27/Sep/2026:20:19:14 +0300] "POST /xmlrpc.php HTTP/1.1" 200 403 "-" "Mozilla/5.0 (Windows NT 6.3; arm64) AppleWebKit/537.36 (KHTML, like Gecko) Edge/89.0.0.0 Safari/537.36"
66.249.73.64 - - [27/Sep/2026:20:19:26 +0300] "GET /pride/harvest/eyod91chplcagyt.shtml HTTP/1.1" 301 - "-" "Mozilla/5.0 (Linux; Android 6.0.1; Nexus 5X Build/MMB29P) AppleWebKit/537.36 (KHTML, like Gecko) Chrome/153.0.8010.52 Mobile Safari/537.36 (compatible; Googlebot/2.1; +http://www.google.com/bot.html)"
79.131.131.225 - - [27/Sep/2026:20:19:30 +0300] "POST /xmlrpc.php HTTP/1.1" 200 403 "-" "Mozilla/5.0 (X11; Ubuntu; Linux x86_64; arm64) AppleWebKit/537.36 (KHTML, like Gecko) Safari/14.0.0.0 Safari/537.36"
66.249.73.64 - - [27/Sep/2026:20:19:33 +0300] "GET /branch/fruit/fdhiq65b63xvdje.shtml HTTP/1.1" 301 - "-" "Mozilla/5.0 (Linux; Android 6.0.1; Nexus 5X Build/MMB29P) AppleWebKit/537.36 (KHTML, like Gecko) Chrome/153.0.8010.52 Mobile Safari/537.36 (compatible; Googlebot/2.1; +http://www.google.com/bot.html)"
66.249.73.64 - - [27/Sep/2026:20:19:42 +0300] "GET /aspect/accessory/ee3bogrv40rp1d8.shtml HTTP/1.1" 301 - "-" "Mozilla/5.0 (Linux; Android 6.0.1; Nexus 5X Build/MMB29P) AppleWebKit/537.36 (KHTML, like Gecko) Chrome/153.0.8010.52 Mobile Safari/537.36 (compatible; Googlebot/2.1; +http://www.google.com/bot.html)"
79.131.131.225 - - [27/Sep/2026:20:19:44 +0300] "POST /xmlrpc.php HTTP/1.1" 200 403 "-" "Mozilla/5.0 (Windows NT 10.0; arm64) AppleWebKit/537.36 (KHTML, like Gecko) Safari/10.0.0.0 Safari/537.36"
66.249.73.64 - - [27/Sep/2026:20:19:52 +0300] "GET /guild/thing/ex9mumxpa6xvnje.shtml HTTP/1.1" 301 - "-" "Mozilla/5.0 (Linux; Android 6.0.1; Nexus 5X Build/MMB29P) AppleWebKit/537.36 (KHTML, like Gecko) Chrome/153.0.8010.52 Mobile Safari/537.36 (compatible; Googlebot/2.1; +http://www.google.com/bot.html)"
66.249.73.64 - - [27/Sep/2026:20:19:59 +0300] "GET /assortment/handiwork/fzad7bybnz2oa0j.shtml HTTP/1.1" 301 - "-" "Mozilla/5.0 (Linux; Android 6.0.1; Nexus 5X Build/MMB29P) AppleWebKit/537.36 (KHTML, like Gecko) Chrome/153.0.8010.52 Mobile Safari/537.36 (compatible; Googlebot/2.1; +http://www.google.com/bot.html)"
79.131.131.225 - - [27/Sep/2026:20:19:59 +0300] "POST /xmlrpc.php HTTP/1.1" 200 403 "-" "Mozilla/5.0 (Windows NT 10.0; x86) AppleWebKit/537.36 (KHTML, like Gecko) Opera/76.0.0.0 Safari/537.36"
66.249.73.64 - - [27/Sep/2026:20:20:08 +0300] "GET /grouping/handicraft/fb6urjub75ak0kr.shtml HTTP/1.1" 301 - "-" "Mozilla/5.0 (Linux; Android 6.0.1; Nexus 5X Build/MMB29P) AppleWebKit/537.36 (KHTML, like Gecko) Chrome/153.0.8010.52 Mobile Safari/537.36 (compatible; Googlebot/2.1; +http://www.google.com/bot.html)"
85.254.144.33 - - [27/Sep/2026:20:20:09 +0300] "POST /wp-cron.php?doing_wp_cron=1790529609.8547580242156982421875 HTTP/1.1" 200 - "-" "WordPress/7.1.2; https://finofy.com"
79.131.131.225 - - [27/Sep/2026:20:20:14 +0300] "POST /xmlrpc.php HTTP/1.1" 200 403 "-" "Mozilla/5.0 (Windows NT 6.2; arm64) AppleWebKit/537.36 (KHTML, like Gecko) Edge/82.0.0.0 Safari/537.36"
66.249.73.64 - - [27/Sep/2026:20:20:16 +0300] "GET /form/element/erx0ialmyuljw72.shtml HTTP/1.1" 301 - "-" "Mozilla/5.0 (Linux; Android 6.0.1; Nexus 5X Build/MMB29P) AppleWebKit/537.36 (KHTML, like Gecko) Chrome/153.0.8010.52 Mobile Safari/537.36 (compatible; Googlebot/2.1; +http://www.google.com/bot.html)"
66.249.73.64 - - [27/Sep/2026:20:20:27 +0300] "GET /continuum/detail/fe3togrb437hxho.shtml HTTP/1.1" 301 - "-" "Mozilla/5.0 (Linux; Android 6.0.1; Nexus 5X Build/MMB29P) AppleWebKit/537.36 (KHTML, like Gecko) Chrome/153.0.8010.52 Mobile Safari/537.36 (compatible; Googlebot/2.1; +http://www.google.com/bot.html)"
79.131.131.225 - - [27/Sep/2026:20:20:28 +0300] "POST /xmlrpc.php HTTP/1.1" 200 403 "-" "Mozilla/5.0 (Windows NT 10.0; arm64) AppleWebKit/537.36 (KHTML, like Gecko) Edge/86.0.0.0 Safari/537.36"
66.249.73.64 - - [27/Sep/2026:20:20:35 +0300] "GET /taxon/option/ei4r15sohps2n29.shtml HTTP/1.1" 301 - "-" "Mozilla/5.0 (Linux; Android 6.0.1; Nexus 5X Build/MMB29P) AppleWebKit/537.36 (KHTML, like Gecko) Chrome/153.0.8010.52 Mobile Safari/537.36 (compatible; Googlebot/2.1; +http://www.google.com/bot.html)"
79.131.131.225 - - [27/Sep/2026:20:20:42 +0300] "POST /xmlrpc.php HTTP/1.1" 200 403 "-" "Mozilla/5.0 (Macintosh; Intel Mac OS X 10_15_7; x64) AppleWebKit/537.36 (KHTML, like Gecko) Firefox/73.0.0.0 Safari/537.36"
66.249.73.64 - - [27/Sep/2026:20:20:42 +0300] "GET /caste/object/e0mjjnagz7akxkr.shtml HTTP/1.1" 301 - "-" "Mozilla/5.0 (Linux; Android 6.0.1; Nexus 5X Build/MMB29P) AppleWebKit/537.36 (KHTML, like Gecko) Chrome/153.0.8010.52 Mobile Safari/537.36 (compatible; Googlebot/2.1; +http://www.google.com/bot.html)"
66.249.73.64 - - [27/Sep/2026:20:20:50 +0300] "GET /institution/release/ferwc4fbsav5o5c.shtml HTTP/1.1" 301 - "-" "Mozilla/5.0 (Linux; Android 6.0.1; Nexus 5X Build/MMB29P) AppleWebKit/537.36 (KHTML, like Gecko) Chrome/153.0.8010.52 Mobile Safari/537.36 (compatible; Googlebot/2.1; +http://www.google.com/bot.html)"
79.131.131.225 - - [27/Sep/2026:20:20:56 +0300] "POST /xmlrpc.php HTTP/1.1" 200 403 "-" "Mozilla/5.0 (Macintosh; Intel Mac OS X 10_15_7; x64) AppleWebKit/537.36 (KHTML, like Gecko) Opera/60.0.0.0 Safari/537.36"
66.249.73.64 - - [27/Sep/2026:20:20:59 +0300] "GET /set/apparatus/e1pzmqdm2adn4nu.shtml HTTP/1.1" 301 - "-" "Mozilla/5.0 (Linux; Android 6.0.1; Nexus 5X Build/MMB29P) AppleWebKit/537.36 (KHTML, like Gecko) Chrome/153.0.8010.52 Mobile Safari/537.36 (compatible; Googlebot/2.1; +http://www.google.com/bot.html)"
66.249.73.64 - - [27/Sep/2026:20:21:07 +0300] "GET /element/collection/fmol91cbpos2n29.shtml HTTP/1.1" 301 - "-" "Mozilla/5.0 (Linux; Android 6.0.1; Nexus 5X Build/MMB29P) AppleWebKit/537.36 (KHTML, like Gecko) Chrome/153.0.8010.52 Mobile Safari/537.36 (compatible; Googlebot/2.1; +http://www.google.com/bot.html)"
85.254.144.33 - - [27/Sep/2026:20:21:09 +0300] "POST /wp-cron.php?doing_wp_cron=1790529669.1816759109497070312500 HTTP/1.1" 200 - "-" "WordPress/7.1.2; https://finofy.com"
79.131.131.225 - - [27/Sep/2026:20:21:10 +0300] "POST /xmlrpc.php HTTP/1.1" 200 403 "-" "Mozilla/5.0 (Windows NT 10.0; arm64) AppleWebKit/537.36 (KHTML, like Gecko) Opera/68.0.0.0 Safari/537.36"
66.249.73.64 - - [27/Sep/2026:20:21:17 +0300] "GET /assemblage/creation/ehoz91cnplcakyt.shtml HTTP/1.1" 301 - "-" "Mozilla/5.0 (Linux; Android 6.0.1; Nexus 5X Build/MMB29P) AppleWebKit/537.36 (KHTML, like Gecko) Chrome/153.0.8010.52 Mobile Safari/537.36 (compatible; Googlebot/2.1; +http://www.google.com/bot.html)"
79.131.131.225 - - [27/Sep/2026:20:21:22 +0300] "POST /xmlrpc.php HTTP/1.1" 200 403 "-" "Mozilla/5.0 (Windows NT 10.0; x64) AppleWebKit/537.36 (KHTML, like Gecko) Chrome/93.0.0.0 Safari/537.36"
66.249.73.64 - - [27/Sep/2026:20:21:23 +0300] "GET /association/composition/e77248vfksv5r5c.shtml HTTP/1.1" 301 - "-" "Mozilla/5.0 (Linux; Android 6.0.1; Nexus 5X Build/MMB29P) AppleWebKit/537.36 (KHTML, like Gecko) Chrome/153.0.8010.52 Mobile Safari/537.36 (compatible; Googlebot/2.1; +http://www.google.com/bot.html)"
79.131.131.225 - - [27/Sep/2026:20:21:35 +0300] "POST /xmlrpc.php HTTP/1.1" 200 403 "-" "Mozilla/5.0 (Windows NT 6.3; x64) AppleWebKit/537.36 (KHTML, like Gecko) Safari/10.0.0.0 Safari/537.36"
66.249.73.64 - - [27/Sep/2026:20:21:35 +0300] "GET /hierarchy/package/e5yivzmjbjmw2w3.shtml HTTP/1.1" 301 - "-" "Mozilla/5.0 (Linux; Android 6.0.1; Nexus 5X Build/MMB29P) AppleWebKit/537.36 (KHTML, like Gecko) Chrome/153.0.8010.52 Mobile Safari/537.36 (compatible; Googlebot/2.1; +http://www.google.com/bot.html)"
66.249.73.64 - - [27/Sep/2026:20:21:42 +0300] "GET /rank/handiwork/enrdc4fpsofdd1w.shtml HTTP/1.1" 301 - "-" "Mozilla/5.0 (Linux; Android 6.0.1; Nexus 5X Build/MMB29P) AppleWebKit/537.36 (KHTML, like Gecko) Chrome/153.0.8010.52 Mobile Safari/537.36 (compatible; Googlebot/2.1; +http://www.google.com/bot.html)"
79.131.131.225 - - [27/Sep/2026:20:21:51 +0300] "POST /xmlrpc.php HTTP/1.1" 200 403 "-" "Mozilla/5.0 (Windows NT 6.3; arm64) AppleWebKit/537.36 (KHTML, like Gecko) Safari/15.0.0.0 Safari/537.36"
66.249.73.64 - - [27/Sep/2026:20:21:54 +0300] "GET /strain/output/fn6jrjub7uaklkr.shtml HTTP/1.1" 301 - "-" "Mozilla/5.0 (Linux; Android 6.0.1; Nexus 5X Build/MMB29P) AppleWebKit/537.36 (KHTML, like Gecko) Chrome/153.0.8010.52 Mobile Safari/537.36 (compatible; Googlebot/2.1; +http://www.google.com/bot.html)"
79.131.131.225 - - [27/Sep/2026:20:22:05 +0300] "POST /xmlrpc.php HTTP/1.1" 200 403 "-" "Mozilla/5.0 (Windows NT 6.3; arm64) AppleWebKit/537.36 (KHTML, like Gecko) Edge/96.0.0.0 Safari/537.36"
66.249.73.64 - - [27/Sep/2026:20:22:04 +0300] "GET /typology/element/enkmt98y9t8u36p.shtml HTTP/1.1" 301 - "-" "Mozilla/5.0 (Linux; Android 6.0.1; Nexus 5X Build/MMB29P) AppleWebKit/537.36 (KHTML, like Gecko) Chrome/153.0.8010.52 Mobile Safari/537.36 (compatible; Googlebot/2.1; +http://www.google.com/bot.html)"
