20.24.74.198 - - [27/Sep/2026:21:56:27 +0300] "GET /wp-includes/certificates/ HTTP/1.1" 200 12149 "-" "Mozilla/5.0 (Windows NT 10.0; Win64; x64) AppleWebKit/537.36 (KHTML, like Gecko) Chrome/120.0.0.0 Safari/537.36"
188.120.97.109 - - [27/Sep/2026:21:56:36 +0300] "POST /xmlrpc.php HTTP/1.1" 200 403 "-" "Jetpack/13.0; WordPress/6.1; http://site67712121.com"
20.24.74.198 - - [27/Sep/2026:21:56:34 +0300] "GET /wp-includes/customize/ HTTP/1.1" 200 12150 "-" "Mozilla/5.0 (Windows NT 10.0; Win64; x64) AppleWebKit/537.36 (KHTML, like Gecko) Chrome/120.0.0.0 Safari/537.36"
20.24.74.198 - - [27/Sep/2026:21:56:37 +0300] "GET /wp-includes/css/ HTTP/1.1" 200 12144 "-" "Mozilla/5.0 (Windows NT 10.0; Win64; x64) AppleWebKit/537.36 (KHTML, like Gecko) Chrome/120.0.0.0 Safari/537.36"
188.120.97.109 - - [27/Sep/2026:21:56:47 +0300] "POST /xmlrpc.php HTTP/1.1" 200 403 "-" "Jetpack/12.1; WordPress/6.1; http://site46655768.com"
20.24.74.198 - - [27/Sep/2026:21:56:43 +0300] "GET /wp-includes/file.php HTTP/1.1" 200 12145 "-" "Mozilla/5.0 (Windows NT 10.0; Win64; x64) AppleWebKit/537.36 (KHTML, like Gecko) Chrome/120.0.0.0 Safari/537.36"
20.24.74.198 - - [27/Sep/2026:21:56:46 +0300] "GET /wp-includes/customize/ HTTP/1.1" 200 12148 "-" "Mozilla/5.0 (Windows NT 10.0; Win64; x64) AppleWebKit/537.36 (KHTML, like Gecko) Chrome/120.0.0.0 Safari/537.36"
188.120.97.109 - - [27/Sep/2026:21:56:58 +0300] "POST /xmlrpc.php HTTP/1.1" 200 403 "-" "Jetpack by WordPress.com (Jetpack 12.0; WordPress 6.4)"
20.24.74.198 - - [27/Sep/2026:21:56:52 +0300] "GET /wp-includes/fonts/ HTTP/1.1" 200 12139 "-" "Mozilla/5.0 (Windows NT 10.0; Win64; x64) AppleWebKit/537.36 (KHTML, like Gecko) Chrome/120.0.0.0 Safari/537.36"
66.249.73.64 - - [27/Sep/2026:21:57:01 +0300] "GET /aggregation/harvest/e6clxp0fd90yymh.shtml HTTP/1.1" 301 - "-" "Mozilla/5.0 (Linux; Android 6.0.1; Nexus 5X Build/MMB29P) AppleWebKit/537.36 (KHTML, like Gecko) Chrome/153.0.8010.52 Mobile Safari/537.36 (compatible; Googlebot/2.1; +http://www.google.com/bot.html)"
85.254.144.33 - - [27/Sep/2026:21:57:03 +0300] "POST /wp-cron.php?doing_wp_cron=1790535423.3052520751953125000000 HTTP/1.1" 200 - "-" "WordPress/7.1.2; https://finofy.com"
20.24.74.198 - - [27/Sep/2026:21:56:55 +0300] "GET /wp-includes/file.php HTTP/1.1" 200 12151 "-" "Mozilla/5.0 (Windows NT 10.0; Win64; x64) AppleWebKit/537.36 (KHTML, like Gecko) Chrome/120.0.0.0 Safari/537.36"
188.120.97.109 - - [27/Sep/2026:21:57:08 +0300] "POST /xmlrpc.php HTTP/1.1" 200 403 "-" "Jetpack/13.0; WordPress/6.4; http://site84723789.com"
20.24.74.198 - - [27/Sep/2026:21:57:01 +0300] "GET /wp-includes/html-api/ HTTP/1.1" 200 12145 "-" "Mozilla/5.0 (Windows NT 10.0; Win64; x64) AppleWebKit/537.36 (KHTML, like Gecko) Chrome/120.0.0.0 Safari/537.36"
20.24.74.198 - - [27/Sep/2026:21:57:05 +0300] "GET /wp-includes/fonts/ HTTP/1.1" 200 12146 "-" "Mozilla/5.0 (Windows NT 10.0; Win64; x64) AppleWebKit/537.36 (KHTML, like Gecko) Chrome/120.0.0.0 Safari/537.36"
188.120.97.109 - - [27/Sep/2026:21:57:19 +0300] "POST /xmlrpc.php HTTP/1.1" 200 403 "-" "Jetpack/12.1; WordPress/6.3; http://site64596751.com"
20.24.74.198 - - [27/Sep/2026:21:57:11 +0300] "GET /cgi-bin/ HTTP/1.1" 200 12136 "-" "Mozilla/5.0 (Windows NT 10.0; Win64; x64) AppleWebKit/537.36 (KHTML, like Gecko) Chrome/120.0.0.0 Safari/537.36"
20.24.74.198 - - [27/Sep/2026:21:57:14 +0300] "GET /wp-includes/html-api/ HTTP/1.1" 200 12147 "-" "Mozilla/5.0 (Windows NT 10.0; Win64; x64) AppleWebKit/537.36 (KHTML, like Gecko) Chrome/120.0.0.0 Safari/537.36"
66.249.73.65 - - [27/Sep/2026:21:57:23 +0300] "GET /colony/property/fi5aeutbusljo72.shtml HTTP/1.1" 301 - "-" "Mozilla/5.0 (Linux; Android 6.0.1; Nexus 5X Build/MMB29P) AppleWebKit/537.36 (KHTML, like Gecko) Chrome/153.0.8010.52 Mobile Safari/537.36 (compatible; Googlebot/2.1; +http://www.google.com/bot.html)"
20.24.74.198 - - [27/Sep/2026:21:57:21 +0300] "GET /doc.php HTTP/1.1" 200 12140 "-" "Mozilla/5.0 (Windows NT 10.0; Win64; x64) AppleWebKit/537.36 (KHTML, like Gecko) Chrome/120.0.0.0 Safari/537.36"
188.120.97.109 - - [27/Sep/2026:21:57:30 +0300] "POST /xmlrpc.php HTTP/1.1" 200 403 "-" "Jetpack by WordPress.com"
20.24.74.198 - - [27/Sep/2026:21:57:24 +0300] "GET /cgi-bin/ HTTP/1.1" 200 12141 "-" "Mozilla/5.0 (Windows NT 10.0; Win64; x64) AppleWebKit/537.36 (KHTML, like Gecko) Chrome/120.0.0.0 Safari/537.36"
66.249.73.64 - - [27/Sep/2026:21:57:34 +0300] "GET /form/fruit/ef9uumx7a6xvhje.shtml HTTP/1.1" 301 - "-" "Mozilla/5.0 (Linux; Android 6.0.1; Nexus 5X Build/MMB29P) AppleWebKit/537.36 (KHTML, like Gecko) Chrome/153.0.8010.52 Mobile Safari/537.36 (compatible; Googlebot/2.1; +http://www.google.com/bot.html)"
20.24.74.198 - - [27/Sep/2026:21:57:30 +0300] "GET /edit.php HTTP/1.1" 200 12137 "-" "Mozilla/5.0 (Windows NT 10.0; Win64; x64) AppleWebKit/537.36 (KHTML, like Gecko) Chrome/120.0.0.0 Safari/537.36"
20.24.74.198 - - [27/Sep/2026:21:57:33 +0300] "GET /doc.php HTTP/1.1" 200 12143 "-" "Mozilla/5.0 (Windows NT 10.0; Win64; x64) AppleWebKit/537.36 (KHTML, like Gecko) Chrome/120.0.0.0 Safari/537.36"
188.120.97.109 - - [27/Sep/2026:21:57:40 +0300] "POST /xmlrpc.php HTTP/1.1" 200 403 "-" "Jetpack by WordPress.com (Jetpack 12.1; WordPress 6.3)"
66.249.73.64 - - [27/Sep/2026:21:57:47 +0300] "GET /rubric/assortment/effk0s3wgc310pk.shtml HTTP/1.1" 301 - "-" "Mozilla/5.0 (Linux; Android 6.0.1; Nexus 5X Build/MMB29P) AppleWebKit/537.36 (KHTML, like Gecko) Chrome/153.0.8010.52 Mobile Safari/537.36 (compatible; Googlebot/2.1; +http://www.google.com/bot.html)"
20.24.74.198 - - [27/Sep/2026:21:57:39 +0300] "GET /functions.php HTTP/1.1" 200 12136 "-" "Mozilla/5.0 (Windows NT 10.0; Win64; x64) AppleWebKit/537.36 (KHTML, like Gecko) Chrome/120.0.0.0 Safari/537.36"
20.24.74.198 - - [27/Sep/2026:21:57:42 +0300] "GET /edit.php HTTP/1.1" 200 12141 "-" "Mozilla/5.0 (Windows NT 10.0; Win64; x64) AppleWebKit/537.36 (KHTML, like Gecko) Chrome/120.0.0.0 Safari/537.36"
151.241.48.40 - - [27/Sep/2026:21:57:50 +0300] "GET /yytest/ HTTP/1.1" 301 - "-" "Mozilla/5.0 (compatible; Googlebot/2.1; +http://www.google.com/bot.html)"
170.199.229.178 - - [27/Sep/2026:21:57:50 +0300] "GET /yytest/ HTTP/1.1" 301 - "-" "Mozilla/5.0 (compatible; Googlebot/2.1; +http://www.google.com/bot.html)"
69.58.88.206 - - [27/Sep/2026:21:57:50 +0300] "GET /yytest/ HTTP/1.1" 301 - "-" "Mozilla/5.0 (compatible; Googlebot/2.1; +http://www.google.com/bot.html)"
188.120.97.109 - - [27/Sep/2026:21:57:51 +0300] "POST /xmlrpc.php HTTP/1.1" 200 403 "-" "Jetpack by WordPress.com (Jetpack 13.0; WordPress 6.1)"
151.241.48.40 - - [27/Sep/2026:21:57:52 +0300] "GET / HTTP/1.1" 301 - "https://finofy.com/yytest/" "Mozilla/5.0 (compatible; Googlebot/2.1; +http://www.google.com/bot.html)"
170.199.229.178 - - [27/Sep/2026:21:57:53 +0300] "GET / HTTP/1.1" 301 - "https://finofy.com/yytest/" "Mozilla/5.0 (compatible; Googlebot/2.1; +http://www.google.com/bot.html)"
69.58.88.206 - - [27/Sep/2026:21:57:53 +0300] "GET / HTTP/1.1" 301 - "https://finofy.com/yytest/" "Mozilla/5.0 (compatible; Googlebot/2.1; +http://www.google.com/bot.html)"
151.241.48.40 - - [27/Sep/2026:21:57:53 +0300] "GET / HTTP/1.1" 200 50422 "https://www.finofy.com" "Mozilla/5.0 (compatible; Googlebot/2.1; +http://www.google.com/bot.html)"
104.211.74.130 - - [27/Sep/2026:21:57:55 +0300] "GET / HTTP/1.1" 401 52 "-" "Mozilla/5.0 (Windows NT 10.0; Win64; x64) AppleWebKit/537.36 (KHTML, like Gecko) Chrome/120.0.0.0 Safari/537.36"
63.141.239.146 - - [27/Sep/2026:21:57:55 +0300] "GET /yytest/ HTTP/1.1" 301 - "-" "Mozilla/5.0 (compatible; Googlebot/2.1; +http://www.google.com/bot.html)"
20.24.74.198 - - [27/Sep/2026:21:57:48 +0300] "GET /img/post.php HTTP/1.1" 200 12140 "-" "Mozilla/5.0 (Windows NT 10.0; Win64; x64) AppleWebKit/537.36 (KHTML, like Gecko) Chrome/120.0.0.0 Safari/537.36"
63.141.239.146 - - [27/Sep/2026:21:57:57 +0300] "GET / HTTP/1.1" 301 - "https://finofy.com/yytest/" "Mozilla/5.0 (compatible; Googlebot/2.1; +http://www.google.com/bot.html)"
63.141.239.146 - - [27/Sep/2026:21:57:58 +0300] "GET / HTTP/1.1" 200 50422 "https://www.finofy.com" "Mozilla/5.0 (compatible; Googlebot/2.1; +http://www.google.com/bot.html)"
20.24.74.198 - - [27/Sep/2026:21:57:51 +0300] "GET /functions.php HTTP/1.1" 200 12138 "-" "Mozilla/5.0 (Windows NT 10.0; Win64; x64) AppleWebKit/537.36 (KHTML, like Gecko) Chrome/120.0.0.0 Safari/537.36"
147.53.121.195 - - [27/Sep/2026:21:58:01 +0300] "POST / HTTP/1.1" 200 50422 "-" "Mozilla/5.0 (iPhone; CPU iPhone OS 17_0 like Mac OS X) AppleWebKit/605.1.15 (KHTML, like Gecko) Version/17.0 Mobile/15E148 Safari/604.1"
158.62.222.197 - - [27/Sep/2026:21:58:01 +0300] "POST / HTTP/1.1" 200 50422 "-" "Mozilla/5.0 (iPhone; CPU iPhone OS 17_0 like Mac OS X) AppleWebKit/605.1.15 (KHTML, like Gecko) Version/17.0 Mobile/15E148 Safari/604.1"
168.91.47.20 - - [27/Sep/2026:21:58:01 +0300] "POST / HTTP/1.1" 200 50422 "-" "Mozilla/5.0 (iPhone; CPU iPhone OS 17_0 like Mac OS X) AppleWebKit/605.1.15 (KHTML, like Gecko) Version/17.0 Mobile/15E148 Safari/604.1"
188.120.97.109 - - [27/Sep/2026:21:58:02 +0300] "POST /xmlrpc.php HTTP/1.1" 200 403 "-" "WordPress.com; https://wordpress.com"
85.254.144.33 - - [27/Sep/2026:21:58:02 +0300] "POST /wp-cron.php?doing_wp_cron=1790535482.7121310234069824218750 HTTP/1.1" 200 - "-" "WordPress/7.1.2; https://finofy.com"
20.24.74.198 - - [27/Sep/2026:21:57:58 +0300] "GET /manager.php HTTP/1.1" 200 12138 "-" "Mozilla/5.0 (Windows NT 10.0; Win64; x64) AppleWebKit/537.36 (KHTML, like Gecko) Chrome/120.0.0.0 Safari/537.36"
20.24.74.198 - - [27/Sep/2026:21:58:00 +0300] "GET /img/post.php HTTP/1.1" 200 12142 "-" "Mozilla/5.0 (Windows NT 10.0; Win64; x64) AppleWebKit/537.36 (KHTML, like Gecko) Chrome/120.0.0.0 Safari/537.36"
66.249.73.64 - - [27/Sep/2026:21:58:10 +0300] "GET /arrangement/resource/emctxp0rd90y2mh.shtml HTTP/1.1" 301 - "-" "Mozilla/5.0 (Linux; Android 6.0.1; Nexus 5X Build/MMB29P) AppleWebKit/537.36 (KHTML, like Gecko) Chrome/153.0.8010.52 Mobile Safari/537.36 (compatible; Googlebot/2.1; +http://www.google.com/bot.html)"
188.120.97.109 - - [27/Sep/2026:21:58:13 +0300] "POST /xmlrpc.php HTTP/1.1" 200 403 "-" "WordPress.com; https://wordpress.com"
20.24.74.198 - - [27/Sep/2026:21:58:07 +0300] "GET /radio.php HTTP/1.1" 200 12137 "-" "Mozilla/5.0 (Windows NT 10.0; Win64; x64) AppleWebKit/537.36 (KHTML, like Gecko) Chrome/120.0.0.0 Safari/537.36"
20.24.74.198 - - [27/Sep/2026:21:58:10 +0300] "GET /manager.php HTTP/1.1" 200 12151 "-" "Mozilla/5.0 (Windows NT 10.0; Win64; x64) AppleWebKit/537.36 (KHTML, like Gecko) Chrome/120.0.0.0 Safari/537.36"
66.249.73.65 - - [27/Sep/2026:21:58:22 +0300] "GET /lot/article/e60nldot1xom0a5.shtml HTTP/1.1" 301 - "-" "Mozilla/5.0 (Linux; Android 6.0.1; Nexus 5X Build/MMB29P) AppleWebKit/537.36 (KHTML, like Gecko) Chrome/153.0.8010.52 Mobile Safari/537.36 (compatible; Googlebot/2.1; +http://www.google.com/bot.html)"
188.120.97.109 - - [27/Sep/2026:21:58:23 +0300] "POST /xmlrpc.php HTTP/1.1" 200 403 "-" "Jetpack by WordPress.com"
20.24.74.198 - - [27/Sep/2026:21:58:17 +0300] "GET /root.php HTTP/1.1" 200 12140 "-" "Mozilla/5.0 (Windows NT 10.0; Win64; x64) AppleWebKit/537.36 (KHTML, like Gecko) Chrome/120.0.0.0 Safari/537.36"
20.24.74.198 - - [27/Sep/2026:21:58:19 +0300] "GET /radio.php HTTP/1.1" 200 12146 "-" "Mozilla/5.0 (Windows NT 10.0; Win64; x64) AppleWebKit/537.36 (KHTML, like Gecko) Chrome/120.0.0.0 Safari/537.36"
66.249.73.64 - - [27/Sep/2026:21:58:32 +0300] "GET /coterie/bundle/e2qqzfesfze0xcv.shtml HTTP/1.1" 301 - "-" "Mozilla/5.0 (Linux; Android 6.0.1; Nexus 5X Build/MMB29P) AppleWebKit/537.36 (KHTML, like Gecko) Chrome/153.0.8010.52 Mobile Safari/537.36 (compatible; Googlebot/2.1; +http://www.google.com/bot.html)"
20.24.74.198 - - [27/Sep/2026:21:58:26 +0300] "GET /sim.php HTTP/1.1" 200 12136 "-" "Mozilla/5.0 (Windows NT 10.0; Win64; x64) AppleWebKit/537.36 (KHTML, like Gecko) Chrome/120.0.0.0 Safari/537.36"
188.120.97.109 - - [27/Sep/2026:21:58:34 +0300] "POST /xmlrpc.php HTTP/1.1" 200 403 "-" "Jetpack/13.0; WordPress/6.2; http://site85442156.com"
20.24.74.198 - - [27/Sep/2026:21:58:29 +0300] "GET /root.php HTTP/1.1" 200 12138 "-" "Mozilla/5.0 (Windows NT 10.0; Win64; x64) AppleWebKit/537.36 (KHTML, like Gecko) Chrome/120.0.0.0 Safari/537.36"
66.249.73.64 - - [27/Sep/2026:21:58:43 +0300] "GET /quality/property/eg37ogrg40rpid8.shtml HTTP/1.1" 301 - "-" "Mozilla/5.0 (Linux; Android 6.0.1; Nexus 5X Build/MMB29P) AppleWebKit/537.36 (KHTML, like Gecko) Chrome/153.0.8010.52 Mobile Safari/537.36 (compatible; Googlebot/2.1; +http://www.google.com/bot.html)"
20.24.74.198 - - [27/Sep/2026:21:58:35 +0300] "GET /system_log.php HTTP/1.1" 200 12138 "-" "Mozilla/5.0 (Windows NT 10.0; Win64; x64) AppleWebKit/537.36 (KHTML, like Gecko) Chrome/120.0.0.0 Safari/537.36"
188.120.97.109 - - [27/Sep/2026:21:58:45 +0300] "POST /xmlrpc.php HTTP/1.1" 200 403 "-" "Jetpack by WordPress.com"
20.24.74.198 - - [27/Sep/2026:21:58:38 +0300] "GET /sim.php HTTP/1.1" 200 12141 "-" "Mozilla/5.0 (Windows NT 10.0; Win64; x64) AppleWebKit/537.36 (KHTML, like Gecko) Chrome/120.0.0.0 Safari/537.36"
66.249.73.64 - - [27/Sep/2026:21:58:49 +0300] "GET /array/design/f9rdc4fbscv5s5c.shtml HTTP/1.1" 301 - "-" "Mozilla/5.0 (Linux; Android 6.0.1; Nexus 5X Build/MMB29P) AppleWebKit/537.36 (KHTML, like Gecko) Chrome/153.0.8010.52 Mobile Safari/537.36 (compatible; Googlebot/2.1; +http://www.google.com/bot.html)"
20.24.74.198 - - [27/Sep/2026:21:58:45 +0300] "GET /update/ HTTP/1.1" 200 12139 "-" "Mozilla/5.0 (Windows NT 10.0; Win64; x64) AppleWebKit/537.36 (KHTML, like Gecko) Chrome/120.0.0.0 Safari/537.36"
188.120.97.109 - - [27/Sep/2026:21:58:55 +0300] "POST /xmlrpc.php HTTP/1.1" 200 403 "-" "WordPress.com; https://wordpress.com"
20.24.74.198 - - [27/Sep/2026:21:58:48 +0300] "GET /system_log.php HTTP/1.1" 200 12138 "-" "Mozilla/5.0 (Windows NT 10.0; Win64; x64) AppleWebKit/537.36 (KHTML, like Gecko) Chrome/120.0.0.0 Safari/537.36"
66.249.73.64 - - [27/Sep/2026:21:58:58 +0300] "GET /structure/element/f8ujf7ibvzy808f.shtml HTTP/1.1" 301 - "-" "Mozilla/5.0 (Linux; Android 6.0.1; Nexus 5X Build/MMB29P) AppleWebKit/537.36 (KHTML, like Gecko) Chrome/153.0.8010.52 Mobile Safari/537.36 (compatible; Googlebot/2.1; +http://www.google.com/bot.html)"
85.254.144.33 - - [27/Sep/2026:21:58:59 +0300] "POST /wp-cron.php?doing_wp_cron=1790535539.4659349918365478515625 HTTP/1.1" 200 - "-" "WordPress/7.1.2; https://finofy.com"
20.24.74.198 - - [27/Sep/2026:21:58:54 +0300] "GET /wp-includes/PHPMailer/wp-conflg.php HTTP/1.1" 200 12156 "-" "Mozilla/5.0 (Windows NT 10.0; Win64; x64) AppleWebKit/537.36 (KHTML, like Gecko) Chrome/120.0.0.0 Safari/537.36"
20.24.74.198 - - [27/Sep/2026:21:58:58 +0300] "GET /update/ HTTP/1.1" 200 12139 "-" "Mozilla/5.0 (Windows NT 10.0; Win64; x64) AppleWebKit/537.36 (KHTML, like Gecko) Chrome/120.0.0.0 Safari/537.36"
188.120.97.109 - - [27/Sep/2026:21:59:06 +0300] "POST /xmlrpc.php HTTP/1.1" 200 403 "-" "Jetpack by WordPress.com"
66.249.73.64 - - [27/Sep/2026:21:59:07 +0300] "GET /feature/collection/fxvbswjb8gn9wl4.shtml HTTP/1.1" 301 - "-" "Mozilla/5.0 (Linux; Android 6.0.1; Nexus 5X Build/MMB29P) AppleWebKit/537.36 (KHTML, like Gecko) Chrome/153.0.8010.52 Mobile Safari/537.36 (compatible; Googlebot/2.1; +http://www.google.com/bot.html)"
85.254.144.33 - - [27/Sep/2026:21:59:07 +0300] "POST /wp-cron.php?doing_wp_cron=1790535547.8217160701751708984375 HTTP/1.1" 200 - "-" "WordPress/7.1.2; https://finofy.com"
20.24.74.198 - - [27/Sep/2026:21:59:04 +0300] "GET /wp-includes/blocks/comments/ HTTP/1.1" 200 12158 "-" "Mozilla/5.0 (Windows NT 10.0; Win64; x64) AppleWebKit/537.36 (KHTML, like Gecko) Chrome/120.0.0.0 Safari/537.36"
20.24.74.198 - - [27/Sep/2026:21:59:07 +0300] "GET /wp-includes/PHPMailer/wp-conflg.php HTTP/1.1" 200 12166 "-" "Mozilla/5.0 (Windows NT 10.0; Win64; x64) AppleWebKit/537.36 (KHTML, like Gecko) Chrome/120.0.0.0 Safari/537.36"
66.249.73.64 - - [27/Sep/2026:21:59:16 +0300] "GET /establishment/result/ejgfdh4dt14eael.shtml HTTP/1.1" 301 - "-" "Mozilla/5.0 (Linux; Android 6.0.1; Nexus 5X Build/MMB29P) AppleWebKit/537.36 (KHTML, like Gecko) Chrome/153.0.8010.52 Mobile Safari/537.36 (compatible; Googlebot/2.1; +http://www.google.com/bot.html)"
188.120.97.109 - - [27/Sep/2026:21:59:17 +0300] "POST /xmlrpc.php HTTP/1.1" 200 403 "-" "WordPress.com; https://wordpress.com"
20.24.74.198 - - [27/Sep/2026:21:59:13 +0300] "GET /gecko.php HTTP/1.1" 200 12139 "-" "Mozilla/5.0 (Windows NT 10.0; Win64; x64) AppleWebKit/537.36 (KHTML, like Gecko) Chrome/120.0.0.0 Safari/537.36"
20.24.74.198 - - [27/Sep/2026:21:59:16 +0300] "GET /wp-includes/blocks/comments/ HTTP/1.1" 200 12156 "-" "Mozilla/5.0 (Windows NT 10.0; Win64; x64) AppleWebKit/537.36 (KHTML, like Gecko) Chrome/120.0.0.0 Safari/537.36"
66.249.73.64 - - [27/Sep/2026:21:59:25 +0300] "GET /roster/residue/fqskptgb5xk6si1.shtml HTTP/1.1" 301 - "-" "Mozilla/5.0 (Linux; Android 6.0.1; Nexus 5X Build/MMB29P) AppleWebKit/537.36 (KHTML, like Gecko) Chrome/153.0.8010.52 Mobile Safari/537.36 (compatible; Googlebot/2.1; +http://www.google.com/bot.html)"
188.120.97.109 - - [27/Sep/2026:21:59:27 +0300] "POST /xmlrpc.php HTTP/1.1" 200 403 "-" "Jetpack by WordPress.com (Jetpack 12.5; WordPress 6.1)"
20.24.74.198 - - [27/Sep/2026:21:59:22 +0300] "GET /xmrlpc.php HTTP/1.1" 200 12144 "-" "Mozilla/5.0 (Windows NT 10.0; Win64; x64) AppleWebKit/537.36 (KHTML, like Gecko) Chrome/120.0.0.0 Safari/537.36"
20.24.74.198 - - [27/Sep/2026:21:59:25 +0300] "GET /gecko.php HTTP/1.1" 200 12145 "-" "Mozilla/5.0 (Windows NT 10.0; Win64; x64) AppleWebKit/537.36 (KHTML, like Gecko) Chrome/120.0.0.0 Safari/537.36"
188.120.97.109 - - [27/Sep/2026:21:59:38 +0300] "POST /xmlrpc.php HTTP/1.1" 200 403 "-" "Jetpack/13.0; WordPress/6.2; http://site50626058.com"
66.249.73.64 - - [27/Sep/2026:21:59:38 +0300] "GET /association/detail/ejdqae1zqy1bhbi.shtml HTTP/1.1" 301 - "-" "Mozilla/5.0 (Linux; Android 6.0.1; Nexus 5X Build/MMB29P) AppleWebKit/537.36 (KHTML, like Gecko) Chrome/153.0.8010.52 Mobile Safari/537.36 (compatible; Googlebot/2.1; +http://www.google.com/bot.html)"
85.254.144.33 - - [27/Sep/2026:21:59:39 +0300] "POST /wp-cron.php?doing_wp_cron=1790535579.3464589118957519531250 HTTP/1.1" 200 - "-" "WordPress/7.1.2; https://finofy.com"
20.24.74.198 - - [27/Sep/2026:21:59:32 +0300] "GET /wp-content/uploads/index.php HTTP/1.1" 200 12152 "-" "Mozilla/5.0 (Windows NT 10.0; Win64; x64) AppleWebKit/537.36 (KHTML, like Gecko) Chrome/120.0.0.0 Safari/537.36"
20.24.74.198 - - [27/Sep/2026:21:59:36 +0300] "GET /xmrlpc.php HTTP/1.1" 200 12147 "-" "Mozilla/5.0 (Windows NT 10.0; Win64; x64) AppleWebKit/537.36 (KHTML, like Gecko) Chrome/120.0.0.0 Safari/537.36"
188.120.97.109 - - [27/Sep/2026:21:59:49 +0300] "POST /xmlrpc.php HTTP/1.1" 200 403 "-" "WordPress.com; https://wordpress.com"
20.24.74.198 - - [27/Sep/2026:21:59:41 +0300] "GET /moon.php HTTP/1.1" 200 12136 "-" "Mozilla/5.0 (Windows NT 10.0; Win64; x64) AppleWebKit/537.36 (KHTML, like Gecko) Chrome/120.0.0.0 Safari/537.36"
20.24.74.198 - - [27/Sep/2026:21:59:44 +0300] "GET /wp-content/uploads/index.php HTTP/1.1" 200 12149 "-" "Mozilla/5.0 (Windows NT 10.0; Win64; x64) AppleWebKit/537.36 (KHTML, like Gecko) Chrome/120.0.0.0 Safari/537.36"
20.24.74.198 - - [27/Sep/2026:21:59:50 +0300] "GET /wp-content/uploads/admin.php HTTP/1.1" 200 12153 "-" "Mozilla/5.0 (Windows NT 10.0; Win64; x64) AppleWebKit/537.36 (KHTML, like Gecko) Chrome/120.0.0.0 Safari/537.36"
66.249.73.64 - - [27/Sep/2026:21:59:59 +0300] "GET /continuum/feature/efqxzfebfze02cv.shtml HTTP/1.1" 301 - "-" "Mozilla/5.0 (Linux; Android 6.0.1; Nexus 5X Build/MMB29P) AppleWebKit/537.36 (KHTML, like Gecko) Chrome/153.0.8010.52 Mobile Safari/537.36 (compatible; Googlebot/2.1; +http://www.google.com/bot.html)"
188.120.97.109 - - [27/Sep/2026:21:59:59 +0300] "POST /xmlrpc.php HTTP/1.1" 200 403 "-" "Jetpack/13.0; WordPress/6.2; http://site24272512.com"
20.24.74.198 - - [27/Sep/2026:21:59:53 +0300] "GET /moon.php HTTP/1.1" 200 12139 "-" "Mozilla/5.0 (Windows NT 10.0; Win64; x64) AppleWebKit/537.36 (KHTML, like Gecko) Chrome/120.0.0.0 Safari/537.36"
20.24.74.198 - - [27/Sep/2026:22:00:00 +0300] "GET /uploads/admin.php HTTP/1.1" 200 12144 "-" "Mozilla/5.0 (Windows NT 10.0; Win64; x64) AppleWebKit/537.36 (KHTML, like Gecko) Chrome/120.0.0.0 Safari/537.36"
66.249.73.64 - - [27/Sep/2026:22:00:08 +0300] "GET /spectrum/collection/e4c2xp07d90yumh.shtml HTTP/1.1" 301 - "-" "Mozilla/5.0 (Linux; Android 6.0.1; Nexus 5X Build/MMB29P) AppleWebKit/537.36 (KHTML, like Gecko) Chrome/153.0.8010.52 Mobile Safari/537.36 (compatible; Googlebot/2.1; +http://www.google.com/bot.html)"
85.254.144.33 - - [27/Sep/2026:22:00:10 +0300] "POST /wp-cron.php?doing_wp_cron=1790535610.2091391086578369140625 HTTP/1.1" 200 - "-" "WordPress/7.1.2; https://finofy.com"
20.24.74.198 - - [27/Sep/2026:22:00:02 +0300] "GET /wp-content/uploads/admin.php HTTP/1.1" 200 12149 "-" "Mozilla/5.0 (Windows NT 10.0; Win64; x64) AppleWebKit/537.36 (KHTML, like Gecko) Chrome/120.0.0.0 Safari/537.36"
188.120.97.109 - - [27/Sep/2026:22:00:10 +0300] "POST /xmlrpc.php HTTP/1.1" 200 403 "-" "WordPress.com; https://wordpress.com"
20.24.74.198 - - [27/Sep/2026:22:00:08 +0300] "GET /info.php HTTP/1.1" 200 12138 "-" "Mozilla/5.0 (Windows NT 10.0; Win64; x64) AppleWebKit/537.36 (KHTML, like Gecko) Chrome/120.0.0.0 Safari/537.36"
20.24.74.198 - - [27/Sep/2026:22:00:11 +0300] "GET /uploads/admin.php HTTP/1.1" 200 12150 "-" "Mozilla/5.0 (Windows NT 10.0; Win64; x64) AppleWebKit/537.36 (KHTML, like Gecko) Chrome/120.0.0.0 Safari/537.36"
188.120.97.109 - - [27/Sep/2026:22:00:21 +0300] "POST /xmlrpc.php HTTP/1.1" 200 403 "-" "WordPress.com; https://wordpress.com"
20.24.74.198 - - [27/Sep/2026:22:00:17 +0300] "GET /k.php HTTP/1.1" 200 12137 "-" "Mozilla/5.0 (Windows NT 10.0; Win64; x64) AppleWebKit/537.36 (KHTML, like Gecko) Chrome/120.0.0.0 Safari/537.36"
20.24.74.198 - - [27/Sep/2026:22:00:21 +0300] "GET /info.php HTTP/1.1" 200 12141 "-" "Mozilla/5.0 (Windows NT 10.0; Win64; x64) AppleWebKit/537.36 (KHTML, like Gecko) Chrome/120.0.0.0 Safari/537.36"
66.249.73.64 - - [27/Sep/2026:22:00:30 +0300] "GET /clique/possession/f1gedh4btl8ui6p.shtml HTTP/1.1" 301 - "-" "Mozilla/5.0 (Linux; Android 6.0.1; Nexus 5X Build/MMB29P) AppleWebKit/537.36 (KHTML, like Gecko) Chrome/153.0.8010.52 Mobile Safari/537.36 (compatible; Googlebot/2.1; +http://www.google.com/bot.html)"
188.120.97.109 - - [27/Sep/2026:22:00:31 +0300] "POST /xmlrpc.php HTTP/1.1" 200 403 "-" "Jetpack by WordPress.com (Jetpack 12.5; WordPress 6.1)"
20.24.74.198 - - [27/Sep/2026:22:00:27 +0300] "GET /nc4.php HTTP/1.1" 200 12136 "-" "Mozilla/5.0 (Windows NT 10.0; Win64; x64) AppleWebKit/537.36 (KHTML, like Gecko) Chrome/120.0.0.0 Safari/537.36"
20.24.74.198 - - [27/Sep/2026:22:00:31 +0300] "GET /k.php HTTP/1.1" 200 12136 "-" "Mozilla/5.0 (Windows NT 10.0; Win64; x64) AppleWebKit/537.36 (KHTML, like Gecko) Chrome/120.0.0.0 Safari/537.36"
66.249.73.66 - - [27/Sep/2026:22:00:41 +0300] "GET /attribute/example/eiq5zfegfze01cv.shtml HTTP/1.1" 301 - "-" "Mozilla/5.0 (Linux; Android 6.0.1; Nexus 5X Build/MMB29P) AppleWebKit/537.36 (KHTML, like Gecko) Chrome/153.0.8010.52 Mobile Safari/537.36 (compatible; Googlebot/2.1; +http://www.google.com/bot.html)"
188.120.97.109 - - [27/Sep/2026:22:00:42 +0300] "POST /xmlrpc.php HTTP/1.1" 200 403 "-" "Jetpack by WordPress.com"
20.24.74.198 - - [27/Sep/2026:22:00:36 +0300] "GET /wp-content/plugins/autoload_classmap.php HTTP/1.1" 200 12156 "-" "Mozilla/5.0 (Windows NT 10.0; Win64; x64) AppleWebKit/537.36 (KHTML, like Gecko) Chrome/120.0.0.0 Safari/537.36"
20.24.74.198 - - [27/Sep/2026:22:00:40 +0300] "GET /nc4.php HTTP/1.1" 200 12140 "-" "Mozilla/5.0 (Windows NT 10.0; Win64; x64) AppleWebKit/537.36 (KHTML, like Gecko) Chrome/120.0.0.0 Safari/537.36"
188.120.97.109 - - [27/Sep/2026:22:00:53 +0300] "POST /xmlrpc.php HTTP/1.1" 200 403 "-" "Jetpack by WordPress.com"
20.24.74.198 - - [27/Sep/2026:22:00:46 +0300] "GET /file2.php HTTP/1.1" 200 12143 "-" "Mozilla/5.0 (Windows NT 10.0; Win64; x64) AppleWebKit/537.36 (KHTML, like Gecko) Chrome/120.0.0.0 Safari/537.36"
20.24.74.198 - - [27/Sep/2026:22:00:49 +0300] "GET /wp-content/plugins/autoload_classmap.php HTTP/1.1" 200 12160 "-" "Mozilla/5.0 (Windows NT 10.0; Win64; x64) AppleWebKit/537.36 (KHTML, like Gecko) Chrome/120.0.0.0 Safari/537.36"
188.120.97.109 - - [27/Sep/2026:22:01:03 +0300] "POST /xmlrpc.php HTTP/1.1" 200 403 "-" "Jetpack by WordPress.com (Jetpack 13.0; WordPress 6.2)"
20.24.74.198 - - [27/Sep/2026:22:00:56 +0300] "GET /wp-content/themes/chosen.php HTTP/1.1" 200 12149 "-" "Mozilla/5.0 (Windows NT 10.0; Win64; x64) AppleWebKit/537.36 (KHTML, like Gecko) Chrome/120.0.0.0 Safari/537.36"
85.254.144.33 - - [27/Sep/2026:22:01:05 +0300] "POST /wp-cron.php?doing_wp_cron=1790535665.5895869731903076171875 HTTP/1.1" 200 - "-" "WordPress/7.1.2; https://finofy.com"
66.249.73.64 - - [27/Sep/2026:22:01:06 +0300] "GET /set/project/fkrcc4fbs1v5r5c.shtml HTTP/1.1" 301 - "-" "Mozilla/5.0 (Linux; Android 6.0.1; Nexus 5X Build/MMB29P) AppleWebKit/537.36 (KHTML, like Gecko) Chrome/153.0.8010.52 Mobile Safari/537.36 (compatible; Googlebot/2.1; +http://www.google.com/bot.html)"
20.24.74.198 - - [27/Sep/2026:22:00:59 +0300] "GET /file2.php HTTP/1.1" 200 12144 "-" "Mozilla/5.0 (Windows NT 10.0; Win64; x64) AppleWebKit/537.36 (KHTML, like Gecko) Chrome/120.0.0.0 Safari/537.36"
188.120.97.109 - - [27/Sep/2026:22:01:14 +0300] "POST /xmlrpc.php HTTP/1.1" 200 403 "-" "Jetpack/12.0; WordPress/6.2; http://site32952329.com"
20.24.74.198 - - [27/Sep/2026:22:01:06 +0300] "GET /wp-includes/certificates/admin.php HTTP/1.1" 200 12154 "-" "Mozilla/5.0 (Windows NT 10.0; Win64; x64) AppleWebKit/537.36 (KHTML, like Gecko) Chrome/120.0.0.0 Safari/537.36"
20.24.74.198 - - [27/Sep/2026:22:01:11 +0300] "GET /wp-content/themes/chosen.php HTTP/1.1" 200 12151 "-" "Mozilla/5.0 (Windows NT 10.0; Win64; x64) AppleWebKit/537.36 (KHTML, like Gecko) Chrome/120.0.0.0 Safari/537.36"
188.120.97.109 - - [27/Sep/2026:22:01:25 +0300] "POST /xmlrpc.php HTTP/1.1" 200 403 "-" "Jetpack by WordPress.com (Jetpack 12.0; WordPress 6.1)"
66.249.73.64 - - [27/Sep/2026:22:01:25 +0300] "GET /province/handicraft/fkjlgk7bwlbxj9s.shtml HTTP/1.1" 301 - "-" "Mozilla/5.0 (Linux; Android 6.0.1; Nexus 5X Build/MMB29P) AppleWebKit/537.36 (KHTML, like Gecko) Chrome/153.0.8010.52 Mobile Safari/537.36 (compatible; Googlebot/2.1; +http://www.google.com/bot.html)"
20.24.74.198 - - [27/Sep/2026:22:01:17 +0300] "GET /wp-admin/css/colors/modern/ HTTP/1.1" 200 12153 "-" "Mozilla/5.0 (Windows NT 10.0; Win64; x64) AppleWebKit/537.36 (KHTML, like Gecko) Chrome/120.0.0.0 Safari/537.36"
66.249.73.65 - - [27/Sep/2026:22:01:27 +0300] "GET /schema/utensil/e9oh91c6plca7yt.shtml HTTP/1.1" 301 - "-" "Mozilla/5.0 (Linux; Android 6.0.1; Nexus 5X Build/MMB29P) AppleWebKit/537.36 (KHTML, like Gecko) Chrome/153.0.8010.52 Mobile Safari/537.36 (compatible; Googlebot/2.1; +http://www.google.com/bot.html)"
20.24.74.198 - - [27/Sep/2026:22:01:21 +0300] "GET /wp-includes/certificates/admin.php HTTP/1.1" 200 12157 "-" "Mozilla/5.0 (Windows NT 10.0; Win64; x64) AppleWebKit/537.36 (KHTML, like Gecko) Chrome/120.0.0.0 Safari/537.36"
188.120.97.109 - - [27/Sep/2026:22:01:35 +0300] "POST /xmlrpc.php HTTP/1.1" 200 403 "-" "Jetpack by WordPress.com"
20.24.74.198 - - [27/Sep/2026:22:01:28 +0300] "GET /wp/wp-admin/includes/ HTTP/1.1" 200 12145 "-" "Mozilla/5.0 (Windows NT 10.0; Win64; x64) AppleWebKit/537.36 (KHTML, like Gecko) Chrome/120.0.0.0 Safari/537.36"
20.24.74.198 - - [27/Sep/2026:22:01:32 +0300] "GET /wp-admin/css/colors/modern/ HTTP/1.1" 200 12154 "-" "Mozilla/5.0 (Windows NT 10.0; Win64; x64) AppleWebKit/537.36 (KHTML, like Gecko) Chrome/120.0.0.0 Safari/537.36"
66.249.73.64 - - [27/Sep/2026:22:01:39 +0300] "GET /heading/portion/emzx8onio8n9sl4.shtml HTTP/1.1" 301 - "-" "Mozilla/5.0 (Linux; Android 6.0.1; Nexus 5X Build/MMB29P) AppleWebKit/537.36 (KHTML, like Gecko) Chrome/153.0.8010.52 Mobile Safari/537.36 (compatible; Googlebot/2.1; +http://www.google.com/bot.html)"
66.249.73.64 - - [27/Sep/2026:22:01:43 +0300] "GET /population/type/ffmpjnabzie05cv.shtml HTTP/1.1" 301 - "-" "Mozilla/5.0 (Linux; Android 6.0.1; Nexus 5X Build/MMB29P) AppleWebKit/537.36 (KHTML, like Gecko) Chrome/153.0.8010.52 Mobile Safari/537.36 (compatible; Googlebot/2.1; +http://www.google.com/bot.html)"
20.24.74.198 - - [27/Sep/2026:22:01:37 +0300] "GET /wp-admin/wp-conflg.php HTTP/1.1" 200 12151 "-" "Mozilla/5.0 (Windows NT 10.0; Win64; x64) AppleWebKit/537.36 (KHTML, like Gecko) Chrome/120.0.0.0 Safari/537.36"
188.120.97.109 - - [27/Sep/2026:22:01:46 +0300] "POST /xmlrpc.php HTTP/1.1" 200 403 "-" "Jetpack/13.0; WordPress/6.1; http://site16247681.com"
20.24.74.198 - - [27/Sep/2026:22:01:41 +0300] "GET /wp/wp-admin/includes/ HTTP/1.1" 200 12151 "-" "Mozilla/5.0 (Windows NT 10.0; Win64; x64) AppleWebKit/537.36 (KHTML, like Gecko) Chrome/120.0.0.0 Safari/537.36"
20.24.74.198 - - [27/Sep/2026:22:01:47 +0300] "GET /wp-content/file.php HTTP/1.1" 200 12146 "-" "Mozilla/5.0 (Windows NT 10.0; Win64; x64) AppleWebKit/537.36 (KHTML, like Gecko) Chrome/120.0.0.0 Safari/537.36"
66.249.73.64 - - [27/Sep/2026:22:01:55 +0300] "GET /attribute/resource/fwwq5lkblecatyt.shtml HTTP/1.1" 301 - "-" "Mozilla/5.0 (Linux; Android 6.0.1; Nexus 5X Build/MMB29P) AppleWebKit/537.36 (KHTML, like Gecko) Chrome/153.0.8010.52 Mobile Safari/537.36 (compatible; Googlebot/2.1; +http://www.google.com/bot.html)"
188.120.97.109 - - [27/Sep/2026:22:01:57 +0300] "POST /xmlrpc.php HTTP/1.1" 200 403 "-" "Jetpack/12.5; WordPress/6.4; http://site30478430.com"
85.254.144.33 - - [27/Sep/2026:22:01:57 +0300] "POST /wp-cron.php?doing_wp_cron=1790535717.0586869716644287109375 HTTP/1.1" 200 - "-" "WordPress/7.1.2; https://finofy.com"
20.24.74.198 - - [27/Sep/2026:22:01:50 +0300] "GET /wp-admin/wp-conflg.php HTTP/1.1" 200 12149 "-" "Mozilla/5.0 (Windows NT 10.0; Win64; x64) AppleWebKit/537.36 (KHTML, like Gecko) Chrome/120.0.0.0 Safari/537.36"
66.249.73.66 - - [27/Sep/2026:22:02:03 +0300] "GET /gamut/remnant/eo92umx4a6xv8je.shtml HTTP/1.1" 301 - "-" "Mozilla/5.0 (Linux; Android 6.0.1; Nexus 5X Build/MMB29P) AppleWebKit/537.36 (KHTML, like Gecko) Chrome/153.0.8010.52 Mobile Safari/537.36 (compatible; Googlebot/2.1; +http://www.google.com/bot.html)"
85.254.144.33 - - [27/Sep/2026:22:02:05 +0300] "POST /wp-cron.php?doing_wp_cron=1790535725.3227500915527343750000 HTTP/1.1" 200 - "-" "WordPress/7.1.2; https://finofy.com"
20.24.74.198 - - [27/Sep/2026:22:01:57 +0300] "GET /wp-content/plugins/ HTTP/1.1" 200 12149 "-" "Mozilla/5.0 (Windows NT 10.0; Win64; x64) AppleWebKit/537.36 (KHTML, like Gecko) Chrome/120.0.0.0 Safari/537.36"
188.120.97.109 - - [27/Sep/2026:22:02:07 +0300] "POST /xmlrpc.php HTTP/1.1" 200 403 "-" "Jetpack/13.0; WordPress/6.2; http://site65304868.com"
20.24.74.198 - - [27/Sep/2026:22:02:00 +0300] "GET /wp-content/file.php HTTP/1.1" 200 12147 "-" "Mozilla/5.0 (Windows NT 10.0; Win64; x64) AppleWebKit/537.36 (KHTML, like Gecko) Chrome/120.0.0.0 Safari/537.36"
66.249.73.64 - - [27/Sep/2026:22:02:14 +0300] "GET /genus/outgrowth/e99lumxia6xvsje.shtml HTTP/1.1" 301 - "-" "Mozilla/5.0 (Linux; Android 6.0.1; Nexus 5X Build/MMB29P) AppleWebKit/537.36 (KHTML, like Gecko) Chrome/153.0.8010.52 Mobile Safari/537.36 (compatible; Googlebot/2.1; +http://www.google.com/bot.html)"
20.24.74.198 - - [27/Sep/2026:22:02:07 +0300] "GET /.well-known/ HTTP/1.1" 200 12140 "-" "Mozilla/5.0 (Windows NT 10.0; Win64; x64) AppleWebKit/537.36 (KHTML, like Gecko) Chrome/120.0.0.0 Safari/537.36"
188.120.97.109 - - [27/Sep/2026:22:02:18 +0300] "POST /xmlrpc.php HTTP/1.1" 200 403 "-" "WordPress.com; https://wordpress.com"
20.24.74.198 - - [27/Sep/2026:22:02:10 +0300] "GET /wp-content/plugins/ HTTP/1.1" 200 12148 "-" "Mozilla/5.0 (Windows NT 10.0; Win64; x64) AppleWebKit/537.36 (KHTML, like Gecko) Chrome/120.0.0.0 Safari/537.36"
66.249.73.64 - - [27/Sep/2026:22:02:21 +0300] "GET /factor/artifact/ehld6y9mmi97gvq.shtml HTTP/1.1" 301 - "-" "Mozilla/5.0 (Linux; Android 6.0.1; Nexus 5X Build/MMB29P) AppleWebKit/537.36 (KHTML, like Gecko) Chrome/153.0.8010.52 Mobile Safari/537.36 (compatible; Googlebot/2.1; +http://www.google.com/bot.html)"
20.24.74.198 - - [27/Sep/2026:22:02:17 +0300] "GET /.well-known/gecko-litespeed.php HTTP/1.1" 200 12157 "-" "Mozilla/5.0 (Windows NT 10.0; Win64; x64) AppleWebKit/537.36 (KHTML, like Gecko) Chrome/120.0.0.0 Safari/537.36"
20.24.74.198 - - [27/Sep/2026:22:02:20 +0300] "GET /.well-known/ HTTP/1.1" 200 12144 "-" "Mozilla/5.0 (Windows NT 10.0; Win64; x64) AppleWebKit/537.36 (KHTML, like Gecko) Chrome/120.0.0.0 Safari/537.36"
188.120.97.109 - - [27/Sep/2026:22:02:29 +0300] "POST /xmlrpc.php HTTP/1.1" 200 403 "-" "Jetpack by WordPress.com (Jetpack 13.0; WordPress 6.4)"
130.254.112.187 - - [27/Sep/2026:22:02:33 +0300] "GET /yytest/ HTTP/1.1" 301 - "-" "Mozilla/5.0 (compatible; Googlebot/2.1; +http://www.google.com/bot.html)"
168.91.42.232 - - [27/Sep/2026:22:02:33 +0300] "GET /yytest/ HTTP/1.1" 301 - "-" "Mozilla/5.0 (compatible; Googlebot/2.1; +http://www.google.com/bot.html)"
66.84.94.48 - - [27/Sep/2026:22:02:33 +0300] "GET /yytest/ HTTP/1.1" 301 - "-" "Mozilla/5.0 (compatible; Googlebot/2.1; +http://www.google.com/bot.html)"
66.249.73.64 - - [27/Sep/2026:22:02:33 +0300] "GET /institution/article/eqgbdh4lt14egel.shtml HTTP/1.1" 301 - "-" "Mozilla/5.0 (Linux; Android 6.0.1; Nexus 5X Build/MMB29P) AppleWebKit/537.36 (KHTML, like Gecko) Chrome/153.0.8010.52 Mobile Safari/537.36 (compatible; Googlebot/2.1; +http://www.google.com/bot.html)"
20.24.74.198 - - [27/Sep/2026:22:02:26 +0300] "GET /2021/01/16/upload-and-download-file-using-multipart-form-over- HTTP/1.1" 200 12176 "-" "Mozilla/5.0 (Windows NT 10.0; Win64; x64) AppleWebKit/537.36 (KHTML, like Gecko) Chrome/120.0.0.0 Safari/537.36"
130.254.112.187 - - [27/Sep/2026:22:02:35 +0300] "GET / HTTP/1.1" 301 - "https://finofy.com/yytest/" "Mozilla/5.0 (compatible; Googlebot/2.1; +http://www.google.com/bot.html)"
168.91.42.232 - - [27/Sep/2026:22:02:36 +0300] "GET / HTTP/1.1" 301 - "https://finofy.com/yytest/" "Mozilla/5.0 (compatible; Googlebot/2.1; +http://www.google.com/bot.html)"
66.84.94.48 - - [27/Sep/2026:22:02:37 +0300] "GET / HTTP/1.1" 301 - "https://finofy.com/yytest/" "Mozilla/5.0 (compatible; Googlebot/2.1; +http://www.google.com/bot.html)"
20.24.74.198 - - [27/Sep/2026:22:02:29 +0300] "GET /.well-known/gecko-litespeed.php HTTP/1.1" 200 12160 "-" "Mozilla/5.0 (Windows NT 10.0; Win64; x64) AppleWebKit/537.36 (KHTML, like Gecko) Chrome/120.0.0.0 Safari/537.36"
130.254.112.187 - - [27/Sep/2026:22:02:37 +0300] "GET / HTTP/1.1" 200 50422 "https://www.finofy.com" "Mozilla/5.0 (compatible; Googlebot/2.1; +http://www.google.com/bot.html)"
63.141.239.146 - - [27/Sep/2026:22:02:38 +0300] "GET /yytest/ HTTP/1.1" 301 - "-" "Mozilla/5.0 (compatible; Googlebot/2.1; +http://www.google.com/bot.html)"
66.249.73.64 - - [27/Sep/2026:22:02:37 +0300] "GET /union/construction/eqg7dh4yt14ehel.shtml HTTP/1.1" 301 - "-" "Mozilla/5.0 (Linux; Android 6.0.1; Nexus 5X Build/MMB29P) AppleWebKit/537.36 (KHTML, like Gecko) Chrome/153.0.8010.52 Mobile Safari/537.36 (compatible; Googlebot/2.1; +http://www.google.com/bot.html)"
63.141.239.146 - - [27/Sep/2026:22:02:39 +0300] "GET / HTTP/1.1" 301 - "https://finofy.com/yytest/" "Mozilla/5.0 (compatible; Googlebot/2.1; +http://www.google.com/bot.html)"
188.120.97.109 - - [27/Sep/2026:22:02:40 +0300] "POST /xmlrpc.php HTTP/1.1" 200 403 "-" "Jetpack/12.0; WordPress/6.3; http://site88874815.com"
63.141.239.146 - - [27/Sep/2026:22:02:41 +0300] "GET / HTTP/1.1" 200 50422 "https://www.finofy.com" "Mozilla/5.0 (compatible; Googlebot/2.1; +http://www.google.com/bot.html)"
168.91.47.20 - - [27/Sep/2026:22:02:43 +0300] "POST / HTTP/1.1" 200 50422 "-" "Mozilla/5.0 (Linux; Android 12; Pixel 6) AppleWebKit/537.36 (KHTML, like Gecko) Chrome/129.0.0.0 Mobile Safari/537.36"
151.241.48.40 - - [27/Sep/2026:22:02:43 +0300] "POST / HTTP/1.1" 200 50422 "-" "Mozilla/5.0 (Linux; Android 12; Pixel 6) AppleWebKit/537.36 (KHTML, like Gecko) Chrome/129.0.0.0 Mobile Safari/537.36"
167.160.75.208 - - [27/Sep/2026:22:02:43 +0300] "POST / HTTP/1.1" 200 50422 "-" "Mozilla/5.0 (Linux; Android 12; Pixel 6) AppleWebKit/537.36 (KHTML, like Gecko) Chrome/129.0.0.0 Mobile Safari/537.36"
66.249.73.64 - - [27/Sep/2026:22:02:44 +0300] "GET /attribute/prototype/fgmojnabzme03cv.shtml HTTP/1.1" 301 - "-" "Mozilla/5.0 (Linux; Android 6.0.1; Nexus 5X Build/MMB29P) AppleWebKit/537.36 (KHTML, like Gecko) Chrome/153.0.8010.52 Mobile Safari/537.36 (compatible; Googlebot/2.1; +http://www.google.com/bot.html)"
20.24.74.198 - - [27/Sep/2026:22:02:36 +0300] "GET /WSO.php HTTP/1.1" 200 12139 "-" "Mozilla/5.0 (Windows NT 10.0; Win64; x64) AppleWebKit/537.36 (KHTML, like Gecko) Chrome/120.0.0.0 Safari/537.36"
20.24.74.198 - - [27/Sep/2026:22:02:38 +0300] "GET /2021/01/16/upload-and-download-file-using-multipart-form-over- HTTP/1.1" 200 12176 "-" "Mozilla/5.0 (Windows NT 10.0; Win64; x64) AppleWebKit/537.36 (KHTML, like Gecko) Chrome/120.0.0.0 Safari/537.36"
188.120.97.109 - - [27/Sep/2026:22:02:50 +0300] "POST /xmlrpc.php HTTP/1.1" 200 403 "-" "Jetpack by WordPress.com (Jetpack 12.1; WordPress 6.1)"
20.24.74.198 - - [27/Sep/2026:22:02:46 +0300] "GET /wp-includes/images/ HTTP/1.1" 200 12144 "-" "Mozilla/5.0 (Windows NT 10.0; Win64; x64) AppleWebKit/537.36 (KHTML, like Gecko) Chrome/120.0.0.0 Safari/537.36"
20.24.74.198 - - [27/Sep/2026:22:02:48 +0300] "GET /WSO.php HTTP/1.1" 200 12141 "-" "Mozilla/5.0 (Windows NT 10.0; Win64; x64) AppleWebKit/537.36 (KHTML, like Gecko) Chrome/120.0.0.0 Safari/537.36"
188.120.97.109 - - [27/Sep/2026:22:03:01 +0300] "POST /xmlrpc.php HTTP/1.1" 200 403 "-" "Jetpack by WordPress.com"
20.24.74.198 - - [27/Sep/2026:22:02:55 +0300] "GET /wp-includes/interactivity-api/ HTTP/1.1" 200 12151 "-" "Mozilla/5.0 (Windows NT 10.0; Win64; x64) AppleWebKit/537.36 (KHTML, like Gecko) Chrome/120.0.0.0 Safari/537.36"
85.254.144.33 - - [27/Sep/2026:22:03:03 +0300] "POST /wp-cron.php?doing_wp_cron=1790535782.9965999126434326171875 HTTP/1.1" 200 - "-" "WordPress/7.1.2; https://finofy.com"
20.24.74.198 - - [27/Sep/2026:22:02:57 +0300] "GET /wp-includes/images/ HTTP/1.1" 200 12143 "-" "Mozilla/5.0 (Windows NT 10.0; Win64; x64) AppleWebKit/537.36 (KHTML, like Gecko) Chrome/120.0.0.0 Safari/537.36"
188.120.97.109 - - [27/Sep/2026:22:03:12 +0300] "POST /xmlrpc.php HTTP/1.1" 200 403 "-" "Jetpack/12.0; WordPress/6.3; http://site86152449.com"
20.24.74.198 - - [27/Sep/2026:22:03:04 +0300] "GET /wp-includes/js/tinymce/plugins/fullscreen/ HTTP/1.1" 200 12160 "-" "Mozilla/5.0 (Windows NT 10.0; Win64; x64) AppleWebKit/537.36 (KHTML, like Gecko) Chrome/120.0.0.0 Safari/537.36"
20.24.74.198 - - [27/Sep/2026:22:03:07 +0300] "GET /wp-includes/interactivity-api/ HTTP/1.1" 200 12162 "-" "Mozilla/5.0 (Windows NT 10.0; Win64; x64) AppleWebKit/537.36 (KHTML, like Gecko) Chrome/120.0.0.0 Safari/537.36"
20.24.74.198 - - [27/Sep/2026:22:03:14 +0300] "GET /wp-includes/l10n/ HTTP/1.1" 200 12139 "-" "Mozilla/5.0 (Windows NT 10.0; Win64; x64) AppleWebKit/537.36 (KHTML, like Gecko) Chrome/120.0.0.0 Safari/537.36"
188.120.97.109 - - [27/Sep/2026:22:03:22 +0300] "POST /xmlrpc.php HTTP/1.1" 200 403 "-" "Jetpack/12.0; WordPress/6.2; http://site24461317.com"
20.24.74.198 - - [27/Sep/2026:22:03:16 +0300] "GET /wp-includes/js/tinymce/plugins/fullscreen/ HTTP/1.1" 200 12164 "-" "Mozilla/5.0 (Windows NT 10.0; Win64; x64) AppleWebKit/537.36 (KHTML, like Gecko) Chrome/120.0.0.0 Safari/537.36"
66.249.73.66 - - [27/Sep/2026:22:03:26 +0300] "GET /chapter/sample/elnbwcbkcwbx89s.shtml HTTP/1.1" 301 - "-" "Mozilla/5.0 (Linux; Android 6.0.1; Nexus 5X Build/MMB29P) AppleWebKit/537.36 (KHTML, like Gecko) Chrome/153.0.8010.52 Mobile Safari/537.36 (compatible; Googlebot/2.1; +http://www.google.com/bot.html)"
20.24.74.198 - - [27/Sep/2026:22:03:23 +0300] "GET /wp-includes/sitemaps/providers/ HTTP/1.1" 200 12146 "-" "Mozilla/5.0 (Windows NT 10.0; Win64; x64) AppleWebKit/537.36 (KHTML, like Gecko) Chrome/120.0.0.0 Safari/537.36"
20.24.74.198 - - [27/Sep/2026:22:03:25 +0300] "GET /wp-includes/l10n/ HTTP/1.1" 200 12146 "-" "Mozilla/5.0 (Windows NT 10.0; Win64; x64) AppleWebKit/537.36 (KHTML, like Gecko) Chrome/120.0.0.0 Safari/537.36"
188.120.97.109 - - [27/Sep/2026:22:03:33 +0300] "POST /xmlrpc.php HTTP/1.1" 200 403 "-" "Jetpack by WordPress.com (Jetpack 12.1; WordPress 6.2)"
66.249.73.65 - - [27/Sep/2026:22:03:33 +0300] "GET /conglomeration/gadget/e7een32b3n2ou0j.shtml HTTP/1.1" 301 - "-" "Mozilla/5.0 (Linux; Android 6.0.1; Nexus 5X Build/MMB29P) AppleWebKit/537.36 (KHTML, like Gecko) Chrome/153.0.8010.52 Mobile Safari/537.36 (compatible; Googlebot/2.1; +http://www.google.com/bot.html)"
20.24.74.198 - - [27/Sep/2026:22:03:32 +0300] "GET /wp-includes/theme-compat/ HTTP/1.1" 200 12148 "-" "Mozilla/5.0 (Windows NT 10.0; Win64; x64) AppleWebKit/537.36 (KHTML, like Gecko) Chrome/120.0.0.0 Safari/537.36"
20.24.74.198 - - [27/Sep/2026:22:03:34 +0300] "GET /wp-includes/sitemaps/providers/ HTTP/1.1" 200 12155 "-" "Mozilla/5.0 (Windows NT 10.0; Win64; x64) AppleWebKit/537.36 (KHTML, like Gecko) Chrome/120.0.0.0 Safari/537.36"
188.120.97.109 - - [27/Sep/2026:22:03:44 +0300] "POST /xmlrpc.php HTTP/1.1" 200 403 "-" "Jetpack by WordPress.com (Jetpack 12.5; WordPress 6.1)"
66.249.73.64 - - [27/Sep/2026:22:03:45 +0300] "GET /property/trait/ejwl5lkcl5k6pi1.shtml HTTP/1.1" 301 - "-" "Mozilla/5.0 (Linux; Android 6.0.1; Nexus 5X Build/MMB29P) AppleWebKit/537.36 (KHTML, like Gecko) Chrome/153.0.8010.52 Mobile Safari/537.36 (compatible; Googlebot/2.1; +http://www.google.com/bot.html)"
20.24.74.198 - - [27/Sep/2026:22:03:40 +0300] "GET /wp-includes/widgets/about.php HTTP/1.1" 200 12154 "-" "Mozilla/5.0 (Windows NT 10.0; Win64; x64) AppleWebKit/537.36 (KHTML, like Gecko) Chrome/120.0.0.0 Safari/537.36"
20.24.74.198 - - [27/Sep/2026:22:03:42 +0300] "GET /wp-includes/theme-compat/ HTTP/1.1" 200 12150 "-" "Mozilla/5.0 (Windows NT 10.0; Win64; x64) AppleWebKit/537.36 (KHTML, like Gecko) Chrome/120.0.0.0 Safari/537.36"
66.249.73.64 - - [27/Sep/2026:22:03:53 +0300] "GET /rubric/asset/ezvnswjl8gjtdt0.shtml HTTP/1.1" 301 - "-" "Mozilla/5.0 (Linux; Android 6.0.1; Nexus 5X Build/MMB29P) AppleWebKit/537.36 (KHTML, like Gecko) Chrome/153.0.8010.52 Mobile Safari/537.36 (compatible; Googlebot/2.1; +http://www.google.com/bot.html)"
20.24.74.198 - - [27/Sep/2026:22:03:50 +0300] "GET /wp-includes/widgets/about.php HTTP/1.1" 200 12153 "-" "Mozilla/5.0 (Windows NT 10.0; Win64; x64) AppleWebKit/537.36 (KHTML, like Gecko) Chrome/120.0.0.0 Safari/537.36"
188.120.97.109 - - [27/Sep/2026:22:03:54 +0300] "POST /xmlrpc.php HTTP/1.1" 200 403 "-" "WordPress.com; https://wordpress.com"
66.249.73.65 - - [27/Sep/2026:22:04:01 +0300] "GET /group/design/eold6y9dmi975vq.shtml HTTP/1.1" 301 - "-" "Mozilla/5.0 (Linux; Android 6.0.1; Nexus 5X Build/MMB29P) AppleWebKit/537.36 (KHTML, like Gecko) Chrome/153.0.8010.52 Mobile Safari/537.36 (compatible; Googlebot/2.1; +http://www.google.com/bot.html)"
85.254.144.33 - - [27/Sep/2026:22:04:02 +0300] "POST /wp-cron.php?doing_wp_cron=1790535842.6910359859466552734375 HTTP/1.1" 200 - "-" "WordPress/7.1.2; https://finofy.com"
188.120.97.109 - - [27/Sep/2026:22:04:05 +0300] "POST /xmlrpc.php HTTP/1.1" 200 403 "-" "Jetpack/12.1; WordPress/6.3; http://site83369721.com"
66.249.73.64 - - [27/Sep/2026:22:04:11 +0300] "GET /clique/proceeds/fr1vy2pbeltfnra.shtml HTTP/1.1" 301 - "-" "Mozilla/5.0 (Linux; Android 6.0.1; Nexus 5X Build/MMB29P) AppleWebKit/537.36 (KHTML, like Gecko) Chrome/153.0.8010.52 Mobile Safari/537.36 (compatible; Googlebot/2.1; +http://www.google.com/bot.html)"
188.120.97.109 - - [27/Sep/2026:22:04:16 +0300] "POST /xmlrpc.php HTTP/1.1" 200 403 "-" "Jetpack by WordPress.com (Jetpack 13.0; WordPress 6.2)"
66.249.73.64 - - [27/Sep/2026:22:04:20 +0300] "GET /facet/instance/ebrbc4fksofdw1w.shtml HTTP/1.1" 301 - "-" "Mozilla/5.0 (Linux; Android 6.0.1; Nexus 5X Build/MMB29P) AppleWebKit/537.36 (KHTML, like Gecko) Chrome/153.0.8010.52 Mobile Safari/537.36 (compatible; Googlebot/2.1; +http://www.google.com/bot.html)"
188.120.97.109 - - [27/Sep/2026:22:04:26 +0300] "POST /xmlrpc.php HTTP/1.1" 200 403 "-" "Jetpack by WordPress.com (Jetpack 13.0; WordPress 6.2)"
66.249.73.64 - - [27/Sep/2026:22:04:29 +0300] "GET /level/component/fqfr0s3bgkjt6t0.shtml HTTP/1.1" 301 - "-" "Mozilla/5.0 (Linux; Android 6.0.1; Nexus 5X Build/MMB29P) AppleWebKit/537.36 (KHTML, like Gecko) Chrome/153.0.8010.52 Mobile Safari/537.36 (compatible; Googlebot/2.1; +http://www.google.com/bot.html)"
188.120.97.109 - - [27/Sep/2026:22:04:37 +0300] "POST /xmlrpc.php HTTP/1.1" 200 403 "-" "Jetpack/13.0; WordPress/6.3; http://site16627941.com"
66.249.73.64 - - [27/Sep/2026:22:04:41 +0300] "GET /unit/fixture/f5eon32b3puswgb.shtml HTTP/1.1" 301 - "-" "Mozilla/5.0 (Linux; Android 6.0.1; Nexus 5X Build/MMB29P) AppleWebKit/537.36 (KHTML, like Gecko) Chrome/153.0.8010.52 Mobile Safari/537.36 (compatible; Googlebot/2.1; +http://www.google.com/bot.html)"
188.120.97.109 - - [27/Sep/2026:22:04:48 +0300] "POST /xmlrpc.php HTTP/1.1" 200 403 "-" "WordPress.com; https://wordpress.com"
188.120.97.109 - - [27/Sep/2026:22:04:58 +0300] "POST /xmlrpc.php HTTP/1.1" 200 403 "-" "Jetpack by WordPress.com"
45.131.195.144 - - [27/Sep/2026:22:05:03 +0300] "POST /wp-login.php HTTP/1.1" 200 9764 "-" "Mozilla/5.0 (Macintosh; Intel Mac OS X 10_15_7) AppleWebKit/605.1.15 Version/17.0 Safari/605.1.15"
45.131.195.191 - - [27/Sep/2026:22:05:03 +0300] "POST /wp-login.php HTTP/1.1" 200 9767 "-" "Mozilla/5.0 (Windows NT 10.0; Win64; x64) AppleWebKit/537.36 Chrome/129.0.0.0 Safari/537.36"
66.249.73.64 - - [27/Sep/2026:22:05:03 +0300] "GET /structure/kind/ft1by2pbentf1ra.shtml HTTP/1.1" 301 - "-" "Mozilla/5.0 (Linux; Android 6.0.1; Nexus 5X Build/MMB29P) AppleWebKit/537.36 (KHTML, like Gecko) Chrome/153.0.8010.52 Mobile Safari/537.36 (compatible; Googlebot/2.1; +http://www.google.com/bot.html)"
85.254.144.33 - - [27/Sep/2026:22:05:04 +0300] "POST /wp-cron.php?doing_wp_cron=1790535904.7010068893432617187500 HTTP/1.1" 200 - "-" "WordPress/7.1.2; https://finofy.com"
66.249.73.65 - - [27/Sep/2026:22:05:08 +0300] "GET /strain/kit/eumqjnagz7akxkr.shtml HTTP/1.1" 301 - "-" "Mozilla/5.0 (Linux; Android 6.0.1; Nexus 5X Build/MMB29P) AppleWebKit/537.36 (KHTML, like Gecko) Chrome/153.0.8010.52 Mobile Safari/537.36 (compatible; Googlebot/2.1; +http://www.google.com/bot.html)"
188.120.97.109 - - [27/Sep/2026:22:05:09 +0300] "POST /xmlrpc.php HTTP/1.1" 200 403 "-" "Jetpack by WordPress.com (Jetpack 12.0; WordPress 6.4)"
168.91.47.20 - - [27/Sep/2026:22:05:15 +0300] "GET /yytest/ HTTP/1.1" 301 - "-" "Mozilla/5.0 (compatible; Googlebot/2.1; +http://www.google.com/bot.html)"
151.241.48.40 - - [27/Sep/2026:22:05:15 +0300] "GET /yytest/ HTTP/1.1" 301 - "-" "Mozilla/5.0 (compatible; Googlebot/2.1; +http://www.google.com/bot.html)"
31.58.166.21 - - [27/Sep/2026:22:05:15 +0300] "GET /yytest/ HTTP/1.1" 301 - "-" "Mozilla/5.0 (compatible; Googlebot/2.1; +http://www.google.com/bot.html)"
151.241.48.40 - - [27/Sep/2026:22:05:17 +0300] "GET / HTTP/1.1" 301 - "https://finofy.com/yytest/" "Mozilla/5.0 (compatible; Googlebot/2.1; +http://www.google.com/bot.html)"
31.58.166.21 - - [27/Sep/2026:22:05:17 +0300] "GET / HTTP/1.1" 301 - "https://finofy.com/yytest/" "Mozilla/5.0 (compatible; Googlebot/2.1; +http://www.google.com/bot.html)"
168.91.47.20 - - [27/Sep/2026:22:05:17 +0300] "GET / HTTP/1.1" 301 - "https://finofy.com/yytest/" "Mozilla/5.0 (compatible; Googlebot/2.1; +http://www.google.com/bot.html)"
31.58.166.21 - - [27/Sep/2026:22:05:19 +0300] "GET / HTTP/1.1" 200 50422 "https://www.finofy.com" "Mozilla/5.0 (compatible; Googlebot/2.1; +http://www.google.com/bot.html)"
151.241.48.40 - - [27/Sep/2026:22:05:19 +0300] "GET / HTTP/1.1" 200 50422 "https://www.finofy.com" "Mozilla/5.0 (compatible; Googlebot/2.1; +http://www.google.com/bot.html)"
168.91.47.20 - - [27/Sep/2026:22:05:19 +0300] "GET / HTTP/1.1" 200 50422 "https://www.finofy.com" "Mozilla/5.0 (compatible; Googlebot/2.1; +http://www.google.com/bot.html)"
188.120.97.109 - - [27/Sep/2026:22:05:20 +0300] "POST /xmlrpc.php HTTP/1.1" 200 403 "-" "Jetpack by WordPress.com (Jetpack 13.0; WordPress 6.2)"
63.141.239.146 - - [27/Sep/2026:22:05:20 +0300] "GET /yytest/ HTTP/1.1" 301 - "-" "Mozilla/5.0 (compatible; Googlebot/2.1; +http://www.google.com/bot.html)"
63.141.239.146 - - [27/Sep/2026:22:05:22 +0300] "GET / HTTP/1.1" 301 - "https://finofy.com/yytest/" "Mozilla/5.0 (compatible; Googlebot/2.1; +http://www.google.com/bot.html)"
63.141.239.146 - - [27/Sep/2026:22:05:23 +0300] "GET / HTTP/1.1" 200 50422 "https://www.finofy.com" "Mozilla/5.0 (compatible; Googlebot/2.1; +http://www.google.com/bot.html)"
66.249.73.64 - - [27/Sep/2026:22:05:24 +0300] "GET /aspect/consequence/eiip3v65jf64isn.shtml HTTP/1.1" 301 - "-" "Mozilla/5.0 (Linux; Android 6.0.1; Nexus 5X Build/MMB29P) AppleWebKit/537.36 (KHTML, like Gecko) Chrome/153.0.8010.52 Mobile Safari/537.36 (compatible; Googlebot/2.1; +http://www.google.com/bot.html)"
130.254.112.187 - - [27/Sep/2026:22:05:26 +0300] "POST / HTTP/1.1" 200 50422 "-" "Mozilla/5.0 (Linux; Android 12; Pixel 6) AppleWebKit/537.36 (KHTML, like Gecko) Chrome/129.0.0.0 Mobile Safari/537.36"
138.229.96.224 - - [27/Sep/2026:22:05:26 +0300] "POST / HTTP/1.1" 200 50422 "-" "Mozilla/5.0 (Linux; Android 12; Pixel 6) AppleWebKit/537.36 (KHTML, like Gecko) Chrome/129.0.0.0 Mobile Safari/537.36"
141.164.89.160 - - [27/Sep/2026:22:05:26 +0300] "POST / HTTP/1.1" 200 50422 "-" "Mozilla/5.0 (Linux; Android 12; Pixel 6) AppleWebKit/537.36 (KHTML, like Gecko) Chrome/129.0.0.0 Mobile Safari/537.36"
188.120.97.109 - - [27/Sep/2026:22:05:31 +0300] "POST /xmlrpc.php HTTP/1.1" 200 403 "-" "Jetpack by WordPress.com (Jetpack 12.0; WordPress 6.2)"
66.249.73.64 - - [27/Sep/2026:22:05:33 +0300] "GET /stratum/feature/efkzt98l9t8uu6p.shtml HTTP/1.1" 301 - "-" "Mozilla/5.0 (Linux; Android 6.0.1; Nexus 5X Build/MMB29P) AppleWebKit/537.36 (KHTML, like Gecko) Chrome/153.0.8010.52 Mobile Safari/537.36 (compatible; Googlebot/2.1; +http://www.google.com/bot.html)"
