66.249.73.64 - - [27/Sep/2026:21:10:53 +0300] "GET /table/shipment/e7c1xp0fd90ywmh.shtml HTTP/1.1" 301 - "-" "Mozilla/5.0 (Linux; Android 6.0.1; Nexus 5X Build/MMB29P) AppleWebKit/537.36 (KHTML, like Gecko) Chrome/153.0.8010.52 Mobile Safari/537.36 (compatible; Googlebot/2.1; +http://www.google.com/bot.html)"
20.213.164.196 - - [27/Sep/2026:21:10:54 +0300] "GET / HTTP/1.1" 301 - "-" "-"
20.213.164.196 - - [27/Sep/2026:21:10:57 +0300] "GET / HTTP/1.1" 200 50422 "-" "-"
20.213.164.196 - - [27/Sep/2026:21:11:05 +0300] "GET / HTTP/1.1" 301 - "-" "-"
66.249.73.65 - - [27/Sep/2026:21:11:06 +0300] "GET /swarm/return/e8tk2ihzi2h37fy.shtml HTTP/1.1" 301 - "-" "Mozilla/5.0 (Linux; Android 6.0.1; Nexus 5X Build/MMB29P) AppleWebKit/537.36 (KHTML, like Gecko) Chrome/153.0.8010.52 Mobile Safari/537.36 (compatible; Googlebot/2.1; +http://www.google.com/bot.html)"
20.213.164.196 - - [27/Sep/2026:21:11:09 +0300] "GET / HTTP/1.1" 200 50422 "-" "-"
20.213.164.196 - - [27/Sep/2026:21:11:15 +0300] "GET / HTTP/1.1" 301 - "-" "-"
66.249.73.64 - - [27/Sep/2026:21:11:18 +0300] "GET /matrix/product/eqx5ialdyuljp72.shtml HTTP/1.1" 301 - "-" "Mozilla/5.0 (Linux; Android 6.0.1; Nexus 5X Build/MMB29P) AppleWebKit/537.36 (KHTML, like Gecko) Chrome/153.0.8010.52 Mobile Safari/537.36 (compatible; Googlebot/2.1; +http://www.google.com/bot.html)"
20.213.164.196 - - [27/Sep/2026:21:11:18 +0300] "GET / HTTP/1.1" 200 50422 "-" "-"
20.213.164.196 - - [27/Sep/2026:21:11:23 +0300] "GET / HTTP/1.1" 301 - "-" "-"
66.249.73.64 - - [27/Sep/2026:21:11:23 +0300] "GET /heading/entity/du15y2pxempzqz6.shtml HTTP/1.1" 301 - "-" "Mozilla/5.0 (Linux; Android 6.0.1; Nexus 5X Build/MMB29P) AppleWebKit/537.36 (KHTML, like Gecko) Chrome/153.0.8010.52 Mobile Safari/537.36 (compatible; Googlebot/2.1; +http://www.google.com/bot.html)"
20.213.164.196 - - [27/Sep/2026:21:11:26 +0300] "GET / HTTP/1.1" 200 50422 "-" "-"
20.213.164.196 - - [27/Sep/2026:21:11:31 +0300] "GET / HTTP/1.1" 301 - "-" "-"
20.213.164.196 - - [27/Sep/2026:21:11:34 +0300] "GET / HTTP/1.1" 200 50422 "-" "-"
20.213.164.196 - - [27/Sep/2026:21:11:39 +0300] "GET / HTTP/1.1" 301 - "-" "-"
20.213.164.196 - - [27/Sep/2026:21:11:41 +0300] "GET / HTTP/1.1" 200 50422 "-" "-"
20.213.164.196 - - [27/Sep/2026:21:11:46 +0300] "GET / HTTP/1.1" 301 - "-" "-"
20.213.164.196 - - [27/Sep/2026:21:11:47 +0300] "GET / HTTP/1.1" 200 50422 "-" "-"
20.213.164.196 - - [27/Sep/2026:21:11:51 +0300] "GET / HTTP/1.1" 301 - "-" "-"
20.213.164.196 - - [27/Sep/2026:21:11:53 +0300] "GET / HTTP/1.1" 200 50422 "-" "-"
20.213.164.196 - - [27/Sep/2026:21:11:57 +0300] "GET / HTTP/1.1" 301 - "-" "-"
20.213.164.196 - - [27/Sep/2026:21:11:59 +0300] "GET / HTTP/1.1" 200 50422 "-" "-"
20.213.164.196 - - [27/Sep/2026:21:12:04 +0300] "GET / HTTP/1.1" 301 - "-" "-"
20.213.164.196 - - [27/Sep/2026:21:12:07 +0300] "GET / HTTP/1.1" 200 50422 "-" "-"
20.213.164.196 - - [27/Sep/2026:21:12:12 +0300] "GET / HTTP/1.1" 301 - "-" "-"
20.213.164.196 - - [27/Sep/2026:21:12:15 +0300] "GET / HTTP/1.1" 200 50422 "-" "-"
20.213.164.196 - - [27/Sep/2026:21:12:21 +0300] "GET / HTTP/1.1" 301 - "-" "-"
20.213.164.196 - - [27/Sep/2026:21:12:24 +0300] "GET / HTTP/1.1" 200 50422 "-" "-"
20.213.164.196 - - [27/Sep/2026:21:12:29 +0300] "GET / HTTP/1.1" 301 - "-" "-"
66.249.73.65 - - [27/Sep/2026:21:12:30 +0300] "GET /pod/element/fqzq8onbojfd51w.shtml HTTP/1.1" 301 - "-" "Mozilla/5.0 (Linux; Android 6.0.1; Nexus 5X Build/MMB29P) AppleWebKit/537.36 (KHTML, like Gecko) Chrome/153.0.8010.52 Mobile Safari/537.36 (compatible; Googlebot/2.1; +http://www.google.com/bot.html)"
20.213.164.196 - - [27/Sep/2026:21:12:32 +0300] "GET / HTTP/1.1" 200 50422 "-" "-"
20.213.164.196 - - [27/Sep/2026:21:12:37 +0300] "GET / HTTP/1.1" 301 - "-" "-"
20.213.164.196 - - [27/Sep/2026:21:12:39 +0300] "GET / HTTP/1.1" 200 50422 "-" "-"
66.249.73.66 - - [27/Sep/2026:21:12:39 +0300] "GET /ilk/ware/en2obrqsrbqcro7.shtml HTTP/1.1" 301 - "-" "Mozilla/5.0 (Linux; Android 6.0.1; Nexus 5X Build/MMB29P) AppleWebKit/537.36 (KHTML, like Gecko) Chrome/153.0.8010.52 Mobile Safari/537.36 (compatible; Googlebot/2.1; +http://www.google.com/bot.html)"
20.213.164.196 - - [27/Sep/2026:21:12:43 +0300] "GET / HTTP/1.1" 301 - "-" "-"
20.213.164.196 - - [27/Sep/2026:21:12:44 +0300] "GET / HTTP/1.1" 200 50422 "-" "-"
20.213.164.196 - - [27/Sep/2026:21:12:48 +0300] "GET / HTTP/1.1" 301 - "-" "-"
66.249.73.64 - - [27/Sep/2026:21:12:50 +0300] "GET /domain/attribute/fnoj91cbp1s2629.shtml HTTP/1.1" 301 - "-" "Mozilla/5.0 (Linux; Android 6.0.1; Nexus 5X Build/MMB29P) AppleWebKit/537.36 (KHTML, like Gecko) Chrome/153.0.8010.52 Mobile Safari/537.36 (compatible; Googlebot/2.1; +http://www.google.com/bot.html)"
20.213.164.196 - - [27/Sep/2026:21:12:50 +0300] "GET / HTTP/1.1" 200 50422 "-" "-"
20.213.164.196 - - [27/Sep/2026:21:12:55 +0300] "GET / HTTP/1.1" 301 - "-" "-"
20.213.164.196 - - [27/Sep/2026:21:12:56 +0300] "GET / HTTP/1.1" 200 50422 "-" "-"
66.249.73.64 - - [27/Sep/2026:21:12:58 +0300] "GET /order/detail/en5eeutluetfnra.shtml HTTP/1.1" 301 - "-" "Mozilla/5.0 (Linux; Android 6.0.1; Nexus 5X Build/MMB29P) AppleWebKit/537.36 (KHTML, like Gecko) Chrome/153.0.8010.52 Mobile Safari/537.36 (compatible; Googlebot/2.1; +http://www.google.com/bot.html)"
20.213.164.196 - - [27/Sep/2026:21:13:05 +0300] "GET / HTTP/1.1" 301 - "-" "-"
66.249.73.66 - - [27/Sep/2026:21:13:04 +0300] "GET /element/goods/ew6urjud73usagb.shtml HTTP/1.1" 301 - "-" "Mozilla/5.0 (Linux; Android 6.0.1; Nexus 5X Build/MMB29P) AppleWebKit/537.36 (KHTML, like Gecko) Chrome/153.0.8010.52 Mobile Safari/537.36 (compatible; Googlebot/2.1; +http://www.google.com/bot.html)"
85.254.144.33 - - [27/Sep/2026:21:13:05 +0300] "POST /wp-cron.php?doing_wp_cron=1790532785.7691171169281005859375 HTTP/1.1" 200 - "-" "WordPress/7.1.2; https://finofy.com"
20.213.164.196 - - [27/Sep/2026:21:13:08 +0300] "GET / HTTP/1.1" 200 50422 "-" "-"
20.213.164.196 - - [27/Sep/2026:21:13:15 +0300] "GET / HTTP/1.1" 301 - "-" "-"
66.249.73.64 - - [27/Sep/2026:21:13:17 +0300] "GET /categorization/abhelp/f1pomqdb24h3ify.shtml HTTP/1.1" 301 - "-" "Mozilla/5.0 (Linux; Android 6.0.1; Nexus 5X Build/MMB29P) AppleWebKit/537.36 (KHTML, like Gecko) Chrome/153.0.8010.52 Mobile Safari/537.36 (compatible; Googlebot/2.1; +http://www.google.com/bot.html)"
20.213.164.196 - - [27/Sep/2026:21:13:18 +0300] "GET / HTTP/1.1" 200 50422 "-" "-"
20.213.164.196 - - [27/Sep/2026:21:13:24 +0300] "GET / HTTP/1.1" 301 - "-" "-"
20.213.164.196 - - [27/Sep/2026:21:13:27 +0300] "GET / HTTP/1.1" 200 50422 "-" "-"
66.249.73.64 - - [27/Sep/2026:21:13:28 +0300] "GET /guild/edition/e9x9ialiyuljg72.shtml HTTP/1.1" 301 - "-" "Mozilla/5.0 (Linux; Android 6.0.1; Nexus 5X Build/MMB29P) AppleWebKit/537.36 (KHTML, like Gecko) Chrome/153.0.8010.52 Mobile Safari/537.36 (compatible; Googlebot/2.1; +http://www.google.com/bot.html)"
20.213.164.196 - - [27/Sep/2026:21:13:32 +0300] "GET / HTTP/1.1" 301 - "-" "-"
20.213.164.196 - - [27/Sep/2026:21:13:35 +0300] "GET / HTTP/1.1" 200 50422 "-" "-"
66.249.73.64 - - [27/Sep/2026:21:13:37 +0300] "GET /genus/proceeds/fg1vy2pbe1tfxra.shtml HTTP/1.1" 301 - "-" "Mozilla/5.0 (Linux; Android 6.0.1; Nexus 5X Build/MMB29P) AppleWebKit/537.36 (KHTML, like Gecko) Chrome/153.0.8010.52 Mobile Safari/537.36 (compatible; Googlebot/2.1; +http://www.google.com/bot.html)"
20.213.164.196 - - [27/Sep/2026:21:13:41 +0300] "GET / HTTP/1.1" 301 - "-" "-"
20.213.164.196 - - [27/Sep/2026:21:13:44 +0300] "GET / HTTP/1.1" 200 50422 "-" "-"
66.249.73.64 - - [27/Sep/2026:21:13:48 +0300] "GET /categorization/material/ew1qy2p5empzxz6.shtml HTTP/1.1" 301 - "-" "Mozilla/5.0 (Linux; Android 6.0.1; Nexus 5X Build/MMB29P) AppleWebKit/537.36 (KHTML, like Gecko) Chrome/153.0.8010.52 Mobile Safari/537.36 (compatible; Googlebot/2.1; +http://www.google.com/bot.html)"
20.213.164.196 - - [27/Sep/2026:21:13:50 +0300] "GET / HTTP/1.1" 301 - "-" "-"
20.213.164.196 - - [27/Sep/2026:21:13:53 +0300] "GET / HTTP/1.1" 200 50422 "-" "-"
66.249.73.64 - - [27/Sep/2026:21:13:59 +0300] "GET /design/bundle/fmykvzmbb6qc3o7.shtml HTTP/1.1" 301 - "-" "Mozilla/5.0 (Linux; Android 6.0.1; Nexus 5X Build/MMB29P) AppleWebKit/537.36 (KHTML, like Gecko) Chrome/153.0.8010.52 Mobile Safari/537.36 (compatible; Googlebot/2.1; +http://www.google.com/bot.html)"
20.213.164.196 - - [27/Sep/2026:21:13:59 +0300] "GET / HTTP/1.1" 301 - "-" "-"
20.213.164.196 - - [27/Sep/2026:21:14:02 +0300] "GET / HTTP/1.1" 200 50422 "-" "-"
85.254.144.33 - - [27/Sep/2026:21:14:03 +0300] "POST /wp-cron.php?doing_wp_cron=1790532843.6292560100555419921875 HTTP/1.1" 200 - "-" "WordPress/7.1.2; https://finofy.com"
111.7.96.157 - - [27/Sep/2026:21:14:06 +0300] "GET / HTTP/2.0" 200 50422 "-" "Mozilla/5.0 (Macintosh; Intel Mac OS X 10_15_7) AppleWebKit/537.36 (KHTML, like Gecko) Chrome/120.0.0.0 Safari/537.36"
20.213.164.196 - - [27/Sep/2026:21:14:07 +0300] "GET /feed/atom/ HTTP/1.1" 200 550 "-" "-"
47.77.228.238 - - [27/Sep/2026:21:14:09 +0300] "GET / HTTP/2.0" 200 50422 "-" "Mozilla/5.0 (Macintosh; Intel Mac OS X 11_0_0) AppleWebKit/537.36 (KHTML, like Gecko) Chrome/87.0.4280.88 Safari/537.36"
47.77.228.238 - - [27/Sep/2026:21:14:12 +0300] "GET /wp-content/plugins/metronet-profile-picture/js/mpp-frontend.js?ver=2.6.4 HTTP/2.0" 200 331 "https://finofy.com/" "Mozilla/5.0 (Macintosh; Intel Mac OS X 11_0_0) AppleWebKit/537.36 (KHTML, like Gecko) Chrome/87.0.4280.88 Safari/537.36"
47.77.228.238 - - [27/Sep/2026:21:14:12 +0300] "GET /wp-includes/js/dist/hooks.js?ver=f0f188028580e8dc1255 HTTP/2.0" 200 12299 "https://finofy.com/" "Mozilla/5.0 (Macintosh; Intel Mac OS X 11_0_0) AppleWebKit/537.36 (KHTML, like Gecko) Chrome/87.0.4280.88 Safari/537.36"
47.77.228.238 - - [27/Sep/2026:21:14:12 +0300] "GET /wp-includes/js/jquery/jquery-migrate.js?ver=3.4.1 HTTP/2.0" 200 31978 "https://finofy.com/" "Mozilla/5.0 (Macintosh; Intel Mac OS X 11_0_0) AppleWebKit/537.36 (KHTML, like Gecko) Chrome/87.0.4280.88 Safari/537.36"
47.77.228.238 - - [27/Sep/2026:21:14:12 +0300] "GET /wp-includes/js/jquery/jquery.js?ver=3.7.1 HTTP/2.0" 200 285334 "https://finofy.com/" "Mozilla/5.0 (Macintosh; Intel Mac OS X 11_0_0) AppleWebKit/537.36 (KHTML, like Gecko) Chrome/87.0.4280.88 Safari/537.36"
20.213.164.196 - - [27/Sep/2026:21:14:12 +0300] "GET / HTTP/1.1" 301 - "-" "-"
47.77.228.238 - - [27/Sep/2026:21:14:14 +0300] "GET /wp-includes/js/dist/i18n.js?ver=1dfe7db3940c23ea9216 HTTP/2.0" 200 15725 "https://finofy.com/" "Mozilla/5.0 (Macintosh; Intel Mac OS X 11_0_0) AppleWebKit/537.36 (KHTML, like Gecko) Chrome/87.0.4280.88 Safari/537.36"
47.77.228.238 - - [27/Sep/2026:21:14:14 +0300] "GET /wp-content/plugins/contact-form-7/includes/swv/js/index.js?ver=6.1.7 HTTP/2.0" 200 12512 "https://finofy.com/" "Mozilla/5.0 (Macintosh; Intel Mac OS X 11_0_0) AppleWebKit/537.36 (KHTML, like Gecko) Chrome/87.0.4280.88 Safari/537.36"
66.249.73.64 - - [27/Sep/2026:21:14:12 +0300] "GET /population/resource/eyt32ihni2h3rfy.shtml HTTP/1.1" 301 - "-" "Mozilla/5.0 (Linux; Android 6.0.1; Nexus 5X Build/MMB29P) AppleWebKit/537.36 (KHTML, like Gecko) Chrome/153.0.8010.52 Mobile Safari/537.36 (compatible; Googlebot/2.1; +http://www.google.com/bot.html)"
47.77.228.238 - - [27/Sep/2026:21:14:14 +0300] "GET /wp-content/themes/chumak_pro/js/mobile_menu.js HTTP/2.0" 200 1332 "https://finofy.com/" "Mozilla/5.0 (Macintosh; Intel Mac OS X 11_0_0) AppleWebKit/537.36 (KHTML, like Gecko) Chrome/87.0.4280.88 Safari/537.36"
47.77.228.238 - - [27/Sep/2026:21:14:14 +0300] "GET /wp-content/themes/chumak_pro/js/slick.min.js HTTP/2.0" 200 42862 "https://finofy.com/" "Mozilla/5.0 (Macintosh; Intel Mac OS X 11_0_0) AppleWebKit/537.36 (KHTML, like Gecko) Chrome/87.0.4280.88 Safari/537.36"
47.77.228.238 - - [27/Sep/2026:21:14:14 +0300] "GET /wp-content/themes/chumak_pro/js/jquery.ui.touch-punch.min.js HTTP/2.0" 200 1301 "https://finofy.com/" "Mozilla/5.0 (Macintosh; Intel Mac OS X 11_0_0) AppleWebKit/537.36 (KHTML, like Gecko) Chrome/87.0.4280.88 Safari/537.36"
47.77.228.238 - - [27/Sep/2026:21:14:14 +0300] "GET /wp-content/themes/chumak_pro/js/script.js HTTP/2.0" 200 3924 "https://finofy.com/" "Mozilla/5.0 (Macintosh; Intel Mac OS X 11_0_0) AppleWebKit/537.36 (KHTML, like Gecko) Chrome/87.0.4280.88 Safari/537.36"
47.77.228.238 - - [27/Sep/2026:21:14:14 +0300] "GET /wp-content/themes/chumak_pro/js/tab.js HTTP/2.0" 200 5007 "https://finofy.com/" "Mozilla/5.0 (Macintosh; Intel Mac OS X 11_0_0) AppleWebKit/537.36 (KHTML, like Gecko) Chrome/87.0.4280.88 Safari/537.36"
47.77.228.238 - - [27/Sep/2026:21:14:14 +0300] "GET /wp-content/plugins/contact-form-7/includes/js/index.js?ver=6.1.7 HTTP/2.0" 200 13452 "https://finofy.com/" "Mozilla/5.0 (Macintosh; Intel Mac OS X 11_0_0) AppleWebKit/537.36 (KHTML, like Gecko) Chrome/87.0.4280.88 Safari/537.36"
47.77.228.238 - - [27/Sep/2026:21:14:14 +0300] "GET /wp-content/plugins/thirstyaffiliates/js/app/ta.js?ver=3.12.0 HTTP/2.0" 200 11200 "https://finofy.com/" "Mozilla/5.0 (Macintosh; Intel Mac OS X 11_0_0) AppleWebKit/537.36 (KHTML, like Gecko) Chrome/87.0.4280.88 Safari/537.36"
47.77.228.238 - - [27/Sep/2026:21:14:14 +0300] "GET /wp-content/themes/chumak_pro/js/jquery-3.3.1.min.js HTTP/2.0" 200 86927 "https://finofy.com/" "Mozilla/5.0 (Macintosh; Intel Mac OS X 11_0_0) AppleWebKit/537.36 (KHTML, like Gecko) Chrome/87.0.4280.88 Safari/537.36"
20.213.164.196 - - [27/Sep/2026:21:14:13 +0300] "GET / HTTP/1.1" 200 50422 "-" "-"
47.77.228.238 - - [27/Sep/2026:21:14:14 +0300] "GET /wp-content/themes/chumak_pro/js/jquery-ui.js HTTP/2.0" 200 539419 "https://finofy.com/" "Mozilla/5.0 (Macintosh; Intel Mac OS X 11_0_0) AppleWebKit/537.36 (KHTML, like Gecko) Chrome/87.0.4280.88 Safari/537.36"
47.77.228.238 - - [27/Sep/2026:21:14:17 +0300] "GET /wp-includes/js/twemoji.js?ver=7.1.2 HTTP/2.0" 200 37180 "https://finofy.com/" "Mozilla/5.0 (Macintosh; Intel Mac OS X 11_0_0) AppleWebKit/537.36 (KHTML, like Gecko) Chrome/87.0.4280.88 Safari/537.36"
47.77.228.238 - - [27/Sep/2026:21:14:17 +0300] "GET /wp-includes/js/wp-emoji.js?ver=7.1.2 HTTP/2.0" 200 8792 "https://finofy.com/" "Mozilla/5.0 (Macintosh; Intel Mac OS X 11_0_0) AppleWebKit/537.36 (KHTML, like Gecko) Chrome/87.0.4280.88 Safari/537.36"
20.213.164.196 - - [27/Sep/2026:21:14:18 +0300] "GET / HTTP/1.1" 301 - "-" "-"
111.7.96.157 - - [27/Sep/2026:21:14:19 +0300] "GET /favicon.ico HTTP/2.0" 302 - "-" "Mozilla/5.0 (Macintosh; Intel Mac OS X 10_15_7) AppleWebKit/537.36 (KHTML, like Gecko) Chrome/120.0.0.0 Safari/537.36"
20.213.164.196 - - [27/Sep/2026:21:14:20 +0300] "GET / HTTP/1.1" 200 50422 "-" "-"
111.7.96.157 - - [27/Sep/2026:21:14:21 +0300] "GET /wp-includes/images/w-logo-gray-white-bg.png HTTP/2.0" 200 3241 "https://finofy.com/favicon.ico" "Mozilla/5.0 (Macintosh; Intel Mac OS X 10_15_7) AppleWebKit/537.36 (KHTML, like Gecko) Chrome/120.0.0.0 Safari/537.36"
66.249.73.64 - - [27/Sep/2026:21:14:21 +0300] "GET /population/equipment/e6blk0zd0kzlvxg.shtml HTTP/1.1" 301 - "-" "Mozilla/5.0 (Linux; Android 6.0.1; Nexus 5X Build/MMB29P) AppleWebKit/537.36 (KHTML, like Gecko) Chrome/153.0.8010.52 Mobile Safari/537.36 (compatible; Googlebot/2.1; +http://www.google.com/bot.html)"
20.213.164.196 - - [27/Sep/2026:21:14:24 +0300] "GET / HTTP/1.1" 301 - "-" "-"
20.213.164.196 - - [27/Sep/2026:21:14:25 +0300] "GET / HTTP/1.1" 200 50422 "-" "-"
66.249.73.64 - - [27/Sep/2026:21:14:27 +0300] "GET /chart/craft/eshzq6506q5rs3m.shtml HTTP/1.1" 301 - "-" "Mozilla/5.0 (Linux; Android 6.0.1; Nexus 5X Build/MMB29P) AppleWebKit/537.36 (KHTML, like Gecko) Chrome/153.0.8010.52 Mobile Safari/537.36 (compatible; Googlebot/2.1; +http://www.google.com/bot.html)"
20.213.164.196 - - [27/Sep/2026:21:14:29 +0300] "GET / HTTP/1.1" 301 - "-" "-"
20.213.164.196 - - [27/Sep/2026:21:14:31 +0300] "GET / HTTP/1.1" 200 50422 "-" "-"
66.249.73.64 - - [27/Sep/2026:21:14:34 +0300] "GET /population/particle/eeih3v6bjf648sn.shtml HTTP/1.1" 301 - "-" "Mozilla/5.0 (Linux; Android 6.0.1; Nexus 5X Build/MMB29P) AppleWebKit/537.36 (KHTML, like Gecko) Chrome/153.0.8010.52 Mobile Safari/537.36 (compatible; Googlebot/2.1; +http://www.google.com/bot.html)"
20.213.164.196 - - [27/Sep/2026:21:14:35 +0300] "GET / HTTP/1.1" 301 - "-" "-"
66.249.73.64 - - [27/Sep/2026:21:14:35 +0300] "GET /aggregation/particle/ei3kogr240rpod8.shtml HTTP/1.1" 301 - "-" "Mozilla/5.0 (Linux; Android 6.0.1; Nexus 5X Build/MMB29P) AppleWebKit/537.36 (KHTML, like Gecko) Chrome/153.0.8010.52 Mobile Safari/537.36 (compatible; Googlebot/2.1; +http://www.google.com/bot.html)"
20.213.164.196 - - [27/Sep/2026:21:14:37 +0300] "GET / HTTP/1.1" 200 50422 "-" "-"
66.249.73.64 - - [27/Sep/2026:21:14:37 +0300] "GET /set/proceeds/fsbdk0zb09rpjd8.shtml HTTP/1.1" 301 - "-" "Mozilla/5.0 (Linux; Android 6.0.1; Nexus 5X Build/MMB29P) AppleWebKit/537.36 (KHTML, like Gecko) Chrome/153.0.8010.52 Mobile Safari/537.36 (compatible; Googlebot/2.1; +http://www.google.com/bot.html)"
66.249.73.64 - - [27/Sep/2026:21:14:39 +0300] "GET /caste/craft/fbza8onbocfd81w.shtml HTTP/1.1" 301 - "-" "Mozilla/5.0 (Linux; Android 6.0.1; Nexus 5X Build/MMB29P) AppleWebKit/537.36 (KHTML, like Gecko) Chrome/153.0.8010.52 Mobile Safari/537.36 (compatible; Googlebot/2.1; +http://www.google.com/bot.html)"
20.213.164.196 - - [27/Sep/2026:21:14:41 +0300] "GET / HTTP/1.1" 301 - "-" "-"
66.249.73.64 - - [27/Sep/2026:21:14:43 +0300] "GET /clique/package/epvtswje8gjt2t0.shtml HTTP/1.1" 301 - "-" "Mozilla/5.0 (Linux; Android 6.0.1; Nexus 5X Build/MMB29P) AppleWebKit/537.36 (KHTML, like Gecko) Chrome/153.0.8010.52 Mobile Safari/537.36 (compatible; Googlebot/2.1; +http://www.google.com/bot.html)"
20.213.164.196 - - [27/Sep/2026:21:14:45 +0300] "GET / HTTP/1.1" 200 50422 "-" "-"
66.249.73.64 - - [27/Sep/2026:21:14:49 +0300] "GET /design/example/eyab7bylnvy8i8f.shtml HTTP/1.1" 301 - "-" "Mozilla/5.0 (Linux; Android 6.0.1; Nexus 5X Build/MMB29P) AppleWebKit/537.36 (KHTML, like Gecko) Chrome/153.0.8010.52 Mobile Safari/537.36 (compatible; Googlebot/2.1; +http://www.google.com/bot.html)"
66.249.73.64 - - [27/Sep/2026:21:14:52 +0300] "GET /pod/element/fqzq8onbojfd51w.shtml HTTP/1.1" 301 - "-" "Mozilla/5.0 (Linux; Android 6.0.1; Nexus 5X Build/MMB29P) AppleWebKit/537.36 (KHTML, like Gecko) Chrome/153.0.8010.52 Mobile Safari/537.36 (compatible; Googlebot/2.1; +http://www.google.com/bot.html)"
20.213.164.196 - - [27/Sep/2026:21:14:53 +0300] "GET / HTTP/1.1" 301 - "-" "-"
66.249.73.64 - - [27/Sep/2026:21:14:54 +0300] "GET /ilk/ware/en2obrqsrbqcro7.shtml HTTP/1.1" 301 - "-" "Mozilla/5.0 (Linux; Android 6.0.1; Nexus 5X Build/MMB29P) AppleWebKit/537.36 (KHTML, like Gecko) Chrome/153.0.8010.52 Mobile Safari/537.36 (compatible; Googlebot/2.1; +http://www.google.com/bot.html)"
20.213.164.196 - - [27/Sep/2026:21:14:56 +0300] "GET / HTTP/1.1" 200 50422 "-" "-"
66.249.73.64 - - [27/Sep/2026:21:14:58 +0300] "GET /format/system/fj4t15sbhjwi0ud.shtml HTTP/1.1" 301 - "-" "Mozilla/5.0 (Linux; Android 6.0.1; Nexus 5X Build/MMB29P) AppleWebKit/537.36 (KHTML, like Gecko) Chrome/153.0.8010.52 Mobile Safari/537.36 (compatible; Googlebot/2.1; +http://www.google.com/bot.html)"
66.249.73.64 - - [27/Sep/2026:21:15:02 +0300] "GET /categorization/remnant/ew5seut1uetf9ra.shtml HTTP/1.1" 301 - "-" "Mozilla/5.0 (Linux; Android 6.0.1; Nexus 5X Build/MMB29P) AppleWebKit/537.36 (KHTML, like Gecko) Chrome/153.0.8010.52 Mobile Safari/537.36 (compatible; Googlebot/2.1; +http://www.google.com/bot.html)"
85.254.144.33 - - [27/Sep/2026:21:15:03 +0300] "POST /wp-cron.php?doing_wp_cron=1790532903.5461599826812744140625 HTTP/1.1" 200 - "-" "WordPress/7.1.2; https://finofy.com"
66.249.73.64 - - [27/Sep/2026:21:15:04 +0300] "GET /classification/construction/eyetn32s3n2oh0j.shtml HTTP/1.1" 301 - "-" "Mozilla/5.0 (Linux; Android 6.0.1; Nexus 5X Build/MMB29P) AppleWebKit/537.36 (KHTML, like Gecko) Chrome/153.0.8010.52 Mobile Safari/537.36 (compatible; Googlebot/2.1; +http://www.google.com/bot.html)"
66.249.73.64 - - [27/Sep/2026:21:15:06 +0300] "GET /design/subassembly/fbejn32b3uus5gb.shtml HTTP/1.1" 301 - "-" "Mozilla/5.0 (Linux; Android 6.0.1; Nexus 5X Build/MMB29P) AppleWebKit/537.36 (KHTML, like Gecko) Chrome/153.0.8010.52 Mobile Safari/537.36 (compatible; Googlebot/2.1; +http://www.google.com/bot.html)"
66.249.73.64 - - [27/Sep/2026:21:15:08 +0300] "GET /element/goods/ew6urjud73usagb.shtml HTTP/1.1" 301 - "-" "Mozilla/5.0 (Linux; Android 6.0.1; Nexus 5X Build/MMB29P) AppleWebKit/537.36 (KHTML, like Gecko) Chrome/153.0.8010.52 Mobile Safari/537.36 (compatible; Googlebot/2.1; +http://www.google.com/bot.html)"
66.249.73.64 - - [27/Sep/2026:21:15:10 +0300] "GET /union/batch/eugrdh4dt14ecel.shtml HTTP/1.1" 301 - "-" "Mozilla/5.0 (Linux; Android 6.0.1; Nexus 5X Build/MMB29P) AppleWebKit/537.36 (KHTML, like Gecko) Chrome/153.0.8010.52 Mobile Safari/537.36 (compatible; Googlebot/2.1; +http://www.google.com/bot.html)"
66.249.73.64 - - [27/Sep/2026:21:15:14 +0300] "GET /version/item/e5bpk0zr0kzlbxg.shtml HTTP/1.1" 301 - "-" "Mozilla/5.0 (Linux; Android 6.0.1; Nexus 5X Build/MMB29P) AppleWebKit/537.36 (KHTML, like Gecko) Chrome/153.0.8010.52 Mobile Safari/537.36 (compatible; GoogleOther)"
66.249.73.64 - - [27/Sep/2026:21:15:16 +0300] "GET /guild/edition/e9x9ialiyuljg72.shtml HTTP/1.1" 301 - "-" "Mozilla/5.0 (Linux; Android 6.0.1; Nexus 5X Build/MMB29P) AppleWebKit/537.36 (KHTML, like Gecko) Chrome/153.0.8010.52 Mobile Safari/537.36 (compatible; Googlebot/2.1; +http://www.google.com/bot.html)"
66.249.73.64 - - [27/Sep/2026:21:15:29 +0300] "GET /shoal/cargo/elh1q6596q5rf3m.shtml HTTP/1.1" 301 - "-" "Mozilla/5.0 (Linux; Android 6.0.1; Nexus 5X Build/MMB29P) AppleWebKit/537.36 (KHTML, like Gecko) Chrome/153.0.8010.52 Mobile Safari/537.36 (compatible; Googlebot/2.1; +http://www.google.com/bot.html)"
66.249.73.66 - - [27/Sep/2026:21:15:37 +0300] "GET /genus/proceeds/fg1vy2pbe1tfxra.shtml HTTP/1.1" 301 - "-" "Mozilla/5.0 (Linux; Android 6.0.1; Nexus 5X Build/MMB29P) AppleWebKit/537.36 (KHTML, like Gecko) Chrome/153.0.8010.52 Mobile Safari/537.36 (compatible; Googlebot/2.1; +http://www.google.com/bot.html)"
66.249.73.64 - - [27/Sep/2026:21:15:44 +0300] "GET /design/bundle/fmykvzmbb6qc3o7.shtml HTTP/1.1" 301 - "-" "Mozilla/5.0 (Linux; Android 6.0.1; Nexus 5X Build/MMB29P) AppleWebKit/537.36 (KHTML, like Gecko) Chrome/153.0.8010.52 Mobile Safari/537.36 (compatible; Googlebot/2.1; +http://www.google.com/bot.html)"
66.249.73.64 - - [27/Sep/2026:21:15:55 +0300] "GET /aggregation/particle/ei3kogr240rpod8.shtml HTTP/1.1" 301 - "-" "Mozilla/5.0 (Linux; Android 6.0.1; Nexus 5X Build/MMB29P) AppleWebKit/537.36 (KHTML, like Gecko) Chrome/153.0.8010.52 Mobile Safari/537.36 (compatible; Googlebot/2.1; +http://www.google.com/bot.html)"
66.249.73.64 - - [27/Sep/2026:21:16:03 +0300] "GET /array/section/fjqmzfebfs64jsn.shtml HTTP/1.1" 301 - "-" "Mozilla/5.0 (Linux; Android 6.0.1; Nexus 5X Build/MMB29P) AppleWebKit/537.36 (KHTML, like Gecko) Chrome/153.0.8010.52 Mobile Safari/537.36 (compatible; Googlebot/2.1; +http://www.google.com/bot.html)"
85.254.144.33 - - [27/Sep/2026:21:16:05 +0300] "POST /wp-cron.php?doing_wp_cron=1790532965.3352689743041992187500 HTTP/1.1" 200 - "-" "WordPress/7.1.2; https://finofy.com"
66.249.73.64 - - [27/Sep/2026:21:16:13 +0300] "GET /set/proceeds/fsbdk0zb09rpjd8.shtml HTTP/1.1" 301 - "-" "Mozilla/5.0 (Linux; Android 6.0.1; Nexus 5X Build/MMB29P) AppleWebKit/537.36 (KHTML, like Gecko) Chrome/153.0.8010.52 Mobile Safari/537.36 (compatible; Googlebot/2.1; +http://www.google.com/bot.html)"
66.249.73.64 - - [27/Sep/2026:21:16:27 +0300] "GET /caste/craft/fbza8onbocfd81w.shtml HTTP/1.1" 301 - "-" "Mozilla/5.0 (Linux; Android 6.0.1; Nexus 5X Build/MMB29P) AppleWebKit/537.36 (KHTML, like Gecko) Chrome/153.0.8010.52 Mobile Safari/537.36 (compatible; Googlebot/2.1; +http://www.google.com/bot.html)"
66.249.73.64 - - [27/Sep/2026:21:16:33 +0300] "GET /facet/detail/eb8ghxwxxhwi2ud.shtml HTTP/1.1" 301 - "-" "Mozilla/5.0 (Linux; Android 6.0.1; Nexus 5X Build/MMB29P) AppleWebKit/537.36 (KHTML, like Gecko) Chrome/153.0.8010.52 Mobile Safari/537.36 (compatible; Googlebot/2.1; +http://www.google.com/bot.html)"
66.249.73.64 - - [27/Sep/2026:21:16:46 +0300] "GET /design/example/eyab7bylnvy8i8f.shtml HTTP/1.1" 301 - "-" "Mozilla/5.0 (Linux; Android 6.0.1; Nexus 5X Build/MMB29P) AppleWebKit/537.36 (KHTML, like Gecko) Chrome/153.0.8010.52 Mobile Safari/537.36 (compatible; Googlebot/2.1; +http://www.google.com/bot.html)"
66.249.73.64 - - [27/Sep/2026:21:16:59 +0300] "GET /clique/package/epvtswje8gjt2t0.shtml HTTP/1.1" 301 - "-" "Mozilla/5.0 (Linux; Android 6.0.1; Nexus 5X Build/MMB29P) AppleWebKit/537.36 (KHTML, like Gecko) Chrome/153.0.8010.52 Mobile Safari/537.36 (compatible; Googlebot/2.1; +http://www.google.com/bot.html)"
85.254.144.33 - - [27/Sep/2026:21:17:00 +0300] "POST /wp-cron.php?doing_wp_cron=1790533020.9216101169586181640625 HTTP/1.1" 200 - "-" "WordPress/7.1.2; https://finofy.com"
66.249.73.64 - - [27/Sep/2026:21:17:15 +0300] "GET /genus/range/etclxp0dd90ymmh.shtml HTTP/1.1" 301 - "-" "Mozilla/5.0 (Linux; Android 6.0.1; Nexus 5X Build/MMB29P) AppleWebKit/537.36 (KHTML, like Gecko) Chrome/153.0.8010.52 Mobile Safari/537.36 (compatible; Googlebot/2.1; +http://www.google.com/bot.html)"
66.249.73.64 - - [27/Sep/2026:21:17:24 +0300] "GET /format/system/fj4t15sbhjwi0ud.shtml HTTP/1.1" 301 - "-" "Mozilla/5.0 (Linux; Android 6.0.1; Nexus 5X Build/MMB29P) AppleWebKit/537.36 (KHTML, like Gecko) Chrome/153.0.8010.52 Mobile Safari/537.36 (compatible; Googlebot/2.1; +http://www.google.com/bot.html)"
66.249.73.64 - - [27/Sep/2026:21:17:32 +0300] "GET /heading/release/eitc2ih3i2h33fy.shtml HTTP/1.1" 301 - "-" "Mozilla/5.0 (Linux; Android 6.0.1; Nexus 5X Build/MMB29P) AppleWebKit/537.36 (KHTML, like Gecko) Chrome/153.0.8010.52 Mobile Safari/537.36 (compatible; Googlebot/2.1; +http://www.google.com/bot.html)"
31.58.162.22 - - [27/Sep/2026:21:17:37 +0300] "GET /yytest/ HTTP/1.1" 301 - "-" "Mozilla/5.0 (compatible; Googlebot/2.1; +http://www.google.com/bot.html)"
138.229.96.224 - - [27/Sep/2026:21:17:37 +0300] "GET /yytest/ HTTP/1.1" 301 - "-" "Mozilla/5.0 (compatible; Googlebot/2.1; +http://www.google.com/bot.html)"
66.84.94.48 - - [27/Sep/2026:21:17:38 +0300] "GET /yytest/ HTTP/1.1" 301 - "-" "Mozilla/5.0 (compatible; Googlebot/2.1; +http://www.google.com/bot.html)"
31.58.162.22 - - [27/Sep/2026:21:17:39 +0300] "GET / HTTP/1.1" 301 - "https://finofy.com/yytest/" "Mozilla/5.0 (compatible; Googlebot/2.1; +http://www.google.com/bot.html)"
138.229.96.224 - - [27/Sep/2026:21:17:40 +0300] "GET / HTTP/1.1" 301 - "https://finofy.com/yytest/" "Mozilla/5.0 (compatible; Googlebot/2.1; +http://www.google.com/bot.html)"
31.58.162.22 - - [27/Sep/2026:21:17:41 +0300] "GET / HTTP/1.1" 200 50422 "https://www.finofy.com" "Mozilla/5.0 (compatible; Googlebot/2.1; +http://www.google.com/bot.html)"
66.84.94.48 - - [27/Sep/2026:21:17:41 +0300] "GET / HTTP/1.1" 301 - "https://finofy.com/yytest/" "Mozilla/5.0 (compatible; Googlebot/2.1; +http://www.google.com/bot.html)"
138.229.96.224 - - [27/Sep/2026:21:17:41 +0300] "GET / HTTP/1.1" 200 50422 "https://www.finofy.com" "Mozilla/5.0 (compatible; Googlebot/2.1; +http://www.google.com/bot.html)"
63.141.239.146 - - [27/Sep/2026:21:17:42 +0300] "GET /yytest/ HTTP/1.1" 301 - "-" "Mozilla/5.0 (compatible; Googlebot/2.1; +http://www.google.com/bot.html)"
63.141.239.146 - - [27/Sep/2026:21:17:44 +0300] "GET / HTTP/1.1" 301 - "https://finofy.com/yytest/" "Mozilla/5.0 (compatible; Googlebot/2.1; +http://www.google.com/bot.html)"
63.141.239.146 - - [27/Sep/2026:21:17:45 +0300] "GET / HTTP/1.1" 200 50422 "https://www.finofy.com" "Mozilla/5.0 (compatible; Googlebot/2.1; +http://www.google.com/bot.html)"
147.53.121.195 - - [27/Sep/2026:21:17:48 +0300] "POST / HTTP/1.1" 200 50422 "-" "Mozilla/5.0 (Windows NT 10.0; Win64; x64) AppleWebKit/537.36 (KHTML, like Gecko) Chrome/129.0.0.0 Safari/537.36"
141.164.89.160 - - [27/Sep/2026:21:17:48 +0300] "POST / HTTP/1.1" 200 50422 "-" "Mozilla/5.0 (Windows NT 10.0; Win64; x64) AppleWebKit/537.36 (KHTML, like Gecko) Chrome/129.0.0.0 Safari/537.36"
69.58.88.206 - - [27/Sep/2026:21:17:48 +0300] "POST / HTTP/1.1" 200 50422 "-" "Mozilla/5.0 (Windows NT 10.0; Win64; x64) AppleWebKit/537.36 (KHTML, like Gecko) Chrome/129.0.0.0 Safari/537.36"
45.131.195.139 - - [27/Sep/2026:21:17:51 +0300] "POST /wp-login.php HTTP/1.1" 200 9767 "-" "Mozilla/5.0 (Windows NT 10.0; Win64; rv:143.0) Gecko/20100101 Firefox/143.0"
45.131.195.125 - - [27/Sep/2026:21:17:51 +0300] "POST /wp-login.php HTTP/1.1" 200 9764 "-" "Mozilla/5.0 (Windows NT 10.0; Win64; x64) AppleWebKit/537.36 Chrome/129.0.0.0 Safari/537.36"
43.173.178.100 - - [27/Sep/2026:21:17:51 +0300] "GET /us/all-lenders/cashadvance HTTP/1.1" 301 - "-" "Mozilla/5.0 (Windows NT 10.0; Win64; x64) AppleWebKit/537.36 (KHTML, like Gecko) Chrome/116.0.0.0 Safari/537.36"
66.249.73.64 - - [27/Sep/2026:21:17:52 +0300] "GET /categorization/remnant/ew5seut1uetf9ra.shtml HTTP/1.1" 301 - "-" "Mozilla/5.0 (Linux; Android 6.0.1; Nexus 5X Build/MMB29P) AppleWebKit/537.36 (KHTML, like Gecko) Chrome/153.0.8010.52 Mobile Safari/537.36 (compatible; Googlebot/2.1; +http://www.google.com/bot.html)"
85.254.144.33 - - [27/Sep/2026:21:17:52 +0300] "POST /us/wp-cron.php?doing_wp_cron=1790533072.4801700115203857421875 HTTP/1.1" 200 - "-" "WordPress/7.1.2; https://finofy.com/us"
43.173.176.13 - - [27/Sep/2026:21:17:55 +0300] "GET /us/all-lenders/cashadvance/ HTTP/1.1" 200 63401 "-" "Mozilla/5.0 (Windows NT 10.0; Win64; x64) AppleWebKit/537.36 (KHTML, like Gecko) Chrome/116.0.0.0 Safari/537.36"
66.249.73.66 - - [27/Sep/2026:21:18:07 +0300] "GET /sorority/installment/ekon91cjplcayyt.shtml HTTP/1.1" 301 - "-" "Mozilla/5.0 (Linux; Android 6.0.1; Nexus 5X Build/MMB29P) AppleWebKit/537.36 (KHTML, like Gecko) Chrome/153.0.8010.52 Mobile Safari/537.36 (compatible; Googlebot/2.1; +http://www.google.com/bot.html)"
85.254.144.33 - - [27/Sep/2026:21:18:08 +0300] "POST /wp-cron.php?doing_wp_cron=1790533088.5364561080932617187500 HTTP/1.1" 200 - "-" "WordPress/7.1.2; https://finofy.com"
66.249.73.65 - - [27/Sep/2026:21:18:16 +0300] "GET /segment/utensil/flrcc4fbslv5p5c.shtml HTTP/1.1" 301 - "-" "Mozilla/5.0 (Linux; Android 6.0.1; Nexus 5X Build/MMB29P) AppleWebKit/537.36 (KHTML, like Gecko) Chrome/153.0.8010.52 Mobile Safari/537.36 (compatible; Googlebot/2.1; +http://www.google.com/bot.html)"
66.249.73.64 - - [27/Sep/2026:21:18:27 +0300] "GET /classification/construction/eyetn32s3n2oh0j.shtml HTTP/1.1" 301 - "-" "Mozilla/5.0 (Linux; Android 6.0.1; Nexus 5X Build/MMB29P) AppleWebKit/537.36 (KHTML, like Gecko) Chrome/153.0.8010.52 Mobile Safari/537.36 (compatible; Googlebot/2.1; +http://www.google.com/bot.html)"
66.249.73.64 - - [27/Sep/2026:21:18:35 +0300] "GET /taxon/article/eibuk0zx0kzlfxg.shtml HTTP/1.1" 301 - "-" "Mozilla/5.0 (Linux; Android 6.0.1; Nexus 5X Build/MMB29P) AppleWebKit/537.36 (KHTML, like Gecko) Chrome/153.0.8010.52 Mobile Safari/537.36 (compatible; Googlebot/2.1; +http://www.google.com/bot.html)"
66.249.73.64 - - [27/Sep/2026:21:18:44 +0300] "GET /union/batch/eugrdh4dt14ecel.shtml HTTP/1.1" 301 - "-" "Mozilla/5.0 (Linux; Android 6.0.1; Nexus 5X Build/MMB29P) AppleWebKit/537.36 (KHTML, like Gecko) Chrome/153.0.8010.52 Mobile Safari/537.36 (compatible; Googlebot/2.1; +http://www.google.com/bot.html)"
64.25.128.66 - - [27/Sep/2026:21:18:49 +0300] "POST /wp-login.php HTTP/1.1" 200 9774 "-" "Mozilla/5.0 (Windows NT 10.0; Win64; x64) AppleWebKit/537.43 (KHTML, like Gecko) Chrome/134.0.0.0 Safari/537.36 OPR/119.0.0.0"
37.139.53.166 - - [27/Sep/2026:21:18:54 +0300] "GET /us/all-lenders/upstart/ HTTP/1.0" 200 69324 "https://finofy.com/us/all-lenders/upstart/" "Mozilla/5.0 (Windows NT 10.0; Win64; x64) AppleWebKit/537.36 (KHTML, like Gecko) Chrome/130.0.0.0 Safari/537.36"
37.139.53.166 - - [27/Sep/2026:21:18:56 +0300] "GET /us/all-lenders/upstart/ HTTP/1.0" 200 69324 "https://finofy.com/us/all-lenders/upstart/" "Mozilla/5.0 (Windows NT 10.0; Win64; x64) AppleWebKit/537.36 (KHTML, like Gecko) Chrome/130.0.0.0 Safari/537.36"
85.254.144.33 - - [27/Sep/2026:21:18:56 +0300] "POST /us/wp-cron.php?doing_wp_cron=1790533136.5490889549255371093750 HTTP/1.1" 200 - "-" "WordPress/7.1.2; https://finofy.com/us"
37.139.53.166 - - [27/Sep/2026:21:18:56 +0300] "GET /us/blog/ HTTP/1.0" 200 65742 "https://finofy.com/us/blog/" "Mozilla/5.0 (Windows NT 10.0; Win64; x64) AppleWebKit/537.36 (KHTML, like Gecko) Chrome/130.0.0.0 Safari/537.36"
37.139.53.166 - - [27/Sep/2026:21:18:58 +0300] "GET /us/blog/ HTTP/1.0" 200 65742 "https://finofy.com/us/blog/" "Mozilla/5.0 (Windows NT 10.0; Win64; x64) AppleWebKit/537.36 (KHTML, like Gecko) Chrome/130.0.0.0 Safari/537.36"
37.139.53.166 - - [27/Sep/2026:21:18:59 +0300] "GET /us/blog/net-income/ HTTP/1.0" 200 88716 "https://finofy.com/us/blog/net-income/" "Mozilla/5.0 (Windows NT 10.0; Win64; x64) AppleWebKit/537.36 (KHTML, like Gecko) Chrome/130.0.0.0 Safari/537.36"
37.139.53.166 - - [27/Sep/2026:21:18:59 +0300] "GET /us/blog/net-income/ HTTP/1.0" 200 88716 "https://finofy.com/us/blog/net-income/" "Mozilla/5.0 (Windows NT 10.0; Win64; x64) AppleWebKit/537.36 (KHTML, like Gecko) Chrome/130.0.0.0 Safari/537.36"
66.249.73.65 - - [27/Sep/2026:21:19:00 +0300] "GET /design/subassembly/fbejn32b3uus5gb.shtml HTTP/1.1" 301 - "-" "Mozilla/5.0 (Linux; Android 6.0.1; Nexus 5X Build/MMB29P) AppleWebKit/537.36 (KHTML, like Gecko) Chrome/153.0.8010.52 Mobile Safari/537.36 (compatible; Googlebot/2.1; +http://www.google.com/bot.html)"
85.254.144.33 - - [27/Sep/2026:21:19:02 +0300] "POST /wp-cron.php?doing_wp_cron=1790533142.1913640499114990234375 HTTP/1.1" 200 - "-" "WordPress/7.1.2; https://finofy.com"
66.249.73.65 - - [27/Sep/2026:21:19:14 +0300] "GET /style/prototype/eeg2dh4ot14e7el.shtml HTTP/1.1" 301 - "-" "Mozilla/5.0 (Linux; Android 6.0.1; Nexus 5X Build/MMB29P) AppleWebKit/537.36 (KHTML, like Gecko) Chrome/153.0.8010.52 Mobile Safari/537.36 (compatible; Googlebot/2.1; +http://www.google.com/bot.html)"
43.157.98.187 - - [27/Sep/2026:21:19:17 +0300] "GET / HTTP/1.1" 200 50422 "http://www.finofy.com" "Mozilla/5.0 (iPhone; CPU iPhone OS 13_2_3 like Mac OS X) AppleWebKit/605.1.15 (KHTML, like Gecko) Version/13.0.3 Mobile/15E148 Safari/604.1"
66.249.73.66 - - [27/Sep/2026:21:20:18 +0300] "GET /denomination/consignment/e06qrjuk73us9gb.shtml HTTP/1.1" 301 - "-" "Mozilla/5.0 (Linux; Android 6.0.1; Nexus 5X Build/MMB29P) AppleWebKit/537.36 (KHTML, like Gecko) Chrome/153.0.8010.52 Mobile Safari/537.36 (compatible; Googlebot/2.1; +http://www.google.com/bot.html)"
85.254.144.33 - - [27/Sep/2026:21:20:20 +0300] "POST /wp-cron.php?doing_wp_cron=1790533220.2722599506378173828125 HTTP/1.1" 200 - "-" "WordPress/7.1.2; https://finofy.com"
66.249.73.66 - - [27/Sep/2026:21:21:10 +0300] "GET /bracket/system/e75deutjuetftra.shtml HTTP/1.1" 301 - "-" "Mozilla/5.0 (Linux; Android 6.0.1; Nexus 5X Build/MMB29P) AppleWebKit/537.36 (KHTML, like Gecko) Chrome/153.0.8010.52 Mobile Safari/537.36 (compatible; Googlebot/2.1; +http://www.google.com/bot.html)"
85.254.144.33 - - [27/Sep/2026:21:21:11 +0300] "POST /wp-cron.php?doing_wp_cron=1790533271.4335350990295410156250 HTTP/1.1" 200 - "-" "WordPress/7.1.2; https://finofy.com"
66.249.73.64 - - [27/Sep/2026:21:21:26 +0300] "GET /gamut/material/fdmajnabzse0fcv.shtml HTTP/1.1" 301 - "-" "Mozilla/5.0 (Linux; Android 6.0.1; Nexus 5X Build/MMB29P) AppleWebKit/537.36 (KHTML, like Gecko) Chrome/153.0.8010.52 Mobile Safari/537.36 (compatible; Googlebot/2.1; +http://www.google.com/bot.html)"
66.249.73.64 - - [27/Sep/2026:21:21:36 +0300] "GET /sorority/fragment/ek7g48vwksv5u5c.shtml HTTP/1.1" 301 - "-" "Mozilla/5.0 (Linux; Android 6.0.1; Nexus 5X Build/MMB29P) AppleWebKit/537.36 (KHTML, like Gecko) Chrome/153.0.8010.52 Mobile Safari/537.36 (compatible; Googlebot/2.1; +http://www.google.com/bot.html)"
66.249.73.65 - - [27/Sep/2026:21:21:47 +0300] "GET /hierarchy/pattern/ed7h48vbksv5z5c.shtml HTTP/1.1" 301 - "-" "Mozilla/5.0 (Linux; Android 6.0.1; Nexus 5X Build/MMB29P) AppleWebKit/537.36 (KHTML, like Gecko) Chrome/153.0.8010.52 Mobile Safari/537.36 (compatible; Googlebot/2.1; +http://www.google.com/bot.html)"
66.249.73.64 - - [27/Sep/2026:21:21:54 +0300] "GET /array/section/fjqmzfebfs64jsn.shtml HTTP/1.1" 301 - "-" "Mozilla/5.0 (Linux; Android 6.0.1; Nexus 5X Build/MMB29P) AppleWebKit/537.36 (KHTML, like Gecko) Chrome/153.0.8010.52 Mobile Safari/537.36 (compatible; Googlebot/2.1; +http://www.google.com/bot.html)"
66.249.73.66 - - [27/Sep/2026:21:22:05 +0300] "GET /community/mechanism/edal7by7nvy8a8f.shtml HTTP/1.1" 301 - "-" "Mozilla/5.0 (Linux; Android 6.0.1; Nexus 5X Build/MMB29P) AppleWebKit/537.36 (KHTML, like Gecko) Chrome/153.0.8010.52 Mobile Safari/537.36 (compatible; Googlebot/2.1; +http://www.google.com/bot.html)"
85.254.144.33 - - [27/Sep/2026:21:22:06 +0300] "POST /wp-cron.php?doing_wp_cron=1790533326.5698239803314208984375 HTTP/1.1" 200 - "-" "WordPress/7.1.2; https://finofy.com"
66.249.73.65 - - [27/Sep/2026:21:22:16 +0300] "GET /system/module/egdjae1iqy1bubi.shtml HTTP/1.1" 301 - "-" "Mozilla/5.0 (Linux; Android 6.0.1; Nexus 5X Build/MMB29P) AppleWebKit/537.36 (KHTML, like Gecko) Chrome/153.0.8010.52 Mobile Safari/537.36 (compatible; Googlebot/2.1; +http://www.google.com/bot.html)"
66.249.73.64 - - [27/Sep/2026:21:22:22 +0300] "GET /facet/detail/eb8ghxwxxhwi2ud.shtml HTTP/1.1" 301 - "-" "Mozilla/5.0 (Linux; Android 6.0.1; Nexus 5X Build/MMB29P) AppleWebKit/537.36 (KHTML, like Gecko) Chrome/153.0.8010.52 Mobile Safari/537.36 (compatible; Googlebot/2.1; +http://www.google.com/bot.html)"
66.249.73.64 - - [27/Sep/2026:21:22:36 +0300] "GET /typology/derivative/fqkrt98b9j0yemh.shtml HTTP/1.1" 301 - "-" "Mozilla/5.0 (Linux; Android 6.0.1; Nexus 5X Build/MMB29P) AppleWebKit/537.36 (KHTML, like Gecko) Chrome/153.0.8010.52 Mobile Safari/537.36 (compatible; Googlebot/2.1; +http://www.google.com/bot.html)"
66.249.73.64 - - [27/Sep/2026:21:22:45 +0300] "GET /genus/range/etclxp0dd90ymmh.shtml HTTP/1.1" 301 - "-" "Mozilla/5.0 (Linux; Android 6.0.1; Nexus 5X Build/MMB29P) AppleWebKit/537.36 (KHTML, like Gecko) Chrome/153.0.8010.52 Mobile Safari/537.36 (compatible; Googlebot/2.1; +http://www.google.com/bot.html)"
66.249.73.64 - - [27/Sep/2026:21:22:49 +0300] "GET /system/offshoot/e4fx0s3egc314pk.shtml HTTP/1.1" 301 - "-" "Mozilla/5.0 (Linux; Android 6.0.1; Nexus 5X Build/MMB29P) AppleWebKit/537.36 (KHTML, like Gecko) Chrome/153.0.8010.52 Mobile Safari/537.36 (compatible; Googlebot/2.1; +http://www.google.com/bot.html)"
66.249.73.64 - - [27/Sep/2026:21:22:56 +0300] "GET /heading/release/eitc2ih3i2h33fy.shtml HTTP/1.1" 301 - "-" "Mozilla/5.0 (Linux; Android 6.0.1; Nexus 5X Build/MMB29P) AppleWebKit/537.36 (KHTML, like Gecko) Chrome/153.0.8010.52 Mobile Safari/537.36 (compatible; Googlebot/2.1; +http://www.google.com/bot.html)"
66.249.73.65 - - [27/Sep/2026:21:23:04 +0300] "GET /demographic/gear/e7b7k0zp0kzl5xg.shtml HTTP/1.1" 301 - "-" "Mozilla/5.0 (Linux; Android 6.0.1; Nexus 5X Build/MMB29P) AppleWebKit/537.36 (KHTML, like Gecko) Chrome/153.0.8010.52 Mobile Safari/537.36 (compatible; Googlebot/2.1; +http://www.google.com/bot.html)"
85.254.144.33 - - [27/Sep/2026:21:23:06 +0300] "POST /wp-cron.php?doing_wp_cron=1790533386.2083640098571777343750 HTTP/1.1" 200 - "-" "WordPress/7.1.2; https://finofy.com"
66.249.73.65 - - [27/Sep/2026:21:23:14 +0300] "GET /segment/utensil/flrcc4fbslv5p5c.shtml HTTP/1.1" 301 - "-" "Mozilla/5.0 (Linux; Android 6.0.1; Nexus 5X Build/MMB29P) AppleWebKit/537.36 (KHTML, like Gecko) Chrome/153.0.8010.52 Mobile Safari/537.36 (compatible; Googlebot/2.1; +http://www.google.com/bot.html)"
66.249.73.64 - - [27/Sep/2026:21:23:19 +0300] "GET /swarm/fragment/e8b7k0z70kzlxxg.shtml HTTP/1.1" 301 - "-" "Mozilla/5.0 (Linux; Android 6.0.1; Nexus 5X Build/MMB29P) AppleWebKit/537.36 (KHTML, like Gecko) Chrome/153.0.8010.52 Mobile Safari/537.36 (compatible; Googlebot/2.1; +http://www.google.com/bot.html)"
66.249.73.64 - - [27/Sep/2026:21:23:20 +0300] "GET /taxon/article/eibuk0zx0kzlfxg.shtml HTTP/1.1" 301 - "-" "Mozilla/5.0 (Linux; Android 6.0.1; Nexus 5X Build/MMB29P) AppleWebKit/537.36 (KHTML, like Gecko) Chrome/153.0.8010.52 Mobile Safari/537.36 (compatible; Googlebot/2.1; +http://www.google.com/bot.html)"
66.249.73.64 - - [27/Sep/2026:21:23:23 +0300] "GET /framework/construction/f1al7bybnu2o90j.shtml HTTP/1.1" 301 - "-" "Mozilla/5.0 (Linux; Android 6.0.1; Nexus 5X Build/MMB29P) AppleWebKit/537.36 (KHTML, like Gecko) Chrome/153.0.8010.52 Mobile Safari/537.36 (compatible; Googlebot/2.1; +http://www.google.com/bot.html)"
66.249.73.64 - - [27/Sep/2026:21:23:32 +0300] "GET /bracket/composition/e7godh44t14epel.shtml HTTP/1.1" 301 - "-" "Mozilla/5.0 (Linux; Android 6.0.1; Nexus 5X Build/MMB29P) AppleWebKit/537.36 (KHTML, like Gecko) Chrome/153.0.8010.52 Mobile Safari/537.36 (compatible; Googlebot/2.1; +http://www.google.com/bot.html)"
66.249.73.64 - - [27/Sep/2026:21:23:34 +0300] "GET /population/resource/f0mojnabzme0ncv.shtml HTTP/1.1" 301 - "-" "Mozilla/5.0 (Linux; Android 6.0.1; Nexus 5X Build/MMB29P) AppleWebKit/537.36 (KHTML, like Gecko) Chrome/153.0.8010.52 Mobile Safari/537.36 (compatible; Googlebot/2.1; +http://www.google.com/bot.html)"
66.249.73.64 - - [27/Sep/2026:21:23:43 +0300] "GET /sorority/fragment/ek7g48vwksv5u5c.shtml HTTP/1.1" 301 - "-" "Mozilla/5.0 (Linux; Android 6.0.1; Nexus 5X Build/MMB29P) AppleWebKit/537.36 (KHTML, like Gecko) Chrome/153.0.8010.52 Mobile Safari/537.36 (compatible; Googlebot/2.1; +http://www.google.com/bot.html)"
66.249.73.64 - - [27/Sep/2026:21:23:47 +0300] "GET /sphere/asset/fbwd5lkblfcawyt.shtml HTTP/1.1" 301 - "-" "Mozilla/5.0 (Linux; Android 6.0.1; Nexus 5X Build/MMB29P) AppleWebKit/537.36 (KHTML, like Gecko) Chrome/153.0.8010.52 Mobile Safari/537.36 (compatible; Googlebot/2.1; +http://www.google.com/bot.html)"
66.249.73.64 - - [27/Sep/2026:21:23:51 +0300] "GET /quality/yield/eg8ohxw5xhwioud.shtml HTTP/1.1" 301 - "-" "Mozilla/5.0 (Linux; Android 6.0.1; Nexus 5X Build/MMB29P) AppleWebKit/537.36 (KHTML, like Gecko) Chrome/153.0.8010.52 Mobile Safari/537.36 (compatible; Googlebot/2.1; +http://www.google.com/bot.html)"
66.249.73.64 - - [27/Sep/2026:21:23:58 +0300] "GET /gamut/material/fdmajnabzse0fcv.shtml HTTP/1.1" 301 - "-" "Mozilla/5.0 (Linux; Android 6.0.1; Nexus 5X Build/MMB29P) AppleWebKit/537.36 (KHTML, like Gecko) Chrome/153.0.8010.52 Mobile Safari/537.36 (compatible; Googlebot/2.1; +http://www.google.com/bot.html)"
66.249.73.64 - - [27/Sep/2026:21:24:04 +0300] "GET /cultivar/outgrowth/etlr6y9fmi97lvq.shtml HTTP/1.1" 301 - "-" "Mozilla/5.0 (Linux; Android 6.0.1; Nexus 5X Build/MMB29P) AppleWebKit/537.36 (KHTML, like Gecko) Chrome/153.0.8010.52 Mobile Safari/537.36 (compatible; Googlebot/2.1; +http://www.google.com/bot.html)"
85.254.144.33 - - [27/Sep/2026:21:24:05 +0300] "POST /wp-cron.php?doing_wp_cron=1790533445.6195518970489501953125 HTTP/1.1" 200 - "-" "WordPress/7.1.2; https://finofy.com"
66.249.73.64 - - [27/Sep/2026:21:24:11 +0300] "GET /system/offshoot/e4fx0s3egc314pk.shtml HTTP/1.1" 301 - "-" "Mozilla/5.0 (Linux; Android 6.0.1; Nexus 5X Build/MMB29P) AppleWebKit/537.36 (KHTML, like Gecko) Chrome/153.0.8010.52 Mobile Safari/537.36 (compatible; Googlebot/2.1; +http://www.google.com/bot.html)"
66.249.73.64 - - [27/Sep/2026:21:24:19 +0300] "GET /unit/outgrowth/ftkkt98b9h0yemh.shtml HTTP/1.1" 301 - "-" "Mozilla/5.0 (Linux; Android 6.0.1; Nexus 5X Build/MMB29P) AppleWebKit/537.36 (KHTML, like Gecko) Chrome/153.0.8010.52 Mobile Safari/537.36 (compatible; Googlebot/2.1; +http://www.google.com/bot.html)"
66.249.73.64 - - [27/Sep/2026:21:24:21 +0300] "GET /kingdom/inventory/fjoo91cbpbs2829.shtml HTTP/1.1" 301 - "-" "Mozilla/5.0 (Linux; Android 6.0.1; Nexus 5X Build/MMB29P) AppleWebKit/537.36 (KHTML, like Gecko) Chrome/153.0.8010.52 Mobile Safari/537.36 (compatible; Googlebot/2.1; +http://www.google.com/bot.html)"
151.241.48.40 - - [27/Sep/2026:21:24:22 +0300] "GET /yytest/ HTTP/1.1" 301 - "-" "Mozilla/5.0 (compatible; Googlebot/2.1; +http://www.google.com/bot.html)"
158.62.222.197 - - [27/Sep/2026:21:24:22 +0300] "GET /yytest/ HTTP/1.1" 301 - "-" "Mozilla/5.0 (compatible; Googlebot/2.1; +http://www.google.com/bot.html)"
141.164.89.160 - - [27/Sep/2026:21:24:22 +0300] "GET /yytest/ HTTP/1.1" 301 - "-" "Mozilla/5.0 (compatible; Googlebot/2.1; +http://www.google.com/bot.html)"
151.241.48.40 - - [27/Sep/2026:21:24:24 +0300] "GET / HTTP/1.1" 301 - "https://finofy.com/yytest/" "Mozilla/5.0 (compatible; Googlebot/2.1; +http://www.google.com/bot.html)"
158.62.222.197 - - [27/Sep/2026:21:24:25 +0300] "GET / HTTP/1.1" 301 - "https://finofy.com/yytest/" "Mozilla/5.0 (compatible; Googlebot/2.1; +http://www.google.com/bot.html)"
141.164.89.160 - - [27/Sep/2026:21:24:25 +0300] "GET / HTTP/1.1" 301 - "https://finofy.com/yytest/" "Mozilla/5.0 (compatible; Googlebot/2.1; +http://www.google.com/bot.html)"
151.241.48.40 - - [27/Sep/2026:21:24:25 +0300] "GET / HTTP/1.1" 200 50422 "https://www.finofy.com" "Mozilla/5.0 (compatible; Googlebot/2.1; +http://www.google.com/bot.html)"
63.141.239.146 - - [27/Sep/2026:21:24:27 +0300] "GET /yytest/ HTTP/1.1" 301 - "-" "Mozilla/5.0 (compatible; Googlebot/2.1; +http://www.google.com/bot.html)"
66.249.73.64 - - [27/Sep/2026:21:24:27 +0300] "GET /union/class/eepxmqdy2adnqnu.shtml HTTP/1.1" 301 - "-" "Mozilla/5.0 (Linux; Android 6.0.1; Nexus 5X Build/MMB29P) AppleWebKit/537.36 (KHTML, like Gecko) Chrome/153.0.8010.52 Mobile Safari/537.36 (compatible; Googlebot/2.1; +http://www.google.com/bot.html)"
63.141.239.146 - - [27/Sep/2026:21:24:29 +0300] "GET / HTTP/1.1" 301 - "https://finofy.com/yytest/" "Mozilla/5.0 (compatible; Googlebot/2.1; +http://www.google.com/bot.html)"
63.141.239.146 - - [27/Sep/2026:21:24:31 +0300] "GET / HTTP/1.1" 200 50422 "https://www.finofy.com" "Mozilla/5.0 (compatible; Googlebot/2.1; +http://www.google.com/bot.html)"
31.58.166.21 - - [27/Sep/2026:21:24:33 +0300] "POST / HTTP/1.1" 200 50422 "-" "Mozilla/5.0 (iPhone; CPU iPhone OS 17_0 like Mac OS X) AppleWebKit/605.1.15 (KHTML, like Gecko) Version/17.0 Mobile/15E148 Safari/604.1"
66.84.94.48 - - [27/Sep/2026:21:24:34 +0300] "POST / HTTP/1.1" 200 50422 "-" "Mozilla/5.0 (iPhone; CPU iPhone OS 17_0 like Mac OS X) AppleWebKit/605.1.15 (KHTML, like Gecko) Version/17.0 Mobile/15E148 Safari/604.1"
168.91.42.232 - - [27/Sep/2026:21:24:34 +0300] "POST / HTTP/1.1" 200 50422 "-" "Mozilla/5.0 (iPhone; CPU iPhone OS 17_0 like Mac OS X) AppleWebKit/605.1.15 (KHTML, like Gecko) Version/17.0 Mobile/15E148 Safari/604.1"
66.249.73.64 - - [27/Sep/2026:21:24:46 +0300] "GET /clade/goods/f8rqc4fbsgv5i5c.shtml HTTP/1.1" 301 - "-" "Mozilla/5.0 (Linux; Android 6.0.1; Nexus 5X Build/MMB29P) AppleWebKit/537.36 (KHTML, like Gecko) Chrome/153.0.8010.52 Mobile Safari/537.36 (compatible; Googlebot/2.1; +http://www.google.com/bot.html)"
66.249.73.64 - - [27/Sep/2026:21:24:55 +0300] "GET /territory/consequence/ee7048vsksv525c.shtml HTTP/1.1" 301 - "-" "Mozilla/5.0 (Linux; Android 6.0.1; Nexus 5X Build/MMB29P) AppleWebKit/537.36 (KHTML, like Gecko) Chrome/153.0.8010.52 Mobile Safari/537.36 (compatible; Googlebot/2.1; +http://www.google.com/bot.html)"
66.249.73.64 - - [27/Sep/2026:21:24:59 +0300] "GET /taxon/career/eaar7bygnvy8p8f.shtml HTTP/1.1" 301 - "-" "Mozilla/5.0 (Linux; Android 6.0.1; Nexus 5X Build/MMB29P) AppleWebKit/537.36 (KHTML, like Gecko) Chrome/153.0.8010.52 Mobile Safari/537.36 (compatible; Googlebot/2.1; +http://www.google.com/bot.html)"
66.249.73.64 - - [27/Sep/2026:21:25:14 +0300] "GET /swarm/fragment/e8b7k0z70kzlxxg.shtml HTTP/1.1" 301 - "-" "Mozilla/5.0 (Linux; Android 6.0.1; Nexus 5X Build/MMB29P) AppleWebKit/537.36 (KHTML, like Gecko) Chrome/153.0.8010.52 Mobile Safari/537.36 (compatible; Googlebot/2.1; +http://www.google.com/bot.html)"
85.254.144.33 - - [27/Sep/2026:21:25:15 +0300] "POST /wp-cron.php?doing_wp_cron=1790533515.8552238941192626953125 HTTP/1.1" 200 - "-" "WordPress/7.1.2; https://finofy.com"
66.249.73.64 - - [27/Sep/2026:21:25:22 +0300] "GET /table/ware/e7e3n32n3n2ou0j.shtml HTTP/1.1" 301 - "-" "Mozilla/5.0 (Linux; Android 6.0.1; Nexus 5X Build/MMB29P) AppleWebKit/537.36 (KHTML, like Gecko) Chrome/153.0.8010.52 Mobile Safari/537.36 (compatible; Googlebot/2.1; +http://www.google.com/bot.html)"
66.249.73.64 - - [27/Sep/2026:21:25:24 +0300] "GET /feature/parcel/eswl5lk9l5k64i1.shtml HTTP/1.1" 301 - "-" "Mozilla/5.0 (Linux; Android 6.0.1; Nexus 5X Build/MMB29P) AppleWebKit/537.36 (KHTML, like Gecko) Chrome/153.0.8010.52 Mobile Safari/537.36 (compatible; Googlebot/2.1; +http://www.google.com/bot.html)"
66.249.73.64 - - [27/Sep/2026:21:25:35 +0300] "GET /framework/construction/f1al7bybnu2o90j.shtml HTTP/1.1" 301 - "-" "Mozilla/5.0 (Linux; Android 6.0.1; Nexus 5X Build/MMB29P) AppleWebKit/537.36 (KHTML, like Gecko) Chrome/153.0.8010.52 Mobile Safari/537.36 (compatible; Googlebot/2.1; +http://www.google.com/bot.html)"
66.249.73.64 - - [27/Sep/2026:21:25:42 +0300] "GET /chapter/proceeds/e90yldof1xom4a5.shtml HTTP/1.1" 301 - "-" "Mozilla/5.0 (Linux; Android 6.0.1; Nexus 5X Build/MMB29P) AppleWebKit/537.36 (KHTML, like Gecko) Chrome/153.0.8010.52 Mobile Safari/537.36 (compatible; Googlebot/2.1; +http://www.google.com/bot.html)"
66.249.73.64 - - [27/Sep/2026:21:25:48 +0300] "GET /property/assortment/eju0f7ikvrigv4z.shtml HTTP/1.1" 301 - "-" "Mozilla/5.0 (Linux; Android 6.0.1; Nexus 5X Build/MMB29P) AppleWebKit/537.36 (KHTML, like Gecko) Chrome/153.0.8010.52 Mobile Safari/537.36 (compatible; Googlebot/2.1; +http://www.google.com/bot.html)"
66.249.73.64 - - [27/Sep/2026:21:25:56 +0300] "GET /roster/abtameru/etzo8onto8n9pl4.shtml HTTP/1.1" 301 - "-" "Mozilla/5.0 (Linux; Android 6.0.1; Nexus 5X Build/MMB29P) AppleWebKit/537.36 (KHTML, like Gecko) Chrome/153.0.8010.52 Mobile Safari/537.36 (compatible; Googlebot/2.1; +http://www.google.com/bot.html)"
66.249.73.64 - - [27/Sep/2026:21:26:04 +0300] "GET /population/resource/f0mojnabzme0ncv.shtml HTTP/1.1" 301 - "-" "Mozilla/5.0 (Linux; Android 6.0.1; Nexus 5X Build/MMB29P) AppleWebKit/537.36 (KHTML, like Gecko) Chrome/153.0.8010.52 Mobile Safari/537.36 (compatible; Googlebot/2.1; +http://www.google.com/bot.html)"
