188.120.97.109 - - [27/Sep/2026:22:05:41 +0300] "POST /xmlrpc.php HTTP/1.1" 200 403 "-" "Jetpack/12.0; WordPress/6.1; http://site84914630.com"
66.249.73.64 - - [27/Sep/2026:22:05:46 +0300] "GET /union/bundle/ei5neutjuetfjra.shtml HTTP/1.1" 301 - "-" "Mozilla/5.0 (Linux; Android 6.0.1; Nexus 5X Build/MMB29P) AppleWebKit/537.36 (KHTML, like Gecko) Chrome/153.0.8010.52 Mobile Safari/537.36 (compatible; Googlebot/2.1; +http://www.google.com/bot.html)"
188.120.97.109 - - [27/Sep/2026:22:05:52 +0300] "POST /xmlrpc.php HTTP/1.1" 200 403 "-" "Jetpack/13.0; WordPress/6.3; http://site67364912.com"
66.249.73.64 - - [27/Sep/2026:22:05:53 +0300] "GET /family/abhelp/f2vbswjb8cn9yl4.shtml HTTP/1.1" 301 - "-" "Mozilla/5.0 (Linux; Android 6.0.1; Nexus 5X Build/MMB29P) AppleWebKit/537.36 (KHTML, like Gecko) Chrome/153.0.8010.52 Mobile Safari/537.36 (compatible; Googlebot/2.1; +http://www.google.com/bot.html)"
188.120.97.109 - - [27/Sep/2026:22:06:03 +0300] "POST /xmlrpc.php HTTP/1.1" 200 403 "-" "Jetpack/12.0; WordPress/6.4; http://site51486942.com"
85.254.144.33 - - [27/Sep/2026:22:06:04 +0300] "POST /wp-cron.php?doing_wp_cron=1790535964.3066089153289794921875 HTTP/1.1" 200 - "-" "WordPress/7.1.2; https://finofy.com"
188.120.97.109 - - [27/Sep/2026:22:06:13 +0300] "POST /xmlrpc.php HTTP/1.1" 200 403 "-" "WordPress.com; https://wordpress.com"
66.249.73.65 - - [27/Sep/2026:22:06:19 +0300] "GET /facet/fort-rules/erslptgb5dgq4qx.shtml HTTP/1.1" 301 - "-" "Mozilla/5.0 (Linux; Android 6.0.1; Nexus 5X Build/MMB29P) AppleWebKit/537.36 (KHTML, like Gecko) Chrome/153.0.8010.52 Mobile Safari/537.36 (compatible; Googlebot/2.1; +http://www.google.com/bot.html)"
188.120.97.109 - - [27/Sep/2026:22:06:24 +0300] "POST /xmlrpc.php HTTP/1.1" 200 403 "-" "Jetpack/12.1; WordPress/6.1; http://site10563031.com"
66.249.73.65 - - [27/Sep/2026:22:06:27 +0300] "GET /conglomeration/commodity/er32ogro40rp4d8.shtml HTTP/1.1" 301 - "-" "Mozilla/5.0 (Linux; Android 6.0.1; Nexus 5X Build/MMB29P) AppleWebKit/537.36 (KHTML, like Gecko) Chrome/153.0.8010.52 Mobile Safari/537.36 (compatible; Googlebot/2.1; +http://www.google.com/bot.html)"
188.120.97.109 - - [27/Sep/2026:22:06:34 +0300] "POST /xmlrpc.php HTTP/1.1" 200 403 "-" "Jetpack by WordPress.com"
66.249.73.64 - - [27/Sep/2026:22:06:36 +0300] "GET /segment/sample/elhvq6536q5r93m.shtml HTTP/1.1" 301 - "-" "Mozilla/5.0 (Linux; Android 6.0.1; Nexus 5X Build/MMB29P) AppleWebKit/537.36 (KHTML, like Gecko) Chrome/153.0.8010.52 Mobile Safari/537.36 (compatible; Googlebot/2.1; +http://www.google.com/bot.html)"
66.249.73.64 - - [27/Sep/2026:22:06:45 +0300] "GET /factor/range/ety9vzmkbjmw3w3.shtml HTTP/1.1" 301 - "-" "Mozilla/5.0 (Linux; Android 6.0.1; Nexus 5X Build/MMB29P) AppleWebKit/537.36 (KHTML, like Gecko) Chrome/153.0.8010.52 Mobile Safari/537.36 (compatible; Googlebot/2.1; +http://www.google.com/bot.html)"
188.120.97.109 - - [27/Sep/2026:22:06:45 +0300] "POST /xmlrpc.php HTTP/1.1" 200 403 "-" "WordPress.com; https://wordpress.com"
66.249.73.64 - - [27/Sep/2026:22:06:51 +0300] "GET /aggregation/class/e27y48vdksv5z5c.shtml HTTP/1.1" 301 - "-" "Mozilla/5.0 (Linux; Android 6.0.1; Nexus 5X Build/MMB29P) AppleWebKit/537.36 (KHTML, like Gecko) Chrome/153.0.8010.52 Mobile Safari/537.36 (compatible; Googlebot/2.1; +http://www.google.com/bot.html)"
188.120.97.109 - - [27/Sep/2026:22:06:56 +0300] "POST /xmlrpc.php HTTP/1.1" 200 403 "-" "Jetpack/12.1; WordPress/6.4; http://site67417215.com"
66.249.73.65 - - [27/Sep/2026:22:07:01 +0300] "GET /compilation/offshoot/fdhvq65b64xvmje.shtml HTTP/1.1" 301 - "-" "Mozilla/5.0 (Linux; Android 6.0.1; Nexus 5X Build/MMB29P) AppleWebKit/537.36 (KHTML, like Gecko) Chrome/153.0.8010.52 Mobile Safari/537.36 (compatible; Googlebot/2.1; +http://www.google.com/bot.html)"
85.254.144.33 - - [27/Sep/2026:22:07:03 +0300] "POST /wp-cron.php?doing_wp_cron=1790536023.0650188922882080078125 HTTP/1.1" 200 - "-" "WordPress/7.1.2; https://finofy.com"
188.120.97.109 - - [27/Sep/2026:22:07:06 +0300] "POST /xmlrpc.php HTTP/1.1" 200 403 "-" "Jetpack/12.5; WordPress/6.1; http://site87925642.com"
188.120.97.109 - - [27/Sep/2026:22:07:17 +0300] "POST /xmlrpc.php HTTP/1.1" 200 403 "-" "Jetpack by WordPress.com (Jetpack 12.5; WordPress 6.1)"
66.249.73.65 - - [27/Sep/2026:22:07:17 +0300] "GET /organization/production/f4za8onbo3fd11w.shtml HTTP/1.1" 301 - "-" "Mozilla/5.0 (Linux; Android 6.0.1; Nexus 5X Build/MMB29P) AppleWebKit/537.36 (KHTML, like Gecko) Chrome/153.0.8010.52 Mobile Safari/537.36 (compatible; Googlebot/2.1; +http://www.google.com/bot.html)"
66.249.73.65 - - [27/Sep/2026:22:07:19 +0300] "GET /graph/lot/e9qazfehfze08cv.shtml HTTP/1.1" 301 - "-" "Mozilla/5.0 (Linux; Android 6.0.1; Nexus 5X Build/MMB29P) AppleWebKit/537.36 (KHTML, like Gecko) Chrome/153.0.8010.52 Mobile Safari/537.36 (compatible; Googlebot/2.1; +http://www.google.com/bot.html)"
188.120.97.109 - - [27/Sep/2026:22:07:27 +0300] "POST /xmlrpc.php HTTP/1.1" 200 403 "-" "Jetpack by WordPress.com"
188.120.97.109 - - [27/Sep/2026:22:07:38 +0300] "POST /xmlrpc.php HTTP/1.1" 200 403 "-" "WordPress.com; https://wordpress.com"
66.249.73.64 - - [27/Sep/2026:22:07:45 +0300] "GET /roster/label/f25ieutbu5lj572.shtml HTTP/1.1" 301 - "-" "Mozilla/5.0 (Linux; Android 6.0.1; Nexus 5X Build/MMB29P) AppleWebKit/537.36 (KHTML, like Gecko) Chrome/153.0.8010.52 Mobile Safari/537.36 (compatible; Googlebot/2.1; +http://www.google.com/bot.html)"
188.120.97.109 - - [27/Sep/2026:22:07:49 +0300] "POST /xmlrpc.php HTTP/1.1" 200 403 "-" "Jetpack by WordPress.com (Jetpack 12.0; WordPress 6.4)"
188.120.97.109 - - [27/Sep/2026:22:08:00 +0300] "POST /xmlrpc.php HTTP/1.1" 200 403 "-" "WordPress.com; https://wordpress.com"
188.120.97.109 - - [27/Sep/2026:22:08:10 +0300] "POST /xmlrpc.php HTTP/1.1" 200 403 "-" "Jetpack by WordPress.com"
85.254.144.33 - - [27/Sep/2026:22:08:12 +0300] "POST /wp-cron.php?doing_wp_cron=1790536092.3007860183715820312500 HTTP/1.1" 200 - "-" "WordPress/7.1.2; https://finofy.com"
66.249.73.64 - - [27/Sep/2026:22:08:18 +0300] "GET /branch/element/fdqszfebf364asn.shtml HTTP/1.1" 301 - "-" "Mozilla/5.0 (Linux; Android 6.0.1; Nexus 5X Build/MMB29P) AppleWebKit/537.36 (KHTML, like Gecko) Chrome/153.0.8010.52 Mobile Safari/537.36 (compatible; Googlebot/2.1; +http://www.google.com/bot.html)"
188.120.97.109 - - [27/Sep/2026:22:08:21 +0300] "POST /xmlrpc.php HTTP/1.1" 200 403 "-" "Jetpack/12.0; WordPress/6.1; http://site70069600.com"
170.199.229.178 - - [27/Sep/2026:22:08:22 +0300] "GET /yytest/ HTTP/1.1" 301 - "-" "Mozilla/5.0 (compatible; Googlebot/2.1; +http://www.google.com/bot.html)"
158.62.222.197 - - [27/Sep/2026:22:08:23 +0300] "GET /yytest/ HTTP/1.1" 301 - "-" "Mozilla/5.0 (compatible; Googlebot/2.1; +http://www.google.com/bot.html)"
141.164.89.160 - - [27/Sep/2026:22:08:23 +0300] "GET /yytest/ HTTP/1.1" 301 - "-" "Mozilla/5.0 (compatible; Googlebot/2.1; +http://www.google.com/bot.html)"
66.249.73.65 - - [27/Sep/2026:22:08:25 +0300] "GET /coterie/career/eietn32r3n2oo0j.shtml HTTP/1.1" 301 - "-" "Mozilla/5.0 (Linux; Android 6.0.1; Nexus 5X Build/MMB29P) AppleWebKit/537.36 (KHTML, like Gecko) Chrome/153.0.8010.52 Mobile Safari/537.36 (compatible; Googlebot/2.1; +http://www.google.com/bot.html)"
170.199.229.178 - - [27/Sep/2026:22:08:25 +0300] "GET / HTTP/1.1" 301 - "https://finofy.com/yytest/" "Mozilla/5.0 (compatible; Googlebot/2.1; +http://www.google.com/bot.html)"
141.164.89.160 - - [27/Sep/2026:22:08:25 +0300] "GET / HTTP/1.1" 301 - "https://finofy.com/yytest/" "Mozilla/5.0 (compatible; Googlebot/2.1; +http://www.google.com/bot.html)"
158.62.222.197 - - [27/Sep/2026:22:08:25 +0300] "GET / HTTP/1.1" 301 - "https://finofy.com/yytest/" "Mozilla/5.0 (compatible; Googlebot/2.1; +http://www.google.com/bot.html)"
63.141.239.146 - - [27/Sep/2026:22:08:27 +0300] "GET /yytest/ HTTP/1.1" 301 - "-" "Mozilla/5.0 (compatible; Googlebot/2.1; +http://www.google.com/bot.html)"
63.141.239.146 - - [27/Sep/2026:22:08:29 +0300] "GET / HTTP/1.1" 301 - "https://finofy.com/yytest/" "Mozilla/5.0 (compatible; Googlebot/2.1; +http://www.google.com/bot.html)"
63.141.239.146 - - [27/Sep/2026:22:08:30 +0300] "GET / HTTP/1.1" 200 50422 "https://www.finofy.com" "Mozilla/5.0 (compatible; Googlebot/2.1; +http://www.google.com/bot.html)"
188.120.97.109 - - [27/Sep/2026:22:08:32 +0300] "POST /xmlrpc.php HTTP/1.1" 200 403 "-" "Jetpack by WordPress.com (Jetpack 13.0; WordPress 6.4)"
66.84.94.48 - - [27/Sep/2026:22:08:33 +0300] "POST / HTTP/1.1" 200 50422 "-" "Mozilla/5.0 (Linux; Android 12; Pixel 6) AppleWebKit/537.36 (KHTML, like Gecko) Chrome/129.0.0.0 Mobile Safari/537.36"
69.58.88.206 - - [27/Sep/2026:22:08:33 +0300] "POST / HTTP/1.1" 200 50422 "-" "Mozilla/5.0 (Linux; Android 12; Pixel 6) AppleWebKit/537.36 (KHTML, like Gecko) Chrome/129.0.0.0 Mobile Safari/537.36"
168.91.42.232 - - [27/Sep/2026:22:08:33 +0300] "POST / HTTP/1.1" 200 50422 "-" "Mozilla/5.0 (Linux; Android 12; Pixel 6) AppleWebKit/537.36 (KHTML, like Gecko) Chrome/129.0.0.0 Mobile Safari/537.36"
66.249.73.64 - - [27/Sep/2026:22:08:37 +0300] "GET /matrix/work/eqsaptgm5dgqhqx.shtml HTTP/1.1" 301 - "-" "Mozilla/5.0 (Linux; Android 6.0.1; Nexus 5X Build/MMB29P) AppleWebKit/537.36 (KHTML, like Gecko) Chrome/153.0.8010.52 Mobile Safari/537.36 (compatible; Googlebot/2.1; +http://www.google.com/bot.html)"
188.120.97.109 - - [27/Sep/2026:22:08:42 +0300] "POST /xmlrpc.php HTTP/1.1" 200 403 "-" "WordPress.com; https://wordpress.com"
45.138.12.46 - - [27/Sep/2026:22:08:47 +0300] "GET / HTTP/1.1" 503 - "-" "Mozilla/5.0 (Windows NT 10.0; Win64; x64) AppleWebKit/537.36 (KHTML, like Gecko) Chrome/126.0.0.0 Safari/537.36"
45.138.12.46 - - [27/Sep/2026:22:08:47 +0300] "GET /wp-content/plugins/web-to-print-online-designer/readme.txt HTTP/1.1" 503 - "-" "Mozilla/5.0 (Windows NT 10.0; Win64; x64) AppleWebKit/537.36 (KHTML, like Gecko) Chrome/126.0.0.0 Safari/537.36 Edg/126.0.0.0"
157.245.172.146 - - [27/Sep/2026:22:08:47 +0300] "HEAD / HTTP/2.0" 301 - "http://www.finofy.com/backup/" "Mozilla/5.0 (Linux; Android 13; Infinix X688B) AppleWebKit/537.36 (KHTML, like Gecko) Chrome/124.0.6367.48 Mobile Safari/537.36"
66.249.73.64 - - [27/Sep/2026:22:08:48 +0300] "GET /class/bit/eham7bygnvy8b8f.shtml HTTP/1.1" 301 - "-" "Mozilla/5.0 (Linux; Android 6.0.1; Nexus 5X Build/MMB29P) AppleWebKit/537.36 (KHTML, like Gecko) Chrome/153.0.8010.52 Mobile Safari/537.36 (compatible; Googlebot/2.1; +http://www.google.com/bot.html)"
157.245.172.146 - - [27/Sep/2026:22:08:50 +0300] "HEAD / HTTP/2.0" 200 - "https://www.finofy.com/" "Mozilla/5.0 (Linux; Android 13; Infinix X688B) AppleWebKit/537.36 (KHTML, like Gecko) Chrome/124.0.6367.48 Mobile Safari/537.36"
157.245.172.146 - - [27/Sep/2026:22:08:52 +0300] "HEAD / HTTP/2.0" 301 - "http://www.finofy.com/news/" "Mozilla/5.0 (Linux; Android 12; TECNO CK6n) AppleWebKit/537.36 (KHTML, like Gecko) Chrome/125.0.6422.50 Mobile Safari/537.36"
188.120.97.109 - - [27/Sep/2026:22:08:53 +0300] "POST /xmlrpc.php HTTP/1.1" 200 403 "-" "Jetpack/12.1; WordPress/6.1; http://site88427494.com"
157.245.172.146 - - [27/Sep/2026:22:08:54 +0300] "HEAD / HTTP/2.0" 200 - "https://www.finofy.com/" "Mozilla/5.0 (Linux; Android 12; TECNO CK6n) AppleWebKit/537.36 (KHTML, like Gecko) Chrome/125.0.6422.50 Mobile Safari/537.36"
66.249.73.64 - - [27/Sep/2026:22:08:55 +0300] "GET /sort/line/fx1oy2pbewtf2ra.shtml HTTP/1.1" 301 - "-" "Mozilla/5.0 (Linux; Android 6.0.1; Nexus 5X Build/MMB29P) AppleWebKit/537.36 (KHTML, like Gecko) Chrome/153.0.8010.52 Mobile Safari/537.36 (compatible; Googlebot/2.1; +http://www.google.com/bot.html)"
157.245.172.146 - - [27/Sep/2026:22:08:57 +0300] "HEAD / HTTP/2.0" 301 - "http://www.finofy.com/site1/" "Mozilla/5.0 (X11; Fedora; Linux x86_64; rv:125.0) Gecko/20100101 Firefox/125.0"
157.245.172.146 - - [27/Sep/2026:22:08:59 +0300] "HEAD / HTTP/2.0" 200 - "https://www.finofy.com/" "Mozilla/5.0 (X11; Fedora; Linux x86_64; rv:125.0) Gecko/20100101 Firefox/125.0"
157.245.172.146 - - [27/Sep/2026:22:09:02 +0300] "HEAD / HTTP/2.0" 301 - "http://www.finofy.com/en/" "Mozilla/5.0 (Windows NT 10.0; Win64; x64) AppleWebKit/537.36 (KHTML, like Gecko) Chrome/127.0.6534.42 Safari/537.36"
66.249.73.66 - - [27/Sep/2026:22:09:03 +0300] "GET /unit/apparatus/edly6y9umi978vq.shtml HTTP/1.1" 301 - "-" "Mozilla/5.0 (Linux; Android 6.0.1; Nexus 5X Build/MMB29P) AppleWebKit/537.36 (KHTML, like Gecko) Chrome/153.0.8010.52 Mobile Safari/537.36 (compatible; Googlebot/2.1; +http://www.google.com/bot.html)"
85.254.144.33 - - [27/Sep/2026:22:09:03 +0300] "POST /wp-cron.php?doing_wp_cron=1790536143.6100919246673583984375 HTTP/1.1" 200 - "-" "WordPress/7.1.2; https://finofy.com"
188.120.97.109 - - [27/Sep/2026:22:09:04 +0300] "POST /xmlrpc.php HTTP/1.1" 200 403 "-" "Jetpack by WordPress.com"
157.245.172.146 - - [27/Sep/2026:22:09:04 +0300] "HEAD / HTTP/2.0" 200 - "https://www.finofy.com/" "Mozilla/5.0 (Windows NT 10.0; Win64; x64) AppleWebKit/537.36 (KHTML, like Gecko) Chrome/127.0.6534.42 Safari/537.36"
157.245.172.146 - - [27/Sep/2026:22:09:07 +0300] "HEAD / HTTP/2.0" 301 - "http://www.finofy.com/website/" "Mozilla/5.0 (Windows NT 10.0; Win64; x64) AppleWebKit/537.36 (KHTML, like Gecko) Chrome/126.0.6478.70 Safari/537.36 Vivaldi/6.7.3200.25"
157.245.172.146 - - [27/Sep/2026:22:09:09 +0300] "HEAD / HTTP/2.0" 200 - "https://www.finofy.com/" "Mozilla/5.0 (Windows NT 10.0; Win64; x64) AppleWebKit/537.36 (KHTML, like Gecko) Chrome/126.0.6478.70 Safari/537.36 Vivaldi/6.7.3200.25"
157.245.172.146 - - [27/Sep/2026:22:09:12 +0300] "HEAD / HTTP/2.0" 301 - "http://www.finofy.com/fr/" "Mozilla/5.0 (Windows NT 10.0; Win64; x64) AppleWebKit/537.36 (KHTML, like Gecko) Chrome/127.0.6534.42 Safari/537.36"
157.245.172.146 - - [27/Sep/2026:22:09:13 +0300] "HEAD / HTTP/2.0" 200 - "https://www.finofy.com/" "Mozilla/5.0 (Windows NT 10.0; Win64; x64) AppleWebKit/537.36 (KHTML, like Gecko) Chrome/127.0.6534.42 Safari/537.36"
52.7.45.143 - - [27/Sep/2026:22:09:15 +0300] "GET /robots.txt HTTP/1.1" 200 79 "-" "Mozilla/5.0 (Macintosh; Intel Mac OS X 10_10_1) AppleWebKit/600.2.5 (KHTML, like Gecko) Version/8.0.2 Safari/600.2.5 (Gort)"
188.120.97.109 - - [27/Sep/2026:22:09:14 +0300] "POST /xmlrpc.php HTTP/1.1" 200 403 "-" "Jetpack by WordPress.com (Jetpack 12.5; WordPress 6.4)"
157.245.172.146 - - [27/Sep/2026:22:09:16 +0300] "HEAD / HTTP/2.0" 301 - "http://www.finofy.com/v2/" "Mozilla/5.0 (Macintosh; Intel Mac OS X 14_5) AppleWebKit/605.1.15 (KHTML, like Gecko) Version/17.5 Safari/605.1.15"
157.245.172.146 - - [27/Sep/2026:22:09:18 +0300] "HEAD / HTTP/2.0" 200 - "https://www.finofy.com/" "Mozilla/5.0 (Macintosh; Intel Mac OS X 14_5) AppleWebKit/605.1.15 (KHTML, like Gecko) Version/17.5 Safari/605.1.15"
157.245.172.146 - - [27/Sep/2026:22:09:21 +0300] "HEAD / HTTP/2.0" 301 - "http://www.finofy.com/shop/" "Mozilla/5.0 (Macintosh; Intel Mac OS X 13_5) AppleWebKit/605.1.15 (KHTML, like Gecko) Version/16.5 Safari/605.1.15"
157.245.172.146 - - [27/Sep/2026:22:09:22 +0300] "HEAD / HTTP/2.0" 200 - "https://www.finofy.com/" "Mozilla/5.0 (Macintosh; Intel Mac OS X 13_5) AppleWebKit/605.1.15 (KHTML, like Gecko) Version/16.5 Safari/605.1.15"
188.120.97.109 - - [27/Sep/2026:22:09:25 +0300] "POST /xmlrpc.php HTTP/1.1" 200 403 "-" "Jetpack/12.0; WordPress/6.3; http://site26999179.com"
157.245.172.146 - - [27/Sep/2026:22:09:25 +0300] "HEAD / HTTP/2.0" 301 - "http://www.finofy.com/portal/" "Mozilla/5.0 (Macintosh; Intel Mac OS X 15_0) AppleWebKit/537.36 (KHTML, like Gecko) Chrome/125.0.6422.141 Safari/537.36"
157.245.172.146 - - [27/Sep/2026:22:09:27 +0300] "HEAD / HTTP/2.0" 200 - "https://www.finofy.com/" "Mozilla/5.0 (Macintosh; Intel Mac OS X 15_0) AppleWebKit/537.36 (KHTML, like Gecko) Chrome/125.0.6422.141 Safari/537.36"
157.245.172.146 - - [27/Sep/2026:22:09:30 +0300] "HEAD / HTTP/2.0" 301 - "http://www.finofy.com/de/" "Mozilla/5.0 (iPhone; CPU iPhone OS 16_7 like Mac OS X) AppleWebKit/605.1.15 (KHTML, like Gecko) Version/16.7 Mobile/15E148 Safari/604.1"
157.245.172.146 - - [27/Sep/2026:22:09:32 +0300] "HEAD / HTTP/2.0" 200 - "https://www.finofy.com/" "Mozilla/5.0 (iPhone; CPU iPhone OS 16_7 like Mac OS X) AppleWebKit/605.1.15 (KHTML, like Gecko) Version/16.7 Mobile/15E148 Safari/604.1"
157.245.172.146 - - [27/Sep/2026:22:09:35 +0300] "HEAD / HTTP/2.0" 301 - "http://www.finofy.com/store/" "Mozilla/5.0 (X11; Linux x86_64) AppleWebKit/537.36 (KHTML, like Gecko) Chrome/125.0.6422.76 Safari/537.36"
188.120.97.109 - - [27/Sep/2026:22:09:36 +0300] "POST /xmlrpc.php HTTP/1.1" 200 403 "-" "Jetpack/12.1; WordPress/6.2; http://site88925987.com"
157.245.172.146 - - [27/Sep/2026:22:09:36 +0300] "HEAD / HTTP/2.0" 200 - "https://www.finofy.com/" "Mozilla/5.0 (X11; Linux x86_64) AppleWebKit/537.36 (KHTML, like Gecko) Chrome/125.0.6422.76 Safari/537.36"
157.245.172.146 - - [27/Sep/2026:22:09:39 +0300] "HEAD / HTTP/2.0" 200 - "http://www.finofy.com/" "Mozilla/5.0 (Linux; Android 13; Pixel 7a) AppleWebKit/537.36 (KHTML, like Gecko) Chrome/124.0.6367.82 Mobile Safari/537.36"
157.245.172.146 - - [27/Sep/2026:22:09:43 +0300] "HEAD / HTTP/2.0" 301 - "http://www.finofy.com/site/" "Mozilla/5.0 (Windows NT 10.0; WOW64) AppleWebKit/537.36 (KHTML, like Gecko) Chrome/118.0.5993.90 Safari/537.36"
157.245.172.146 - - [27/Sep/2026:22:09:45 +0300] "HEAD / HTTP/2.0" 200 - "https://www.finofy.com/" "Mozilla/5.0 (Windows NT 10.0; WOW64) AppleWebKit/537.36 (KHTML, like Gecko) Chrome/118.0.5993.90 Safari/537.36"
188.120.97.109 - - [27/Sep/2026:22:09:46 +0300] "POST /xmlrpc.php HTTP/1.1" 200 403 "-" "Jetpack/12.0; WordPress/6.4; http://site91915136.com"
157.245.172.146 - - [27/Sep/2026:22:09:49 +0300] "HEAD /us/ HTTP/2.0" 200 - "http://www.finofy.com/us/" "Mozilla/5.0 (Macintosh; Intel Mac OS X 14_5) AppleWebKit/605.1.15 (KHTML, like Gecko) Version/17.5 Safari/605.1.15"
157.245.172.146 - - [27/Sep/2026:22:09:52 +0300] "HEAD / HTTP/2.0" 301 - "http://www.finofy.com/web/" "Mozilla/5.0 (X11; Linux x86_64; rv:127.0) Gecko/20100101 Firefox/127.0"
157.245.172.146 - - [27/Sep/2026:22:09:54 +0300] "HEAD / HTTP/2.0" 200 - "https://www.finofy.com/" "Mozilla/5.0 (X11; Linux x86_64; rv:127.0) Gecko/20100101 Firefox/127.0"
157.245.172.146 - - [27/Sep/2026:22:09:57 +0300] "HEAD / HTTP/2.0" 301 - "http://www.finofy.com/home/" "Mozilla/5.0 (Linux; Android 12; TECNO CK6n) AppleWebKit/537.36 (KHTML, like Gecko) Chrome/125.0.6422.50 Mobile Safari/537.36"
188.120.97.109 - - [27/Sep/2026:22:09:57 +0300] "POST /xmlrpc.php HTTP/1.1" 200 403 "-" "Jetpack/12.1; WordPress/6.4; http://site97574860.com"
157.245.172.146 - - [27/Sep/2026:22:09:58 +0300] "HEAD / HTTP/2.0" 200 - "https://www.finofy.com/" "Mozilla/5.0 (Linux; Android 12; TECNO CK6n) AppleWebKit/537.36 (KHTML, like Gecko) Chrome/125.0.6422.50 Mobile Safari/537.36"
157.245.172.146 - - [27/Sep/2026:22:10:03 +0300] "HEAD / HTTP/2.0" 301 - "http://www.finofy.com/blog/" "Mozilla/5.0 (Linux; U; Android 10; en-US; CPH2015) AppleWebKit/537.36 (KHTML, like Gecko) UCBrowser/13.5.8.1311 Mobile Safari/537.36"
157.245.172.146 - - [27/Sep/2026:22:10:04 +0300] "HEAD / HTTP/2.0" 200 - "https://www.finofy.com/" "Mozilla/5.0 (Linux; U; Android 10; en-US; CPH2015) AppleWebKit/537.36 (KHTML, like Gecko) UCBrowser/13.5.8.1311 Mobile Safari/537.36"
157.245.172.146 - - [27/Sep/2026:22:10:07 +0300] "HEAD / HTTP/2.0" 301 - "http://www.finofy.com/main/" "Mozilla/5.0 (Linux; Android 14; SM-A146P) AppleWebKit/537.36 (KHTML, like Gecko) SamsungBrowser/25.0 Chrome/123.0.6312.120 Mobile Safari/537.36"
188.120.97.109 - - [27/Sep/2026:22:10:08 +0300] "POST /xmlrpc.php HTTP/1.1" 200 403 "-" "Jetpack/12.0; WordPress/6.2; http://site29917235.com"
157.245.172.146 - - [27/Sep/2026:22:10:09 +0300] "HEAD / HTTP/2.0" 200 - "https://www.finofy.com/" "Mozilla/5.0 (Linux; Android 14; SM-A146P) AppleWebKit/537.36 (KHTML, like Gecko) SamsungBrowser/25.0 Chrome/123.0.6312.120 Mobile Safari/537.36"
157.245.172.146 - - [27/Sep/2026:22:10:12 +0300] "HEAD / HTTP/2.0" 301 - "http://www.finofy.com/old/" "Mozilla/5.0 (Linux; Android 14; RMX3842) AppleWebKit/537.36 (KHTML, like Gecko) Chrome/126.0.6478.44 Mobile Safari/537.36"
157.245.172.146 - - [27/Sep/2026:22:10:13 +0300] "HEAD / HTTP/2.0" 200 - "https://www.finofy.com/" "Mozilla/5.0 (Linux; Android 14; RMX3842) AppleWebKit/537.36 (KHTML, like Gecko) Chrome/126.0.6478.44 Mobile Safari/537.36"
157.245.172.146 - - [27/Sep/2026:22:10:16 +0300] "HEAD / HTTP/2.0" 301 - "http://www.finofy.com/wordpress/" "Mozilla/5.0 (Windows NT 10.0; Win64; x64) AppleWebKit/537.36 (KHTML, like Gecko) Chrome/127.0.6534.42 Safari/537.36"
157.245.172.146 - - [27/Sep/2026:22:10:18 +0300] "HEAD / HTTP/2.0" 200 - "https://www.finofy.com/" "Mozilla/5.0 (Windows NT 10.0; Win64; x64) AppleWebKit/537.36 (KHTML, like Gecko) Chrome/127.0.6534.42 Safari/537.36"
188.120.97.109 - - [27/Sep/2026:22:10:19 +0300] "POST /xmlrpc.php HTTP/1.1" 200 403 "-" "Jetpack/12.0; WordPress/6.2; http://site27670818.com"
157.245.172.146 - - [27/Sep/2026:22:10:21 +0300] "HEAD / HTTP/2.0" 301 - "http://www.finofy.com/blog2/" "Mozilla/5.0 (Linux; Android 12; TECNO CK6n) AppleWebKit/537.36 (KHTML, like Gecko) Chrome/125.0.6422.50 Mobile Safari/537.36"
157.245.172.146 - - [27/Sep/2026:22:10:22 +0300] "HEAD / HTTP/2.0" 200 - "https://www.finofy.com/" "Mozilla/5.0 (Linux; Android 12; TECNO CK6n) AppleWebKit/537.36 (KHTML, like Gecko) Chrome/125.0.6422.50 Mobile Safari/537.36"
157.245.172.146 - - [27/Sep/2026:22:10:25 +0300] "HEAD / HTTP/2.0" 301 - "http://www.finofy.com/new/" "Mozilla/5.0 (Linux; Android 11; RMX2195) AppleWebKit/537.36 (KHTML, like Gecko) Chrome/120.0.6099.210 Mobile Safari/537.36 OPR/75.2.3995.72468"
157.245.172.146 - - [27/Sep/2026:22:10:27 +0300] "HEAD / HTTP/2.0" 200 - "https://www.finofy.com/" "Mozilla/5.0 (Linux; Android 11; RMX2195) AppleWebKit/537.36 (KHTML, like Gecko) Chrome/120.0.6099.210 Mobile Safari/537.36 OPR/75.2.3995.72468"
188.120.97.109 - - [27/Sep/2026:22:10:29 +0300] "POST /xmlrpc.php HTTP/1.1" 200 403 "-" "Jetpack by WordPress.com (Jetpack 12.5; WordPress 6.3)"
157.245.172.146 - - [27/Sep/2026:22:10:30 +0300] "HEAD / HTTP/2.0" 301 - "http://www.finofy.com/media/" "Mozilla/5.0 (Linux; Android 11; moto g31) AppleWebKit/537.36 (KHTML, like Gecko) Chrome/122.0.6261.96 Mobile Safari/537.36"
157.245.172.146 - - [27/Sep/2026:22:10:32 +0300] "HEAD / HTTP/2.0" 200 - "https://www.finofy.com/" "Mozilla/5.0 (Linux; Android 11; moto g31) AppleWebKit/537.36 (KHTML, like Gecko) Chrome/122.0.6261.96 Mobile Safari/537.36"
157.245.172.146 - - [27/Sep/2026:22:10:35 +0300] "HEAD / HTTP/2.0" 301 - "http://www.finofy.com/content/" "Mozilla/5.0 (Windows NT 10.0; WOW64) AppleWebKit/537.36 (KHTML, like Gecko) Chrome/118.0.5993.90 Safari/537.36"
157.245.172.146 - - [27/Sep/2026:22:10:36 +0300] "HEAD / HTTP/2.0" 200 - "https://www.finofy.com/" "Mozilla/5.0 (Windows NT 10.0; WOW64) AppleWebKit/537.36 (KHTML, like Gecko) Chrome/118.0.5993.90 Safari/537.36"
157.245.172.146 - - [27/Sep/2026:22:10:39 +0300] "HEAD / HTTP/2.0" 301 - "http://www.finofy.com/wp/" "Mozilla/5.0 (Linux; Android 12; Redmi Note 11) AppleWebKit/537.36 (KHTML, like Gecko) Chrome/123.0.6312.112 Mobile Safari/537.36"
188.120.97.109 - - [27/Sep/2026:22:10:40 +0300] "POST /xmlrpc.php HTTP/1.1" 200 403 "-" "Jetpack by WordPress.com (Jetpack 12.5; WordPress 6.3)"
157.245.172.146 - - [27/Sep/2026:22:10:41 +0300] "HEAD / HTTP/2.0" 200 - "https://www.finofy.com/" "Mozilla/5.0 (Linux; Android 12; Redmi Note 11) AppleWebKit/537.36 (KHTML, like Gecko) Chrome/123.0.6312.112 Mobile Safari/537.36"
157.245.172.146 - - [27/Sep/2026:22:10:44 +0300] "HEAD / HTTP/2.0" 301 - "http://www.finofy.com/2024/" "Mozilla/5.0 (Windows NT 10.0; Win64; x64; rv:127.0) Gecko/20100101 Firefox/127.0"
157.245.172.146 - - [27/Sep/2026:22:10:46 +0300] "HEAD / HTTP/2.0" 200 - "https://www.finofy.com/" "Mozilla/5.0 (Windows NT 10.0; Win64; x64; rv:127.0) Gecko/20100101 Firefox/127.0"
157.245.172.146 - - [27/Sep/2026:22:10:49 +0300] "HEAD / HTTP/2.0" 301 - "http://www.finofy.com/2023/" "Mozilla/5.0 (iPhone; CPU iPhone OS 17_5 like Mac OS X) AppleWebKit/605.1.15 (KHTML, like Gecko) Version/17.5 Mobile/15E148 Safari/604.1"
157.245.172.146 - - [27/Sep/2026:22:10:50 +0300] "HEAD / HTTP/2.0" 200 - "https://www.finofy.com/" "Mozilla/5.0 (iPhone; CPU iPhone OS 17_5 like Mac OS X) AppleWebKit/605.1.15 (KHTML, like Gecko) Version/17.5 Mobile/15E148 Safari/604.1"
188.120.97.109 - - [27/Sep/2026:22:10:51 +0300] "POST /xmlrpc.php HTTP/1.1" 200 403 "-" "Jetpack by WordPress.com (Jetpack 12.0; WordPress 6.2)"
157.245.172.146 - - [27/Sep/2026:22:10:53 +0300] "HEAD / HTTP/2.0" 301 - "http://www.finofy.com/press/" "Mozilla/5.0 (Macintosh; Intel Mac OS X 13_5) AppleWebKit/605.1.15 (KHTML, like Gecko) Version/16.5 Safari/605.1.15"
157.245.172.146 - - [27/Sep/2026:22:10:55 +0300] "HEAD / HTTP/2.0" 200 - "https://www.finofy.com/" "Mozilla/5.0 (Macintosh; Intel Mac OS X 13_5) AppleWebKit/605.1.15 (KHTML, like Gecko) Version/16.5 Safari/605.1.15"
157.245.172.146 - - [27/Sep/2026:22:10:58 +0300] "HEAD / HTTP/2.0" 301 - "http://www.finofy.com/cms/" "Mozilla/5.0 (Macintosh; Intel Mac OS X 14_5) AppleWebKit/605.1.15 (KHTML, like Gecko) Version/17.5 Safari/605.1.15"
157.245.172.146 - - [27/Sep/2026:22:11:00 +0300] "HEAD / HTTP/2.0" 200 - "https://www.finofy.com/" "Mozilla/5.0 (Macintosh; Intel Mac OS X 14_5) AppleWebKit/605.1.15 (KHTML, like Gecko) Version/17.5 Safari/605.1.15"
188.120.97.109 - - [27/Sep/2026:22:11:01 +0300] "POST /xmlrpc.php HTTP/1.1" 200 403 "-" "Jetpack by WordPress.com (Jetpack 13.0; WordPress 6.2)"
85.254.144.33 - - [27/Sep/2026:22:11:03 +0300] "POST /wp-cron.php?doing_wp_cron=1790536262.9855380058288574218750 HTTP/1.1" 200 - "-" "WordPress/7.1.2; https://finofy.com"
188.120.97.109 - - [27/Sep/2026:22:11:12 +0300] "POST /xmlrpc.php HTTP/1.1" 200 403 "-" "WordPress.com; https://wordpress.com"
188.120.97.109 - - [27/Sep/2026:22:11:23 +0300] "POST /xmlrpc.php HTTP/1.1" 200 403 "-" "WordPress.com; https://wordpress.com"
188.120.97.109 - - [27/Sep/2026:22:11:33 +0300] "POST /xmlrpc.php HTTP/1.1" 200 403 "-" "Jetpack by WordPress.com"
188.120.97.109 - - [27/Sep/2026:22:11:44 +0300] "POST /xmlrpc.php HTTP/1.1" 200 403 "-" "Jetpack/13.0; WordPress/6.3; http://site91475497.com"
188.120.97.109 - - [27/Sep/2026:22:11:55 +0300] "POST /xmlrpc.php HTTP/1.1" 200 403 "-" "Jetpack by WordPress.com (Jetpack 12.5; WordPress 6.2)"
188.120.97.109 - - [27/Sep/2026:22:12:05 +0300] "POST /xmlrpc.php HTTP/1.1" 200 403 "-" "Jetpack by WordPress.com"
85.254.144.33 - - [27/Sep/2026:22:12:07 +0300] "POST /wp-cron.php?doing_wp_cron=1790536327.0871140956878662109375 HTTP/1.1" 200 - "-" "WordPress/7.1.2; https://finofy.com"
188.120.97.109 - - [27/Sep/2026:22:12:16 +0300] "POST /xmlrpc.php HTTP/1.1" 200 403 "-" "Jetpack/13.0; WordPress/6.1; http://site67892845.com"
188.120.97.109 - - [27/Sep/2026:22:12:26 +0300] "POST /xmlrpc.php HTTP/1.1" 200 403 "-" "Jetpack by WordPress.com"
188.120.97.109 - - [27/Sep/2026:22:12:37 +0300] "POST /xmlrpc.php HTTP/1.1" 200 403 "-" "Jetpack/12.0; WordPress/6.3; http://site31561160.com"
188.120.97.109 - - [27/Sep/2026:22:12:48 +0300] "POST /xmlrpc.php HTTP/1.1" 200 403 "-" "Jetpack by WordPress.com (Jetpack 12.5; WordPress 6.3)"
188.120.97.109 - - [27/Sep/2026:22:12:58 +0300] "POST /xmlrpc.php HTTP/1.1" 200 403 "-" "Jetpack/12.5; WordPress/6.1; http://site98863515.com"
188.120.97.109 - - [27/Sep/2026:22:13:09 +0300] "POST /xmlrpc.php HTTP/1.1" 200 403 "-" "Jetpack by WordPress.com (Jetpack 12.0; WordPress 6.2)"
85.254.144.33 - - [27/Sep/2026:22:13:10 +0300] "POST /wp-cron.php?doing_wp_cron=1790536390.6008460521697998046875 HTTP/1.1" 200 - "-" "WordPress/7.1.2; https://finofy.com"
188.120.97.109 - - [27/Sep/2026:22:13:19 +0300] "POST /xmlrpc.php HTTP/1.1" 200 403 "-" "Jetpack by WordPress.com"
188.120.97.109 - - [27/Sep/2026:22:13:30 +0300] "POST /xmlrpc.php HTTP/1.1" 200 403 "-" "WordPress.com; https://wordpress.com"
188.120.97.109 - - [27/Sep/2026:22:13:41 +0300] "POST /xmlrpc.php HTTP/1.1" 200 403 "-" "Jetpack by WordPress.com"
188.120.97.109 - - [27/Sep/2026:22:13:52 +0300] "POST /xmlrpc.php HTTP/1.1" 200 403 "-" "Jetpack/12.1; WordPress/6.4; http://site77116660.com"
188.120.97.109 - - [27/Sep/2026:22:14:02 +0300] "POST /xmlrpc.php HTTP/1.1" 200 403 "-" "WordPress.com; https://wordpress.com"
85.254.144.33 - - [27/Sep/2026:22:14:04 +0300] "POST /wp-cron.php?doing_wp_cron=1790536444.1206030845642089843750 HTTP/1.1" 200 - "-" "WordPress/7.1.2; https://finofy.com"
188.120.97.109 - - [27/Sep/2026:22:14:13 +0300] "POST /xmlrpc.php HTTP/1.1" 200 403 "-" "WordPress.com; https://wordpress.com"
188.120.97.109 - - [27/Sep/2026:22:14:24 +0300] "POST /xmlrpc.php HTTP/1.1" 200 403 "-" "WordPress.com; https://wordpress.com"
188.120.97.109 - - [27/Sep/2026:22:14:34 +0300] "POST /xmlrpc.php HTTP/1.1" 200 403 "-" "Jetpack by WordPress.com (Jetpack 12.5; WordPress 6.1)"
45.148.10.80 - - [27/Sep/2026:22:14:41 +0300] "GET / HTTP/1.1" 301 - "-" "Mozilla/5.0 (Windows NT 10.0; Win64; x64) AppleWebKit/537.36 (KHTML, like Gecko) Chrome/126.0.0.0 Safari/537.36"
45.148.10.80 - - [27/Sep/2026:22:14:44 +0300] "GET / HTTP/1.1" 200 50422 "https://www.finofy.com/" "Mozilla/5.0 (Windows NT 10.0; Win64; x64) AppleWebKit/537.36 (KHTML, like Gecko) Chrome/126.0.0.0 Safari/537.36"
188.120.97.109 - - [27/Sep/2026:22:14:45 +0300] "POST /xmlrpc.php HTTP/1.1" 200 403 "-" "WordPress.com; https://wordpress.com"
188.120.97.109 - - [27/Sep/2026:22:14:55 +0300] "POST /xmlrpc.php HTTP/1.1" 200 403 "-" "Jetpack/12.1; WordPress/6.2; http://site20148150.com"
188.120.97.109 - - [27/Sep/2026:22:15:06 +0300] "POST /xmlrpc.php HTTP/1.1" 200 403 "-" "Jetpack by WordPress.com"
85.254.144.33 - - [27/Sep/2026:22:15:07 +0300] "POST /wp-cron.php?doing_wp_cron=1790536507.9485349655151367187500 HTTP/1.1" 200 - "-" "WordPress/7.1.2; https://finofy.com"
188.120.97.109 - - [27/Sep/2026:22:15:17 +0300] "POST /xmlrpc.php HTTP/1.1" 200 403 "-" "Jetpack/12.5; WordPress/6.4; http://site92576126.com"
188.120.97.109 - - [27/Sep/2026:22:15:27 +0300] "POST /xmlrpc.php HTTP/1.1" 200 403 "-" "Jetpack by WordPress.com (Jetpack 12.0; WordPress 6.2)"
188.120.97.109 - - [27/Sep/2026:22:15:38 +0300] "POST /xmlrpc.php HTTP/1.1" 200 403 "-" "Jetpack/13.0; WordPress/6.1; http://site46197595.com"
188.120.97.109 - - [27/Sep/2026:22:15:49 +0300] "POST /xmlrpc.php HTTP/1.1" 200 403 "-" "WordPress.com; https://wordpress.com"
188.120.97.109 - - [27/Sep/2026:22:15:59 +0300] "POST /xmlrpc.php HTTP/1.1" 200 403 "-" "Jetpack/12.1; WordPress/6.3; http://site32354136.com"
188.120.97.109 - - [27/Sep/2026:22:16:10 +0300] "POST /xmlrpc.php HTTP/1.1" 200 403 "-" "WordPress.com; https://wordpress.com"
85.254.144.33 - - [27/Sep/2026:22:16:11 +0300] "POST /wp-cron.php?doing_wp_cron=1790536571.7984640598297119140625 HTTP/1.1" 200 - "-" "WordPress/7.1.2; https://finofy.com"
188.120.97.109 - - [27/Sep/2026:22:16:21 +0300] "POST /xmlrpc.php HTTP/1.1" 200 403 "-" "Jetpack by WordPress.com"
188.120.97.109 - - [27/Sep/2026:22:16:31 +0300] "POST /xmlrpc.php HTTP/1.1" 200 403 "-" "Jetpack/12.1; WordPress/6.3; http://site71546533.com"
188.120.97.109 - - [27/Sep/2026:22:16:42 +0300] "POST /xmlrpc.php HTTP/1.1" 200 403 "-" "Jetpack/12.0; WordPress/6.4; http://site44430883.com"
188.120.97.109 - - [27/Sep/2026:22:16:53 +0300] "POST /xmlrpc.php HTTP/1.1" 200 403 "-" "WordPress.com; https://wordpress.com"
85.254.144.33 - - [27/Sep/2026:22:16:54 +0300] "POST /wp-cron.php?doing_wp_cron=1790536614.6085050106048583984375 HTTP/1.1" 200 - "-" "WordPress/7.1.2; https://finofy.com"
188.120.97.109 - - [27/Sep/2026:22:17:03 +0300] "POST /xmlrpc.php HTTP/1.1" 200 403 "-" "Jetpack by WordPress.com (Jetpack 12.5; WordPress 6.3)"
85.254.144.33 - - [27/Sep/2026:22:17:05 +0300] "POST /wp-cron.php?doing_wp_cron=1790536625.2705259323120117187500 HTTP/1.1" 200 - "-" "WordPress/7.1.2; https://finofy.com"
188.120.97.109 - - [27/Sep/2026:22:17:14 +0300] "POST /xmlrpc.php HTTP/1.1" 200 403 "-" "Jetpack by WordPress.com (Jetpack 12.5; WordPress 6.3)"
188.120.97.109 - - [27/Sep/2026:22:17:25 +0300] "POST /xmlrpc.php HTTP/1.1" 200 403 "-" "Jetpack/12.0; WordPress/6.4; http://site69541445.com"
151.241.48.40 - - [27/Sep/2026:22:17:29 +0300] "GET /yytest/ HTTP/1.1" 301 - "-" "Mozilla/5.0 (compatible; Googlebot/2.1; +http://www.google.com/bot.html)"
130.254.112.187 - - [27/Sep/2026:22:17:29 +0300] "GET /yytest/ HTTP/1.1" 301 - "-" "Mozilla/5.0 (compatible; Googlebot/2.1; +http://www.google.com/bot.html)"
69.58.88.206 - - [27/Sep/2026:22:17:30 +0300] "GET /yytest/ HTTP/1.1" 301 - "-" "Mozilla/5.0 (compatible; Googlebot/2.1; +http://www.google.com/bot.html)"
151.241.48.40 - - [27/Sep/2026:22:17:31 +0300] "GET / HTTP/1.1" 301 - "https://finofy.com/yytest/" "Mozilla/5.0 (compatible; Googlebot/2.1; +http://www.google.com/bot.html)"
130.254.112.187 - - [27/Sep/2026:22:17:31 +0300] "GET / HTTP/1.1" 301 - "https://finofy.com/yytest/" "Mozilla/5.0 (compatible; Googlebot/2.1; +http://www.google.com/bot.html)"
151.241.48.40 - - [27/Sep/2026:22:17:32 +0300] "GET / HTTP/1.1" 200 50422 "https://www.finofy.com" "Mozilla/5.0 (compatible; Googlebot/2.1; +http://www.google.com/bot.html)"
69.58.88.206 - - [27/Sep/2026:22:17:33 +0300] "GET / HTTP/1.1" 301 - "https://finofy.com/yytest/" "Mozilla/5.0 (compatible; Googlebot/2.1; +http://www.google.com/bot.html)"
130.254.112.187 - - [27/Sep/2026:22:17:33 +0300] "GET / HTTP/1.1" 200 50422 "https://www.finofy.com" "Mozilla/5.0 (compatible; Googlebot/2.1; +http://www.google.com/bot.html)"
63.141.239.146 - - [27/Sep/2026:22:17:34 +0300] "GET /yytest/ HTTP/1.1" 301 - "-" "Mozilla/5.0 (compatible; Googlebot/2.1; +http://www.google.com/bot.html)"
188.120.97.109 - - [27/Sep/2026:22:17:35 +0300] "POST /xmlrpc.php HTTP/1.1" 200 403 "-" "Jetpack by WordPress.com"
63.141.239.146 - - [27/Sep/2026:22:17:36 +0300] "GET / HTTP/1.1" 301 - "https://finofy.com/yytest/" "Mozilla/5.0 (compatible; Googlebot/2.1; +http://www.google.com/bot.html)"
63.141.239.146 - - [27/Sep/2026:22:17:37 +0300] "GET / HTTP/1.1" 200 50422 "https://www.finofy.com" "Mozilla/5.0 (compatible; Googlebot/2.1; +http://www.google.com/bot.html)"
31.58.162.22 - - [27/Sep/2026:22:17:40 +0300] "POST / HTTP/1.1" 200 50422 "-" "Mozilla/5.0 (iPhone; CPU iPhone OS 17_0 like Mac OS X) AppleWebKit/605.1.15 (KHTML, like Gecko) Version/17.0 Mobile/15E148 Safari/604.1"
158.62.222.197 - - [27/Sep/2026:22:17:40 +0300] "POST / HTTP/1.1" 200 50422 "-" "Mozilla/5.0 (iPhone; CPU iPhone OS 17_0 like Mac OS X) AppleWebKit/605.1.15 (KHTML, like Gecko) Version/17.0 Mobile/15E148 Safari/604.1"
141.164.89.160 - - [27/Sep/2026:22:17:40 +0300] "POST / HTTP/1.1" 200 50422 "-" "Mozilla/5.0 (iPhone; CPU iPhone OS 17_0 like Mac OS X) AppleWebKit/605.1.15 (KHTML, like Gecko) Version/17.0 Mobile/15E148 Safari/604.1"
52.141.4.134 - - [27/Sep/2026:22:17:44 +0300] "GET / HTTP/1.1" 200 12139 "-" "Mozilla/5.0 (Windows NT 10.0; Win64; x64) AppleWebKit/537.36 (KHTML, like Gecko) Chrome/120.0.0.0 Safari/537.36"
52.141.4.134 - - [27/Sep/2026:22:17:44 +0300] "GET /ahax.php HTTP/1.1" 200 12142 "-" "Mozilla/5.0 (Windows NT 10.0; Win64; x64) AppleWebKit/537.36 (KHTML, like Gecko) Chrome/120.0.0.0 Safari/537.36"
52.141.4.134 - - [27/Sep/2026:22:17:45 +0300] "GET /breads1.php HTTP/1.1" 200 12148 "-" "Mozilla/5.0 (Windows NT 10.0; Win64; x64) AppleWebKit/537.36 (KHTML, like Gecko) Chrome/120.0.0.0 Safari/537.36"
52.141.4.134 - - [27/Sep/2026:22:17:45 +0300] "GET /must.php HTTP/1.1" 200 12146 "-" "Mozilla/5.0 (Windows NT 10.0; Win64; x64) AppleWebKit/537.36 (KHTML, like Gecko) Chrome/120.0.0.0 Safari/537.36"
52.141.4.134 - - [27/Sep/2026:22:17:46 +0300] "GET /up.php HTTP/1.1" 200 12138 "-" "Mozilla/5.0 (Windows NT 10.0; Win64; x64) AppleWebKit/537.36 (KHTML, like Gecko) Chrome/120.0.0.0 Safari/537.36"
52.141.4.134 - - [27/Sep/2026:22:17:46 +0300] "GET /wp-admin/css/colors/midnight/ HTTP/1.1" 200 12158 "-" "Mozilla/5.0 (Windows NT 10.0; Win64; x64) AppleWebKit/537.36 (KHTML, like Gecko) Chrome/120.0.0.0 Safari/537.36"
52.141.4.134 - - [27/Sep/2026:22:17:47 +0300] "GET /wp-content/155.php HTTP/1.1" 200 12149 "-" "Mozilla/5.0 (Windows NT 10.0; Win64; x64) AppleWebKit/537.36 (KHTML, like Gecko) Chrome/120.0.0.0 Safari/537.36"
188.120.97.109 - - [27/Sep/2026:22:17:46 +0300] "POST /xmlrpc.php HTTP/1.1" 200 403 "-" "Jetpack by WordPress.com"
52.141.4.134 - - [27/Sep/2026:22:17:47 +0300] "GET /wp-update.php HTTP/1.1" 200 12142 "-" "Mozilla/5.0 (Windows NT 10.0; Win64; x64) AppleWebKit/537.36 (KHTML, like Gecko) Chrome/120.0.0.0 Safari/537.36"
52.141.4.134 - - [27/Sep/2026:22:17:48 +0300] "GET /xmrlpc.php HTTP/1.1" 200 12146 "-" "Mozilla/5.0 (Windows NT 10.0; Win64; x64) AppleWebKit/537.36 (KHTML, like Gecko) Chrome/120.0.0.0 Safari/537.36"
52.141.4.134 - - [27/Sep/2026:22:17:48 +0300] "GET /about/function.php HTTP/1.1" 200 12148 "-" "Mozilla/5.0 (Windows NT 10.0; Win64; x64) AppleWebKit/537.36 (KHTML, like Gecko) Chrome/120.0.0.0 Safari/537.36"
52.141.4.134 - - [27/Sep/2026:22:17:49 +0300] "GET /an.php HTTP/1.1" 200 12141 "-" "Mozilla/5.0 (Windows NT 10.0; Win64; x64) AppleWebKit/537.36 (KHTML, like Gecko) Chrome/120.0.0.0 Safari/537.36"
52.141.4.134 - - [27/Sep/2026:22:17:50 +0300] "GET /asw.php HTTP/1.1" 200 12144 "-" "Mozilla/5.0 (Windows NT 10.0; Win64; x64) AppleWebKit/537.36 (KHTML, like Gecko) Chrome/120.0.0.0 Safari/537.36"
52.141.4.134 - - [27/Sep/2026:22:17:50 +0300] "GET /item.php HTTP/1.1" 200 12143 "-" "Mozilla/5.0 (Windows NT 10.0; Win64; x64) AppleWebKit/537.36 (KHTML, like Gecko) Chrome/120.0.0.0 Safari/537.36"
52.141.4.134 - - [27/Sep/2026:22:17:51 +0300] "GET /jga.php HTTP/1.1" 200 12143 "-" "Mozilla/5.0 (Windows NT 10.0; Win64; x64) AppleWebKit/537.36 (KHTML, like Gecko) Chrome/120.0.0.0 Safari/537.36"
52.141.4.134 - - [27/Sep/2026:22:17:51 +0300] "GET /mac.php HTTP/1.1" 200 12143 "-" "Mozilla/5.0 (Windows NT 10.0; Win64; x64) AppleWebKit/537.36 (KHTML, like Gecko) Chrome/120.0.0.0 Safari/537.36"
52.141.4.134 - - [27/Sep/2026:22:17:52 +0300] "GET /wp-admin/images/index.php HTTP/1.1" 200 12148 "-" "Mozilla/5.0 (Windows NT 10.0; Win64; x64) AppleWebKit/537.36 (KHTML, like Gecko) Chrome/120.0.0.0 Safari/537.36"
52.141.4.134 - - [27/Sep/2026:22:17:52 +0300] "GET /wp-admin/includes/index.php HTTP/1.1" 200 12152 "-" "Mozilla/5.0 (Windows NT 10.0; Win64; x64) AppleWebKit/537.36 (KHTML, like Gecko) Chrome/120.0.0.0 Safari/537.36"
52.141.4.134 - - [27/Sep/2026:22:17:53 +0300] "GET /zafir1.php HTTP/1.1" 200 12149 "-" "Mozilla/5.0 (Windows NT 10.0; Win64; x64) AppleWebKit/537.36 (KHTML, like Gecko) Chrome/120.0.0.0 Safari/537.36"
52.141.4.134 - - [27/Sep/2026:22:17:53 +0300] "GET /abc.php HTTP/1.1" 200 12146 "-" "Mozilla/5.0 (Windows NT 10.0; Win64; x64) AppleWebKit/537.36 (KHTML, like Gecko) Chrome/120.0.0.0 Safari/537.36"
52.141.4.134 - - [27/Sep/2026:22:17:54 +0300] "GET /c1.php HTTP/1.1" 200 12142 "-" "Mozilla/5.0 (Windows NT 10.0; Win64; x64) AppleWebKit/537.36 (KHTML, like Gecko) Chrome/120.0.0.0 Safari/537.36"
52.141.4.134 - - [27/Sep/2026:22:17:54 +0300] "GET /index.php/feed/atom/ HTTP/1.1" 200 12152 "-" "Mozilla/5.0 (Windows NT 10.0; Win64; x64) AppleWebKit/537.36 (KHTML, like Gecko) Chrome/120.0.0.0 Safari/537.36"
52.141.4.134 - - [27/Sep/2026:22:17:55 +0300] "GET /root.php HTTP/1.1" 200 12144 "-" "Mozilla/5.0 (Windows NT 10.0; Win64; x64) AppleWebKit/537.36 (KHTML, like Gecko) Chrome/120.0.0.0 Safari/537.36"
52.141.4.134 - - [27/Sep/2026:22:17:56 +0300] "GET /shell.php HTTP/1.1" 200 12144 "-" "Mozilla/5.0 (Windows NT 10.0; Win64; x64) AppleWebKit/537.36 (KHTML, like Gecko) Chrome/120.0.0.0 Safari/537.36"
52.141.4.134 - - [27/Sep/2026:22:17:56 +0300] "GET /wp-admin/user/index.php HTTP/1.1" 200 12152 "-" "Mozilla/5.0 (Windows NT 10.0; Win64; x64) AppleWebKit/537.36 (KHTML, like Gecko) Chrome/120.0.0.0 Safari/537.36"
52.141.4.134 - - [27/Sep/2026:22:17:57 +0300] "GET /wp-content/plugins/linkpreview/il.php HTTP/1.1" 200 12163 "-" "Mozilla/5.0 (Windows NT 10.0; Win64; x64) AppleWebKit/537.36 (KHTML, like Gecko) Chrome/120.0.0.0 Safari/537.36"
52.141.4.134 - - [27/Sep/2026:22:17:57 +0300] "GET /wp-header-json.php HTTP/1.1" 200 12153 "-" "Mozilla/5.0 (Windows NT 10.0; Win64; x64) AppleWebKit/537.36 (KHTML, like Gecko) Chrome/120.0.0.0 Safari/537.36"
52.141.4.134 - - [27/Sep/2026:22:17:58 +0300] "GET /zup.php HTTP/1.1" 200 12143 "-" "Mozilla/5.0 (Windows NT 10.0; Win64; x64) AppleWebKit/537.36 (KHTML, like Gecko) Chrome/120.0.0.0 Safari/537.36"
52.141.4.134 - - [27/Sep/2026:22:17:58 +0300] "GET /a9.php HTTP/1.1" 200 12142 "-" "Mozilla/5.0 (Windows NT 10.0; Win64; x64) AppleWebKit/537.36 (KHTML, like Gecko) Chrome/120.0.0.0 Safari/537.36"
52.141.4.134 - - [27/Sep/2026:22:17:59 +0300] "GET /admin/index.php HTTP/1.1" 200 12141 "-" "Mozilla/5.0 (Windows NT 10.0; Win64; x64) AppleWebKit/537.36 (KHTML, like Gecko) Chrome/120.0.0.0 Safari/537.36"
52.141.4.134 - - [27/Sep/2026:22:17:59 +0300] "GET /makeasmtp.php HTTP/1.1" 200 12145 "-" "Mozilla/5.0 (Windows NT 10.0; Win64; x64) AppleWebKit/537.36 (KHTML, like Gecko) Chrome/120.0.0.0 Safari/537.36"
52.141.4.134 - - [27/Sep/2026:22:18:00 +0300] "GET /paku.php HTTP/1.1" 200 12144 "-" "Mozilla/5.0 (Windows NT 10.0; Win64; x64) AppleWebKit/537.36 (KHTML, like Gecko) Chrome/120.0.0.0 Safari/537.36"
52.141.4.134 - - [27/Sep/2026:22:18:00 +0300] "GET /rtx.php HTTP/1.1" 200 12145 "-" "Mozilla/5.0 (Windows NT 10.0; Win64; x64) AppleWebKit/537.36 (KHTML, like Gecko) Chrome/120.0.0.0 Safari/537.36"
52.141.4.134 - - [27/Sep/2026:22:18:01 +0300] "GET /update/da222.php HTTP/1.1" 200 12148 "-" "Mozilla/5.0 (Windows NT 10.0; Win64; x64) AppleWebKit/537.36 (KHTML, like Gecko) Chrome/120.0.0.0 Safari/537.36"
52.141.4.134 - - [27/Sep/2026:22:18:01 +0300] "GET /wp-admin/maint/ HTTP/1.1" 200 12146 "-" "Mozilla/5.0 (Windows NT 10.0; Win64; x64) AppleWebKit/537.36 (KHTML, like Gecko) Chrome/120.0.0.0 Safari/537.36"
52.141.4.134 - - [27/Sep/2026:22:18:02 +0300] "GET /wp-admin/min.php HTTP/1.1" 200 12151 "-" "Mozilla/5.0 (Windows NT 10.0; Win64; x64) AppleWebKit/537.36 (KHTML, like Gecko) Chrome/120.0.0.0 Safari/537.36"
52.141.4.134 - - [27/Sep/2026:22:18:02 +0300] "GET /wp-admin/wp-fileesx-449.php HTTP/1.1" 200 12157 "-" "Mozilla/5.0 (Windows NT 10.0; Win64; x64) AppleWebKit/537.36 (KHTML, like Gecko) Chrome/120.0.0.0 Safari/537.36"
52.141.4.134 - - [27/Sep/2026:22:18:03 +0300] "GET /wp-content/themes/min.php HTTP/1.1" 200 12154 "-" "Mozilla/5.0 (Windows NT 10.0; Win64; x64) AppleWebKit/537.36 (KHTML, like Gecko) Chrome/120.0.0.0 Safari/537.36"
52.141.4.134 - - [27/Sep/2026:22:18:04 +0300] "GET /wp-content/themes/x/bypass.php HTTP/1.1" 200 12162 "-" "Mozilla/5.0 (Windows NT 10.0; Win64; x64) AppleWebKit/537.36 (KHTML, like Gecko) Chrome/120.0.0.0 Safari/537.36"
52.141.4.134 - - [27/Sep/2026:22:18:04 +0300] "GET /wp-includes/images/media/ HTTP/1.1" 200 12150 "-" "Mozilla/5.0 (Windows NT 10.0; Win64; x64) AppleWebKit/537.36 (KHTML, like Gecko) Chrome/120.0.0.0 Safari/537.36"
52.141.4.134 - - [27/Sep/2026:22:18:05 +0300] "GET /wp-includes/interactivity-api/index.php HTTP/1.1" 200 12161 "-" "Mozilla/5.0 (Windows NT 10.0; Win64; x64) AppleWebKit/537.36 (KHTML, like Gecko) Chrome/120.0.0.0 Safari/537.36"
52.141.4.134 - - [27/Sep/2026:22:18:05 +0300] "GET /wp-info.php HTTP/1.1" 200 12144 "-" "Mozilla/5.0 (Windows NT 10.0; Win64; x64) AppleWebKit/537.36 (KHTML, like Gecko) Chrome/120.0.0.0 Safari/537.36"
52.141.4.134 - - [27/Sep/2026:22:18:06 +0300] "GET /wp-wordfence-waf.php HTTP/1.1" 200 12153 "-" "Mozilla/5.0 (Windows NT 10.0; Win64; x64) AppleWebKit/537.36 (KHTML, like Gecko) Chrome/120.0.0.0 Safari/537.36"
52.141.4.134 - - [27/Sep/2026:22:18:06 +0300] "GET /ws49.php HTTP/1.1" 200 12143 "-" "Mozilla/5.0 (Windows NT 10.0; Win64; x64) AppleWebKit/537.36 (KHTML, like Gecko) Chrome/120.0.0.0 Safari/537.36"
52.141.4.134 - - [27/Sep/2026:22:18:07 +0300] "GET /xxx.php HTTP/1.1" 200 12142 "-" "Mozilla/5.0 (Windows NT 10.0; Win64; x64) AppleWebKit/537.36 (KHTML, like Gecko) Chrome/120.0.0.0 Safari/537.36"
52.141.4.134 - - [27/Sep/2026:22:18:07 +0300] "GET /0x.php HTTP/1.1" 200 12141 "-" "Mozilla/5.0 (Windows NT 10.0; Win64; x64) AppleWebKit/537.36 (KHTML, like Gecko) Chrome/120.0.0.0 Safari/537.36"
52.141.4.134 - - [27/Sep/2026:22:18:08 +0300] "GET /CDX1.php HTTP/1.1" 200 12145 "-" "Mozilla/5.0 (Windows NT 10.0; Win64; x64) AppleWebKit/537.36 (KHTML, like Gecko) Chrome/120.0.0.0 Safari/537.36"
52.141.4.134 - - [27/Sep/2026:22:18:08 +0300] "GET /akcc.php HTTP/1.1" 200 12141 "-" "Mozilla/5.0 (Windows NT 10.0; Win64; x64) AppleWebKit/537.36 (KHTML, like Gecko) Chrome/120.0.0.0 Safari/537.36"
52.141.4.134 - - [27/Sep/2026:22:18:09 +0300] "GET /modules/mod_footer/tmpl/index.php HTTP/1.1" 200 12159 "-" "Mozilla/5.0 (Windows NT 10.0; Win64; x64) AppleWebKit/537.36 (KHTML, like Gecko) Chrome/120.0.0.0 Safari/537.36"
52.141.4.134 - - [27/Sep/2026:22:18:09 +0300] "GET /s.php HTTP/1.1" 200 12142 "-" "Mozilla/5.0 (Windows NT 10.0; Win64; x64) AppleWebKit/537.36 (KHTML, like Gecko) Chrome/120.0.0.0 Safari/537.36"
52.141.4.134 - - [27/Sep/2026:22:18:10 +0300] "GET /sagax.php HTTP/1.1" 200 12144 "-" "Mozilla/5.0 (Windows NT 10.0; Win64; x64) AppleWebKit/537.36 (KHTML, like Gecko) Chrome/120.0.0.0 Safari/537.36"
52.141.4.134 - - [27/Sep/2026:22:18:10 +0300] "GET /vendor/ HTTP/1.1" 200 12142 "-" "Mozilla/5.0 (Windows NT 10.0; Win64; x64) AppleWebKit/537.36 (KHTML, like Gecko) Chrome/120.0.0.0 Safari/537.36"
52.141.4.134 - - [27/Sep/2026:22:18:11 +0300] "GET /wp-content/plugins/ftde.php HTTP/1.1" 200 12155 "-" "Mozilla/5.0 (Windows NT 10.0; Win64; x64) AppleWebKit/537.36 (KHTML, like Gecko) Chrome/120.0.0.0 Safari/537.36"
52.141.4.134 - - [27/Sep/2026:22:18:11 +0300] "GET /wp-content/uploads/admin.php HTTP/1.1" 200 12157 "-" "Mozilla/5.0 (Windows NT 10.0; Win64; x64) AppleWebKit/537.36 (KHTML, like Gecko) Chrome/120.0.0.0 Safari/537.36"
52.141.4.134 - - [27/Sep/2026:22:18:12 +0300] "GET /wp-includes/Text/Diff/Engine/ HTTP/1.1" 200 12163 "-" "Mozilla/5.0 (Windows NT 10.0; Win64; x64) AppleWebKit/537.36 (KHTML, like Gecko) Chrome/120.0.0.0 Safari/537.36"
52.141.4.134 - - [27/Sep/2026:22:18:13 +0300] "GET /z.php HTTP/1.1" 200 12138 "-" "Mozilla/5.0 (Windows NT 10.0; Win64; x64) AppleWebKit/537.36 (KHTML, like Gecko) Chrome/120.0.0.0 Safari/537.36"
52.141.4.134 - - [27/Sep/2026:22:18:13 +0300] "GET /f35.php HTTP/1.1" 200 12146 "-" "Mozilla/5.0 (Windows NT 10.0; Win64; x64) AppleWebKit/537.36 (KHTML, like Gecko) Chrome/120.0.0.0 Safari/537.36"
52.141.4.134 - - [27/Sep/2026:22:18:14 +0300] "GET /file61.php HTTP/1.1" 200 12146 "-" "Mozilla/5.0 (Windows NT 10.0; Win64; x64) AppleWebKit/537.36 (KHTML, like Gecko) Chrome/120.0.0.0 Safari/537.36"
52.141.4.134 - - [27/Sep/2026:22:18:14 +0300] "GET /mah.php HTTP/1.1" 200 12143 "-" "Mozilla/5.0 (Windows NT 10.0; Win64; x64) AppleWebKit/537.36 (KHTML, like Gecko) Chrome/120.0.0.0 Safari/537.36"
52.141.4.134 - - [27/Sep/2026:22:18:15 +0300] "GET /mini.php HTTP/1.1" 200 12143 "-" "Mozilla/5.0 (Windows NT 10.0; Win64; x64) AppleWebKit/537.36 (KHTML, like Gecko) Chrome/120.0.0.0 Safari/537.36"
52.141.4.134 - - [27/Sep/2026:22:18:15 +0300] "GET /v.php HTTP/1.1" 200 12140 "-" "Mozilla/5.0 (Windows NT 10.0; Win64; x64) AppleWebKit/537.36 (KHTML, like Gecko) Chrome/120.0.0.0 Safari/537.36"
52.141.4.134 - - [27/Sep/2026:22:18:16 +0300] "GET /wp-admin/images/admin.php HTTP/1.1" 200 12154 "-" "Mozilla/5.0 (Windows NT 10.0; Win64; x64) AppleWebKit/537.36 (KHTML, like Gecko) Chrome/120.0.0.0 Safari/537.36"
52.141.4.134 - - [27/Sep/2026:22:18:16 +0300] "GET /wp-content/themes/seotheme/mar.php HTTP/1.1" 200 12159 "-" "Mozilla/5.0 (Windows NT 10.0; Win64; x64) AppleWebKit/537.36 (KHTML, like Gecko) Chrome/120.0.0.0 Safari/537.36"
52.141.4.134 - - [27/Sep/2026:22:18:17 +0300] "GET /wp-includes/Text/index.php HTTP/1.1" 200 12152 "-" "Mozilla/5.0 (Windows NT 10.0; Win64; x64) AppleWebKit/537.36 (KHTML, like Gecko) Chrome/120.0.0.0 Safari/537.36"
52.141.4.134 - - [27/Sep/2026:22:18:17 +0300] "GET /wp-includes/rest-api/fields/ HTTP/1.1" 200 12156 "-" "Mozilla/5.0 (Windows NT 10.0; Win64; x64) AppleWebKit/537.36 (KHTML, like Gecko) Chrome/120.0.0.0 Safari/537.36"
52.141.4.134 - - [27/Sep/2026:22:18:18 +0300] "GET /wp-index.php HTTP/1.1" 200 12149 "-" "Mozilla/5.0 (Windows NT 10.0; Win64; x64) AppleWebKit/537.36 (KHTML, like Gecko) Chrome/120.0.0.0 Safari/537.36"
52.141.4.134 - - [27/Sep/2026:22:18:18 +0300] "GET /ww2.php HTTP/1.1" 200 12148 "-" "Mozilla/5.0 (Windows NT 10.0; Win64; x64) AppleWebKit/537.36 (KHTML, like Gecko) Chrome/120.0.0.0 Safari/537.36"
52.141.4.134 - - [27/Sep/2026:22:18:19 +0300] "GET /7logs.php HTTP/1.1" 200 12148 "-" "Mozilla/5.0 (Windows NT 10.0; Win64; x64) AppleWebKit/537.36 (KHTML, like Gecko) Chrome/120.0.0.0 Safari/537.36"
52.141.4.134 - - [27/Sep/2026:22:18:20 +0300] "GET /ac.php HTTP/1.1" 200 12145 "-" "Mozilla/5.0 (Windows NT 10.0; Win64; x64) AppleWebKit/537.36 (KHTML, like Gecko) Chrome/120.0.0.0 Safari/537.36"
52.141.4.134 - - [27/Sep/2026:22:18:20 +0300] "GET /ctex1.php HTTP/1.1" 200 12147 "-" "Mozilla/5.0 (Windows NT 10.0; Win64; x64) AppleWebKit/537.36 (KHTML, like Gecko) Chrome/120.0.0.0 Safari/537.36"
52.141.4.134 - - [27/Sep/2026:22:18:21 +0300] "GET /defaults.php HTTP/1.1" 200 12147 "-" "Mozilla/5.0 (Windows NT 10.0; Win64; x64) AppleWebKit/537.36 (KHTML, like Gecko) Chrome/120.0.0.0 Safari/537.36"
52.141.4.134 - - [27/Sep/2026:22:18:21 +0300] "GET /domains.php HTTP/1.1" 200 12150 "-" "Mozilla/5.0 (Windows NT 10.0; Win64; x64) AppleWebKit/537.36 (KHTML, like Gecko) Chrome/120.0.0.0 Safari/537.36"
52.141.4.134 - - [27/Sep/2026:22:18:22 +0300] "GET /dropdown.php HTTP/1.1" 200 12149 "-" "Mozilla/5.0 (Windows NT 10.0; Win64; x64) AppleWebKit/537.36 (KHTML, like Gecko) Chrome/120.0.0.0 Safari/537.36"
52.141.4.134 - - [27/Sep/2026:22:18:22 +0300] "GET /files/index.php HTTP/1.1" 200 12151 "-" "Mozilla/5.0 (Windows NT 10.0; Win64; x64) AppleWebKit/537.36 (KHTML, like Gecko) Chrome/120.0.0.0 Safari/537.36"
52.141.4.134 - - [27/Sep/2026:22:18:23 +0300] "GET /flower.php HTTP/1.1" 200 12144 "-" "Mozilla/5.0 (Windows NT 10.0; Win64; x64) AppleWebKit/537.36 (KHTML, like Gecko) Chrome/120.0.0.0 Safari/537.36"
