69.58.88.206 - - [27/Sep/2026:23:57:23 +0300] "GET /yytest/ HTTP/1.1" 301 - "-" "Mozilla/5.0 (compatible; Googlebot/2.1; +http://www.google.com/bot.html)"
158.62.222.197 - - [27/Sep/2026:23:57:23 +0300] "GET /yytest/ HTTP/1.1" 301 - "-" "Mozilla/5.0 (compatible; Googlebot/2.1; +http://www.google.com/bot.html)"
31.58.162.22 - - [27/Sep/2026:23:57:22 +0300] "GET /yytest/ HTTP/1.1" 301 - "-" "Mozilla/5.0 (compatible; Googlebot/2.1; +http://www.google.com/bot.html)"
85.254.144.33 - - [27/Sep/2026:23:57:23 +0300] "POST /wp-cron.php?doing_wp_cron=1790542643.8336579799652099609375 HTTP/1.1" 200 - "-" "WordPress/7.1.2; https://finofy.com"
31.58.162.22 - - [27/Sep/2026:23:57:25 +0300] "GET / HTTP/1.1" 301 - "https://finofy.com/yytest/" "Mozilla/5.0 (compatible; Googlebot/2.1; +http://www.google.com/bot.html)"
69.58.88.206 - - [27/Sep/2026:23:57:25 +0300] "GET / HTTP/1.1" 301 - "https://finofy.com/yytest/" "Mozilla/5.0 (compatible; Googlebot/2.1; +http://www.google.com/bot.html)"
158.62.222.197 - - [27/Sep/2026:23:57:25 +0300] "GET / HTTP/1.1" 301 - "https://finofy.com/yytest/" "Mozilla/5.0 (compatible; Googlebot/2.1; +http://www.google.com/bot.html)"
63.141.239.146 - - [27/Sep/2026:23:57:27 +0300] "GET /yytest/ HTTP/1.1" 301 - "-" "Mozilla/5.0 (compatible; Googlebot/2.1; +http://www.google.com/bot.html)"
63.141.239.146 - - [27/Sep/2026:23:57:29 +0300] "GET / HTTP/1.1" 301 - "https://finofy.com/yytest/" "Mozilla/5.0 (compatible; Googlebot/2.1; +http://www.google.com/bot.html)"
63.141.239.146 - - [27/Sep/2026:23:57:30 +0300] "GET / HTTP/1.1" 200 50422 "https://www.finofy.com" "Mozilla/5.0 (compatible; Googlebot/2.1; +http://www.google.com/bot.html)"
168.91.47.20 - - [27/Sep/2026:23:57:33 +0300] "POST / HTTP/1.1" 200 50422 "-" "Mozilla/5.0 (Linux; Android 12; Pixel 6) AppleWebKit/537.36 (KHTML, like Gecko) Chrome/129.0.0.0 Mobile Safari/537.36"
31.58.166.21 - - [27/Sep/2026:23:57:33 +0300] "POST / HTTP/1.1" 200 50422 "-" "Mozilla/5.0 (Linux; Android 12; Pixel 6) AppleWebKit/537.36 (KHTML, like Gecko) Chrome/129.0.0.0 Mobile Safari/537.36"
141.164.89.160 - - [27/Sep/2026:23:57:33 +0300] "POST / HTTP/1.1" 200 50422 "-" "Mozilla/5.0 (Linux; Android 12; Pixel 6) AppleWebKit/537.36 (KHTML, like Gecko) Chrome/129.0.0.0 Mobile Safari/537.36"
3.18.186.238 - - [28/Sep/2026:00:00:34 +0300] "GET / HTTP/1.1" 200 12134 "-" "visionheight.com/scan Mozilla/5.0 (Macintosh; Intel Mac OS X 10_15_7) Chrome/126.0.0.0 Safari/537.36"
66.249.73.66 - - [28/Sep/2026:00:00:46 +0300] "GET /schedule/artwork/fmnfwcbbcy314pk.shtml HTTP/1.1" 301 - "-" "Mozilla/5.0 (Linux; Android 6.0.1; Nexus 5X Build/MMB29P) AppleWebKit/537.36 (KHTML, like Gecko) Chrome/153.0.8010.52 Mobile Safari/537.36 (compatible; Googlebot/2.1; +http://www.google.com/bot.html)"
85.254.144.33 - - [28/Sep/2026:00:00:47 +0300] "POST /wp-cron.php?doing_wp_cron=1790542847.4080879688262939453125 HTTP/1.1" 200 - "-" "WordPress/7.1.2; https://finofy.com"
66.249.73.64 - - [28/Sep/2026:00:00:48 +0300] "GET /grade/instrument/fovfswjb86n98l4.shtml HTTP/1.1" 301 - "-" "Mozilla/5.0 (Linux; Android 6.0.1; Nexus 5X Build/MMB29P) AppleWebKit/537.36 (KHTML, like Gecko) Chrome/153.0.8010.52 Mobile Safari/537.36 (compatible; Googlebot/2.1; +http://www.google.com/bot.html)"
66.249.73.64 - - [28/Sep/2026:00:00:52 +0300] "GET /collection/work/euzy8onco8n9il4.shtml HTTP/1.1" 301 - "-" "Mozilla/5.0 (Linux; Android 6.0.1; Nexus 5X Build/MMB29P) AppleWebKit/537.36 (KHTML, like Gecko) Chrome/153.0.8010.52 Mobile Safari/537.36 (compatible; Googlebot/2.1; +http://www.google.com/bot.html)"
66.249.73.65 - - [28/Sep/2026:00:00:57 +0300] "GET /chart/line/ewlb6y99mi97lvq.shtml HTTP/1.1" 301 - "-" "Mozilla/5.0 (Linux; Android 6.0.1; Nexus 5X Build/MMB29P) AppleWebKit/537.36 (KHTML, like Gecko) Chrome/153.0.8010.52 Mobile Safari/537.36 (compatible; Googlebot/2.1; +http://www.google.com/bot.html)"
147.53.121.195 - - [28/Sep/2026:00:02:34 +0300] "GET /yytest/ HTTP/1.1" 301 - "-" "Mozilla/5.0 (compatible; Googlebot/2.1; +http://www.google.com/bot.html)"
168.91.47.20 - - [28/Sep/2026:00:02:34 +0300] "GET /yytest/ HTTP/1.1" 301 - "-" "Mozilla/5.0 (compatible; Googlebot/2.1; +http://www.google.com/bot.html)"
138.229.96.224 - - [28/Sep/2026:00:02:34 +0300] "GET /yytest/ HTTP/1.1" 301 - "-" "Mozilla/5.0 (compatible; Googlebot/2.1; +http://www.google.com/bot.html)"
168.91.47.20 - - [28/Sep/2026:00:02:37 +0300] "GET / HTTP/1.1" 301 - "https://finofy.com/yytest/" "Mozilla/5.0 (compatible; Googlebot/2.1; +http://www.google.com/bot.html)"
147.53.121.195 - - [28/Sep/2026:00:02:37 +0300] "GET / HTTP/1.1" 301 - "https://finofy.com/yytest/" "Mozilla/5.0 (compatible; Googlebot/2.1; +http://www.google.com/bot.html)"
138.229.96.224 - - [28/Sep/2026:00:02:38 +0300] "GET / HTTP/1.1" 301 - "https://finofy.com/yytest/" "Mozilla/5.0 (compatible; Googlebot/2.1; +http://www.google.com/bot.html)"
168.91.47.20 - - [28/Sep/2026:00:02:39 +0300] "GET / HTTP/1.1" 200 50422 "https://www.finofy.com" "Mozilla/5.0 (compatible; Googlebot/2.1; +http://www.google.com/bot.html)"
63.141.239.146 - - [28/Sep/2026:00:02:39 +0300] "GET /yytest/ HTTP/1.1" 301 - "-" "Mozilla/5.0 (compatible; Googlebot/2.1; +http://www.google.com/bot.html)"
63.141.239.146 - - [28/Sep/2026:00:02:42 +0300] "GET / HTTP/1.1" 301 - "https://finofy.com/yytest/" "Mozilla/5.0 (compatible; Googlebot/2.1; +http://www.google.com/bot.html)"
63.141.239.146 - - [28/Sep/2026:00:02:43 +0300] "GET / HTTP/1.1" 200 50422 "https://www.finofy.com" "Mozilla/5.0 (compatible; Googlebot/2.1; +http://www.google.com/bot.html)"
151.241.48.38 - - [28/Sep/2026:00:02:46 +0300] "POST / HTTP/1.1" 200 50422 "-" "Mozilla/5.0 (Windows NT 10.0; Win64; x64) AppleWebKit/537.36 (KHTML, like Gecko) Chrome/129.0.0.0 Safari/537.36"
31.58.162.22 - - [28/Sep/2026:00:02:46 +0300] "POST / HTTP/1.1" 200 50422 "-" "Mozilla/5.0 (Windows NT 10.0; Win64; x64) AppleWebKit/537.36 (KHTML, like Gecko) Chrome/129.0.0.0 Safari/537.36"
130.254.112.187 - - [28/Sep/2026:00:02:46 +0300] "POST / HTTP/1.1" 200 50422 "-" "Mozilla/5.0 (Windows NT 10.0; Win64; x64) AppleWebKit/537.36 (KHTML, like Gecko) Chrome/129.0.0.0 Safari/537.36"
85.254.144.33 - - [28/Sep/2026:00:02:36 +0300] "POST /wp-cron.php?doing_wp_cron=1790542956.7712190151214599609375 HTTP/1.1" 200 - "-" "WordPress/7.1.2; https://finofy.com"
66.249.73.66 - - [28/Sep/2026:00:03:32 +0300] "GET /pod/detail/flcuxp0bdfgqsqx.shtml HTTP/1.1" 301 - "-" "Mozilla/5.0 (Linux; Android 6.0.1; Nexus 5X Build/MMB29P) AppleWebKit/537.36 (KHTML, like Gecko) Chrome/153.0.8010.52 Mobile Safari/537.36 (compatible; Googlebot/2.1; +http://www.google.com/bot.html)"
85.254.144.33 - - [28/Sep/2026:00:03:34 +0300] "POST /wp-cron.php?doing_wp_cron=1790543014.4533998966217041015625 HTTP/1.1" 200 - "-" "WordPress/7.1.2; https://finofy.com"
66.249.73.64 - - [28/Sep/2026:00:03:35 +0300] "GET /sort/abhelp/eg58eutzuetfrra.shtml HTTP/1.1" 301 - "-" "Mozilla/5.0 (Linux; Android 6.0.1; Nexus 5X Build/MMB29P) AppleWebKit/537.36 (KHTML, like Gecko) Chrome/153.0.8010.52 Mobile Safari/537.36 (compatible; Googlebot/2.1; +http://www.google.com/bot.html)"
66.249.73.64 - - [28/Sep/2026:00:03:39 +0300] "GET /status/freight/e2dqae1cqy1bgbi.shtml HTTP/1.1" 301 - "-" "Mozilla/5.0 (Linux; Android 6.0.1; Nexus 5X Build/MMB29P) AppleWebKit/537.36 (KHTML, like Gecko) Chrome/153.0.8010.52 Mobile Safari/537.36 (compatible; Googlebot/2.1; +http://www.google.com/bot.html)"
66.249.73.64 - - [28/Sep/2026:00:03:43 +0300] "GET /trait/possession/exulf7itvrig04z.shtml HTTP/1.1" 301 - "-" "Mozilla/5.0 (Linux; Android 6.0.1; Nexus 5X Build/MMB29P) AppleWebKit/537.36 (KHTML, like Gecko) Chrome/153.0.8010.52 Mobile Safari/537.36 (compatible; Googlebot/2.1; +http://www.google.com/bot.html)"
66.249.73.64 - - [28/Sep/2026:00:03:48 +0300] "GET /system/chattel/eccnxp0cd90yvmh.shtml HTTP/1.1" 301 - "-" "Mozilla/5.0 (Linux; Android 6.0.1; Nexus 5X Build/MMB29P) AppleWebKit/537.36 (KHTML, like Gecko) Chrome/153.0.8010.52 Mobile Safari/537.36 (compatible; Googlebot/2.1; +http://www.google.com/bot.html)"
66.249.73.64 - - [28/Sep/2026:00:03:54 +0300] "GET /make/proceeds/diprmqd42adnlnu.shtml HTTP/1.1" 301 - "-" "Mozilla/5.0 (Linux; Android 6.0.1; Nexus 5X Build/MMB29P) AppleWebKit/537.36 (KHTML, like Gecko) Chrome/153.0.8010.52 Mobile Safari/537.36 (compatible; Googlebot/2.1; +http://www.google.com/bot.html)"
66.249.73.64 - - [28/Sep/2026:00:03:56 +0300] "GET /style/portion/f4xtialbyq1bebi.shtml HTTP/1.1" 301 - "-" "Mozilla/5.0 (Linux; Android 6.0.1; Nexus 5X Build/MMB29P) AppleWebKit/537.36 (KHTML, like Gecko) Chrome/153.0.8010.52 Mobile Safari/537.36 (compatible; Googlebot/2.1; +http://www.google.com/bot.html)"
66.249.73.65 - - [28/Sep/2026:00:04:01 +0300] "GET /brand/contraption/esedn32u3n2ov0j.shtml HTTP/1.1" 301 - "-" "Mozilla/5.0 (Linux; Android 6.0.1; Nexus 5X Build/MMB29P) AppleWebKit/537.36 (KHTML, like Gecko) Chrome/153.0.8010.52 Mobile Safari/537.36 (compatible; Googlebot/2.1; +http://www.google.com/bot.html)"
85.254.144.33 - - [28/Sep/2026:00:04:02 +0300] "POST /wp-cron.php?doing_wp_cron=1790543042.3572371006011962890625 HTTP/1.1" 200 - "-" "WordPress/7.1.2; https://finofy.com"
66.249.73.65 - - [28/Sep/2026:00:04:09 +0300] "GET /cultivar/merchandise/f6kdt98b9x0yomh.shtml HTTP/1.1" 301 - "-" "Mozilla/5.0 (Linux; Android 6.0.1; Nexus 5X Build/MMB29P) AppleWebKit/537.36 (KHTML, like Gecko) Chrome/153.0.8010.52 Mobile Safari/537.36 (compatible; Googlebot/2.1; +http://www.google.com/bot.html)"
66.249.73.65 - - [28/Sep/2026:00:04:11 +0300] "GET /element/contraption/egyjvzmzbjmwkw3.shtml HTTP/1.1" 301 - "-" "Mozilla/5.0 (Linux; Android 6.0.1; Nexus 5X Build/MMB29P) AppleWebKit/537.36 (KHTML, like Gecko) Chrome/153.0.8010.52 Mobile Safari/537.36 (compatible; Googlebot/2.1; +http://www.google.com/bot.html)"
66.249.73.64 - - [28/Sep/2026:00:04:13 +0300] "GET /format/trait/f3xjialbyz1bpbi.shtml HTTP/1.1" 301 - "-" "Mozilla/5.0 (Linux; Android 6.0.1; Nexus 5X Build/MMB29P) AppleWebKit/537.36 (KHTML, like Gecko) Chrome/153.0.8010.52 Mobile Safari/537.36 (compatible; Googlebot/2.1; +http://www.google.com/bot.html)"
66.249.73.64 - - [28/Sep/2026:00:04:15 +0300] "GET /cohort/category/ed7p48vqksv5q5c.shtml HTTP/1.1" 301 - "-" "Mozilla/5.0 (Linux; Android 6.0.1; Nexus 5X Build/MMB29P) AppleWebKit/537.36 (KHTML, like Gecko) Chrome/153.0.8010.52 Mobile Safari/537.36 (compatible; Googlebot/2.1; +http://www.google.com/bot.html)"
66.249.73.64 - - [28/Sep/2026:00:04:17 +0300] "GET /family/supply/fjmvjnabz4e03cv.shtml HTTP/1.1" 301 - "-" "Mozilla/5.0 (Linux; Android 6.0.1; Nexus 5X Build/MMB29P) AppleWebKit/537.36 (KHTML, like Gecko) Chrome/153.0.8010.52 Mobile Safari/537.36 (compatible; Googlebot/2.1; +http://www.google.com/bot.html)"
66.249.73.64 - - [28/Sep/2026:00:04:19 +0300] "GET /field/subassembly/fgucf7ibvyy8z8f.shtml HTTP/1.1" 301 - "-" "Mozilla/5.0 (Linux; Android 6.0.1; Nexus 5X Build/MMB29P) AppleWebKit/537.36 (KHTML, like Gecko) Chrome/153.0.8010.52 Mobile Safari/537.36 (compatible; Googlebot/2.1; +http://www.google.com/bot.html)"
66.249.73.64 - - [28/Sep/2026:00:04:23 +0300] "GET /roster/label/el0yldok1xom9a5.shtml HTTP/1.1" 301 - "-" "Mozilla/5.0 (Linux; Android 6.0.1; Nexus 5X Build/MMB29P) AppleWebKit/537.36 (KHTML, like Gecko) Chrome/153.0.8010.52 Mobile Safari/537.36 (compatible; Googlebot/2.1; +http://www.google.com/bot.html)"
66.249.73.64 - - [28/Sep/2026:00:04:25 +0300] "GET /echelon/fixture/et5ueutwuetfyra.shtml HTTP/1.1" 301 - "-" "Mozilla/5.0 (Linux; Android 6.0.1; Nexus 5X Build/MMB29P) AppleWebKit/537.36 (KHTML, like Gecko) Chrome/153.0.8010.52 Mobile Safari/537.36 (compatible; Googlebot/2.1; +http://www.google.com/bot.html)"
66.249.73.64 - - [28/Sep/2026:00:04:27 +0300] "GET /pattern/fraction/ej7348v0ksv5c5c.shtml HTTP/1.1" 301 - "-" "Mozilla/5.0 (Linux; Android 6.0.1; Nexus 5X Build/MMB29P) AppleWebKit/537.36 (KHTML, like Gecko) Chrome/153.0.8010.52 Mobile Safari/537.36 (compatible; Googlebot/2.1; +http://www.google.com/bot.html)"
66.249.73.64 - - [28/Sep/2026:00:04:29 +0300] "GET /association/derivative/fzedn32b3rus2gb.shtml HTTP/1.1" 301 - "-" "Mozilla/5.0 (Linux; Android 6.0.1; Nexus 5X Build/MMB29P) AppleWebKit/537.36 (KHTML, like Gecko) Chrome/153.0.8010.52 Mobile Safari/537.36 (compatible; Googlebot/2.1; +http://www.google.com/bot.html)"
66.249.73.64 - - [28/Sep/2026:00:04:31 +0300] "GET /catalogue/edition/edv9swj28gjt2t0.shtml HTTP/1.1" 301 - "-" "Mozilla/5.0 (Linux; Android 6.0.1; Nexus 5X Build/MMB29P) AppleWebKit/537.36 (KHTML, like Gecko) Chrome/153.0.8010.52 Mobile Safari/537.36 (compatible; Googlebot/2.1; +http://www.google.com/bot.html)"
66.249.73.64 - - [28/Sep/2026:00:04:33 +0300] "GET /clique/division/ex5leutkuetfqra.shtml HTTP/1.1" 301 - "-" "Mozilla/5.0 (Linux; Android 6.0.1; Nexus 5X Build/MMB29P) AppleWebKit/537.36 (KHTML, like Gecko) Chrome/153.0.8010.52 Mobile Safari/537.36 (compatible; Googlebot/2.1; +http://www.google.com/bot.html)"
66.249.73.64 - - [28/Sep/2026:00:04:37 +0300] "GET /array/material/ecle6y9jmi97nvq.shtml HTTP/1.1" 301 - "-" "Mozilla/5.0 (Linux; Android 6.0.1; Nexus 5X Build/MMB29P) AppleWebKit/537.36 (KHTML, like Gecko) Chrome/153.0.8010.52 Mobile Safari/537.36 (compatible; Googlebot/2.1; +http://www.google.com/bot.html)"
66.249.73.64 - - [28/Sep/2026:00:04:39 +0300] "GET /rank/load/erxfialgyuljq72.shtml HTTP/1.1" 301 - "-" "Mozilla/5.0 (Linux; Android 6.0.1; Nexus 5X Build/MMB29P) AppleWebKit/537.36 (KHTML, like Gecko) Chrome/153.0.8010.52 Mobile Safari/537.36 (compatible; Googlebot/2.1; +http://www.google.com/bot.html)"
66.249.73.64 - - [28/Sep/2026:00:04:41 +0300] "GET /label/yield/fykit98b9k0y7mh.shtml HTTP/1.1" 301 - "-" "Mozilla/5.0 (Linux; Android 6.0.1; Nexus 5X Build/MMB29P) AppleWebKit/537.36 (KHTML, like Gecko) Chrome/153.0.8010.52 Mobile Safari/537.36 (compatible; Googlebot/2.1; +http://www.google.com/bot.html)"
66.249.73.64 - - [28/Sep/2026:00:04:43 +0300] "GET /clade/deliverable/fnza8onbosfdw1w.shtml HTTP/1.1" 301 - "-" "Mozilla/5.0 (Linux; Android 6.0.1; Nexus 5X Build/MMB29P) AppleWebKit/537.36 (KHTML, like Gecko) Chrome/153.0.8010.52 Mobile Safari/537.36 (compatible; Googlebot/2.1; +http://www.google.com/bot.html)"
66.249.73.64 - - [28/Sep/2026:00:04:45 +0300] "GET /quality/consignment/fzgidh4bt08ud6p.shtml HTTP/1.1" 301 - "-" "Mozilla/5.0 (Linux; Android 6.0.1; Nexus 5X Build/MMB29P) AppleWebKit/537.36 (KHTML, like Gecko) Chrome/153.0.8010.52 Mobile Safari/537.36 (compatible; Googlebot/2.1; +http://www.google.com/bot.html)"
66.249.73.64 - - [28/Sep/2026:00:04:47 +0300] "GET /aspect/publication/fhuaf7ibvuy8l8f.shtml HTTP/1.1" 301 - "-" "Mozilla/5.0 (Linux; Android 6.0.1; Nexus 5X Build/MMB29P) AppleWebKit/537.36 (KHTML, like Gecko) Chrome/153.0.8010.52 Mobile Safari/537.36 (compatible; Googlebot/2.1; +http://www.google.com/bot.html)"
66.249.73.64 - - [28/Sep/2026:00:04:51 +0300] "GET /segment/part/ehia3v6djf644sn.shtml HTTP/1.1" 301 - "-" "Mozilla/5.0 (Linux; Android 6.0.1; Nexus 5X Build/MMB29P) AppleWebKit/537.36 (KHTML, like Gecko) Chrome/153.0.8010.52 Mobile Safari/537.36 (compatible; Googlebot/2.1; +http://www.google.com/bot.html)"
66.249.73.64 - - [28/Sep/2026:00:04:53 +0300] "GET /grouping/extra/e59sumx3a6xvxje.shtml HTTP/1.1" 301 - "-" "Mozilla/5.0 (Linux; Android 6.0.1; Nexus 5X Build/MMB29P) AppleWebKit/537.36 (KHTML, like Gecko) Chrome/153.0.8010.52 Mobile Safari/537.36 (compatible; Googlebot/2.1; +http://www.google.com/bot.html)"
66.249.73.64 - - [28/Sep/2026:00:04:55 +0300] "GET /club/merchandise/elvkswjl8gjtht0.shtml HTTP/1.1" 301 - "-" "Mozilla/5.0 (Linux; Android 6.0.1; Nexus 5X Build/MMB29P) AppleWebKit/537.36 (KHTML, like Gecko) Chrome/153.0.8010.52 Mobile Safari/537.36 (compatible; Googlebot/2.1; +http://www.google.com/bot.html)"
66.249.73.64 - - [28/Sep/2026:00:04:57 +0300] "GET /group/craft/ew5peutpuetfxra.shtml HTTP/1.1" 301 - "-" "Mozilla/5.0 (Linux; Android 6.0.1; Nexus 5X Build/MMB29P) AppleWebKit/537.36 (KHTML, like Gecko) Chrome/153.0.8010.52 Mobile Safari/537.36 (compatible; Googlebot/2.1; +http://www.google.com/bot.html)"
66.249.73.64 - - [28/Sep/2026:00:04:59 +0300] "GET /element/serial/f9dsae1bqc5rq3m.shtml HTTP/1.1" 301 - "-" "Mozilla/5.0 (Linux; Android 6.0.1; Nexus 5X Build/MMB29P) AppleWebKit/537.36 (KHTML, like Gecko) Chrome/153.0.8010.52 Mobile Safari/537.36 (compatible; Googlebot/2.1; +http://www.google.com/bot.html)"
66.249.73.64 - - [28/Sep/2026:00:05:03 +0300] "GET /structure/gear/enmbjnagz7akzkr.shtml HTTP/1.1" 301 - "-" "Mozilla/5.0 (Linux; Android 6.0.1; Nexus 5X Build/MMB29P) AppleWebKit/537.36 (KHTML, like Gecko) Chrome/153.0.8010.52 Mobile Safari/537.36 (compatible; Googlebot/2.1; +http://www.google.com/bot.html)"
85.254.144.33 - - [28/Sep/2026:00:05:05 +0300] "POST /wp-cron.php?doing_wp_cron=1790543105.0251219272613525390625 HTTP/1.1" 200 - "-" "WordPress/7.1.2; https://finofy.com"
66.249.73.64 - - [28/Sep/2026:00:05:08 +0300] "GET /design/construction/ea2qbrqlrbqcyo7.shtml HTTP/1.1" 301 - "-" "Mozilla/5.0 (Linux; Android 6.0.1; Nexus 5X Build/MMB29P) AppleWebKit/537.36 (KHTML, like Gecko) Chrome/153.0.8010.52 Mobile Safari/537.36 (compatible; Googlebot/2.1; +http://www.google.com/bot.html)"
66.249.73.64 - - [28/Sep/2026:00:05:09 +0300] "GET /model/serial/e027brqlrbqcio7.shtml HTTP/1.1" 301 - "-" "Mozilla/5.0 (Linux; Android 6.0.1; Nexus 5X Build/MMB29P) AppleWebKit/537.36 (KHTML, like Gecko) Chrome/153.0.8010.52 Mobile Safari/537.36 (compatible; Googlebot/2.1; +http://www.google.com/bot.html)"
66.249.73.64 - - [28/Sep/2026:00:05:11 +0300] "GET /breed/issue/f3yvvzmbbdqc8o7.shtml HTTP/1.1" 301 - "-" "Mozilla/5.0 (Linux; Android 6.0.1; Nexus 5X Build/MMB29P) AppleWebKit/537.36 (KHTML, like Gecko) Chrome/153.0.8010.52 Mobile Safari/537.36 (compatible; Googlebot/2.1; +http://www.google.com/bot.html)"
66.249.73.64 - - [28/Sep/2026:00:05:13 +0300] "GET /framework/kit/e6l66y9omi97gvq.shtml HTTP/1.1" 301 - "-" "Mozilla/5.0 (Linux; Android 6.0.1; Nexus 5X Build/MMB29P) AppleWebKit/537.36 (KHTML, like Gecko) Chrome/153.0.8010.52 Mobile Safari/537.36 (compatible; Googlebot/2.1; +http://www.google.com/bot.html)"
66.249.73.64 - - [28/Sep/2026:00:05:15 +0300] "GET /type/consequence/fh4c15sbhuwijud.shtml HTTP/1.1" 301 - "-" "Mozilla/5.0 (Linux; Android 6.0.1; Nexus 5X Build/MMB29P) AppleWebKit/537.36 (KHTML, like Gecko) Chrome/153.0.8010.52 Mobile Safari/537.36 (compatible; Googlebot/2.1; +http://www.google.com/bot.html)"
66.249.73.64 - - [28/Sep/2026:00:05:17 +0300] "GET /domain/possession/exmxjna9z7akwkr.shtml HTTP/1.1" 301 - "-" "Mozilla/5.0 (Linux; Android 6.0.1; Nexus 5X Build/MMB29P) AppleWebKit/537.36 (KHTML, like Gecko) Chrome/153.0.8010.52 Mobile Safari/537.36 (compatible; Googlebot/2.1; +http://www.google.com/bot.html)"
66.249.73.64 - - [28/Sep/2026:00:05:21 +0300] "GET /faction/supplement/escfxp0ud90yhmh.shtml HTTP/1.1" 301 - "-" "Mozilla/5.0 (Linux; Android 6.0.1; Nexus 5X Build/MMB29P) AppleWebKit/537.36 (KHTML, like Gecko) Chrome/153.0.8010.52 Mobile Safari/537.36 (compatible; Googlebot/2.1; +http://www.google.com/bot.html)"
66.249.73.64 - - [28/Sep/2026:00:05:22 +0300] "GET /guild/extra/f86brjub7lakukr.shtml HTTP/1.1" 301 - "-" "Mozilla/5.0 (Linux; Android 6.0.1; Nexus 5X Build/MMB29P) AppleWebKit/537.36 (KHTML, like Gecko) Chrome/153.0.8010.52 Mobile Safari/537.36 (compatible; Googlebot/2.1; +http://www.google.com/bot.html)"
66.249.73.64 - - [28/Sep/2026:00:05:24 +0300] "GET /catalog/byproduct/eesfptgx5dgqgqx.shtml HTTP/1.1" 301 - "-" "Mozilla/5.0 (Linux; Android 6.0.1; Nexus 5X Build/MMB29P) AppleWebKit/537.36 (KHTML, like Gecko) Chrome/153.0.8010.52 Mobile Safari/537.36 (compatible; Googlebot/2.1; +http://www.google.com/bot.html)"
66.249.73.64 - - [28/Sep/2026:00:05:28 +0300] "GET /register/serial/d7q9zfeefze08cv.shtml HTTP/1.1" 301 - "-" "Mozilla/5.0 (Linux; Android 6.0.1; Nexus 5X Build/MMB29P) AppleWebKit/537.36 (KHTML, like Gecko) Chrome/153.0.8010.52 Mobile Safari/537.36 (compatible; Googlebot/2.1; +http://www.google.com/bot.html)"
66.249.73.64 - - [28/Sep/2026:00:05:31 +0300] "GET /order/production/enyivzmgbjmwzw3.shtml HTTP/1.1" 301 - "-" "Mozilla/5.0 (Linux; Android 6.0.1; Nexus 5X Build/MMB29P) AppleWebKit/537.36 (KHTML, like Gecko) Chrome/153.0.8010.52 Mobile Safari/537.36 (compatible; Googlebot/2.1; +http://www.google.com/bot.html)"
66.249.73.64 - - [28/Sep/2026:00:05:33 +0300] "GET /taxonomy/offering/equgf7i3vrigc4z.shtml HTTP/1.1" 301 - "-" "Mozilla/5.0 (Linux; Android 6.0.1; Nexus 5X Build/MMB29P) AppleWebKit/537.36 (KHTML, like Gecko) Chrome/153.0.8010.52 Mobile Safari/537.36 (compatible; Googlebot/2.1; +http://www.google.com/bot.html)"
66.249.73.64 - - [28/Sep/2026:00:05:35 +0300] "GET /facet/piece/fr8chxwbxvomca5.shtml HTTP/1.1" 301 - "-" "Mozilla/5.0 (Linux; Android 6.0.1; Nexus 5X Build/MMB29P) AppleWebKit/537.36 (KHTML, like Gecko) Chrome/153.0.8010.52 Mobile Safari/537.36 (compatible; Googlebot/2.1; +http://www.google.com/bot.html)"
66.249.73.64 - - [28/Sep/2026:00:05:37 +0300] "GET /structure/crop/d9g1dh43t14enel.shtml HTTP/1.1" 301 - "-" "Mozilla/5.0 (Linux; Android 6.0.1; Nexus 5X Build/MMB29P) AppleWebKit/537.36 (KHTML, like Gecko) Chrome/153.0.8010.52 Mobile Safari/537.36 (compatible; Googlebot/2.1; +http://www.google.com/bot.html)"
66.249.73.64 - - [28/Sep/2026:00:05:39 +0300] "GET /index/derivative/ebof91ciplcaryt.shtml HTTP/1.1" 301 - "-" "Mozilla/5.0 (Linux; Android 6.0.1; Nexus 5X Build/MMB29P) AppleWebKit/537.36 (KHTML, like Gecko) Chrome/153.0.8010.52 Mobile Safari/537.36 (compatible; Googlebot/2.1; +http://www.google.com/bot.html)"
66.249.73.64 - - [28/Sep/2026:00:05:43 +0300] "GET /union/characteristic/eyfs0s3hgc317pk.shtml HTTP/1.1" 301 - "-" "Mozilla/5.0 (Linux; Android 6.0.1; Nexus 5X Build/MMB29P) AppleWebKit/537.36 (KHTML, like Gecko) Chrome/153.0.8010.52 Mobile Safari/537.36 (compatible; Googlebot/2.1; +http://www.google.com/bot.html)"
66.249.73.64 - - [28/Sep/2026:00:05:44 +0300] "GET /kind/effect/fpok91cbpfs2k29.shtml HTTP/1.1" 301 - "-" "Mozilla/5.0 (Linux; Android 6.0.1; Nexus 5X Build/MMB29P) AppleWebKit/537.36 (KHTML, like Gecko) Chrome/153.0.8010.52 Mobile Safari/537.36 (compatible; Googlebot/2.1; +http://www.google.com/bot.html)"
66.249.73.64 - - [28/Sep/2026:00:05:46 +0300] "GET /attribute/article/fgknt98b920y1mh.shtml HTTP/1.1" 301 - "-" "Mozilla/5.0 (Linux; Android 6.0.1; Nexus 5X Build/MMB29P) AppleWebKit/537.36 (KHTML, like Gecko) Chrome/153.0.8010.52 Mobile Safari/537.36 (compatible; Googlebot/2.1; +http://www.google.com/bot.html)"
66.249.73.64 - - [28/Sep/2026:00:05:48 +0300] "GET /continuum/attachment/ef1qy2psempziz6.shtml HTTP/1.1" 301 - "-" "Mozilla/5.0 (Linux; Android 6.0.1; Nexus 5X Build/MMB29P) AppleWebKit/537.36 (KHTML, like Gecko) Chrome/153.0.8010.52 Mobile Safari/537.36 (compatible; Googlebot/2.1; +http://www.google.com/bot.html)"
66.249.73.64 - - [28/Sep/2026:00:05:50 +0300] "GET /grade/work/ealz6y9qmi97mvq.shtml HTTP/1.1" 301 - "-" "Mozilla/5.0 (Linux; Android 6.0.1; Nexus 5X Build/MMB29P) AppleWebKit/537.36 (KHTML, like Gecko) Chrome/153.0.8010.52 Mobile Safari/537.36 (compatible; Googlebot/2.1; +http://www.google.com/bot.html)"
66.249.73.64 - - [28/Sep/2026:00:05:52 +0300] "GET /style/kit/emdmae1vqy1b7bi.shtml HTTP/1.1" 301 - "-" "Mozilla/5.0 (Linux; Android 6.0.1; Nexus 5X Build/MMB29P) AppleWebKit/537.36 (KHTML, like Gecko) Chrome/153.0.8010.52 Mobile Safari/537.36 (compatible; Googlebot/2.1; +http://www.google.com/bot.html)"
66.249.73.64 - - [28/Sep/2026:00:05:54 +0300] "GET /stratum/system/en1vy2poempzmz6.shtml HTTP/1.1" 301 - "-" "Mozilla/5.0 (Linux; Android 6.0.1; Nexus 5X Build/MMB29P) AppleWebKit/537.36 (KHTML, like Gecko) Chrome/153.0.8010.52 Mobile Safari/537.36 (compatible; Googlebot/2.1; +http://www.google.com/bot.html)"
66.249.73.64 - - [28/Sep/2026:00:05:57 +0300] "GET /factor/mechanism/fn1sy2pbe1tfvra.shtml HTTP/1.1" 301 - "-" "Mozilla/5.0 (Linux; Android 6.0.1; Nexus 5X Build/MMB29P) AppleWebKit/537.36 (KHTML, like Gecko) Chrome/153.0.8010.52 Mobile Safari/537.36 (compatible; Googlebot/2.1; +http://www.google.com/bot.html)"
66.249.73.64 - - [28/Sep/2026:00:06:01 +0300] "GET /factor/residue/e5is3v61jf64gsn.shtml HTTP/1.1" 301 - "-" "Mozilla/5.0 (Linux; Android 6.0.1; Nexus 5X Build/MMB29P) AppleWebKit/537.36 (KHTML, like Gecko) Chrome/153.0.8010.52 Mobile Safari/537.36 (compatible; Googlebot/2.1; +http://www.google.com/bot.html)"
85.254.144.33 - - [28/Sep/2026:00:06:02 +0300] "POST /wp-cron.php?doing_wp_cron=1790543162.8638989925384521484375 HTTP/1.1" 200 - "-" "WordPress/7.1.2; https://finofy.com"
66.249.73.64 - - [28/Sep/2026:00:06:05 +0300] "GET /club/utensil/ff9bumxba9dnvnu.shtml HTTP/1.1" 301 - "-" "Mozilla/5.0 (Linux; Android 6.0.1; Nexus 5X Build/MMB29P) AppleWebKit/537.36 (KHTML, like Gecko) Chrome/153.0.8010.52 Mobile Safari/537.36 (compatible; Googlebot/2.1; +http://www.google.com/bot.html)"
66.249.73.64 - - [28/Sep/2026:00:06:13 +0300] "GET /chapter/project/fumqjnabzde02cv.shtml HTTP/1.1" 301 - "-" "Mozilla/5.0 (Linux; Android 6.0.1; Nexus 5X Build/MMB29P) AppleWebKit/537.36 (KHTML, like Gecko) Chrome/153.0.8010.52 Mobile Safari/537.36 (compatible; Googlebot/2.1; +http://www.google.com/bot.html)"
66.249.73.64 - - [28/Sep/2026:00:06:18 +0300] "GET /pride/freight/fu1fy2pbe6tf2ra.shtml HTTP/1.1" 301 - "-" "Mozilla/5.0 (Linux; Android 6.0.1; Nexus 5X Build/MMB29P) AppleWebKit/537.36 (KHTML, like Gecko) Chrome/153.0.8010.52 Mobile Safari/537.36 (compatible; Googlebot/2.1; +http://www.google.com/bot.html)"
66.249.73.64 - - [28/Sep/2026:00:06:27 +0300] "GET /design/belonging/eidxae1eqy1babi.shtml HTTP/1.1" 301 - "-" "Mozilla/5.0 (Linux; Android 6.0.1; Nexus 5X Build/MMB29P) AppleWebKit/537.36 (KHTML, like Gecko) Chrome/153.0.8010.52 Mobile Safari/537.36 (compatible; Googlebot/2.1; +http://www.google.com/bot.html)"
66.249.73.64 - - [28/Sep/2026:00:06:41 +0300] "GET /assemblage/edition/fw9pumxbahdnlnu.shtml HTTP/1.1" 301 - "-" "Mozilla/5.0 (Linux; Android 6.0.1; Nexus 5X Build/MMB29P) AppleWebKit/537.36 (KHTML, like Gecko) Chrome/153.0.8010.52 Mobile Safari/537.36 (compatible; Googlebot/2.1; +http://www.google.com/bot.html)"
66.249.73.64 - - [28/Sep/2026:00:06:59 +0300] "GET /phylum/subassembly/fdhdq65b6exvgje.shtml HTTP/1.1" 301 - "-" "Mozilla/5.0 (Linux; Android 6.0.1; Nexus 5X Build/MMB29P) AppleWebKit/537.36 (KHTML, like Gecko) Chrome/153.0.8010.52 Mobile Safari/537.36 (compatible; Googlebot/2.1; +http://www.google.com/bot.html)"
45.227.253.15 - - [28/Sep/2026:00:07:07 +0300] "GET / HTTP/1.1" 301 - "http://finofy.com/index.php/jk" "Mozilla/5.0 (Windows NT 10.0; Win64; x64) AppleWebKit/537.36 (KHTML, like Gecko) Chrome/83.0.3302.140 Safari/537.36 Edge/18.18960"
66.249.73.64 - - [28/Sep/2026:00:07:09 +0300] "GET /catalog/publication/f5lv6y9bmapzcz6.shtml HTTP/1.1" 301 - "-" "Mozilla/5.0 (Linux; Android 6.0.1; Nexus 5X Build/MMB29P) AppleWebKit/537.36 (KHTML, like Gecko) Chrome/153.0.8010.52 Mobile Safari/537.36 (compatible; Googlebot/2.1; +http://www.google.com/bot.html)"
45.227.253.15 - - [28/Sep/2026:00:07:09 +0300] "GET / HTTP/1.1" 200 50422 "https://www.finofy.com" "Mozilla/5.0 (Windows NT 10.0; Win64; x64) AppleWebKit/537.36 (KHTML, like Gecko) Chrome/83.0.3302.140 Safari/537.36 Edge/18.18960"
66.249.73.64 - - [28/Sep/2026:00:07:17 +0300] "GET /matrix/portion/eqbnk0zd0kzlrxg.shtml HTTP/1.1" 301 - "-" "Mozilla/5.0 (Linux; Android 6.0.1; Nexus 5X Build/MMB29P) AppleWebKit/537.36 (KHTML, like Gecko) Chrome/153.0.8010.52 Mobile Safari/537.36 (compatible; Googlebot/2.1; +http://www.google.com/bot.html)"
66.249.73.64 - - [28/Sep/2026:00:07:26 +0300] "GET /categorization/abhelp/eswb5lknl5k6ii1.shtml HTTP/1.1" 301 - "-" "Mozilla/5.0 (Linux; Android 6.0.1; Nexus 5X Build/MMB29P) AppleWebKit/537.36 (KHTML, like Gecko) Chrome/153.0.8010.52 Mobile Safari/537.36 (compatible; Googlebot/2.1; +http://www.google.com/bot.html)"
66.249.73.64 - - [28/Sep/2026:00:07:36 +0300] "GET /categorization/installment/e8vlswjq8gjtct0.shtml HTTP/1.1" 301 - "-" "Mozilla/5.0 (Linux; Android 6.0.1; Nexus 5X Build/MMB29P) AppleWebKit/537.36 (KHTML, like Gecko) Chrome/153.0.8010.52 Mobile Safari/537.36 (compatible; Googlebot/2.1; +http://www.google.com/bot.html)"
66.249.73.64 - - [28/Sep/2026:00:07:38 +0300] "GET /attribute/publication/ey3iogrp40rp3d8.shtml HTTP/1.1" 301 - "-" "Mozilla/5.0 (Linux; Android 6.0.1; Nexus 5X Build/MMB29P) AppleWebKit/537.36 (KHTML, like Gecko) Chrome/153.0.8010.52 Mobile Safari/537.36 (compatible; Googlebot/2.1; +http://www.google.com/bot.html)"
66.249.73.64 - - [28/Sep/2026:00:07:45 +0300] "GET /arrangement/article/fu7t48vbkezl8xg.shtml HTTP/1.1" 301 - "-" "Mozilla/5.0 (Linux; Android 6.0.1; Nexus 5X Build/MMB29P) AppleWebKit/537.36 (KHTML, like Gecko) Chrome/153.0.8010.52 Mobile Safari/537.36 (compatible; Googlebot/2.1; +http://www.google.com/bot.html)"
85.254.144.33 - - [28/Sep/2026:00:07:46 +0300] "POST /wp-cron.php?doing_wp_cron=1790543266.3522970676422119140625 HTTP/1.1" 200 - "-" "WordPress/7.1.2; https://finofy.com"
66.249.73.64 - - [28/Sep/2026:00:07:57 +0300] "GET /bracket/kind/ezz88onjo8n93l4.shtml HTTP/1.1" 301 - "-" "Mozilla/5.0 (Linux; Android 6.0.1; Nexus 5X Build/MMB29P) AppleWebKit/537.36 (KHTML, like Gecko) Chrome/153.0.8010.52 Mobile Safari/537.36 (compatible; Googlebot/2.1; +http://www.google.com/bot.html)"
66.249.73.66 - - [28/Sep/2026:00:08:07 +0300] "GET /rubric/concept/en8mhxwlxhwi2ud.shtml HTTP/1.1" 301 - "-" "Mozilla/5.0 (Linux; Android 6.0.1; Nexus 5X Build/MMB29P) AppleWebKit/537.36 (KHTML, like Gecko) Chrome/153.0.8010.52 Mobile Safari/537.36 (compatible; Googlebot/2.1; +http://www.google.com/bot.html)"
85.254.144.33 - - [28/Sep/2026:00:08:09 +0300] "POST /wp-cron.php?doing_wp_cron=1790543289.0895481109619140625000 HTTP/1.1" 200 - "-" "WordPress/7.1.2; https://finofy.com"
66.249.73.65 - - [28/Sep/2026:00:08:18 +0300] "GET /order/ware/enwu5lkgl5k69i1.shtml HTTP/1.1" 301 - "-" "Mozilla/5.0 (Linux; Android 6.0.1; Nexus 5X Build/MMB29P) AppleWebKit/537.36 (KHTML, like Gecko) Chrome/153.0.8010.52 Mobile Safari/537.36 (compatible; Googlebot/2.1; +http://www.google.com/bot.html)"
167.160.75.208 - - [28/Sep/2026:00:08:22 +0300] "GET /yytest/ HTTP/1.1" 301 - "-" "Mozilla/5.0 (compatible; Googlebot/2.1; +http://www.google.com/bot.html)"
69.58.88.206 - - [28/Sep/2026:00:08:23 +0300] "GET /yytest/ HTTP/1.1" 301 - "-" "Mozilla/5.0 (compatible; Googlebot/2.1; +http://www.google.com/bot.html)"
141.164.89.160 - - [28/Sep/2026:00:08:23 +0300] "GET /yytest/ HTTP/1.1" 301 - "-" "Mozilla/5.0 (compatible; Googlebot/2.1; +http://www.google.com/bot.html)"
167.160.75.208 - - [28/Sep/2026:00:08:24 +0300] "GET / HTTP/1.1" 301 - "https://finofy.com/yytest/" "Mozilla/5.0 (compatible; Googlebot/2.1; +http://www.google.com/bot.html)"
66.249.73.64 - - [28/Sep/2026:00:08:25 +0300] "GET /sorority/shop/eoq7zfe2fze0zcv.shtml HTTP/1.1" 301 - "-" "Mozilla/5.0 (Linux; Android 6.0.1; Nexus 5X Build/MMB29P) AppleWebKit/537.36 (KHTML, like Gecko) Chrome/153.0.8010.52 Mobile Safari/537.36 (compatible; Googlebot/2.1; +http://www.google.com/bot.html)"
69.58.88.206 - - [28/Sep/2026:00:08:25 +0300] "GET / HTTP/1.1" 301 - "https://finofy.com/yytest/" "Mozilla/5.0 (compatible; Googlebot/2.1; +http://www.google.com/bot.html)"
141.164.89.160 - - [28/Sep/2026:00:08:26 +0300] "GET / HTTP/1.1" 301 - "https://finofy.com/yytest/" "Mozilla/5.0 (compatible; Googlebot/2.1; +http://www.google.com/bot.html)"
167.160.75.208 - - [28/Sep/2026:00:08:26 +0300] "GET / HTTP/1.1" 200 50422 "https://www.finofy.com" "Mozilla/5.0 (compatible; Googlebot/2.1; +http://www.google.com/bot.html)"
63.141.239.146 - - [28/Sep/2026:00:08:27 +0300] "GET /yytest/ HTTP/1.1" 301 - "-" "Mozilla/5.0 (compatible; Googlebot/2.1; +http://www.google.com/bot.html)"
63.141.239.146 - - [28/Sep/2026:00:08:29 +0300] "GET / HTTP/1.1" 301 - "https://finofy.com/yytest/" "Mozilla/5.0 (compatible; Googlebot/2.1; +http://www.google.com/bot.html)"
63.141.239.146 - - [28/Sep/2026:00:08:30 +0300] "GET / HTTP/1.1" 200 50422 "https://www.finofy.com" "Mozilla/5.0 (compatible; Googlebot/2.1; +http://www.google.com/bot.html)"
151.241.48.40 - - [28/Sep/2026:00:08:33 +0300] "POST / HTTP/1.1" 200 50422 "-" "Mozilla/5.0 (iPhone; CPU iPhone OS 17_0 like Mac OS X) AppleWebKit/605.1.15 (KHTML, like Gecko) Version/17.0 Mobile/15E148 Safari/604.1"
151.241.48.38 - - [28/Sep/2026:00:08:33 +0300] "POST / HTTP/1.1" 200 50422 "-" "Mozilla/5.0 (iPhone; CPU iPhone OS 17_0 like Mac OS X) AppleWebKit/605.1.15 (KHTML, like Gecko) Version/17.0 Mobile/15E148 Safari/604.1"
168.91.47.20 - - [28/Sep/2026:00:08:33 +0300] "POST / HTTP/1.1" 200 50422 "-" "Mozilla/5.0 (iPhone; CPU iPhone OS 17_0 like Mac OS X) AppleWebKit/605.1.15 (KHTML, like Gecko) Version/17.0 Mobile/15E148 Safari/604.1"
66.249.73.64 - - [28/Sep/2026:00:08:33 +0300] "GET /design/byproduct/f2ysvzmbbqqcjo7.shtml HTTP/1.1" 301 - "-" "Mozilla/5.0 (Linux; Android 6.0.1; Nexus 5X Build/MMB29P) AppleWebKit/537.36 (KHTML, like Gecko) Chrome/153.0.8010.52 Mobile Safari/537.36 (compatible; Googlebot/2.1; +http://www.google.com/bot.html)"
66.249.73.64 - - [28/Sep/2026:00:08:52 +0300] "GET /aggregation/batch/f3vvswjb82n9ql4.shtml HTTP/1.1" 301 - "-" "Mozilla/5.0 (Linux; Android 6.0.1; Nexus 5X Build/MMB29P) AppleWebKit/537.36 (KHTML, like Gecko) Chrome/153.0.8010.52 Mobile Safari/537.36 (compatible; Googlebot/2.1; +http://www.google.com/bot.html)"
66.249.73.64 - - [28/Sep/2026:00:09:01 +0300] "GET /area/specification/e0rzc4fosofda1w.shtml HTTP/1.1" 301 - "-" "Mozilla/5.0 (Linux; Android 6.0.1; Nexus 5X Build/MMB29P) AppleWebKit/537.36 (KHTML, like Gecko) Chrome/153.0.8010.52 Mobile Safari/537.36 (compatible; Googlebot/2.1; +http://www.google.com/bot.html)"
85.254.144.33 - - [28/Sep/2026:00:09:03 +0300] "POST /wp-cron.php?doing_wp_cron=1790543343.0044710636138916015625 HTTP/1.1" 200 - "-" "WordPress/7.1.2; https://finofy.com"
37.139.53.194 - - [28/Sep/2026:00:09:07 +0300] "GET /us/all-lenders/upstart/ HTTP/1.0" 200 69324 "https://finofy.com/us/all-lenders/upstart/" "Mozilla/5.0 (Windows NT 10.0; Win64; x64) AppleWebKit/537.36 (KHTML, like Gecko) Chrome/131.0.0.0 Safari/537.36"
66.249.73.65 - - [28/Sep/2026:00:09:08 +0300] "GET /assortment/element/evaf7bybnvy8q8f.shtml HTTP/1.1" 301 - "-" "Mozilla/5.0 (Linux; Android 6.0.1; Nexus 5X Build/MMB29P) AppleWebKit/537.36 (KHTML, like Gecko) Chrome/153.0.8010.52 Mobile Safari/537.36 (compatible; Googlebot/2.1; +http://www.google.com/bot.html)"
37.139.53.194 - - [28/Sep/2026:00:09:09 +0300] "GET /us/all-lenders/upstart/ HTTP/1.0" 200 69324 "https://finofy.com/us/all-lenders/upstart/" "Mozilla/5.0 (Windows NT 10.0; Win64; x64) AppleWebKit/537.36 (KHTML, like Gecko) Chrome/131.0.0.0 Safari/537.36 Avast/131.0.0.0"
37.139.53.194 - - [28/Sep/2026:00:09:09 +0300] "GET /us/blog/ HTTP/1.0" 200 65742 "https://finofy.com/us/blog/" "Mozilla/5.0 (Windows NT 10.0; Win64; x64) AppleWebKit/537.36 (KHTML, like Gecko) Chrome/131.0.0.0 Safari/537.36"
37.139.53.194 - - [28/Sep/2026:00:09:11 +0300] "GET /us/blog/ HTTP/1.0" 200 65742 "https://finofy.com/us/blog/" "Mozilla/5.0 (Windows NT 10.0; Win64; x64) AppleWebKit/537.36 (KHTML, like Gecko) Chrome/131.0.0.0 Safari/537.36 Avast/131.0.0.0"
37.139.53.194 - - [28/Sep/2026:00:09:11 +0300] "GET /us/blog/net-income/ HTTP/1.0" 200 88716 "https://finofy.com/us/blog/net-income/" "Mozilla/5.0 (Windows NT 10.0; Win64; x64) AppleWebKit/537.36 (KHTML, like Gecko) Chrome/131.0.0.0 Safari/537.36"
37.139.53.194 - - [28/Sep/2026:00:09:12 +0300] "GET /us/blog/net-income/ HTTP/1.0" 200 88716 "https://finofy.com/us/blog/net-income/" "Mozilla/5.0 (Windows NT 10.0; Win64; x64) AppleWebKit/537.36 (KHTML, like Gecko) Chrome/131.0.0.0 Safari/537.36 Avast/131.0.0.0"
66.249.73.64 - - [28/Sep/2026:00:09:17 +0300] "GET /categorization/supplement/e49aumxna6xvvje.shtml HTTP/1.1" 301 - "-" "Mozilla/5.0 (Linux; Android 6.0.1; Nexus 5X Build/MMB29P) AppleWebKit/537.36 (KHTML, like Gecko) Chrome/153.0.8010.52 Mobile Safari/537.36 (compatible; Googlebot/2.1; +http://www.google.com/bot.html)"
66.249.73.64 - - [28/Sep/2026:00:09:24 +0300] "GET /hierarchy/pattern/eprjc4fksofd41w.shtml HTTP/1.1" 301 - "-" "Mozilla/5.0 (Linux; Android 6.0.1; Nexus 5X Build/MMB29P) AppleWebKit/537.36 (KHTML, like Gecko) Chrome/153.0.8010.52 Mobile Safari/537.36 (compatible; Googlebot/2.1; +http://www.google.com/bot.html)"
52.141.4.134 - - [28/Sep/2026:00:09:31 +0300] "GET / HTTP/1.1" 503 - "-" "Mozilla/5.0 (Windows NT 10.0; Win64; x64) AppleWebKit/537.36 (KHTML, like Gecko) Chrome/120.0.0.0 Safari/537.36"
66.249.73.64 - - [28/Sep/2026:00:09:35 +0300] "GET /sector/belonging/e2kkt98g9t8uf6p.shtml HTTP/1.1" 301 - "-" "Mozilla/5.0 (Linux; Android 6.0.1; Nexus 5X Build/MMB29P) AppleWebKit/537.36 (KHTML, like Gecko) Chrome/153.0.8010.52 Mobile Safari/537.36 (compatible; Googlebot/2.1; +http://www.google.com/bot.html)"
85.254.144.33 - - [28/Sep/2026:00:09:08 +0300] "POST /us/wp-cron.php?doing_wp_cron=1790543348.8583550453186035156250 HTTP/1.1" 200 - "-" "WordPress/7.1.2; https://finofy.com/us"
66.249.73.64 - - [28/Sep/2026:00:09:47 +0300] "GET /faction/offshoot/eown5lkpl5k64i1.shtml HTTP/1.1" 301 - "-" "Mozilla/5.0 (Linux; Android 6.0.1; Nexus 5X Build/MMB29P) AppleWebKit/537.36 (KHTML, like Gecko) Chrome/153.0.8010.52 Mobile Safari/537.36 (compatible; Googlebot/2.1; +http://www.google.com/bot.html)"
66.249.73.64 - - [28/Sep/2026:00:09:53 +0300] "GET /cultivar/label/famjjnabzpe0ucv.shtml HTTP/1.1" 301 - "-" "Mozilla/5.0 (Linux; Android 6.0.1; Nexus 5X Build/MMB29P) AppleWebKit/537.36 (KHTML, like Gecko) Chrome/153.0.8010.52 Mobile Safari/537.36 (compatible; Googlebot/2.1; +http://www.google.com/bot.html)"
66.249.73.66 - - [28/Sep/2026:00:10:01 +0300] "GET /heading/unit/ftdqae1bq65rg3m.shtml HTTP/1.1" 301 - "-" "Mozilla/5.0 (Linux; Android 6.0.1; Nexus 5X Build/MMB29P) AppleWebKit/537.36 (KHTML, like Gecko) Chrome/153.0.8010.52 Mobile Safari/537.36 (compatible; Googlebot/2.1; +http://www.google.com/bot.html)"
85.254.144.33 - - [28/Sep/2026:00:10:03 +0300] "POST /wp-cron.php?doing_wp_cron=1790543403.1915299892425537109375 HTTP/1.1" 200 - "-" "WordPress/7.1.2; https://finofy.com"
66.249.73.64 - - [28/Sep/2026:00:10:08 +0300] "GET /denomination/section/e0rnc4ffsofd11w.shtml HTTP/1.1" 301 - "-" "Mozilla/5.0 (Linux; Android 6.0.1; Nexus 5X Build/MMB29P) AppleWebKit/537.36 (KHTML, like Gecko) Chrome/153.0.8010.52 Mobile Safari/537.36 (compatible; Googlebot/2.1; +http://www.google.com/bot.html)"
66.249.73.64 - - [28/Sep/2026:00:10:17 +0300] "GET /kingdom/segment/frlw6y9bmrpz1z6.shtml HTTP/1.1" 301 - "-" "Mozilla/5.0 (Linux; Android 6.0.1; Nexus 5X Build/MMB29P) AppleWebKit/537.36 (KHTML, like Gecko) Chrome/153.0.8010.52 Mobile Safari/537.36 (compatible; Googlebot/2.1; +http://www.google.com/bot.html)"
66.249.73.64 - - [28/Sep/2026:00:10:29 +0300] "GET /area/consignment/fshcq65b6kxvgje.shtml HTTP/1.1" 301 - "-" "Mozilla/5.0 (Linux; Android 6.0.1; Nexus 5X Build/MMB29P) AppleWebKit/537.36 (KHTML, like Gecko) Chrome/153.0.8010.52 Mobile Safari/537.36 (compatible; Googlebot/2.1; +http://www.google.com/bot.html)"
66.249.73.64 - - [28/Sep/2026:00:10:36 +0300] "GET /family/chattel/ewupf7isvrig14z.shtml HTTP/1.1" 301 - "-" "Mozilla/5.0 (Linux; Android 6.0.1; Nexus 5X Build/MMB29P) AppleWebKit/537.36 (KHTML, like Gecko) Chrome/153.0.8010.52 Mobile Safari/537.36 (compatible; Googlebot/2.1; +http://www.google.com/bot.html)"
66.249.73.64 - - [28/Sep/2026:00:10:49 +0300] "GET /phylum/example/ei2ebrqlrbqc6o7.shtml HTTP/1.1" 301 - "-" "Mozilla/5.0 (Linux; Android 6.0.1; Nexus 5X Build/MMB29P) AppleWebKit/537.36 (KHTML, like Gecko) Chrome/153.0.8010.52 Mobile Safari/537.36 (compatible; Googlebot/2.1; +http://www.google.com/bot.html)"
66.249.73.64 - - [28/Sep/2026:00:10:57 +0300] "GET /chart/fragment/e0n5wcbucwbx09s.shtml HTTP/1.1" 301 - "-" "Mozilla/5.0 (Linux; Android 6.0.1; Nexus 5X Build/MMB29P) AppleWebKit/537.36 (KHTML, like Gecko) Chrome/153.0.8010.52 Mobile Safari/537.36 (compatible; Googlebot/2.1; +http://www.google.com/bot.html)"
66.249.73.65 - - [28/Sep/2026:00:11:05 +0300] "GET /echelon/artifact/fvddae1bqx5r33m.shtml HTTP/1.1" 301 - "-" "Mozilla/5.0 (Linux; Android 6.0.1; Nexus 5X Build/MMB29P) AppleWebKit/537.36 (KHTML, like Gecko) Chrome/153.0.8010.52 Mobile Safari/537.36 (compatible; Googlebot/2.1; +http://www.google.com/bot.html)"
85.254.144.33 - - [28/Sep/2026:00:11:07 +0300] "POST /wp-cron.php?doing_wp_cron=1790543467.3896739482879638671875 HTTP/1.1" 200 - "-" "WordPress/7.1.2; https://finofy.com"
66.249.73.65 - - [28/Sep/2026:00:11:18 +0300] "GET /typology/asset/ejmtjnahz7ak8kr.shtml HTTP/1.1" 301 - "-" "Mozilla/5.0 (Linux; Android 6.0.1; Nexus 5X Build/MMB29P) AppleWebKit/537.36 (KHTML, like Gecko) Chrome/153.0.8010.52 Mobile Safari/537.36 (compatible; Googlebot/2.1; +http://www.google.com/bot.html)"
66.249.73.64 - - [28/Sep/2026:00:11:26 +0300] "GET /community/substance/fvjmgk7bw5bxx9s.shtml HTTP/1.1" 301 - "-" "Mozilla/5.0 (Linux; Android 6.0.1; Nexus 5X Build/MMB29P) AppleWebKit/537.36 (KHTML, like Gecko) Chrome/153.0.8010.52 Mobile Safari/537.36 (compatible; Googlebot/2.1; +http://www.google.com/bot.html)"
66.249.73.64 - - [28/Sep/2026:00:11:32 +0300] "GET /structure/fraction/ebza8oneo8n9yl4.shtml HTTP/1.1" 301 - "-" "Mozilla/5.0 (Linux; Android 6.0.1; Nexus 5X Build/MMB29P) AppleWebKit/537.36 (KHTML, like Gecko) Chrome/153.0.8010.52 Mobile Safari/537.36 (compatible; Googlebot/2.1; +http://www.google.com/bot.html)"
66.249.73.64 - - [28/Sep/2026:00:11:49 +0300] "GET /index/piece/ejt62ihti2h3rfy.shtml HTTP/1.1" 301 - "-" "Mozilla/5.0 (Linux; Android 6.0.1; Nexus 5X Build/MMB29P) AppleWebKit/537.36 (KHTML, like Gecko) Chrome/153.0.8010.52 Mobile Safari/537.36 (compatible; Googlebot/2.1; +http://www.google.com/bot.html)"
66.249.73.64 - - [28/Sep/2026:00:11:57 +0300] "GET /family/fragment/fiqdzfebfk64lsn.shtml HTTP/1.1" 301 - "-" "Mozilla/5.0 (Linux; Android 6.0.1; Nexus 5X Build/MMB29P) AppleWebKit/537.36 (KHTML, like Gecko) Chrome/153.0.8010.52 Mobile Safari/537.36 (compatible; Googlebot/2.1; +http://www.google.com/bot.html)"
66.249.73.65 - - [28/Sep/2026:00:12:06 +0300] "GET /sorority/fragment/f05aeutbuklj072.shtml HTTP/1.1" 301 - "-" "Mozilla/5.0 (Linux; Android 6.0.1; Nexus 5X Build/MMB29P) AppleWebKit/537.36 (KHTML, like Gecko) Chrome/153.0.8010.52 Mobile Safari/537.36 (compatible; Googlebot/2.1; +http://www.google.com/bot.html)"
85.254.144.33 - - [28/Sep/2026:00:12:08 +0300] "POST /wp-cron.php?doing_wp_cron=1790543528.3568921089172363281250 HTTP/1.1" 200 - "-" "WordPress/7.1.2; https://finofy.com"
66.249.73.64 - - [28/Sep/2026:00:12:17 +0300] "GET /tier/stock/eyeen32u3n2o70j.shtml HTTP/1.1" 301 - "-" "Mozilla/5.0 (Linux; Android 6.0.1; Nexus 5X Build/MMB29P) AppleWebKit/537.36 (KHTML, like Gecko) Chrome/153.0.8010.52 Mobile Safari/537.36 (compatible; Googlebot/2.1; +http://www.google.com/bot.html)"
66.249.73.64 - - [28/Sep/2026:00:12:40 +0300] "GET /branch/production/ezddae1iqy1b4bi.shtml HTTP/1.1" 301 - "-" "Mozilla/5.0 (Linux; Android 6.0.1; Nexus 5X Build/MMB29P) AppleWebKit/537.36 (KHTML, like Gecko) Chrome/153.0.8010.52 Mobile Safari/537.36 (compatible; Googlebot/2.1; +http://www.google.com/bot.html)"
66.249.73.64 - - [28/Sep/2026:00:12:51 +0300] "GET /phylum/instrument/eiynvzmpbjmw6w3.shtml HTTP/1.1" 301 - "-" "Mozilla/5.0 (Linux; Android 6.0.1; Nexus 5X Build/MMB29P) AppleWebKit/537.36 (KHTML, like Gecko) Chrome/153.0.8010.52 Mobile Safari/537.36 (compatible; Googlebot/2.1; +http://www.google.com/bot.html)"
85.254.144.33 - - [28/Sep/2026:00:12:53 +0300] "POST /wp-cron.php?doing_wp_cron=1790543573.3225429058074951171875 HTTP/1.1" 200 - "-" "WordPress/7.1.2; https://finofy.com"
66.249.73.66 - - [28/Sep/2026:00:13:04 +0300] "GET /table/commodity/f7njwcbbcv31vpk.shtml HTTP/1.1" 301 - "-" "Mozilla/5.0 (Linux; Android 6.0.1; Nexus 5X Build/MMB29P) AppleWebKit/537.36 (KHTML, like Gecko) Chrome/153.0.8010.52 Mobile Safari/537.36 (compatible; Googlebot/2.1; +http://www.google.com/bot.html)"
85.254.144.33 - - [28/Sep/2026:00:13:05 +0300] "POST /wp-cron.php?doing_wp_cron=1790543585.6480090618133544921875 HTTP/1.1" 200 - "-" "WordPress/7.1.2; https://finofy.com"
66.249.73.64 - - [28/Sep/2026:00:13:16 +0300] "GET /grouping/package/f5ghdh4btp8uy6p.shtml HTTP/1.1" 301 - "-" "Mozilla/5.0 (Linux; Android 6.0.1; Nexus 5X Build/MMB29P) AppleWebKit/537.36 (KHTML, like Gecko) Chrome/153.0.8010.52 Mobile Safari/537.36 (compatible; Googlebot/2.1; +http://www.google.com/bot.html)"
66.249.73.64 - - [28/Sep/2026:00:13:35 +0300] "GET /pack/shipment/e76prjuc73usngb.shtml HTTP/1.1" 301 - "-" "Mozilla/5.0 (Linux; Android 6.0.1; Nexus 5X Build/MMB29P) AppleWebKit/537.36 (KHTML, like Gecko) Chrome/153.0.8010.52 Mobile Safari/537.36 (compatible; Googlebot/2.1; +http://www.google.com/bot.html)"
66.249.73.64 - - [28/Sep/2026:00:13:52 +0300] "GET /brand/remnant/ew7l48vqksv5c5c.shtml HTTP/1.1" 301 - "-" "Mozilla/5.0 (Linux; Android 6.0.1; Nexus 5X Build/MMB29P) AppleWebKit/537.36 (KHTML, like Gecko) Chrome/153.0.8010.52 Mobile Safari/537.36 (compatible; Googlebot/2.1; +http://www.google.com/bot.html)"
66.249.73.65 - - [28/Sep/2026:00:14:09 +0300] "GET /gamut/craft/ecshptgm5dgq9qx.shtml HTTP/1.1" 301 - "-" "Mozilla/5.0 (Linux; Android 6.0.1; Nexus 5X Build/MMB29P) AppleWebKit/537.36 (KHTML, like Gecko) Chrome/153.0.8010.52 Mobile Safari/537.36 (compatible; Googlebot/2.1; +http://www.google.com/bot.html)"
85.254.144.33 - - [28/Sep/2026:00:14:11 +0300] "POST /wp-cron.php?doing_wp_cron=1790543651.2003829479217529296875 HTTP/1.1" 200 - "-" "WordPress/7.1.2; https://finofy.com"
66.249.73.65 - - [28/Sep/2026:00:14:26 +0300] "GET /list/sort/ew3uogrh40rpnd8.shtml HTTP/1.1" 301 - "-" "Mozilla/5.0 (Linux; Android 6.0.1; Nexus 5X Build/MMB29P) AppleWebKit/537.36 (KHTML, like Gecko) Chrome/153.0.8010.52 Mobile Safari/537.36 (compatible; Googlebot/2.1; +http://www.google.com/bot.html)"
66.249.73.64 - - [28/Sep/2026:00:14:37 +0300] "GET /entity/offshoot/fwdeae1bq05rs3m.shtml HTTP/1.1" 301 - "-" "Mozilla/5.0 (Linux; Android 6.0.1; Nexus 5X Build/MMB29P) AppleWebKit/537.36 (KHTML, like Gecko) Chrome/153.0.8010.52 Mobile Safari/537.36 (compatible; Googlebot/2.1; +http://www.google.com/bot.html)"
66.249.73.64 - - [28/Sep/2026:00:14:45 +0300] "GET /union/offering/fdzp8onboifda1w.shtml HTTP/1.1" 301 - "-" "Mozilla/5.0 (Linux; Android 6.0.1; Nexus 5X Build/MMB29P) AppleWebKit/537.36 (KHTML, like Gecko) Chrome/153.0.8010.52 Mobile Safari/537.36 (compatible; Googlebot/2.1; +http://www.google.com/bot.html)"
66.249.73.64 - - [28/Sep/2026:00:14:55 +0300] "GET /territory/unit/e61xy2pjempzfz6.shtml HTTP/1.1" 301 - "-" "Mozilla/5.0 (Linux; Android 6.0.1; Nexus 5X Build/MMB29P) AppleWebKit/537.36 (KHTML, like Gecko) Chrome/153.0.8010.52 Mobile Safari/537.36 (compatible; Googlebot/2.1; +http://www.google.com/bot.html)"
66.249.73.64 - - [28/Sep/2026:00:15:08 +0300] "GET /strain/output/e6p1mqdi2adnenu.shtml HTTP/1.1" 301 - "-" "Mozilla/5.0 (Linux; Android 6.0.1; Nexus 5X Build/MMB29P) AppleWebKit/537.36 (KHTML, like Gecko) Chrome/153.0.8010.52 Mobile Safari/537.36 (compatible; Googlebot/2.1; +http://www.google.com/bot.html)"
85.254.144.33 - - [28/Sep/2026:00:15:09 +0300] "POST /wp-cron.php?doing_wp_cron=1790543709.9054570198059082031250 HTTP/1.1" 200 - "-" "WordPress/7.1.2; https://finofy.com"
66.249.73.65 - - [28/Sep/2026:00:15:16 +0300] "GET /colony/implement/ewdnae1pqy1bhbi.shtml HTTP/1.1" 301 - "-" "Mozilla/5.0 (Linux; Android 6.0.1; Nexus 5X Build/MMB29P) AppleWebKit/537.36 (KHTML, like Gecko) Chrome/153.0.8010.52 Mobile Safari/537.36 (compatible; Googlebot/2.1; +http://www.google.com/bot.html)"
66.249.73.64 - - [28/Sep/2026:00:15:28 +0300] "GET /heading/type/eqzy8ondo8n9rl4.shtml HTTP/1.1" 301 - "-" "Mozilla/5.0 (Linux; Android 6.0.1; Nexus 5X Build/MMB29P) AppleWebKit/537.36 (KHTML, like Gecko) Chrome/153.0.8010.52 Mobile Safari/537.36 (compatible; Googlebot/2.1; +http://www.google.com/bot.html)"
66.249.73.64 - - [28/Sep/2026:00:15:38 +0300] "GET /faction/design/ecsmptg25dgqdqx.shtml HTTP/1.1" 301 - "-" "Mozilla/5.0 (Linux; Android 6.0.1; Nexus 5X Build/MMB29P) AppleWebKit/537.36 (KHTML, like Gecko) Chrome/153.0.8010.52 Mobile Safari/537.36 (compatible; Googlebot/2.1; +http://www.google.com/bot.html)"
66.249.73.64 - - [28/Sep/2026:00:15:50 +0300] "GET /taxon/model/eavdswjd8gjtvt0.shtml HTTP/1.1" 301 - "-" "Mozilla/5.0 (Linux; Android 6.0.1; Nexus 5X Build/MMB29P) AppleWebKit/537.36 (KHTML, like Gecko) Chrome/153.0.8010.52 Mobile Safari/537.36 (compatible; Googlebot/2.1; +http://www.google.com/bot.html)"
66.249.73.65 - - [28/Sep/2026:00:16:02 +0300] "GET /structure/attachment/en5ceutjuetflra.shtml HTTP/1.1" 301 - "-" "Mozilla/5.0 (Linux; Android 6.0.1; Nexus 5X Build/MMB29P) AppleWebKit/537.36 (KHTML, like Gecko) Chrome/153.0.8010.52 Mobile Safari/537.36 (compatible; Googlebot/2.1; +http://www.google.com/bot.html)"
85.254.144.33 - - [28/Sep/2026:00:16:03 +0300] "POST /wp-cron.php?doing_wp_cron=1790543763.6756529808044433593750 HTTP/1.1" 200 - "-" "WordPress/7.1.2; https://finofy.com"
66.249.73.64 - - [28/Sep/2026:00:16:14 +0300] "GET /realm/case/eskvt98g9t8uz6p.shtml HTTP/1.1" 301 - "-" "Mozilla/5.0 (Linux; Android 6.0.1; Nexus 5X Build/MMB29P) AppleWebKit/537.36 (KHTML, like Gecko) Chrome/153.0.8010.52 Mobile Safari/537.36 (compatible; Googlebot/2.1; +http://www.google.com/bot.html)"
66.249.73.64 - - [28/Sep/2026:00:16:25 +0300] "GET /index/fort-rules/fwkht98b9v0yemh.shtml HTTP/1.1" 301 - "-" "Mozilla/5.0 (Linux; Android 6.0.1; Nexus 5X Build/MMB29P) AppleWebKit/537.36 (KHTML, like Gecko) Chrome/153.0.8010.52 Mobile Safari/537.36 (compatible; Googlebot/2.1; +http://www.google.com/bot.html)"
66.249.73.64 - - [28/Sep/2026:00:16:36 +0300] "GET /society/yield/datl2ihni2h3kfy.shtml HTTP/1.1" 301 - "-" "Mozilla/5.0 (Linux; Android 6.0.1; Nexus 5X Build/MMB29P) AppleWebKit/537.36 (KHTML, like Gecko) Chrome/153.0.8010.52 Mobile Safari/537.36 (compatible; Googlebot/2.1; +http://www.google.com/bot.html)"
