103.241.81.187 - - [27/Sep/2026:18:01:50 +0300] "POST /xmlrpc.php HTTP/1.1" 200 403 "-" "Jetpack/12.1; WordPress/6.4; http://site40422167.com"
85.254.144.33 - - [27/Sep/2026:18:01:52 +0300] "POST /wp-cron.php?doing_wp_cron=1790521312.1152648925781250000000 HTTP/1.1" 200 - "-" "WordPress/7.1.2; https://finofy.com"
103.241.81.187 - - [27/Sep/2026:18:02:11 +0300] "POST /xmlrpc.php HTTP/1.1" 200 403 "-" "WordPress.com; https://wordpress.com"
85.254.144.33 - - [27/Sep/2026:18:02:12 +0300] "POST /wp-cron.php?doing_wp_cron=1790521332.8538520336151123046875 HTTP/1.1" 200 - "-" "WordPress/7.1.2; https://finofy.com"
103.241.81.187 - - [27/Sep/2026:18:02:40 +0300] "POST /xmlrpc.php HTTP/1.1" 200 403 "-" "WordPress.com; https://wordpress.com"
103.241.81.187 - - [27/Sep/2026:18:02:53 +0300] "POST /xmlrpc.php HTTP/1.1" 200 403 "-" "Jetpack by WordPress.com (Jetpack 12.0; WordPress 6.2)"
185.117.225.196 - - [27/Sep/2026:18:02:58 +0300] "GET / HTTP/2.0" 200 50422 "-" "Mozilla/5.0 AppleWebKit/537.36 (KHTML, like Gecko) Chrome/123.0.6312.86 Safari/537.36 BitSightBot/1.0"
185.117.225.196 - - [27/Sep/2026:18:03:01 +0300] "GET /wp-content/plugins/contact-form-7/includes/css/styles.css?ver=6.1.7 HTTP/2.0" 200 2979 "https://finofy.com/" "Mozilla/5.0 (X11; Linux x86_64) AppleWebKit/537.36 (KHTML, like Gecko) HeadlessChrome/123.0.6312.86 Safari/537.36"
185.117.225.196 - - [27/Sep/2026:18:03:01 +0300] "GET /wp-content/plugins/metronet-profile-picture/dist/blocks.style.build.css?ver=2.6.4 HTTP/2.0" 200 27760 "https://finofy.com/" "Mozilla/5.0 (X11; Linux x86_64) AppleWebKit/537.36 (KHTML, like Gecko) HeadlessChrome/123.0.6312.86 Safari/537.36"
185.117.225.196 - - [27/Sep/2026:18:03:01 +0300] "GET /wp-includes/css/dashicons.css?ver=7.1.2 HTTP/2.0" 200 62346 "https://finofy.com/" "Mozilla/5.0 (X11; Linux x86_64) AppleWebKit/537.36 (KHTML, like Gecko) HeadlessChrome/123.0.6312.86 Safari/537.36"
185.117.225.196 - - [27/Sep/2026:18:03:01 +0300] "GET /wp-includes/css/admin-bar.css?ver=7.1.2 HTTP/2.0" 200 26462 "https://finofy.com/" "Mozilla/5.0 (X11; Linux x86_64) AppleWebKit/537.36 (KHTML, like Gecko) HeadlessChrome/123.0.6312.86 Safari/537.36"
185.117.225.196 - - [27/Sep/2026:18:03:01 +0300] "GET /wp-content/themes/chumak_pro/css/slick-theme.css HTTP/2.0" 200 16488 "https://finofy.com/" "Mozilla/5.0 (X11; Linux x86_64) AppleWebKit/537.36 (KHTML, like Gecko) HeadlessChrome/123.0.6312.86 Safari/537.36"
185.117.225.196 - - [27/Sep/2026:18:03:01 +0300] "GET /wp-content/themes/chumak_pro/css/slick.css HTTP/2.0" 200 7778 "https://finofy.com/" "Mozilla/5.0 (X11; Linux x86_64) AppleWebKit/537.36 (KHTML, like Gecko) HeadlessChrome/123.0.6312.86 Safari/537.36"
185.117.225.196 - - [27/Sep/2026:18:03:01 +0300] "GET /wp-content/themes/chumak_pro/css/style.css HTTP/2.0" 200 91380 "https://finofy.com/" "Mozilla/5.0 (X11; Linux x86_64) AppleWebKit/537.36 (KHTML, like Gecko) HeadlessChrome/123.0.6312.86 Safari/537.36"
185.117.225.196 - - [27/Sep/2026:18:03:01 +0300] "GET /wp-includes/js/jquery/jquery.js?ver=3.7.1 HTTP/2.0" 200 285334 "https://finofy.com/" "Mozilla/5.0 (X11; Linux x86_64) AppleWebKit/537.36 (KHTML, like Gecko) HeadlessChrome/123.0.6312.86 Safari/537.36"
185.117.225.196 - - [27/Sep/2026:18:03:01 +0300] "GET /wp-includes/js/jquery/jquery-migrate.js?ver=3.4.1 HTTP/2.0" 200 31978 "https://finofy.com/" "Mozilla/5.0 (X11; Linux x86_64) AppleWebKit/537.36 (KHTML, like Gecko) HeadlessChrome/123.0.6312.86 Safari/537.36"
185.117.225.196 - - [27/Sep/2026:18:03:01 +0300] "GET /wp-content/plugins/metronet-profile-picture/js/mpp-frontend.js?ver=2.6.4 HTTP/2.0" 200 331 "https://finofy.com/" "Mozilla/5.0 (X11; Linux x86_64) AppleWebKit/537.36 (KHTML, like Gecko) HeadlessChrome/123.0.6312.86 Safari/537.36"
185.117.225.196 - - [27/Sep/2026:18:03:01 +0300] "GET /wp-includes/js/dist/hooks.js?ver=f0f188028580e8dc1255 HTTP/2.0" 200 12299 "https://finofy.com/" "Mozilla/5.0 (X11; Linux x86_64) AppleWebKit/537.36 (KHTML, like Gecko) HeadlessChrome/123.0.6312.86 Safari/537.36"
185.117.225.196 - - [27/Sep/2026:18:03:02 +0300] "GET /wp-includes/js/dist/i18n.js?ver=1dfe7db3940c23ea9216 HTTP/2.0" 200 15725 "https://finofy.com/" "Mozilla/5.0 (X11; Linux x86_64) AppleWebKit/537.36 (KHTML, like Gecko) HeadlessChrome/123.0.6312.86 Safari/537.36"
185.117.225.196 - - [27/Sep/2026:18:03:02 +0300] "GET /wp-content/plugins/contact-form-7/includes/swv/js/index.js?ver=6.1.7 HTTP/2.0" 200 12512 "https://finofy.com/" "Mozilla/5.0 (X11; Linux x86_64) AppleWebKit/537.36 (KHTML, like Gecko) HeadlessChrome/123.0.6312.86 Safari/537.36"
185.117.225.196 - - [27/Sep/2026:18:03:02 +0300] "GET /wp-content/plugins/contact-form-7/includes/js/index.js?ver=6.1.7 HTTP/2.0" 200 13452 "https://finofy.com/" "Mozilla/5.0 (X11; Linux x86_64) AppleWebKit/537.36 (KHTML, like Gecko) HeadlessChrome/123.0.6312.86 Safari/537.36"
185.117.225.196 - - [27/Sep/2026:18:03:02 +0300] "GET /wp-content/themes/chumak_pro/js/jquery-3.3.1.min.js HTTP/2.0" 200 86927 "https://finofy.com/" "Mozilla/5.0 (X11; Linux x86_64) AppleWebKit/537.36 (KHTML, like Gecko) HeadlessChrome/123.0.6312.86 Safari/537.36"
185.117.225.196 - - [27/Sep/2026:18:03:02 +0300] "GET /wp-content/themes/chumak_pro/js/slick.min.js HTTP/2.0" 200 42862 "https://finofy.com/" "Mozilla/5.0 (X11; Linux x86_64) AppleWebKit/537.36 (KHTML, like Gecko) HeadlessChrome/123.0.6312.86 Safari/537.36"
185.117.225.196 - - [27/Sep/2026:18:03:02 +0300] "GET /wp-content/themes/chumak_pro/js/jquery-ui.js HTTP/2.0" 200 539419 "https://finofy.com/" "Mozilla/5.0 (X11; Linux x86_64) AppleWebKit/537.36 (KHTML, like Gecko) HeadlessChrome/123.0.6312.86 Safari/537.36"
185.117.225.196 - - [27/Sep/2026:18:03:02 +0300] "GET /wp-content/plugins/thirstyaffiliates/js/app/ta.js?ver=3.12.0 HTTP/2.0" 200 11200 "https://finofy.com/" "Mozilla/5.0 (X11; Linux x86_64) AppleWebKit/537.36 (KHTML, like Gecko) HeadlessChrome/123.0.6312.86 Safari/537.36"
185.117.225.196 - - [27/Sep/2026:18:03:02 +0300] "GET /wp-content/themes/chumak_pro/js/jquery.ui.touch-punch.min.js HTTP/2.0" 200 1301 "https://finofy.com/" "Mozilla/5.0 (X11; Linux x86_64) AppleWebKit/537.36 (KHTML, like Gecko) HeadlessChrome/123.0.6312.86 Safari/537.36"
185.117.225.196 - - [27/Sep/2026:18:03:02 +0300] "GET /wp-content/themes/chumak_pro/js/mobile_menu.js HTTP/2.0" 200 1332 "https://finofy.com/" "Mozilla/5.0 (X11; Linux x86_64) AppleWebKit/537.36 (KHTML, like Gecko) HeadlessChrome/123.0.6312.86 Safari/537.36"
185.117.225.196 - - [27/Sep/2026:18:03:02 +0300] "GET /wp-content/themes/chumak_pro/js/tab.js HTTP/2.0" 200 5007 "https://finofy.com/" "Mozilla/5.0 (X11; Linux x86_64) AppleWebKit/537.36 (KHTML, like Gecko) HeadlessChrome/123.0.6312.86 Safari/537.36"
185.117.225.196 - - [27/Sep/2026:18:03:02 +0300] "GET /wp-content/themes/chumak_pro/js/script.js HTTP/2.0" 200 3924 "https://finofy.com/" "Mozilla/5.0 (X11; Linux x86_64) AppleWebKit/537.36 (KHTML, like Gecko) HeadlessChrome/123.0.6312.86 Safari/537.36"
185.117.225.196 - - [27/Sep/2026:18:03:02 +0300] "GET /wp-content/themes/chumak_pro/fonts/Muller/Muller-Regular.otf HTTP/2.0" 200 126576 "https://finofy.com/wp-content/themes/chumak_pro/css/style.css" "Mozilla/5.0 AppleWebKit/537.36 (KHTML, like Gecko) Chrome/123.0.6312.86 Safari/537.36 BitSightBot/1.0"
185.117.225.196 - - [27/Sep/2026:18:03:02 +0300] "GET /wp-content/themes/chumak_pro/fonts/Muller/Muller-ExtraBold.otf HTTP/2.0" 200 127004 "https://finofy.com/wp-content/themes/chumak_pro/css/style.css" "Mozilla/5.0 AppleWebKit/537.36 (KHTML, like Gecko) Chrome/123.0.6312.86 Safari/537.36 BitSightBot/1.0"
185.117.225.196 - - [27/Sep/2026:18:03:02 +0300] "GET /wp-content/themes/chumak_pro/fonts/Muller/Muller-Light.otf HTTP/2.0" 200 127208 "https://finofy.com/wp-content/themes/chumak_pro/css/style.css" "Mozilla/5.0 AppleWebKit/537.36 (KHTML, like Gecko) Chrome/123.0.6312.86 Safari/537.36 BitSightBot/1.0"
185.117.225.196 - - [27/Sep/2026:18:03:03 +0300] "GET /wp-includes/js/twemoji.js?ver=7.1.2 HTTP/2.0" 200 37180 "https://finofy.com/" "Mozilla/5.0 AppleWebKit/537.36 (KHTML, like Gecko) Chrome/123.0.6312.86 Safari/537.36 BitSightBot/1.0"
185.117.225.196 - - [27/Sep/2026:18:03:03 +0300] "GET /wp-includes/js/wp-emoji.js?ver=7.1.2 HTTP/2.0" 200 8792 "https://finofy.com/" "Mozilla/5.0 AppleWebKit/537.36 (KHTML, like Gecko) Chrome/123.0.6312.86 Safari/537.36 BitSightBot/1.0"
8.39.54.150 - - [27/Sep/2026:18:03:17 +0300] "GET / HTTP/1.1" 200 50422 "-" "Mozilla/5.0 (X11; Linux x86_64) AppleWebKit/537.36 (KHTML, like Gecko) Chrome/139.0.0.0 Safari/537.36"
85.254.144.33 - - [27/Sep/2026:18:03:18 +0300] "POST /wp-cron.php?doing_wp_cron=1790521398.8962829113006591796875 HTTP/1.1" 200 - "-" "WordPress/7.1.2; https://finofy.com"
8.39.54.150 - - [27/Sep/2026:18:03:20 +0300] "GET / HTTP/1.1" 200 50422 "-" "Mozilla/5.0 (X11; Linux x86_64) AppleWebKit/537.36 (KHTML, like Gecko) Chrome/139.0.0.0 Safari/537.36"
31.58.162.22 - - [27/Sep/2026:18:08:22 +0300] "GET /yytest/ HTTP/1.1" 301 - "-" "Mozilla/5.0 (compatible; Googlebot/2.1; +http://www.google.com/bot.html)"
158.62.222.197 - - [27/Sep/2026:18:08:23 +0300] "GET /yytest/ HTTP/1.1" 301 - "-" "Mozilla/5.0 (compatible; Googlebot/2.1; +http://www.google.com/bot.html)"
151.241.48.38 - - [27/Sep/2026:18:08:22 +0300] "GET /yytest/ HTTP/1.1" 301 - "-" "Mozilla/5.0 (compatible; Googlebot/2.1; +http://www.google.com/bot.html)"
85.254.144.33 - - [27/Sep/2026:18:08:23 +0300] "POST /wp-cron.php?doing_wp_cron=1790521703.8580060005187988281250 HTTP/1.1" 200 - "-" "WordPress/7.1.2; https://finofy.com"
31.58.162.22 - - [27/Sep/2026:18:08:24 +0300] "GET / HTTP/1.1" 301 - "https://finofy.com/yytest/" "Mozilla/5.0 (compatible; Googlebot/2.1; +http://www.google.com/bot.html)"
151.241.48.38 - - [27/Sep/2026:18:08:25 +0300] "GET / HTTP/1.1" 301 - "https://finofy.com/yytest/" "Mozilla/5.0 (compatible; Googlebot/2.1; +http://www.google.com/bot.html)"
158.62.222.197 - - [27/Sep/2026:18:08:25 +0300] "GET / HTTP/1.1" 301 - "https://finofy.com/yytest/" "Mozilla/5.0 (compatible; Googlebot/2.1; +http://www.google.com/bot.html)"
31.58.162.22 - - [27/Sep/2026:18:08:26 +0300] "GET / HTTP/1.1" 200 50422 "https://www.finofy.com" "Mozilla/5.0 (compatible; Googlebot/2.1; +http://www.google.com/bot.html)"
63.141.239.146 - - [27/Sep/2026:18:08:27 +0300] "GET /yytest/ HTTP/1.1" 301 - "-" "Mozilla/5.0 (compatible; Googlebot/2.1; +http://www.google.com/bot.html)"
63.141.239.146 - - [27/Sep/2026:18:08:29 +0300] "GET / HTTP/1.1" 301 - "https://finofy.com/yytest/" "Mozilla/5.0 (compatible; Googlebot/2.1; +http://www.google.com/bot.html)"
63.141.239.146 - - [27/Sep/2026:18:08:30 +0300] "GET / HTTP/1.1" 200 50422 "https://www.finofy.com" "Mozilla/5.0 (compatible; Googlebot/2.1; +http://www.google.com/bot.html)"
138.229.96.224 - - [27/Sep/2026:18:08:33 +0300] "POST / HTTP/1.1" 200 50422 "-" "Mozilla/5.0 (Windows NT 10.0; Win64; x64; rv:130.0) Gecko/20100101 Firefox/130.0"
168.91.42.232 - - [27/Sep/2026:18:08:33 +0300] "POST / HTTP/1.1" 200 50422 "-" "Mozilla/5.0 (Windows NT 10.0; Win64; x64; rv:130.0) Gecko/20100101 Firefox/130.0"
66.84.94.48 - - [27/Sep/2026:18:08:33 +0300] "POST / HTTP/1.1" 200 50422 "-" "Mozilla/5.0 (Windows NT 10.0; Win64; x64; rv:130.0) Gecko/20100101 Firefox/130.0"
130.254.112.187 - - [27/Sep/2026:18:17:38 +0300] "GET /yytest/ HTTP/1.1" 301 - "-" "Mozilla/5.0 (compatible; Googlebot/2.1; +http://www.google.com/bot.html)"
69.58.88.206 - - [27/Sep/2026:18:17:39 +0300] "GET /yytest/ HTTP/1.1" 301 - "-" "Mozilla/5.0 (compatible; Googlebot/2.1; +http://www.google.com/bot.html)"
151.241.48.38 - - [27/Sep/2026:18:17:38 +0300] "GET /yytest/ HTTP/1.1" 301 - "-" "Mozilla/5.0 (compatible; Googlebot/2.1; +http://www.google.com/bot.html)"
85.254.144.33 - - [27/Sep/2026:18:17:40 +0300] "POST /wp-cron.php?doing_wp_cron=1790522260.1510400772094726562500 HTTP/1.1" 200 - "-" "WordPress/7.1.2; https://finofy.com"
130.254.112.187 - - [27/Sep/2026:18:17:40 +0300] "GET / HTTP/1.1" 301 - "https://finofy.com/yytest/" "Mozilla/5.0 (compatible; Googlebot/2.1; +http://www.google.com/bot.html)"
151.241.48.38 - - [27/Sep/2026:18:17:41 +0300] "GET / HTTP/1.1" 301 - "https://finofy.com/yytest/" "Mozilla/5.0 (compatible; Googlebot/2.1; +http://www.google.com/bot.html)"
69.58.88.206 - - [27/Sep/2026:18:17:42 +0300] "GET / HTTP/1.1" 301 - "https://finofy.com/yytest/" "Mozilla/5.0 (compatible; Googlebot/2.1; +http://www.google.com/bot.html)"
130.254.112.187 - - [27/Sep/2026:18:17:42 +0300] "GET / HTTP/1.1" 200 50422 "https://www.finofy.com" "Mozilla/5.0 (compatible; Googlebot/2.1; +http://www.google.com/bot.html)"
63.141.239.146 - - [27/Sep/2026:18:17:43 +0300] "GET /yytest/ HTTP/1.1" 301 - "-" "Mozilla/5.0 (compatible; Googlebot/2.1; +http://www.google.com/bot.html)"
63.141.239.146 - - [27/Sep/2026:18:17:45 +0300] "GET / HTTP/1.1" 301 - "https://finofy.com/yytest/" "Mozilla/5.0 (compatible; Googlebot/2.1; +http://www.google.com/bot.html)"
63.141.239.146 - - [27/Sep/2026:18:17:46 +0300] "GET / HTTP/1.1" 200 50422 "https://www.finofy.com" "Mozilla/5.0 (compatible; Googlebot/2.1; +http://www.google.com/bot.html)"
31.58.166.21 - - [27/Sep/2026:18:17:48 +0300] "POST / HTTP/1.1" 200 50422 "-" "Mozilla/5.0 (Windows NT 10.0; Win64; x64; rv:130.0) Gecko/20100101 Firefox/130.0"
66.84.94.48 - - [27/Sep/2026:18:17:49 +0300] "POST / HTTP/1.1" 200 50422 "-" "Mozilla/5.0 (Windows NT 10.0; Win64; x64; rv:130.0) Gecko/20100101 Firefox/130.0"
168.91.42.232 - - [27/Sep/2026:18:17:49 +0300] "POST / HTTP/1.1" 200 50422 "-" "Mozilla/5.0 (Windows NT 10.0; Win64; x64; rv:130.0) Gecko/20100101 Firefox/130.0"
168.91.47.20 - - [27/Sep/2026:18:24:22 +0300] "GET /yytest/ HTTP/1.1" 301 - "-" "Mozilla/5.0 (compatible; Googlebot/2.1; +http://www.google.com/bot.html)"
168.91.42.232 - - [27/Sep/2026:18:24:23 +0300] "GET /yytest/ HTTP/1.1" 301 - "-" "Mozilla/5.0 (compatible; Googlebot/2.1; +http://www.google.com/bot.html)"
31.58.166.21 - - [27/Sep/2026:18:24:22 +0300] "GET /yytest/ HTTP/1.1" 301 - "-" "Mozilla/5.0 (compatible; Googlebot/2.1; +http://www.google.com/bot.html)"
85.254.144.33 - - [27/Sep/2026:18:24:24 +0300] "POST /wp-cron.php?doing_wp_cron=1790522664.2120709419250488281250 HTTP/1.1" 200 - "-" "WordPress/7.1.2; https://finofy.com"
168.91.47.20 - - [27/Sep/2026:18:24:24 +0300] "GET / HTTP/1.1" 301 - "https://finofy.com/yytest/" "Mozilla/5.0 (compatible; Googlebot/2.1; +http://www.google.com/bot.html)"
31.58.166.21 - - [27/Sep/2026:18:24:25 +0300] "GET / HTTP/1.1" 301 - "https://finofy.com/yytest/" "Mozilla/5.0 (compatible; Googlebot/2.1; +http://www.google.com/bot.html)"
168.91.42.232 - - [27/Sep/2026:18:24:26 +0300] "GET / HTTP/1.1" 301 - "https://finofy.com/yytest/" "Mozilla/5.0 (compatible; Googlebot/2.1; +http://www.google.com/bot.html)"
168.91.47.20 - - [27/Sep/2026:18:24:26 +0300] "GET / HTTP/1.1" 200 50422 "https://www.finofy.com" "Mozilla/5.0 (compatible; Googlebot/2.1; +http://www.google.com/bot.html)"
63.141.239.146 - - [27/Sep/2026:18:24:27 +0300] "GET /yytest/ HTTP/1.1" 301 - "-" "Mozilla/5.0 (compatible; Googlebot/2.1; +http://www.google.com/bot.html)"
63.141.239.146 - - [27/Sep/2026:18:24:29 +0300] "GET / HTTP/1.1" 301 - "https://finofy.com/yytest/" "Mozilla/5.0 (compatible; Googlebot/2.1; +http://www.google.com/bot.html)"
63.141.239.146 - - [27/Sep/2026:18:24:31 +0300] "GET / HTTP/1.1" 200 50422 "https://www.finofy.com" "Mozilla/5.0 (compatible; Googlebot/2.1; +http://www.google.com/bot.html)"
138.229.96.224 - - [27/Sep/2026:18:24:33 +0300] "POST / HTTP/1.1" 200 50422 "-" "Mozilla/5.0 (Windows NT 10.0; Win64; x64; rv:130.0) Gecko/20100101 Firefox/130.0"
66.84.94.48 - - [27/Sep/2026:18:24:33 +0300] "POST / HTTP/1.1" 200 50422 "-" "Mozilla/5.0 (Windows NT 10.0; Win64; x64; rv:130.0) Gecko/20100101 Firefox/130.0"
69.58.88.206 - - [27/Sep/2026:18:24:33 +0300] "POST / HTTP/1.1" 200 50422 "-" "Mozilla/5.0 (Windows NT 10.0; Win64; x64; rv:130.0) Gecko/20100101 Firefox/130.0"
37.139.53.194 - - [27/Sep/2026:18:24:38 +0300] "GET /us/all-lenders/upstart/ HTTP/1.0" 200 69324 "https://finofy.com/us/all-lenders/upstart/" "Mozilla/5.0 (Windows NT 10.0; Win64; x64) AppleWebKit/537.36 (KHTML, like Gecko) Chrome/131.0.0.0 Safari/537.36"
85.254.144.33 - - [27/Sep/2026:18:24:40 +0300] "POST /us/wp-cron.php?doing_wp_cron=1790522680.2989408969879150390625 HTTP/1.1" 200 - "-" "WordPress/7.1.2; https://finofy.com/us"
37.139.53.194 - - [27/Sep/2026:18:24:40 +0300] "GET /us/blog/ HTTP/1.0" 200 65742 "https://finofy.com/us/blog/" "Mozilla/5.0 (Windows NT 10.0; Win64; x64) AppleWebKit/537.36 (KHTML, like Gecko) Chrome/131.0.0.0 Safari/537.36"
37.139.53.194 - - [27/Sep/2026:18:24:41 +0300] "GET /us/all-lenders/upstart/ HTTP/1.0" 200 69324 "https://finofy.com/us/all-lenders/upstart/" "Mozilla/5.0 (Windows NT 10.0; Win64; x64) AppleWebKit/537.36 (KHTML, like Gecko) Chrome/131.0.0.0 Safari/537.36"
37.139.53.194 - - [27/Sep/2026:18:24:43 +0300] "GET /us/blog/ HTTP/1.0" 200 65742 "https://finofy.com/us/blog/" "Mozilla/5.0 (Windows NT 10.0; Win64; x64) AppleWebKit/537.36 (KHTML, like Gecko) Chrome/131.0.0.0 Safari/537.36"
37.139.53.194 - - [27/Sep/2026:18:24:43 +0300] "GET /us/blog/net-income/ HTTP/1.0" 200 88716 "https://finofy.com/us/blog/net-income/" "Mozilla/5.0 (Windows NT 10.0; Win64; x64) AppleWebKit/537.36 (KHTML, like Gecko) Chrome/131.0.0.0 Safari/537.36"
37.139.53.194 - - [27/Sep/2026:18:24:44 +0300] "GET /us/blog/net-income/ HTTP/1.0" 200 88716 "https://finofy.com/us/blog/net-income/" "Mozilla/5.0 (Windows NT 10.0; Win64; x64) AppleWebKit/537.36 (KHTML, like Gecko) Chrome/131.0.0.0 Safari/537.36"
45.131.195.191 - - [27/Sep/2026:18:32:18 +0300] "POST /wp-login.php HTTP/1.1" 200 9764 "-" "Mozilla/5.0 (Macintosh; Intel Mac OS X 10_15_7) AppleWebKit/605.1.15 Version/17.0 Safari/605.1.15"
45.131.195.151 - - [27/Sep/2026:18:32:18 +0300] "POST /wp-login.php HTTP/1.1" 200 9767 "-" "Mozilla/5.0 (Macintosh; Intel Mac OS X 10_15_7) AppleWebKit/605.1.15 Version/17.0 Safari/605.1.15"
85.254.144.33 - - [27/Sep/2026:18:32:19 +0300] "POST /wp-cron.php?doing_wp_cron=1790523139.7617039680480957031250 HTTP/1.1" 200 - "-" "WordPress/7.1.2; https://finofy.com"
151.241.48.40 - - [27/Sep/2026:18:32:47 +0300] "GET /yytest/ HTTP/1.1" 301 - "-" "Mozilla/5.0 (compatible; Googlebot/2.1; +http://www.google.com/bot.html)"
69.58.88.206 - - [27/Sep/2026:18:32:48 +0300] "GET /yytest/ HTTP/1.1" 301 - "-" "Mozilla/5.0 (compatible; Googlebot/2.1; +http://www.google.com/bot.html)"
151.241.48.40 - - [27/Sep/2026:18:32:48 +0300] "GET / HTTP/1.1" 301 - "https://finofy.com/yytest/" "Mozilla/5.0 (compatible; Googlebot/2.1; +http://www.google.com/bot.html)"
168.91.42.232 - - [27/Sep/2026:18:32:49 +0300] "GET /yytest/ HTTP/1.1" 301 - "-" "Mozilla/5.0 (compatible; Googlebot/2.1; +http://www.google.com/bot.html)"
151.241.48.40 - - [27/Sep/2026:18:32:50 +0300] "GET / HTTP/1.1" 200 50422 "https://www.finofy.com" "Mozilla/5.0 (compatible; Googlebot/2.1; +http://www.google.com/bot.html)"
69.58.88.206 - - [27/Sep/2026:18:32:51 +0300] "GET / HTTP/1.1" 301 - "https://finofy.com/yytest/" "Mozilla/5.0 (compatible; Googlebot/2.1; +http://www.google.com/bot.html)"
63.141.239.146 - - [27/Sep/2026:18:32:51 +0300] "GET /yytest/ HTTP/1.1" 301 - "-" "Mozilla/5.0 (compatible; Googlebot/2.1; +http://www.google.com/bot.html)"
63.141.239.146 - - [27/Sep/2026:18:32:53 +0300] "GET / HTTP/1.1" 301 - "https://finofy.com/yytest/" "Mozilla/5.0 (compatible; Googlebot/2.1; +http://www.google.com/bot.html)"
63.141.239.146 - - [27/Sep/2026:18:32:55 +0300] "GET / HTTP/1.1" 200 50422 "https://www.finofy.com" "Mozilla/5.0 (compatible; Googlebot/2.1; +http://www.google.com/bot.html)"
168.91.47.20 - - [27/Sep/2026:18:32:57 +0300] "POST / HTTP/1.1" 200 50422 "-" "Mozilla/5.0 (Windows NT 10.0; Win64; x64; rv:130.0) Gecko/20100101 Firefox/130.0"
130.254.112.187 - - [27/Sep/2026:18:32:57 +0300] "POST / HTTP/1.1" 200 50422 "-" "Mozilla/5.0 (Windows NT 10.0; Win64; x64; rv:130.0) Gecko/20100101 Firefox/130.0"
170.199.229.178 - - [27/Sep/2026:18:32:57 +0300] "POST / HTTP/1.1" 200 50422 "-" "Mozilla/5.0 (Windows NT 10.0; Win64; x64; rv:130.0) Gecko/20100101 Firefox/130.0"
40.77.167.3 - - [27/Sep/2026:18:40:06 +0300] "GET /us/all-lenders/money-mart/ HTTP/2.0" 200 66546 "-" "Mozilla/5.0 AppleWebKit/537.36 (KHTML, like Gecko; compatible; bingbot/2.0; +http://www.bing.com/bingbot.htm) Chrome/116.0.1938.76 Safari/537.36"
85.254.144.33 - - [27/Sep/2026:18:40:08 +0300] "POST /us/wp-cron.php?doing_wp_cron=1790523607.9987940788269042968750 HTTP/1.1" 200 - "-" "WordPress/7.1.2; https://finofy.com/us"
216.73.217.42 - - [27/Sep/2026:18:40:23 +0300] "GET / HTTP/2.0" 301 - "http://finofy.com/sitemap.xml" "Mozilla/5.0 AppleWebKit/537.36 (KHTML, like Gecko; compatible; ClaudeBot/1.0; +claudebot@anthropic.com)"
216.73.217.42 - - [27/Sep/2026:18:40:25 +0300] "GET / HTTP/2.0" 200 50422 "https://www.finofy.com/" "Mozilla/5.0 AppleWebKit/537.36 (KHTML, like Gecko; compatible; ClaudeBot/1.0; +claudebot@anthropic.com)"
45.131.195.170 - - [27/Sep/2026:18:42:13 +0300] "POST /wp-login.php HTTP/1.1" 200 9764 "-" "Mozilla/5.0 (Macintosh; Intel Mac OS X 10_15_7) AppleWebKit/605.1.15 Version/17.0 Safari/605.1.15"
45.131.195.149 - - [27/Sep/2026:18:42:13 +0300] "POST /wp-login.php HTTP/1.1" 200 9767 "-" "Mozilla/5.0 (Windows NT 10.0; Win64; x64) AppleWebKit/537.36 Chrome/129.0.0.0 Safari/537.36"
85.254.144.33 - - [27/Sep/2026:18:42:14 +0300] "POST /wp-cron.php?doing_wp_cron=1790523734.3501169681549072265625 HTTP/1.1" 200 - "-" "WordPress/7.1.2; https://finofy.com"
167.160.75.208 - - [27/Sep/2026:18:42:34 +0300] "GET /yytest/ HTTP/1.1" 301 - "-" "Mozilla/5.0 (compatible; Googlebot/2.1; +http://www.google.com/bot.html)"
141.164.89.160 - - [27/Sep/2026:18:42:35 +0300] "GET /yytest/ HTTP/1.1" 301 - "-" "Mozilla/5.0 (compatible; Googlebot/2.1; +http://www.google.com/bot.html)"
168.91.42.232 - - [27/Sep/2026:18:42:35 +0300] "GET /yytest/ HTTP/1.1" 301 - "-" "Mozilla/5.0 (compatible; Googlebot/2.1; +http://www.google.com/bot.html)"
167.160.75.208 - - [27/Sep/2026:18:42:36 +0300] "GET / HTTP/1.1" 301 - "https://finofy.com/yytest/" "Mozilla/5.0 (compatible; Googlebot/2.1; +http://www.google.com/bot.html)"
168.91.42.232 - - [27/Sep/2026:18:42:37 +0300] "GET / HTTP/1.1" 301 - "https://finofy.com/yytest/" "Mozilla/5.0 (compatible; Googlebot/2.1; +http://www.google.com/bot.html)"
141.164.89.160 - - [27/Sep/2026:18:42:37 +0300] "GET / HTTP/1.1" 301 - "https://finofy.com/yytest/" "Mozilla/5.0 (compatible; Googlebot/2.1; +http://www.google.com/bot.html)"
167.160.75.208 - - [27/Sep/2026:18:42:38 +0300] "GET / HTTP/1.1" 200 50422 "https://www.finofy.com" "Mozilla/5.0 (compatible; Googlebot/2.1; +http://www.google.com/bot.html)"
63.141.239.146 - - [27/Sep/2026:18:42:39 +0300] "GET /yytest/ HTTP/1.1" 301 - "-" "Mozilla/5.0 (compatible; Googlebot/2.1; +http://www.google.com/bot.html)"
63.141.239.146 - - [27/Sep/2026:18:42:41 +0300] "GET / HTTP/1.1" 301 - "https://finofy.com/yytest/" "Mozilla/5.0 (compatible; Googlebot/2.1; +http://www.google.com/bot.html)"
63.141.239.146 - - [27/Sep/2026:18:42:42 +0300] "GET / HTTP/1.1" 200 50422 "https://www.finofy.com" "Mozilla/5.0 (compatible; Googlebot/2.1; +http://www.google.com/bot.html)"
151.241.48.40 - - [27/Sep/2026:18:42:44 +0300] "POST / HTTP/1.1" 200 50422 "-" "Mozilla/5.0 (Windows NT 10.0; Win64; x64) AppleWebKit/537.36 (KHTML, like Gecko) Chrome/129.0.0.0 Safari/537.36"
168.91.47.20 - - [27/Sep/2026:18:42:44 +0300] "POST / HTTP/1.1" 200 50422 "-" "Mozilla/5.0 (Windows NT 10.0; Win64; x64) AppleWebKit/537.36 (KHTML, like Gecko) Chrome/129.0.0.0 Safari/537.36"
170.199.229.178 - - [27/Sep/2026:18:42:45 +0300] "POST / HTTP/1.1" 200 50422 "-" "Mozilla/5.0 (Windows NT 10.0; Win64; x64) AppleWebKit/537.36 (KHTML, like Gecko) Chrome/129.0.0.0 Safari/537.36"
117.72.168.90 - - [27/Sep/2026:18:46:46 +0300] "POST /wp-login.php HTTP/1.1" 200 9808 "https://finofy.com/wp-login.php" "Mozilla/5.0 (Macintosh; Intel Mac OS X 10_15_7) AppleWebKit/537.36 (KHTML, like Gecko) Chrome/123.0.0.0 Safari/537.36"
85.254.144.33 - - [27/Sep/2026:18:46:47 +0300] "POST /wp-cron.php?doing_wp_cron=1790524007.7251079082489013671875 HTTP/1.1" 200 - "-" "WordPress/7.1.2; https://finofy.com"
145.255.168.48 - - [27/Sep/2026:18:46:53 +0300] "GET /us/installment-loans/ HTTP/1.1" 200 86403 "-" "Mozilla/5.0 (Macintosh; Intel Mac OS X 10_15_7) AppleWebKit/537.36 (KHTML, like Gecko) Chrome/125.0.6422.176 Safari/537.36"
85.254.144.33 - - [27/Sep/2026:18:46:55 +0300] "POST /us/wp-cron.php?doing_wp_cron=1790524015.1637599468231201171875 HTTP/1.1" 200 - "-" "WordPress/7.1.2; https://finofy.com/us"
147.53.121.195 - - [27/Sep/2026:18:48:22 +0300] "GET /yytest/ HTTP/1.1" 301 - "-" "Mozilla/5.0 (compatible; Googlebot/2.1; +http://www.google.com/bot.html)"
110.225.227.215 - - [27/Sep/2026:18:48:21 +0300] "POST /xmlrpc.php HTTP/1.1" 200 403 "-" "WordPress.com; https://wordpress.com"
85.254.144.33 - - [27/Sep/2026:18:48:22 +0300] "POST /wp-cron.php?doing_wp_cron=1790524102.8976271152496337890625 HTTP/1.1" 200 - "-" "WordPress/7.1.2; https://finofy.com"
158.62.222.197 - - [27/Sep/2026:18:48:22 +0300] "GET /yytest/ HTTP/1.1" 301 - "-" "Mozilla/5.0 (compatible; Googlebot/2.1; +http://www.google.com/bot.html)"
66.84.94.48 - - [27/Sep/2026:18:48:23 +0300] "GET /yytest/ HTTP/1.1" 301 - "-" "Mozilla/5.0 (compatible; Googlebot/2.1; +http://www.google.com/bot.html)"
147.53.121.195 - - [27/Sep/2026:18:48:24 +0300] "GET / HTTP/1.1" 301 - "https://finofy.com/yytest/" "Mozilla/5.0 (compatible; Googlebot/2.1; +http://www.google.com/bot.html)"
158.62.222.197 - - [27/Sep/2026:18:48:25 +0300] "GET / HTTP/1.1" 301 - "https://finofy.com/yytest/" "Mozilla/5.0 (compatible; Googlebot/2.1; +http://www.google.com/bot.html)"
66.84.94.48 - - [27/Sep/2026:18:48:25 +0300] "GET / HTTP/1.1" 301 - "https://finofy.com/yytest/" "Mozilla/5.0 (compatible; Googlebot/2.1; +http://www.google.com/bot.html)"
147.53.121.195 - - [27/Sep/2026:18:48:26 +0300] "GET / HTTP/1.1" 200 50422 "https://www.finofy.com" "Mozilla/5.0 (compatible; Googlebot/2.1; +http://www.google.com/bot.html)"
63.141.239.146 - - [27/Sep/2026:18:48:27 +0300] "GET /yytest/ HTTP/1.1" 301 - "-" "Mozilla/5.0 (compatible; Googlebot/2.1; +http://www.google.com/bot.html)"
63.141.239.146 - - [27/Sep/2026:18:48:28 +0300] "GET / HTTP/1.1" 301 - "https://finofy.com/yytest/" "Mozilla/5.0 (compatible; Googlebot/2.1; +http://www.google.com/bot.html)"
63.141.239.146 - - [27/Sep/2026:18:48:30 +0300] "GET / HTTP/1.1" 200 50422 "https://www.finofy.com" "Mozilla/5.0 (compatible; Googlebot/2.1; +http://www.google.com/bot.html)"
110.225.227.215 - - [27/Sep/2026:18:48:31 +0300] "POST /xmlrpc.php HTTP/1.1" 200 403 "-" "Jetpack by WordPress.com (Jetpack 12.5; WordPress 6.1)"
151.241.48.38 - - [27/Sep/2026:18:48:32 +0300] "POST / HTTP/1.1" 200 50422 "-" "Mozilla/5.0 (Windows NT 10.0; Win64; x64) AppleWebKit/537.36 (KHTML, like Gecko) Chrome/129.0.0.0 Safari/537.36"
151.241.48.40 - - [27/Sep/2026:18:48:32 +0300] "POST / HTTP/1.1" 200 50422 "-" "Mozilla/5.0 (Windows NT 10.0; Win64; x64) AppleWebKit/537.36 (KHTML, like Gecko) Chrome/129.0.0.0 Safari/537.36"
130.254.112.187 - - [27/Sep/2026:18:48:32 +0300] "POST / HTTP/1.1" 200 50422 "-" "Mozilla/5.0 (Windows NT 10.0; Win64; x64) AppleWebKit/537.36 (KHTML, like Gecko) Chrome/129.0.0.0 Safari/537.36"
110.225.227.215 - - [27/Sep/2026:18:48:42 +0300] "POST /xmlrpc.php HTTP/1.1" 200 403 "-" "Jetpack by WordPress.com"
110.225.227.215 - - [27/Sep/2026:18:48:53 +0300] "POST /xmlrpc.php HTTP/1.1" 200 403 "-" "Jetpack by WordPress.com"
110.225.227.215 - - [27/Sep/2026:18:49:03 +0300] "POST /xmlrpc.php HTTP/1.1" 200 403 "-" "Jetpack by WordPress.com"
85.254.144.33 - - [27/Sep/2026:18:49:04 +0300] "POST /wp-cron.php?doing_wp_cron=1790524144.8358619213104248046875 HTTP/1.1" 200 - "-" "WordPress/7.1.2; https://finofy.com"
110.225.227.215 - - [27/Sep/2026:18:49:14 +0300] "POST /xmlrpc.php HTTP/1.1" 200 403 "-" "Jetpack by WordPress.com (Jetpack 12.1; WordPress 6.4)"
110.225.227.215 - - [27/Sep/2026:18:49:24 +0300] "POST /xmlrpc.php HTTP/1.1" 200 403 "-" "Jetpack/12.1; WordPress/6.3; http://site66869474.com"
110.225.227.215 - - [27/Sep/2026:18:49:35 +0300] "POST /xmlrpc.php HTTP/1.1" 200 403 "-" "Jetpack by WordPress.com (Jetpack 12.1; WordPress 6.3)"
110.225.227.215 - - [27/Sep/2026:18:49:46 +0300] "POST /xmlrpc.php HTTP/1.1" 200 403 "-" "Jetpack by WordPress.com (Jetpack 13.0; WordPress 6.3)"
110.225.227.215 - - [27/Sep/2026:18:49:56 +0300] "POST /xmlrpc.php HTTP/1.1" 200 403 "-" "Jetpack by WordPress.com (Jetpack 12.1; WordPress 6.2)"
110.225.227.215 - - [27/Sep/2026:18:50:07 +0300] "POST /xmlrpc.php HTTP/1.1" 200 403 "-" "WordPress.com; https://wordpress.com"
85.254.144.33 - - [27/Sep/2026:18:50:08 +0300] "POST /wp-cron.php?doing_wp_cron=1790524208.4132699966430664062500 HTTP/1.1" 200 - "-" "WordPress/7.1.2; https://finofy.com"
110.225.227.215 - - [27/Sep/2026:18:50:17 +0300] "POST /xmlrpc.php HTTP/1.1" 200 403 "-" "Jetpack by WordPress.com"
110.225.227.215 - - [27/Sep/2026:18:50:28 +0300] "POST /xmlrpc.php HTTP/1.1" 200 403 "-" "Jetpack/12.0; WordPress/6.4; http://site95077724.com"
110.225.227.215 - - [27/Sep/2026:18:50:39 +0300] "POST /xmlrpc.php HTTP/1.1" 200 403 "-" "WordPress.com; https://wordpress.com"
110.225.227.215 - - [27/Sep/2026:18:50:49 +0300] "POST /xmlrpc.php HTTP/1.1" 200 403 "-" "WordPress.com; https://wordpress.com"
110.225.227.215 - - [27/Sep/2026:18:51:00 +0300] "POST /xmlrpc.php HTTP/1.1" 200 403 "-" "Jetpack by WordPress.com"
110.225.227.215 - - [27/Sep/2026:18:51:10 +0300] "POST /xmlrpc.php HTTP/1.1" 200 403 "-" "Jetpack/12.0; WordPress/6.4; http://site55898612.com"
85.254.144.33 - - [27/Sep/2026:18:51:12 +0300] "POST /wp-cron.php?doing_wp_cron=1790524272.1261930465698242187500 HTTP/1.1" 200 - "-" "WordPress/7.1.2; https://finofy.com"
110.225.227.215 - - [27/Sep/2026:18:51:21 +0300] "POST /xmlrpc.php HTTP/1.1" 200 403 "-" "WordPress.com; https://wordpress.com"
110.225.227.215 - - [27/Sep/2026:18:51:31 +0300] "POST /xmlrpc.php HTTP/1.1" 200 403 "-" "WordPress.com; https://wordpress.com"
110.225.227.215 - - [27/Sep/2026:18:51:42 +0300] "POST /xmlrpc.php HTTP/1.1" 200 403 "-" "WordPress.com; https://wordpress.com"
110.225.227.215 - - [27/Sep/2026:18:51:53 +0300] "POST /xmlrpc.php HTTP/1.1" 200 403 "-" "Jetpack/12.0; WordPress/6.1; http://site44830245.com"
45.131.195.175 - - [27/Sep/2026:18:52:03 +0300] "POST /wp-login.php HTTP/1.1" 200 9764 "-" "Mozilla/5.0 (Macintosh; Intel Mac OS X 10_15_7) AppleWebKit/605.1.15 Version/17.0 Safari/605.1.15"
45.131.195.144 - - [27/Sep/2026:18:52:03 +0300] "POST /wp-login.php HTTP/1.1" 200 9767 "-" "Mozilla/5.0 (Windows NT 10.0; Win64; x64) AppleWebKit/537.36 Chrome/129.0.0.0 Safari/537.36"
110.225.227.215 - - [27/Sep/2026:18:52:03 +0300] "POST /xmlrpc.php HTTP/1.1" 200 403 "-" "Jetpack by WordPress.com"
85.254.144.33 - - [27/Sep/2026:18:52:05 +0300] "POST /wp-cron.php?doing_wp_cron=1790524325.1095659732818603515625 HTTP/1.1" 200 - "-" "WordPress/7.1.2; https://finofy.com"
110.225.227.215 - - [27/Sep/2026:18:52:14 +0300] "POST /xmlrpc.php HTTP/1.1" 200 403 "-" "Jetpack/13.0; WordPress/6.4; http://site94447266.com"
110.225.227.215 - - [27/Sep/2026:18:52:24 +0300] "POST /xmlrpc.php HTTP/1.1" 200 403 "-" "Jetpack by WordPress.com (Jetpack 13.0; WordPress 6.4)"
110.225.227.215 - - [27/Sep/2026:18:52:35 +0300] "POST /xmlrpc.php HTTP/1.1" 200 403 "-" "Jetpack by WordPress.com (Jetpack 12.0; WordPress 6.3)"
110.225.227.215 - - [27/Sep/2026:18:52:46 +0300] "POST /xmlrpc.php HTTP/1.1" 200 403 "-" "Jetpack by WordPress.com"
110.225.227.215 - - [27/Sep/2026:18:52:56 +0300] "POST /xmlrpc.php HTTP/1.1" 200 403 "-" "Jetpack by WordPress.com (Jetpack 12.1; WordPress 6.1)"
110.225.227.215 - - [27/Sep/2026:18:53:07 +0300] "POST /xmlrpc.php HTTP/1.1" 200 403 "-" "Jetpack/12.1; WordPress/6.3; http://site44923763.com"
85.254.144.33 - - [27/Sep/2026:18:53:09 +0300] "POST /wp-cron.php?doing_wp_cron=1790524389.0433199405670166015625 HTTP/1.1" 200 - "-" "WordPress/7.1.2; https://finofy.com"
110.225.227.215 - - [27/Sep/2026:18:53:18 +0300] "POST /xmlrpc.php HTTP/1.1" 200 403 "-" "WordPress.com; https://wordpress.com"
198.98.59.181 - - [27/Sep/2026:18:53:24 +0300] "GET /wp-login.php HTTP/1.1" 200 9393 "-" "Mozilla/5.0 (Windows NT 6.1; WOW64) AppleWebKit/537.36 (KHTML, like Gecko) Chrome/36.0.1985.125 Safari/537.36"
198.98.59.181 - - [27/Sep/2026:18:53:25 +0300] "POST /wp-login.php HTTP/1.1" 200 9783 "-" "Mozilla/5.0 (Windows NT 6.1; WOW64) AppleWebKit/537.36 (KHTML, like Gecko) Chrome/36.0.1985.125 Safari/537.36"
110.225.227.215 - - [27/Sep/2026:18:53:29 +0300] "POST /xmlrpc.php HTTP/1.1" 200 403 "-" "Jetpack by WordPress.com (Jetpack 12.5; WordPress 6.4)"
110.225.227.215 - - [27/Sep/2026:18:53:39 +0300] "POST /xmlrpc.php HTTP/1.1" 200 403 "-" "Jetpack/12.5; WordPress/6.3; http://site25669849.com"
110.225.227.215 - - [27/Sep/2026:18:53:50 +0300] "POST /xmlrpc.php HTTP/1.1" 200 403 "-" "Jetpack/12.1; WordPress/6.4; http://site18939960.com"
110.225.227.215 - - [27/Sep/2026:18:54:00 +0300] "POST /xmlrpc.php HTTP/1.1" 200 403 "-" "WordPress.com; https://wordpress.com"
85.254.144.33 - - [27/Sep/2026:18:54:02 +0300] "POST /wp-cron.php?doing_wp_cron=1790524442.1847341060638427734375 HTTP/1.1" 200 - "-" "WordPress/7.1.2; https://finofy.com"
110.225.227.215 - - [27/Sep/2026:18:54:11 +0300] "POST /xmlrpc.php HTTP/1.1" 200 403 "-" "WordPress.com; https://wordpress.com"
110.225.227.215 - - [27/Sep/2026:18:54:22 +0300] "POST /xmlrpc.php HTTP/1.1" 200 403 "-" "Jetpack by WordPress.com (Jetpack 12.0; WordPress 6.3)"
110.225.227.215 - - [27/Sep/2026:18:54:32 +0300] "POST /xmlrpc.php HTTP/1.1" 200 403 "-" "Jetpack by WordPress.com"
110.225.227.215 - - [27/Sep/2026:18:54:43 +0300] "POST /xmlrpc.php HTTP/1.1" 200 403 "-" "Jetpack/13.0; WordPress/6.4; http://site47784230.com"
110.225.227.215 - - [27/Sep/2026:18:54:54 +0300] "POST /xmlrpc.php HTTP/1.1" 200 403 "-" "Jetpack by WordPress.com"
110.225.227.215 - - [27/Sep/2026:18:55:04 +0300] "POST /xmlrpc.php HTTP/1.1" 200 403 "-" "Jetpack by WordPress.com (Jetpack 12.5; WordPress 6.3)"
85.254.144.33 - - [27/Sep/2026:18:55:06 +0300] "POST /wp-cron.php?doing_wp_cron=1790524506.1643869876861572265625 HTTP/1.1" 200 - "-" "WordPress/7.1.2; https://finofy.com"
110.225.227.215 - - [27/Sep/2026:18:55:15 +0300] "POST /xmlrpc.php HTTP/1.1" 200 403 "-" "Jetpack by WordPress.com (Jetpack 12.0; WordPress 6.4)"
110.225.227.215 - - [27/Sep/2026:18:55:26 +0300] "POST /xmlrpc.php HTTP/1.1" 200 403 "-" "Jetpack by WordPress.com (Jetpack 13.0; WordPress 6.3)"
110.225.227.215 - - [27/Sep/2026:18:55:37 +0300] "POST /xmlrpc.php HTTP/1.1" 200 403 "-" "Jetpack/12.1; WordPress/6.2; http://site94522746.com"
110.225.227.215 - - [27/Sep/2026:18:55:47 +0300] "POST /xmlrpc.php HTTP/1.1" 200 403 "-" "Jetpack by WordPress.com"
110.225.227.215 - - [27/Sep/2026:18:55:58 +0300] "POST /xmlrpc.php HTTP/1.1" 200 403 "-" "Jetpack by WordPress.com (Jetpack 12.5; WordPress 6.4)"
110.225.227.215 - - [27/Sep/2026:18:56:08 +0300] "POST /xmlrpc.php HTTP/1.1" 200 403 "-" "Jetpack by WordPress.com"
85.254.144.33 - - [27/Sep/2026:18:56:10 +0300] "POST /wp-cron.php?doing_wp_cron=1790524570.1649830341339111328125 HTTP/1.1" 200 - "-" "WordPress/7.1.2; https://finofy.com"
110.225.227.215 - - [27/Sep/2026:18:56:19 +0300] "POST /xmlrpc.php HTTP/1.1" 200 403 "-" "WordPress.com; https://wordpress.com"
110.225.227.215 - - [27/Sep/2026:18:56:30 +0300] "POST /xmlrpc.php HTTP/1.1" 200 403 "-" "Jetpack by WordPress.com (Jetpack 12.0; WordPress 6.3)"
110.225.227.215 - - [27/Sep/2026:18:56:40 +0300] "POST /xmlrpc.php HTTP/1.1" 200 403 "-" "Jetpack/12.1; WordPress/6.1; http://site43834417.com"
110.225.227.215 - - [27/Sep/2026:18:56:51 +0300] "POST /xmlrpc.php HTTP/1.1" 200 403 "-" "WordPress.com; https://wordpress.com"
110.225.227.215 - - [27/Sep/2026:18:57:01 +0300] "POST /xmlrpc.php HTTP/1.1" 200 403 "-" "Jetpack by WordPress.com"
85.254.144.33 - - [27/Sep/2026:18:57:03 +0300] "POST /wp-cron.php?doing_wp_cron=1790524623.4076159000396728515625 HTTP/1.1" 200 - "-" "WordPress/7.1.2; https://finofy.com"
110.225.227.215 - - [27/Sep/2026:18:57:12 +0300] "POST /xmlrpc.php HTTP/1.1" 200 403 "-" "Jetpack/12.0; WordPress/6.3; http://site93968355.com"
110.225.227.215 - - [27/Sep/2026:18:57:23 +0300] "POST /xmlrpc.php HTTP/1.1" 200 403 "-" "Jetpack/12.0; WordPress/6.2; http://site12197614.com"
4.185.40.215 - - [27/Sep/2026:18:57:28 +0300] "GET / HTTP/1.1" 301 - "-" "-"
4.185.40.215 - - [27/Sep/2026:18:57:30 +0300] "GET / HTTP/1.1" 200 50422 "-" "-"
151.241.48.38 - - [27/Sep/2026:18:57:33 +0300] "GET /yytest/ HTTP/1.1" 301 - "-" "Mozilla/5.0 (compatible; Googlebot/2.1; +http://www.google.com/bot.html)"
138.229.96.224 - - [27/Sep/2026:18:57:33 +0300] "GET /yytest/ HTTP/1.1" 301 - "-" "Mozilla/5.0 (compatible; Googlebot/2.1; +http://www.google.com/bot.html)"
4.185.40.215 - - [27/Sep/2026:18:57:33 +0300] "GET / HTTP/1.1" 301 - "-" "-"
66.84.94.48 - - [27/Sep/2026:18:57:33 +0300] "GET /yytest/ HTTP/1.1" 301 - "-" "Mozilla/5.0 (compatible; Googlebot/2.1; +http://www.google.com/bot.html)"
110.225.227.215 - - [27/Sep/2026:18:57:34 +0300] "POST /xmlrpc.php HTTP/1.1" 200 403 "-" "WordPress.com; https://wordpress.com"
4.185.40.215 - - [27/Sep/2026:18:57:34 +0300] "GET / HTTP/1.1" 200 50422 "-" "-"
151.241.48.38 - - [27/Sep/2026:18:57:35 +0300] "GET / HTTP/1.1" 301 - "https://finofy.com/yytest/" "Mozilla/5.0 (compatible; Googlebot/2.1; +http://www.google.com/bot.html)"
138.229.96.224 - - [27/Sep/2026:18:57:35 +0300] "GET / HTTP/1.1" 301 - "https://finofy.com/yytest/" "Mozilla/5.0 (compatible; Googlebot/2.1; +http://www.google.com/bot.html)"
66.84.94.48 - - [27/Sep/2026:18:57:36 +0300] "GET / HTTP/1.1" 301 - "https://finofy.com/yytest/" "Mozilla/5.0 (compatible; Googlebot/2.1; +http://www.google.com/bot.html)"
151.241.48.38 - - [27/Sep/2026:18:57:36 +0300] "GET / HTTP/1.1" 200 50422 "https://www.finofy.com" "Mozilla/5.0 (compatible; Googlebot/2.1; +http://www.google.com/bot.html)"
138.229.96.224 - - [27/Sep/2026:18:57:37 +0300] "GET / HTTP/1.1" 200 50422 "https://www.finofy.com" "Mozilla/5.0 (compatible; Googlebot/2.1; +http://www.google.com/bot.html)"
4.185.40.215 - - [27/Sep/2026:18:57:37 +0300] "GET / HTTP/1.1" 200 50422 "-" "-"
63.141.239.146 - - [27/Sep/2026:18:57:38 +0300] "GET /yytest/ HTTP/1.1" 301 - "-" "Mozilla/5.0 (compatible; Googlebot/2.1; +http://www.google.com/bot.html)"
63.141.239.146 - - [27/Sep/2026:18:57:39 +0300] "GET / HTTP/1.1" 301 - "https://finofy.com/yytest/" "Mozilla/5.0 (compatible; Googlebot/2.1; +http://www.google.com/bot.html)"
4.185.40.215 - - [27/Sep/2026:18:57:40 +0300] "GET / HTTP/1.1" 301 - "-" "-"
63.141.239.146 - - [27/Sep/2026:18:57:41 +0300] "GET / HTTP/1.1" 200 50422 "https://www.finofy.com" "Mozilla/5.0 (compatible; Googlebot/2.1; +http://www.google.com/bot.html)"
4.185.40.215 - - [27/Sep/2026:18:57:42 +0300] "GET / HTTP/1.1" 200 50422 "-" "-"
31.58.162.22 - - [27/Sep/2026:18:57:43 +0300] "POST / HTTP/1.1" 200 50422 "-" "Mozilla/5.0 (Linux; Android 12; Pixel 6) AppleWebKit/537.36 (KHTML, like Gecko) Chrome/129.0.0.0 Mobile Safari/537.36"
151.241.48.40 - - [27/Sep/2026:18:57:43 +0300] "POST / HTTP/1.1" 200 50422 "-" "Mozilla/5.0 (Linux; Android 12; Pixel 6) AppleWebKit/537.36 (KHTML, like Gecko) Chrome/129.0.0.0 Mobile Safari/537.36"
130.254.112.187 - - [27/Sep/2026:18:57:44 +0300] "POST / HTTP/1.1" 200 50422 "-" "Mozilla/5.0 (Linux; Android 12; Pixel 6) AppleWebKit/537.36 (KHTML, like Gecko) Chrome/129.0.0.0 Mobile Safari/537.36"
110.225.227.215 - - [27/Sep/2026:18:57:44 +0300] "POST /xmlrpc.php HTTP/1.1" 200 403 "-" "Jetpack by WordPress.com"
4.185.40.215 - - [27/Sep/2026:18:57:45 +0300] "GET / HTTP/1.1" 301 - "-" "-"
4.185.40.215 - - [27/Sep/2026:18:57:46 +0300] "GET / HTTP/1.1" 200 50422 "-" "-"
4.185.40.215 - - [27/Sep/2026:18:57:49 +0300] "GET / HTTP/1.1" 301 - "-" "-"
4.185.40.215 - - [27/Sep/2026:18:57:50 +0300] "GET / HTTP/1.1" 200 50422 "-" "-"
4.185.40.215 - - [27/Sep/2026:18:57:53 +0300] "GET / HTTP/1.1" 301 - "-" "-"
4.185.40.215 - - [27/Sep/2026:18:57:55 +0300] "GET / HTTP/1.1" 200 50422 "-" "-"
110.225.227.215 - - [27/Sep/2026:18:57:55 +0300] "POST /xmlrpc.php HTTP/1.1" 200 403 "-" "Jetpack/12.1; WordPress/6.4; http://site42127993.com"
4.185.40.215 - - [27/Sep/2026:18:57:58 +0300] "GET / HTTP/1.1" 301 - "-" "-"
4.185.40.215 - - [27/Sep/2026:18:57:59 +0300] "GET / HTTP/1.1" 200 50422 "-" "-"
4.185.40.215 - - [27/Sep/2026:18:58:03 +0300] "GET / HTTP/1.1" 301 - "-" "-"
4.185.40.215 - - [27/Sep/2026:18:58:04 +0300] "GET / HTTP/1.1" 200 50422 "-" "-"
110.225.227.215 - - [27/Sep/2026:18:58:06 +0300] "POST /xmlrpc.php HTTP/1.1" 200 403 "-" "Jetpack by WordPress.com"
4.185.40.215 - - [27/Sep/2026:18:58:07 +0300] "GET / HTTP/1.1" 301 - "-" "-"
4.185.40.215 - - [27/Sep/2026:18:58:09 +0300] "GET / HTTP/1.1" 200 50422 "-" "-"
4.185.40.215 - - [27/Sep/2026:18:58:12 +0300] "GET / HTTP/1.1" 301 - "-" "-"
4.185.40.215 - - [27/Sep/2026:18:58:13 +0300] "GET / HTTP/1.1" 200 50422 "-" "-"
4.185.40.215 - - [27/Sep/2026:18:58:16 +0300] "GET / HTTP/1.1" 301 - "-" "-"
110.225.227.215 - - [27/Sep/2026:18:58:16 +0300] "POST /xmlrpc.php HTTP/1.1" 200 403 "-" "WordPress.com; https://wordpress.com"
4.185.40.215 - - [27/Sep/2026:18:58:18 +0300] "GET / HTTP/1.1" 200 50422 "-" "-"
4.185.40.215 - - [27/Sep/2026:18:58:21 +0300] "GET / HTTP/1.1" 301 - "-" "-"
4.185.40.215 - - [27/Sep/2026:18:58:22 +0300] "GET / HTTP/1.1" 200 50422 "-" "-"
4.185.40.215 - - [27/Sep/2026:18:58:25 +0300] "GET / HTTP/1.1" 301 - "-" "-"
4.185.40.215 - - [27/Sep/2026:18:58:26 +0300] "GET / HTTP/1.1" 200 50422 "-" "-"
110.225.227.215 - - [27/Sep/2026:18:58:27 +0300] "POST /xmlrpc.php HTTP/1.1" 200 403 "-" "Jetpack by WordPress.com"
4.185.40.215 - - [27/Sep/2026:18:58:29 +0300] "GET / HTTP/1.1" 301 - "-" "-"
4.185.40.215 - - [27/Sep/2026:18:58:31 +0300] "GET / HTTP/1.1" 200 50422 "-" "-"
4.185.40.215 - - [27/Sep/2026:18:58:34 +0300] "GET / HTTP/1.1" 301 - "-" "-"
4.185.40.215 - - [27/Sep/2026:18:58:35 +0300] "GET / HTTP/1.1" 200 50422 "-" "-"
110.225.227.215 - - [27/Sep/2026:18:58:38 +0300] "POST /xmlrpc.php HTTP/1.1" 200 403 "-" "Jetpack by WordPress.com"
4.185.40.215 - - [27/Sep/2026:18:58:38 +0300] "GET / HTTP/1.1" 301 - "-" "-"
4.185.40.215 - - [27/Sep/2026:18:58:39 +0300] "GET / HTTP/1.1" 200 50422 "-" "-"
4.185.40.215 - - [27/Sep/2026:18:58:43 +0300] "GET / HTTP/1.1" 301 - "-" "-"
4.185.40.215 - - [27/Sep/2026:18:58:44 +0300] "GET / HTTP/1.1" 200 50422 "-" "-"
4.185.40.215 - - [27/Sep/2026:18:58:47 +0300] "GET / HTTP/1.1" 301 - "-" "-"
110.225.227.215 - - [27/Sep/2026:18:58:48 +0300] "POST /xmlrpc.php HTTP/1.1" 200 403 "-" "Jetpack by WordPress.com (Jetpack 12.1; WordPress 6.2)"
4.185.40.215 - - [27/Sep/2026:18:58:48 +0300] "GET / HTTP/1.1" 200 50422 "-" "-"
4.185.40.215 - - [27/Sep/2026:18:58:51 +0300] "GET / HTTP/1.1" 301 - "-" "-"
4.185.40.215 - - [27/Sep/2026:18:58:53 +0300] "GET / HTTP/1.1" 200 50422 "-" "-"
4.185.40.215 - - [27/Sep/2026:18:58:56 +0300] "GET / HTTP/1.1" 301 - "-" "-"
4.185.40.215 - - [27/Sep/2026:18:58:57 +0300] "GET / HTTP/1.1" 200 50422 "-" "-"
85.254.144.33 - - [27/Sep/2026:18:58:59 +0300] "POST /wp-cron.php?doing_wp_cron=1790524739.2393970489501953125000 HTTP/1.1" 200 - "-" "WordPress/7.1.2; https://finofy.com"
110.225.227.215 - - [27/Sep/2026:18:58:59 +0300] "POST /xmlrpc.php HTTP/1.1" 200 403 "-" "Jetpack by WordPress.com (Jetpack 12.1; WordPress 6.2)"
4.185.40.215 - - [27/Sep/2026:18:59:01 +0300] "GET / HTTP/1.1" 301 - "-" "-"
85.254.144.33 - - [27/Sep/2026:18:59:03 +0300] "POST /wp-cron.php?doing_wp_cron=1790524743.2046549320220947265625 HTTP/1.1" 200 - "-" "WordPress/7.1.2; https://finofy.com"
4.185.40.215 - - [27/Sep/2026:18:59:04 +0300] "GET / HTTP/1.1" 200 50422 "-" "-"
4.185.40.215 - - [27/Sep/2026:18:59:07 +0300] "GET / HTTP/1.1" 301 - "-" "-"
4.185.40.215 - - [27/Sep/2026:18:59:08 +0300] "GET / HTTP/1.1" 200 50422 "-" "-"
110.225.227.215 - - [27/Sep/2026:18:59:09 +0300] "POST /xmlrpc.php HTTP/1.1" 200 403 "-" "Jetpack by WordPress.com (Jetpack 13.0; WordPress 6.1)"
4.185.40.215 - - [27/Sep/2026:18:59:11 +0300] "GET / HTTP/1.1" 301 - "-" "-"
4.185.40.215 - - [27/Sep/2026:18:59:12 +0300] "GET / HTTP/1.1" 200 50422 "-" "-"
4.185.40.215 - - [27/Sep/2026:18:59:16 +0300] "GET / HTTP/1.1" 301 - "-" "-"
4.185.40.215 - - [27/Sep/2026:18:59:17 +0300] "GET / HTTP/1.1" 200 50422 "-" "-"
4.185.40.215 - - [27/Sep/2026:18:59:20 +0300] "GET / HTTP/1.1" 301 - "-" "-"
110.225.227.215 - - [27/Sep/2026:18:59:20 +0300] "POST /xmlrpc.php HTTP/1.1" 200 403 "-" "WordPress.com; https://wordpress.com"
4.185.40.215 - - [27/Sep/2026:18:59:21 +0300] "GET / HTTP/1.1" 200 50422 "-" "-"
4.185.40.215 - - [27/Sep/2026:18:59:24 +0300] "GET / HTTP/1.1" 200 50422 "-" "-"
4.185.40.215 - - [27/Sep/2026:18:59:27 +0300] "GET / HTTP/1.1" 301 - "-" "-"
4.185.40.215 - - [27/Sep/2026:18:59:29 +0300] "GET / HTTP/1.1" 200 50422 "-" "-"
110.225.227.215 - - [27/Sep/2026:18:59:31 +0300] "POST /xmlrpc.php HTTP/1.1" 200 403 "-" "WordPress.com; https://wordpress.com"
4.185.40.215 - - [27/Sep/2026:18:59:32 +0300] "GET / HTTP/1.1" 301 - "-" "-"
4.185.40.215 - - [27/Sep/2026:18:59:33 +0300] "GET / HTTP/1.1" 200 50422 "-" "-"
4.185.40.215 - - [27/Sep/2026:18:59:37 +0300] "GET / HTTP/1.1" 301 - "-" "-"
4.185.40.215 - - [27/Sep/2026:18:59:39 +0300] "GET / HTTP/1.1" 200 50422 "-" "-"
110.225.227.215 - - [27/Sep/2026:18:59:42 +0300] "POST /xmlrpc.php HTTP/1.1" 200 403 "-" "Jetpack by WordPress.com (Jetpack 12.1; WordPress 6.2)"
4.185.40.215 - - [27/Sep/2026:18:59:43 +0300] "GET / HTTP/1.1" 301 - "-" "-"
4.185.40.215 - - [27/Sep/2026:18:59:44 +0300] "GET / HTTP/1.1" 200 50422 "-" "-"
4.185.40.215 - - [27/Sep/2026:18:59:47 +0300] "GET / HTTP/1.1" 301 - "-" "-"
4.185.40.215 - - [27/Sep/2026:18:59:49 +0300] "GET / HTTP/1.1" 200 50422 "-" "-"
4.185.40.215 - - [27/Sep/2026:18:59:52 +0300] "GET / HTTP/1.1" 301 - "-" "-"
110.225.227.215 - - [27/Sep/2026:18:59:52 +0300] "POST /xmlrpc.php HTTP/1.1" 200 403 "-" "Jetpack by WordPress.com (Jetpack 12.0; WordPress 6.1)"
4.185.40.215 - - [27/Sep/2026:18:59:53 +0300] "GET / HTTP/1.1" 200 50422 "-" "-"
4.185.40.215 - - [27/Sep/2026:18:59:56 +0300] "GET / HTTP/1.1" 301 - "-" "-"
4.185.40.215 - - [27/Sep/2026:18:59:58 +0300] "GET / HTTP/1.1" 200 50422 "-" "-"
4.185.40.215 - - [27/Sep/2026:19:00:01 +0300] "GET / HTTP/1.1" 301 - "-" "-"
85.254.144.33 - - [27/Sep/2026:19:00:02 +0300] "POST /wp-cron.php?doing_wp_cron=1790524802.6689810752868652343750 HTTP/1.1" 200 - "-" "WordPress/7.1.2; https://finofy.com"
110.225.227.215 - - [27/Sep/2026:19:00:03 +0300] "POST /xmlrpc.php HTTP/1.1" 200 403 "-" "Jetpack/13.0; WordPress/6.2; http://site61835483.com"
4.185.40.215 - - [27/Sep/2026:19:00:03 +0300] "GET / HTTP/1.1" 200 50422 "-" "-"
4.185.40.215 - - [27/Sep/2026:19:00:06 +0300] "GET / HTTP/1.1" 301 - "-" "-"
4.185.40.215 - - [27/Sep/2026:19:00:08 +0300] "GET / HTTP/1.1" 200 50422 "-" "-"
4.185.40.215 - - [27/Sep/2026:19:00:11 +0300] "GET / HTTP/1.1" 301 - "-" "-"
4.185.40.215 - - [27/Sep/2026:19:00:12 +0300] "GET / HTTP/1.1" 200 50422 "-" "-"
110.225.227.215 - - [27/Sep/2026:19:00:14 +0300] "POST /xmlrpc.php HTTP/1.1" 200 403 "-" "Jetpack by WordPress.com"
4.185.40.215 - - [27/Sep/2026:19:00:15 +0300] "GET / HTTP/1.1" 301 - "-" "-"
4.185.40.215 - - [27/Sep/2026:19:00:16 +0300] "GET / HTTP/1.1" 200 50422 "-" "-"
4.185.40.215 - - [27/Sep/2026:19:00:19 +0300] "GET / HTTP/1.1" 301 - "-" "-"
4.185.40.215 - - [27/Sep/2026:19:00:21 +0300] "GET / HTTP/1.1" 200 50422 "-" "-"
167.160.75.208 - - [27/Sep/2026:19:00:22 +0300] "GET /yytest/ HTTP/1.1" 301 - "-" "Mozilla/5.0 (compatible; Googlebot/2.1; +http://www.google.com/bot.html)"
168.91.47.20 - - [27/Sep/2026:19:00:22 +0300] "GET /yytest/ HTTP/1.1" 301 - "-" "Mozilla/5.0 (compatible; Googlebot/2.1; +http://www.google.com/bot.html)"
141.164.89.160 - - [27/Sep/2026:19:00:23 +0300] "GET /yytest/ HTTP/1.1" 301 - "-" "Mozilla/5.0 (compatible; Googlebot/2.1; +http://www.google.com/bot.html)"
4.185.40.215 - - [27/Sep/2026:19:00:24 +0300] "GET / HTTP/1.1" 301 - "-" "-"
167.160.75.208 - - [27/Sep/2026:19:00:24 +0300] "GET / HTTP/1.1" 301 - "https://finofy.com/yytest/" "Mozilla/5.0 (compatible; Googlebot/2.1; +http://www.google.com/bot.html)"
168.91.47.20 - - [27/Sep/2026:19:00:24 +0300] "GET / HTTP/1.1" 301 - "https://finofy.com/yytest/" "Mozilla/5.0 (compatible; Googlebot/2.1; +http://www.google.com/bot.html)"
110.225.227.215 - - [27/Sep/2026:19:00:24 +0300] "POST /xmlrpc.php HTTP/1.1" 200 403 "-" "Jetpack by WordPress.com"
4.185.40.215 - - [27/Sep/2026:19:00:25 +0300] "GET / HTTP/1.1" 200 50422 "-" "-"
167.160.75.208 - - [27/Sep/2026:19:00:26 +0300] "GET / HTTP/1.1" 200 50422 "https://www.finofy.com" "Mozilla/5.0 (compatible; Googlebot/2.1; +http://www.google.com/bot.html)"
168.91.47.20 - - [27/Sep/2026:19:00:26 +0300] "GET / HTTP/1.1" 200 50422 "https://www.finofy.com" "Mozilla/5.0 (compatible; Googlebot/2.1; +http://www.google.com/bot.html)"
141.164.89.160 - - [27/Sep/2026:19:00:27 +0300] "GET / HTTP/1.1" 301 - "https://finofy.com/yytest/" "Mozilla/5.0 (compatible; Googlebot/2.1; +http://www.google.com/bot.html)"
63.141.239.146 - - [27/Sep/2026:19:00:27 +0300] "GET /yytest/ HTTP/1.1" 301 - "-" "Mozilla/5.0 (compatible; Googlebot/2.1; +http://www.google.com/bot.html)"
4.185.40.215 - - [27/Sep/2026:19:00:28 +0300] "GET / HTTP/1.1" 301 - "-" "-"
63.141.239.146 - - [27/Sep/2026:19:00:29 +0300] "GET / HTTP/1.1" 301 - "https://finofy.com/yytest/" "Mozilla/5.0 (compatible; Googlebot/2.1; +http://www.google.com/bot.html)"
4.185.40.215 - - [27/Sep/2026:19:00:29 +0300] "GET / HTTP/1.1" 200 50422 "-" "-"
63.141.239.146 - - [27/Sep/2026:19:00:31 +0300] "GET / HTTP/1.1" 200 50422 "https://www.finofy.com" "Mozilla/5.0 (compatible; Googlebot/2.1; +http://www.google.com/bot.html)"
4.185.40.215 - - [27/Sep/2026:19:00:32 +0300] "GET / HTTP/1.1" 301 - "-" "-"
151.241.48.38 - - [27/Sep/2026:19:00:33 +0300] "POST / HTTP/1.1" 200 50422 "-" "Mozilla/5.0 (Windows NT 10.0; Win64; x64) AppleWebKit/537.36 (KHTML, like Gecko) Chrome/129.0.0.0 Safari/537.36"
4.185.40.215 - - [27/Sep/2026:19:00:34 +0300] "GET / HTTP/1.1" 200 50422 "-" "-"
