138.229.96.224 - - [27/Sep/2026:16:08:24 +0300] "GET / HTTP/1.1" 301 - "https://finofy.com/yytest/" "Mozilla/5.0 (compatible; Googlebot/2.1; +http://www.google.com/bot.html)"
147.53.121.195 - - [27/Sep/2026:16:08:25 +0300] "GET / HTTP/1.1" 301 - "https://finofy.com/yytest/" "Mozilla/5.0 (compatible; Googlebot/2.1; +http://www.google.com/bot.html)"
158.62.222.197 - - [27/Sep/2026:16:08:26 +0300] "GET / HTTP/1.1" 301 - "https://finofy.com/yytest/" "Mozilla/5.0 (compatible; Googlebot/2.1; +http://www.google.com/bot.html)"
138.229.96.224 - - [27/Sep/2026:16:08:26 +0300] "GET / HTTP/1.1" 200 50422 "https://www.finofy.com" "Mozilla/5.0 (compatible; Googlebot/2.1; +http://www.google.com/bot.html)"
63.141.239.146 - - [27/Sep/2026:16:08:27 +0300] "GET /yytest/ HTTP/1.1" 301 - "-" "Mozilla/5.0 (compatible; Googlebot/2.1; +http://www.google.com/bot.html)"
63.141.239.146 - - [27/Sep/2026:16:08:29 +0300] "GET / HTTP/1.1" 301 - "https://finofy.com/yytest/" "Mozilla/5.0 (compatible; Googlebot/2.1; +http://www.google.com/bot.html)"
63.141.239.146 - - [27/Sep/2026:16:08:30 +0300] "GET / HTTP/1.1" 200 50422 "https://www.finofy.com" "Mozilla/5.0 (compatible; Googlebot/2.1; +http://www.google.com/bot.html)"
151.241.48.38 - - [27/Sep/2026:16:08:33 +0300] "POST / HTTP/1.1" 200 50422 "-" "Mozilla/5.0 (iPhone; CPU iPhone OS 17_0 like Mac OS X) AppleWebKit/605.1.15 (KHTML, like Gecko) Version/17.0 Mobile/15E148 Safari/604.1"
69.58.88.206 - - [27/Sep/2026:16:08:33 +0300] "POST / HTTP/1.1" 200 50422 "-" "Mozilla/5.0 (iPhone; CPU iPhone OS 17_0 like Mac OS X) AppleWebKit/605.1.15 (KHTML, like Gecko) Version/17.0 Mobile/15E148 Safari/604.1"
168.91.42.232 - - [27/Sep/2026:16:08:33 +0300] "POST / HTTP/1.1" 200 50422 "-" "Mozilla/5.0 (iPhone; CPU iPhone OS 17_0 like Mac OS X) AppleWebKit/605.1.15 (KHTML, like Gecko) Version/17.0 Mobile/15E148 Safari/604.1"
82.167.44.116 - - [27/Sep/2026:16:12:07 +0300] "POST /xmlrpc.php HTTP/1.1" 200 403 "-" "Jetpack/13.0; WordPress/6.1; http://site10702802.com"
85.254.144.33 - - [27/Sep/2026:16:12:09 +0300] "POST /wp-cron.php?doing_wp_cron=1790514729.4426209926605224609375 HTTP/1.1" 200 - "-" "WordPress/7.1.2; https://finofy.com"
82.167.44.116 - - [27/Sep/2026:16:12:17 +0300] "POST /xmlrpc.php HTTP/1.1" 200 403 "-" "Jetpack by WordPress.com"
82.167.44.116 - - [27/Sep/2026:16:12:28 +0300] "POST /xmlrpc.php HTTP/1.1" 200 403 "-" "Jetpack by WordPress.com"
82.167.44.116 - - [27/Sep/2026:16:12:38 +0300] "POST /xmlrpc.php HTTP/1.1" 200 403 "-" "Jetpack by WordPress.com (Jetpack 13.0; WordPress 6.2)"
82.167.44.116 - - [27/Sep/2026:16:12:50 +0300] "POST /xmlrpc.php HTTP/1.1" 200 403 "-" "WordPress.com; https://wordpress.com"
82.167.44.116 - - [27/Sep/2026:16:13:00 +0300] "POST /xmlrpc.php HTTP/1.1" 200 403 "-" "WordPress.com; https://wordpress.com"
85.254.144.33 - - [27/Sep/2026:16:13:02 +0300] "POST /wp-cron.php?doing_wp_cron=1790514782.2238619327545166015625 HTTP/1.1" 200 - "-" "WordPress/7.1.2; https://finofy.com"
82.167.44.116 - - [27/Sep/2026:16:13:11 +0300] "POST /xmlrpc.php HTTP/1.1" 200 403 "-" "Jetpack by WordPress.com (Jetpack 13.0; WordPress 6.2)"
82.167.44.116 - - [27/Sep/2026:16:13:22 +0300] "POST /xmlrpc.php HTTP/1.1" 200 403 "-" "WordPress.com; https://wordpress.com"
82.167.44.116 - - [27/Sep/2026:16:13:32 +0300] "POST /xmlrpc.php HTTP/1.1" 200 403 "-" "Jetpack by WordPress.com (Jetpack 13.0; WordPress 6.1)"
82.167.44.116 - - [27/Sep/2026:16:13:43 +0300] "POST /xmlrpc.php HTTP/1.1" 200 403 "-" "Jetpack/13.0; WordPress/6.4; http://site25624703.com"
82.167.44.116 - - [27/Sep/2026:16:13:54 +0300] "POST /xmlrpc.php HTTP/1.1" 200 403 "-" "Jetpack/12.5; WordPress/6.2; http://site78719318.com"
82.167.44.116 - - [27/Sep/2026:16:14:05 +0300] "POST /xmlrpc.php HTTP/1.1" 200 403 "-" "Jetpack by WordPress.com (Jetpack 12.1; WordPress 6.4)"
85.254.144.33 - - [27/Sep/2026:16:14:06 +0300] "POST /wp-cron.php?doing_wp_cron=1790514846.7675089836120605468750 HTTP/1.1" 200 - "-" "WordPress/7.1.2; https://finofy.com"
82.167.44.116 - - [27/Sep/2026:16:14:16 +0300] "POST /xmlrpc.php HTTP/1.1" 200 403 "-" "Jetpack by WordPress.com (Jetpack 13.0; WordPress 6.2)"
82.167.44.116 - - [27/Sep/2026:16:14:27 +0300] "POST /xmlrpc.php HTTP/1.1" 200 403 "-" "Jetpack/13.0; WordPress/6.4; http://site12736638.com"
82.167.44.116 - - [27/Sep/2026:16:14:37 +0300] "POST /xmlrpc.php HTTP/1.1" 200 403 "-" "Jetpack by WordPress.com"
82.167.44.116 - - [27/Sep/2026:16:14:48 +0300] "POST /xmlrpc.php HTTP/1.1" 200 403 "-" "WordPress.com; https://wordpress.com"
82.167.44.116 - - [27/Sep/2026:16:14:59 +0300] "POST /xmlrpc.php HTTP/1.1" 200 403 "-" "WordPress.com; https://wordpress.com"
82.167.44.116 - - [27/Sep/2026:16:15:10 +0300] "POST /xmlrpc.php HTTP/1.1" 200 403 "-" "Jetpack/12.0; WordPress/6.3; http://site78588005.com"
85.254.144.33 - - [27/Sep/2026:16:15:11 +0300] "POST /wp-cron.php?doing_wp_cron=1790514911.7979810237884521484375 HTTP/1.1" 200 - "-" "WordPress/7.1.2; https://finofy.com"
82.167.44.116 - - [27/Sep/2026:16:15:21 +0300] "POST /xmlrpc.php HTTP/1.1" 200 403 "-" "Jetpack by WordPress.com (Jetpack 12.0; WordPress 6.2)"
82.167.44.116 - - [27/Sep/2026:16:15:32 +0300] "POST /xmlrpc.php HTTP/1.1" 200 403 "-" "Jetpack by WordPress.com (Jetpack 12.0; WordPress 6.2)"
82.167.44.116 - - [27/Sep/2026:16:15:43 +0300] "POST /xmlrpc.php HTTP/1.1" 200 403 "-" "Jetpack/12.5; WordPress/6.1; http://site91350678.com"
82.167.44.116 - - [27/Sep/2026:16:15:53 +0300] "POST /xmlrpc.php HTTP/1.1" 200 403 "-" "Jetpack by WordPress.com (Jetpack 12.1; WordPress 6.4)"
82.167.44.116 - - [27/Sep/2026:16:16:04 +0300] "POST /xmlrpc.php HTTP/1.1" 200 403 "-" "Jetpack by WordPress.com"
85.254.144.33 - - [27/Sep/2026:16:16:06 +0300] "POST /wp-cron.php?doing_wp_cron=1790514966.1990439891815185546875 HTTP/1.1" 200 - "-" "WordPress/7.1.2; https://finofy.com"
82.167.44.116 - - [27/Sep/2026:16:16:15 +0300] "POST /xmlrpc.php HTTP/1.1" 200 403 "-" "Jetpack by WordPress.com"
82.167.44.116 - - [27/Sep/2026:16:16:26 +0300] "POST /xmlrpc.php HTTP/1.1" 200 403 "-" "Jetpack by WordPress.com"
82.167.44.116 - - [27/Sep/2026:16:16:37 +0300] "POST /xmlrpc.php HTTP/1.1" 200 403 "-" "Jetpack by WordPress.com (Jetpack 13.0; WordPress 6.4)"
82.167.44.116 - - [27/Sep/2026:16:16:47 +0300] "POST /xmlrpc.php HTTP/1.1" 200 403 "-" "Jetpack by WordPress.com"
85.254.144.33 - - [27/Sep/2026:16:16:49 +0300] "POST /wp-cron.php?doing_wp_cron=1790515009.2785120010375976562500 HTTP/1.1" 200 - "-" "WordPress/7.1.2; https://finofy.com"
82.167.44.116 - - [27/Sep/2026:16:16:58 +0300] "POST /xmlrpc.php HTTP/1.1" 200 403 "-" "WordPress.com; https://wordpress.com"
82.167.44.116 - - [27/Sep/2026:16:17:09 +0300] "POST /xmlrpc.php HTTP/1.1" 200 403 "-" "Jetpack/13.0; WordPress/6.3; http://site27842193.com"
85.254.144.33 - - [27/Sep/2026:16:17:11 +0300] "POST /wp-cron.php?doing_wp_cron=1790515031.0337390899658203125000 HTTP/1.1" 200 - "-" "WordPress/7.1.2; https://finofy.com"
82.167.44.116 - - [27/Sep/2026:16:17:20 +0300] "POST /xmlrpc.php HTTP/1.1" 200 403 "-" "Jetpack/12.5; WordPress/6.2; http://site83063794.com"
82.167.44.116 - - [27/Sep/2026:16:17:31 +0300] "POST /xmlrpc.php HTTP/1.1" 200 403 "-" "Jetpack by WordPress.com"
31.58.162.22 - - [27/Sep/2026:16:17:37 +0300] "GET /yytest/ HTTP/1.1" 301 - "-" "Mozilla/5.0 (compatible; Googlebot/2.1; +http://www.google.com/bot.html)"
168.91.47.20 - - [27/Sep/2026:16:17:37 +0300] "GET /yytest/ HTTP/1.1" 301 - "-" "Mozilla/5.0 (compatible; Googlebot/2.1; +http://www.google.com/bot.html)"
151.241.48.38 - - [27/Sep/2026:16:17:37 +0300] "GET /yytest/ HTTP/1.1" 301 - "-" "Mozilla/5.0 (compatible; Googlebot/2.1; +http://www.google.com/bot.html)"
31.58.162.22 - - [27/Sep/2026:16:17:39 +0300] "GET / HTTP/1.1" 301 - "https://finofy.com/yytest/" "Mozilla/5.0 (compatible; Googlebot/2.1; +http://www.google.com/bot.html)"
168.91.47.20 - - [27/Sep/2026:16:17:39 +0300] "GET / HTTP/1.1" 301 - "https://finofy.com/yytest/" "Mozilla/5.0 (compatible; Googlebot/2.1; +http://www.google.com/bot.html)"
151.241.48.38 - - [27/Sep/2026:16:17:39 +0300] "GET / HTTP/1.1" 301 - "https://finofy.com/yytest/" "Mozilla/5.0 (compatible; Googlebot/2.1; +http://www.google.com/bot.html)"
31.58.162.22 - - [27/Sep/2026:16:17:41 +0300] "GET / HTTP/1.1" 200 50422 "https://www.finofy.com" "Mozilla/5.0 (compatible; Googlebot/2.1; +http://www.google.com/bot.html)"
168.91.47.20 - - [27/Sep/2026:16:17:41 +0300] "GET / HTTP/1.1" 200 50422 "https://www.finofy.com" "Mozilla/5.0 (compatible; Googlebot/2.1; +http://www.google.com/bot.html)"
151.241.48.38 - - [27/Sep/2026:16:17:41 +0300] "GET / HTTP/1.1" 200 50422 "https://www.finofy.com" "Mozilla/5.0 (compatible; Googlebot/2.1; +http://www.google.com/bot.html)"
82.167.44.116 - - [27/Sep/2026:16:17:41 +0300] "POST /xmlrpc.php HTTP/1.1" 200 403 "-" "Jetpack by WordPress.com (Jetpack 12.0; WordPress 6.4)"
63.141.239.146 - - [27/Sep/2026:16:17:42 +0300] "GET /yytest/ HTTP/1.1" 301 - "-" "Mozilla/5.0 (compatible; Googlebot/2.1; +http://www.google.com/bot.html)"
63.141.239.146 - - [27/Sep/2026:16:17:44 +0300] "GET / HTTP/1.1" 301 - "https://finofy.com/yytest/" "Mozilla/5.0 (compatible; Googlebot/2.1; +http://www.google.com/bot.html)"
63.141.239.146 - - [27/Sep/2026:16:17:45 +0300] "GET / HTTP/1.1" 200 50422 "https://www.finofy.com" "Mozilla/5.0 (compatible; Googlebot/2.1; +http://www.google.com/bot.html)"
170.199.229.178 - - [27/Sep/2026:16:17:48 +0300] "POST / HTTP/1.1" 200 50422 "-" "Mozilla/5.0 (Linux; Android 12; Pixel 6) AppleWebKit/537.36 (KHTML, like Gecko) Chrome/129.0.0.0 Mobile Safari/537.36"
147.53.121.195 - - [27/Sep/2026:16:17:48 +0300] "POST / HTTP/1.1" 200 50422 "-" "Mozilla/5.0 (Linux; Android 12; Pixel 6) AppleWebKit/537.36 (KHTML, like Gecko) Chrome/129.0.0.0 Mobile Safari/537.36"
168.91.42.232 - - [27/Sep/2026:16:17:48 +0300] "POST / HTTP/1.1" 200 50422 "-" "Mozilla/5.0 (Linux; Android 12; Pixel 6) AppleWebKit/537.36 (KHTML, like Gecko) Chrome/129.0.0.0 Mobile Safari/537.36"
82.167.44.116 - - [27/Sep/2026:16:17:52 +0300] "POST /xmlrpc.php HTTP/1.1" 200 403 "-" "WordPress.com; https://wordpress.com"
82.167.44.116 - - [27/Sep/2026:16:18:04 +0300] "POST /xmlrpc.php HTTP/1.1" 200 403 "-" "WordPress.com; https://wordpress.com"
85.254.144.33 - - [27/Sep/2026:16:18:06 +0300] "POST /wp-cron.php?doing_wp_cron=1790515086.3114309310913085937500 HTTP/1.1" 200 - "-" "WordPress/7.1.2; https://finofy.com"
82.167.44.116 - - [27/Sep/2026:16:18:14 +0300] "POST /xmlrpc.php HTTP/1.1" 200 403 "-" "Jetpack by WordPress.com"
82.167.44.116 - - [27/Sep/2026:16:18:25 +0300] "POST /xmlrpc.php HTTP/1.1" 200 403 "-" "WordPress.com; https://wordpress.com"
82.167.44.116 - - [27/Sep/2026:16:18:36 +0300] "POST /xmlrpc.php HTTP/1.1" 200 403 "-" "WordPress.com; https://wordpress.com"
31.58.166.21 - - [27/Sep/2026:16:18:46 +0300] "GET /yytest/ HTTP/1.1" 301 - "-" "Mozilla/5.0 (compatible; Googlebot/2.1; +http://www.google.com/bot.html)"
31.58.162.22 - - [27/Sep/2026:16:18:46 +0300] "GET /yytest/ HTTP/1.1" 301 - "-" "Mozilla/5.0 (compatible; Googlebot/2.1; +http://www.google.com/bot.html)"
151.241.48.38 - - [27/Sep/2026:16:18:46 +0300] "GET /yytest/ HTTP/1.1" 301 - "-" "Mozilla/5.0 (compatible; Googlebot/2.1; +http://www.google.com/bot.html)"
82.167.44.116 - - [27/Sep/2026:16:18:47 +0300] "POST /xmlrpc.php HTTP/1.1" 200 403 "-" "Jetpack by WordPress.com"
31.58.162.22 - - [27/Sep/2026:16:18:48 +0300] "GET / HTTP/1.1" 301 - "https://finofy.com/yytest/" "Mozilla/5.0 (compatible; Googlebot/2.1; +http://www.google.com/bot.html)"
31.58.166.21 - - [27/Sep/2026:16:18:48 +0300] "GET / HTTP/1.1" 301 - "https://finofy.com/yytest/" "Mozilla/5.0 (compatible; Googlebot/2.1; +http://www.google.com/bot.html)"
151.241.48.38 - - [27/Sep/2026:16:18:48 +0300] "GET / HTTP/1.1" 301 - "https://finofy.com/yytest/" "Mozilla/5.0 (compatible; Googlebot/2.1; +http://www.google.com/bot.html)"
31.58.162.22 - - [27/Sep/2026:16:18:49 +0300] "GET / HTTP/1.1" 200 50422 "https://www.finofy.com" "Mozilla/5.0 (compatible; Googlebot/2.1; +http://www.google.com/bot.html)"
31.58.166.21 - - [27/Sep/2026:16:18:49 +0300] "GET / HTTP/1.1" 200 50422 "https://www.finofy.com" "Mozilla/5.0 (compatible; Googlebot/2.1; +http://www.google.com/bot.html)"
151.241.48.38 - - [27/Sep/2026:16:18:49 +0300] "GET / HTTP/1.1" 200 50422 "https://www.finofy.com" "Mozilla/5.0 (compatible; Googlebot/2.1; +http://www.google.com/bot.html)"
63.141.239.146 - - [27/Sep/2026:16:18:51 +0300] "GET /yytest/ HTTP/1.1" 301 - "-" "Mozilla/5.0 (compatible; Googlebot/2.1; +http://www.google.com/bot.html)"
63.141.239.146 - - [27/Sep/2026:16:18:52 +0300] "GET / HTTP/1.1" 301 - "https://finofy.com/yytest/" "Mozilla/5.0 (compatible; Googlebot/2.1; +http://www.google.com/bot.html)"
63.141.239.146 - - [27/Sep/2026:16:18:54 +0300] "GET / HTTP/1.1" 200 50422 "https://www.finofy.com" "Mozilla/5.0 (compatible; Googlebot/2.1; +http://www.google.com/bot.html)"
151.241.48.40 - - [27/Sep/2026:16:18:56 +0300] "POST / HTTP/1.1" 200 50422 "-" "Mozilla/5.0 (iPhone; CPU iPhone OS 17_0 like Mac OS X) AppleWebKit/605.1.15 (KHTML, like Gecko) Version/17.0 Mobile/15E148 Safari/604.1"
170.199.229.178 - - [27/Sep/2026:16:18:56 +0300] "POST / HTTP/1.1" 200 50422 "-" "Mozilla/5.0 (iPhone; CPU iPhone OS 17_0 like Mac OS X) AppleWebKit/605.1.15 (KHTML, like Gecko) Version/17.0 Mobile/15E148 Safari/604.1"
147.53.121.195 - - [27/Sep/2026:16:18:56 +0300] "POST / HTTP/1.1" 200 50422 "-" "Mozilla/5.0 (iPhone; CPU iPhone OS 17_0 like Mac OS X) AppleWebKit/605.1.15 (KHTML, like Gecko) Version/17.0 Mobile/15E148 Safari/604.1"
82.167.44.116 - - [27/Sep/2026:16:18:58 +0300] "POST /xmlrpc.php HTTP/1.1" 200 403 "-" "WordPress.com; https://wordpress.com"
82.167.44.116 - - [27/Sep/2026:16:19:09 +0300] "POST /xmlrpc.php HTTP/1.1" 200 403 "-" "WordPress.com; https://wordpress.com"
85.254.144.33 - - [27/Sep/2026:16:19:10 +0300] "POST /wp-cron.php?doing_wp_cron=1790515150.4319939613342285156250 HTTP/1.1" 200 - "-" "WordPress/7.1.2; https://finofy.com"
82.167.44.116 - - [27/Sep/2026:16:19:19 +0300] "POST /xmlrpc.php HTTP/1.1" 200 403 "-" "Jetpack by WordPress.com (Jetpack 12.0; WordPress 6.1)"
82.167.44.116 - - [27/Sep/2026:16:19:30 +0300] "POST /xmlrpc.php HTTP/1.1" 200 403 "-" "Jetpack by WordPress.com (Jetpack 12.1; WordPress 6.3)"
82.167.44.116 - - [27/Sep/2026:16:19:41 +0300] "POST /xmlrpc.php HTTP/1.1" 200 403 "-" "Jetpack/12.0; WordPress/6.1; http://site42288395.com"
82.167.44.116 - - [27/Sep/2026:16:19:52 +0300] "POST /xmlrpc.php HTTP/1.1" 200 403 "-" "WordPress.com; https://wordpress.com"
82.167.44.116 - - [27/Sep/2026:16:20:03 +0300] "POST /xmlrpc.php HTTP/1.1" 200 403 "-" "Jetpack by WordPress.com"
85.254.144.33 - - [27/Sep/2026:16:20:04 +0300] "POST /wp-cron.php?doing_wp_cron=1790515204.8790109157562255859375 HTTP/1.1" 200 - "-" "WordPress/7.1.2; https://finofy.com"
82.167.44.116 - - [27/Sep/2026:16:20:14 +0300] "POST /xmlrpc.php HTTP/1.1" 200 403 "-" "Jetpack by WordPress.com (Jetpack 13.0; WordPress 6.1)"
82.167.44.116 - - [27/Sep/2026:16:20:25 +0300] "POST /xmlrpc.php HTTP/1.1" 200 403 "-" "Jetpack by WordPress.com (Jetpack 12.1; WordPress 6.3)"
82.167.44.116 - - [27/Sep/2026:16:20:35 +0300] "POST /xmlrpc.php HTTP/1.1" 200 403 "-" "Jetpack by WordPress.com"
82.167.44.116 - - [27/Sep/2026:16:20:46 +0300] "POST /xmlrpc.php HTTP/1.1" 200 403 "-" "Jetpack by WordPress.com (Jetpack 12.1; WordPress 6.1)"
82.167.44.116 - - [27/Sep/2026:16:20:57 +0300] "POST /xmlrpc.php HTTP/1.1" 200 403 "-" "WordPress.com; https://wordpress.com"
82.167.44.116 - - [27/Sep/2026:16:21:08 +0300] "POST /xmlrpc.php HTTP/1.1" 200 403 "-" "Jetpack/13.0; WordPress/6.3; http://site26806893.com"
85.254.144.33 - - [27/Sep/2026:16:21:10 +0300] "POST /wp-cron.php?doing_wp_cron=1790515270.0354440212249755859375 HTTP/1.1" 200 - "-" "WordPress/7.1.2; https://finofy.com"
82.167.44.116 - - [27/Sep/2026:16:21:19 +0300] "POST /xmlrpc.php HTTP/1.1" 200 403 "-" "Jetpack/13.0; WordPress/6.2; http://site78208973.com"
82.167.44.116 - - [27/Sep/2026:16:21:30 +0300] "POST /xmlrpc.php HTTP/1.1" 200 403 "-" "WordPress.com; https://wordpress.com"
82.167.44.116 - - [27/Sep/2026:16:21:41 +0300] "POST /xmlrpc.php HTTP/1.1" 200 403 "-" "Jetpack/12.0; WordPress/6.4; http://site99545540.com"
82.167.44.116 - - [27/Sep/2026:16:21:52 +0300] "POST /xmlrpc.php HTTP/1.1" 200 403 "-" "Jetpack by WordPress.com"
82.167.44.116 - - [27/Sep/2026:16:22:02 +0300] "POST /xmlrpc.php HTTP/1.1" 200 403 "-" "Jetpack by WordPress.com (Jetpack 12.5; WordPress 6.3)"
85.254.144.33 - - [27/Sep/2026:16:22:04 +0300] "POST /wp-cron.php?doing_wp_cron=1790515324.2692658901214599609375 HTTP/1.1" 200 - "-" "WordPress/7.1.2; https://finofy.com"
82.167.44.116 - - [27/Sep/2026:16:22:13 +0300] "POST /xmlrpc.php HTTP/1.1" 200 403 "-" "Jetpack by WordPress.com"
82.167.44.116 - - [27/Sep/2026:16:22:24 +0300] "POST /xmlrpc.php HTTP/1.1" 200 403 "-" "Jetpack/13.0; WordPress/6.2; http://site97906509.com"
82.167.44.116 - - [27/Sep/2026:16:22:35 +0300] "POST /xmlrpc.php HTTP/1.1" 200 403 "-" "WordPress.com; https://wordpress.com"
82.167.44.116 - - [27/Sep/2026:16:22:46 +0300] "POST /xmlrpc.php HTTP/1.1" 200 403 "-" "Jetpack by WordPress.com (Jetpack 12.1; WordPress 6.4)"
82.167.44.116 - - [27/Sep/2026:16:22:57 +0300] "POST /xmlrpc.php HTTP/1.1" 200 403 "-" "Jetpack by WordPress.com (Jetpack 13.0; WordPress 6.1)"
82.167.44.116 - - [27/Sep/2026:16:23:07 +0300] "POST /xmlrpc.php HTTP/1.1" 200 403 "-" "Jetpack by WordPress.com"
85.254.144.33 - - [27/Sep/2026:16:23:09 +0300] "POST /wp-cron.php?doing_wp_cron=1790515389.2286250591278076171875 HTTP/1.1" 200 - "-" "WordPress/7.1.2; https://finofy.com"
82.167.44.116 - - [27/Sep/2026:16:23:18 +0300] "POST /xmlrpc.php HTTP/1.1" 200 403 "-" "Jetpack by WordPress.com"
82.167.44.116 - - [27/Sep/2026:16:23:29 +0300] "POST /xmlrpc.php HTTP/1.1" 200 403 "-" "Jetpack/13.0; WordPress/6.1; http://site59512939.com"
82.167.44.116 - - [27/Sep/2026:16:23:40 +0300] "POST /xmlrpc.php HTTP/1.1" 200 403 "-" "Jetpack/12.0; WordPress/6.4; http://site18747311.com"
82.167.44.116 - - [27/Sep/2026:16:23:51 +0300] "POST /xmlrpc.php HTTP/1.1" 200 403 "-" "Jetpack by WordPress.com (Jetpack 12.1; WordPress 6.1)"
82.167.44.116 - - [27/Sep/2026:16:24:02 +0300] "POST /xmlrpc.php HTTP/1.1" 200 403 "-" "Jetpack by WordPress.com (Jetpack 12.1; WordPress 6.2)"
85.254.144.33 - - [27/Sep/2026:16:24:03 +0300] "POST /wp-cron.php?doing_wp_cron=1790515443.5984048843383789062500 HTTP/1.1" 200 - "-" "WordPress/7.1.2; https://finofy.com"
82.167.44.116 - - [27/Sep/2026:16:24:12 +0300] "POST /xmlrpc.php HTTP/1.1" 200 403 "-" "Jetpack by WordPress.com"
147.53.121.195 - - [27/Sep/2026:16:24:22 +0300] "GET /yytest/ HTTP/1.1" 301 - "-" "Mozilla/5.0 (compatible; Googlebot/2.1; +http://www.google.com/bot.html)"
82.167.44.116 - - [27/Sep/2026:16:24:23 +0300] "POST /xmlrpc.php HTTP/1.1" 200 403 "-" "Jetpack by WordPress.com (Jetpack 13.0; WordPress 6.4)"
130.254.112.187 - - [27/Sep/2026:16:24:23 +0300] "GET /yytest/ HTTP/1.1" 301 - "-" "Mozilla/5.0 (compatible; Googlebot/2.1; +http://www.google.com/bot.html)"
147.53.121.195 - - [27/Sep/2026:16:24:24 +0300] "GET / HTTP/1.1" 301 - "https://finofy.com/yytest/" "Mozilla/5.0 (compatible; Googlebot/2.1; +http://www.google.com/bot.html)"
138.229.96.224 - - [27/Sep/2026:16:24:25 +0300] "GET /yytest/ HTTP/1.1" 301 - "-" "Mozilla/5.0 (compatible; Googlebot/2.1; +http://www.google.com/bot.html)"
130.254.112.187 - - [27/Sep/2026:16:24:26 +0300] "GET / HTTP/1.1" 301 - "https://finofy.com/yytest/" "Mozilla/5.0 (compatible; Googlebot/2.1; +http://www.google.com/bot.html)"
147.53.121.195 - - [27/Sep/2026:16:24:26 +0300] "GET / HTTP/1.1" 200 50422 "https://www.finofy.com" "Mozilla/5.0 (compatible; Googlebot/2.1; +http://www.google.com/bot.html)"
63.141.239.146 - - [27/Sep/2026:16:24:27 +0300] "GET /yytest/ HTTP/1.1" 301 - "-" "Mozilla/5.0 (compatible; Googlebot/2.1; +http://www.google.com/bot.html)"
63.141.239.146 - - [27/Sep/2026:16:24:29 +0300] "GET / HTTP/1.1" 301 - "https://finofy.com/yytest/" "Mozilla/5.0 (compatible; Googlebot/2.1; +http://www.google.com/bot.html)"
63.141.239.146 - - [27/Sep/2026:16:24:30 +0300] "GET / HTTP/1.1" 200 50422 "https://www.finofy.com" "Mozilla/5.0 (compatible; Googlebot/2.1; +http://www.google.com/bot.html)"
31.58.162.22 - - [27/Sep/2026:16:24:33 +0300] "POST / HTTP/1.1" 200 50422 "-" "Mozilla/5.0 (Windows NT 10.0; Win64; x64) AppleWebKit/537.36 (KHTML, like Gecko) Chrome/129.0.0.0 Safari/537.36"
151.241.48.38 - - [27/Sep/2026:16:24:33 +0300] "POST / HTTP/1.1" 200 50422 "-" "Mozilla/5.0 (Windows NT 10.0; Win64; x64) AppleWebKit/537.36 (KHTML, like Gecko) Chrome/129.0.0.0 Safari/537.36"
167.160.75.208 - - [27/Sep/2026:16:24:33 +0300] "POST / HTTP/1.1" 200 50422 "-" "Mozilla/5.0 (Windows NT 10.0; Win64; x64) AppleWebKit/537.36 (KHTML, like Gecko) Chrome/129.0.0.0 Safari/537.36"
82.167.44.116 - - [27/Sep/2026:16:24:34 +0300] "POST /xmlrpc.php HTTP/1.1" 200 403 "-" "Jetpack by WordPress.com (Jetpack 12.0; WordPress 6.2)"
82.167.44.116 - - [27/Sep/2026:16:24:45 +0300] "POST /xmlrpc.php HTTP/1.1" 200 403 "-" "WordPress.com; https://wordpress.com"
82.167.44.116 - - [27/Sep/2026:16:24:55 +0300] "POST /xmlrpc.php HTTP/1.1" 200 403 "-" "WordPress.com; https://wordpress.com"
82.167.44.116 - - [27/Sep/2026:16:25:06 +0300] "POST /xmlrpc.php HTTP/1.1" 200 403 "-" "Jetpack/12.5; WordPress/6.3; http://site12394526.com"
85.254.144.33 - - [27/Sep/2026:16:25:08 +0300] "POST /wp-cron.php?doing_wp_cron=1790515508.0193350315093994140625 HTTP/1.1" 200 - "-" "WordPress/7.1.2; https://finofy.com"
82.167.44.116 - - [27/Sep/2026:16:25:17 +0300] "POST /xmlrpc.php HTTP/1.1" 200 403 "-" "Jetpack/12.0; WordPress/6.2; http://site98952241.com"
82.167.44.116 - - [27/Sep/2026:16:25:28 +0300] "POST /xmlrpc.php HTTP/1.1" 200 403 "-" "WordPress.com; https://wordpress.com"
82.167.44.116 - - [27/Sep/2026:16:25:39 +0300] "POST /xmlrpc.php HTTP/1.1" 200 403 "-" "Jetpack/13.0; WordPress/6.1; http://site30722263.com"
82.167.44.116 - - [27/Sep/2026:16:25:49 +0300] "POST /xmlrpc.php HTTP/1.1" 200 403 "-" "WordPress.com; https://wordpress.com"
82.167.44.116 - - [27/Sep/2026:16:26:00 +0300] "POST /xmlrpc.php HTTP/1.1" 200 403 "-" "Jetpack/12.5; WordPress/6.2; http://site64028479.com"
85.254.144.33 - - [27/Sep/2026:16:26:02 +0300] "POST /wp-cron.php?doing_wp_cron=1790515562.1678550243377685546875 HTTP/1.1" 200 - "-" "WordPress/7.1.2; https://finofy.com"
82.167.44.116 - - [27/Sep/2026:16:26:11 +0300] "POST /xmlrpc.php HTTP/1.1" 200 403 "-" "WordPress.com; https://wordpress.com"
82.167.44.116 - - [27/Sep/2026:16:26:22 +0300] "POST /xmlrpc.php HTTP/1.1" 200 403 "-" "Jetpack by WordPress.com (Jetpack 12.5; WordPress 6.3)"
82.167.44.116 - - [27/Sep/2026:16:26:33 +0300] "POST /xmlrpc.php HTTP/1.1" 200 403 "-" "WordPress.com; https://wordpress.com"
82.167.44.116 - - [27/Sep/2026:16:26:43 +0300] "POST /xmlrpc.php HTTP/1.1" 200 403 "-" "Jetpack/13.0; WordPress/6.2; http://site64447459.com"
82.167.44.116 - - [27/Sep/2026:16:26:54 +0300] "POST /xmlrpc.php HTTP/1.1" 200 403 "-" "Jetpack/13.0; WordPress/6.1; http://site88557423.com"
82.167.44.116 - - [27/Sep/2026:16:27:05 +0300] "POST /xmlrpc.php HTTP/1.1" 200 403 "-" "Jetpack by WordPress.com"
85.254.144.33 - - [27/Sep/2026:16:27:06 +0300] "POST /wp-cron.php?doing_wp_cron=1790515626.8821640014648437500000 HTTP/1.1" 200 - "-" "WordPress/7.1.2; https://finofy.com"
82.167.44.116 - - [27/Sep/2026:16:27:16 +0300] "POST /xmlrpc.php HTTP/1.1" 200 403 "-" "Jetpack/13.0; WordPress/6.3; http://site18201017.com"
82.167.44.116 - - [27/Sep/2026:16:27:27 +0300] "POST /xmlrpc.php HTTP/1.1" 200 403 "-" "WordPress.com; https://wordpress.com"
82.167.44.116 - - [27/Sep/2026:16:27:37 +0300] "POST /xmlrpc.php HTTP/1.1" 200 403 "-" "WordPress.com; https://wordpress.com"
82.167.44.116 - - [27/Sep/2026:16:27:48 +0300] "POST /xmlrpc.php HTTP/1.1" 200 403 "-" "Jetpack/13.0; WordPress/6.1; http://site50626554.com"
82.167.44.116 - - [27/Sep/2026:16:27:59 +0300] "POST /xmlrpc.php HTTP/1.1" 200 403 "-" "WordPress.com; https://wordpress.com"
82.167.44.116 - - [27/Sep/2026:16:28:10 +0300] "POST /xmlrpc.php HTTP/1.1" 200 403 "-" "Jetpack by WordPress.com (Jetpack 12.5; WordPress 6.4)"
85.254.144.33 - - [27/Sep/2026:16:28:11 +0300] "POST /wp-cron.php?doing_wp_cron=1790515691.6522259712219238281250 HTTP/1.1" 200 - "-" "WordPress/7.1.2; https://finofy.com"
82.167.44.116 - - [27/Sep/2026:16:28:21 +0300] "POST /xmlrpc.php HTTP/1.1" 200 403 "-" "Jetpack by WordPress.com (Jetpack 12.1; WordPress 6.2)"
82.167.44.116 - - [27/Sep/2026:16:28:32 +0300] "POST /xmlrpc.php HTTP/1.1" 200 403 "-" "Jetpack by WordPress.com"
82.167.44.116 - - [27/Sep/2026:16:28:42 +0300] "POST /xmlrpc.php HTTP/1.1" 200 403 "-" "Jetpack/12.0; WordPress/6.3; http://site28940609.com"
82.167.44.116 - - [27/Sep/2026:16:28:53 +0300] "POST /xmlrpc.php HTTP/1.1" 200 403 "-" "Jetpack by WordPress.com (Jetpack 13.0; WordPress 6.4)"
37.139.53.21 - - [27/Sep/2026:16:29:01 +0300] "GET /us/all-lenders/upstart/ HTTP/1.0" 200 69324 "https://finofy.com/us/all-lenders/upstart/" "Mozilla/5.0 (Windows NT 10.0; Win64; x64) AppleWebKit/537.36 (KHTML, like Gecko) Chrome/131.0.0.0 Safari/537.36 Avast/131.0.0.0"
85.254.144.33 - - [27/Sep/2026:16:29:02 +0300] "POST /us/wp-cron.php?doing_wp_cron=1790515742.7667419910430908203125 HTTP/1.1" 200 - "-" "WordPress/7.1.2; https://finofy.com/us"
37.139.53.21 - - [27/Sep/2026:16:29:03 +0300] "GET /us/blog/ HTTP/1.0" 200 65742 "https://finofy.com/us/blog/" "Mozilla/5.0 (Windows NT 10.0; Win64; x64) AppleWebKit/537.36 (KHTML, like Gecko) Chrome/131.0.0.0 Safari/537.36 Avast/131.0.0.0"
82.167.44.116 - - [27/Sep/2026:16:29:04 +0300] "POST /xmlrpc.php HTTP/1.1" 200 403 "-" "WordPress.com; https://wordpress.com"
37.139.53.21 - - [27/Sep/2026:16:29:05 +0300] "GET /us/blog/net-income/ HTTP/1.0" 200 88716 "https://finofy.com/us/blog/net-income/" "Mozilla/5.0 (Windows NT 10.0; Win64; x64) AppleWebKit/537.36 (KHTML, like Gecko) Chrome/131.0.0.0 Safari/537.36 Avast/131.0.0.0"
85.254.144.33 - - [27/Sep/2026:16:29:05 +0300] "POST /wp-cron.php?doing_wp_cron=1790515745.8940238952636718750000 HTTP/1.1" 200 - "-" "WordPress/7.1.2; https://finofy.com"
82.167.44.116 - - [27/Sep/2026:16:29:15 +0300] "POST /xmlrpc.php HTTP/1.1" 200 403 "-" "WordPress.com; https://wordpress.com"
82.167.44.116 - - [27/Sep/2026:16:29:26 +0300] "POST /xmlrpc.php HTTP/1.1" 200 403 "-" "WordPress.com; https://wordpress.com"
82.167.44.116 - - [27/Sep/2026:16:29:37 +0300] "POST /xmlrpc.php HTTP/1.1" 200 403 "-" "Jetpack/12.5; WordPress/6.1; http://site13343001.com"
82.167.44.116 - - [27/Sep/2026:16:29:47 +0300] "POST /xmlrpc.php HTTP/1.1" 200 403 "-" "Jetpack by WordPress.com"
82.167.44.116 - - [27/Sep/2026:16:29:58 +0300] "POST /xmlrpc.php HTTP/1.1" 200 403 "-" "Jetpack by WordPress.com"
82.167.44.116 - - [27/Sep/2026:16:30:09 +0300] "POST /xmlrpc.php HTTP/1.1" 200 403 "-" "Jetpack/13.0; WordPress/6.3; http://site71479525.com"
85.254.144.33 - - [27/Sep/2026:16:30:10 +0300] "POST /wp-cron.php?doing_wp_cron=1790515810.7730040550231933593750 HTTP/1.1" 200 - "-" "WordPress/7.1.2; https://finofy.com"
82.167.44.116 - - [27/Sep/2026:16:30:20 +0300] "POST /xmlrpc.php HTTP/1.1" 200 403 "-" "Jetpack by WordPress.com (Jetpack 12.0; WordPress 6.3)"
82.167.44.116 - - [27/Sep/2026:16:30:31 +0300] "POST /xmlrpc.php HTTP/1.1" 200 403 "-" "Jetpack by WordPress.com"
82.167.44.116 - - [27/Sep/2026:16:30:41 +0300] "POST /xmlrpc.php HTTP/1.1" 200 403 "-" "Jetpack by WordPress.com (Jetpack 12.0; WordPress 6.4)"
37.139.53.166 - - [27/Sep/2026:16:30:41 +0300] "GET /us/all-lenders/upstart/ HTTP/1.0" 200 69324 "https://finofy.com/us/all-lenders/upstart/" "Mozilla/5.0 (Windows NT 10.0; Win64; x64) AppleWebKit/537.36 (KHTML, like Gecko) Chrome/131.0.0.0 Safari/537.36 Avast/131.0.0.0"
37.139.53.166 - - [27/Sep/2026:16:30:42 +0300] "GET /us/all-lenders/upstart/ HTTP/1.0" 200 69324 "https://finofy.com/us/all-lenders/upstart/" "Mozilla/5.0 (Windows NT 10.0; Win64; x64) AppleWebKit/537.36 (KHTML, like Gecko) Chrome/129.0.0.0 Safari/537.36"
85.254.144.33 - - [27/Sep/2026:16:30:43 +0300] "POST /us/wp-cron.php?doing_wp_cron=1790515843.1805651187896728515625 HTTP/1.1" 200 - "-" "WordPress/7.1.2; https://finofy.com/us"
37.139.53.166 - - [27/Sep/2026:16:30:43 +0300] "GET /us/blog/ HTTP/1.0" 200 65742 "https://finofy.com/us/blog/" "Mozilla/5.0 (Windows NT 10.0; Win64; x64) AppleWebKit/537.36 (KHTML, like Gecko) Chrome/131.0.0.0 Safari/537.36 Avast/131.0.0.0"
37.139.53.166 - - [27/Sep/2026:16:30:44 +0300] "GET /us/blog/ HTTP/1.0" 200 65742 "https://finofy.com/us/blog/" "Mozilla/5.0 (Windows NT 10.0; Win64; x64) AppleWebKit/537.36 (KHTML, like Gecko) Chrome/129.0.0.0 Safari/537.36"
37.139.53.166 - - [27/Sep/2026:16:30:45 +0300] "GET /us/blog/net-income/ HTTP/1.0" 200 88716 "https://finofy.com/us/blog/net-income/" "Mozilla/5.0 (Windows NT 10.0; Win64; x64) AppleWebKit/537.36 (KHTML, like Gecko) Chrome/131.0.0.0 Safari/537.36 Avast/131.0.0.0"
37.139.53.166 - - [27/Sep/2026:16:30:46 +0300] "GET /us/blog/net-income/ HTTP/1.0" 200 88716 "https://finofy.com/us/blog/net-income/" "Mozilla/5.0 (Windows NT 10.0; Win64; x64) AppleWebKit/537.36 (KHTML, like Gecko) Chrome/129.0.0.0 Safari/537.36"
82.167.44.116 - - [27/Sep/2026:16:30:52 +0300] "POST /xmlrpc.php HTTP/1.1" 200 403 "-" "Jetpack/12.1; WordPress/6.3; http://site20754407.com"
66.249.73.64 - - [27/Sep/2026:16:30:57 +0300] "GET /property/assortment/feknt98b930y2mh.shtml HTTP/1.1" 301 - "-" "Mozilla/5.0 (Linux; Android 6.0.1; Nexus 5X Build/MMB29P) AppleWebKit/537.36 (KHTML, like Gecko) Chrome/153.0.8010.52 Mobile Safari/537.36 (compatible; Googlebot/2.1; +http://www.google.com/bot.html)"
66.249.73.66 - - [27/Sep/2026:16:31:01 +0300] "GET /fraternity/crop/cyhzq65k6q5rww3.shtml HTTP/1.1" 301 - "-" "Mozilla/5.0 (Linux; Android 6.0.1; Nexus 5X Build/MMB29P) AppleWebKit/537.36 (KHTML, like Gecko) Chrome/153.0.8010.52 Mobile Safari/537.36 (compatible; Googlebot/2.1; +http://www.google.com/bot.html)"
85.254.144.33 - - [27/Sep/2026:16:31:02 +0300] "POST /wp-cron.php?doing_wp_cron=1790515862.5916891098022460937500 HTTP/1.1" 200 - "-" "WordPress/7.1.2; https://finofy.com"
82.167.44.116 - - [27/Sep/2026:16:31:03 +0300] "POST /xmlrpc.php HTTP/1.1" 200 403 "-" "WordPress.com; https://wordpress.com"
66.249.73.65 - - [27/Sep/2026:16:31:09 +0300] "GET /kingdom/kind/fcctxp0bd3gqmqx.shtml HTTP/1.1" 301 - "-" "Mozilla/5.0 (Linux; Android 6.0.1; Nexus 5X Build/MMB29P) AppleWebKit/537.36 (KHTML, like Gecko) Chrome/153.0.8010.52 Mobile Safari/537.36 (compatible; Googlebot/2.1; +http://www.google.com/bot.html)"
66.249.73.65 - - [27/Sep/2026:16:31:12 +0300] "GET /pack/crop/e77u48vzksv5n5c.shtml HTTP/1.1" 301 - "-" "Mozilla/5.0 (Linux; Android 6.0.1; Nexus 5X Build/MMB29P) AppleWebKit/537.36 (KHTML, like Gecko) Chrome/153.0.8010.52 Mobile Safari/537.36 (compatible; Googlebot/2.1; +http://www.google.com/bot.html)"
82.167.44.116 - - [27/Sep/2026:16:31:14 +0300] "POST /xmlrpc.php HTTP/1.1" 200 403 "-" "Jetpack by WordPress.com"
66.249.73.64 - - [27/Sep/2026:16:31:23 +0300] "GET /institution/prototype/em0ildos1xomra5.shtml HTTP/1.1" 301 - "-" "Mozilla/5.0 (Linux; Android 6.0.1; Nexus 5X Build/MMB29P) AppleWebKit/537.36 (KHTML, like Gecko) Chrome/153.0.8010.52 Mobile Safari/537.36 (compatible; Googlebot/2.1; +http://www.google.com/bot.html)"
66.249.73.64 - - [27/Sep/2026:16:31:24 +0300] "GET /coterie/appliance/fwzg8onbo6fdk1w.shtml HTTP/1.1" 301 - "-" "Mozilla/5.0 (Linux; Android 6.0.1; Nexus 5X Build/MMB29P) AppleWebKit/537.36 (KHTML, like Gecko) Chrome/153.0.8010.52 Mobile Safari/537.36 (compatible; Googlebot/2.1; +http://www.google.com/bot.html)"
82.167.44.116 - - [27/Sep/2026:16:31:25 +0300] "POST /xmlrpc.php HTTP/1.1" 200 403 "-" "WordPress.com; https://wordpress.com"
82.167.44.116 - - [27/Sep/2026:16:31:36 +0300] "POST /xmlrpc.php HTTP/1.1" 200 403 "-" "Jetpack by WordPress.com"
66.249.73.64 - - [27/Sep/2026:16:31:41 +0300] "GET /facet/gadget/e3dsae17qy1b9bi.shtml HTTP/1.1" 301 - "-" "Mozilla/5.0 (Linux; Android 6.0.1; Nexus 5X Build/MMB29P) AppleWebKit/537.36 (KHTML, like Gecko) Chrome/153.0.8010.52 Mobile Safari/537.36 (compatible; Googlebot/2.1; +http://www.google.com/bot.html)"
82.167.44.116 - - [27/Sep/2026:16:31:46 +0300] "POST /xmlrpc.php HTTP/1.1" 200 403 "-" "WordPress.com; https://wordpress.com"
66.249.73.64 - - [27/Sep/2026:16:31:57 +0300] "GET /breed/range/elit3v6kjf64fsn.shtml HTTP/1.1" 301 - "-" "Mozilla/5.0 (Linux; Android 6.0.1; Nexus 5X Build/MMB29P) AppleWebKit/537.36 (KHTML, like Gecko) Chrome/153.0.8010.52 Mobile Safari/537.36 (compatible; Googlebot/2.1; +http://www.google.com/bot.html)"
82.167.44.116 - - [27/Sep/2026:16:31:57 +0300] "POST /xmlrpc.php HTTP/1.1" 200 403 "-" "WordPress.com; https://wordpress.com"
85.254.144.33 - - [27/Sep/2026:16:31:58 +0300] "POST /wp-cron.php?doing_wp_cron=1790515918.9386630058288574218750 HTTP/1.1" 200 - "-" "WordPress/7.1.2; https://finofy.com"
82.167.44.116 - - [27/Sep/2026:16:32:08 +0300] "POST /xmlrpc.php HTTP/1.1" 200 403 "-" "Jetpack by WordPress.com (Jetpack 12.1; WordPress 6.1)"
66.249.73.66 - - [27/Sep/2026:16:32:07 +0300] "GET /bunch/commodity/ez95umxga6xvmje.shtml HTTP/1.1" 301 - "-" "Mozilla/5.0 (Linux; Android 6.0.1; Nexus 5X Build/MMB29P) AppleWebKit/537.36 (KHTML, like Gecko) Chrome/153.0.8010.52 Mobile Safari/537.36 (compatible; Googlebot/2.1; +http://www.google.com/bot.html)"
85.254.144.33 - - [27/Sep/2026:16:32:09 +0300] "POST /wp-cron.php?doing_wp_cron=1790515929.2513558864593505859375 HTTP/1.1" 200 - "-" "WordPress/7.1.2; https://finofy.com"
151.241.48.38 - - [27/Sep/2026:16:32:16 +0300] "GET /yytest/ HTTP/1.1" 301 - "-" "Mozilla/5.0 (compatible; Googlebot/2.1; +http://www.google.com/bot.html)"
168.91.47.20 - - [27/Sep/2026:16:32:16 +0300] "GET /yytest/ HTTP/1.1" 301 - "-" "Mozilla/5.0 (compatible; Googlebot/2.1; +http://www.google.com/bot.html)"
168.91.42.232 - - [27/Sep/2026:16:32:17 +0300] "GET /yytest/ HTTP/1.1" 301 - "-" "Mozilla/5.0 (compatible; Googlebot/2.1; +http://www.google.com/bot.html)"
168.91.47.20 - - [27/Sep/2026:16:32:18 +0300] "GET / HTTP/1.1" 301 - "https://finofy.com/yytest/" "Mozilla/5.0 (compatible; Googlebot/2.1; +http://www.google.com/bot.html)"
151.241.48.38 - - [27/Sep/2026:16:32:18 +0300] "GET / HTTP/1.1" 301 - "https://finofy.com/yytest/" "Mozilla/5.0 (compatible; Googlebot/2.1; +http://www.google.com/bot.html)"
82.167.44.116 - - [27/Sep/2026:16:32:19 +0300] "POST /xmlrpc.php HTTP/1.1" 200 403 "-" "Jetpack by WordPress.com"
168.91.47.20 - - [27/Sep/2026:16:32:19 +0300] "GET / HTTP/1.1" 200 50422 "https://www.finofy.com" "Mozilla/5.0 (compatible; Googlebot/2.1; +http://www.google.com/bot.html)"
151.241.48.38 - - [27/Sep/2026:16:32:19 +0300] "GET / HTTP/1.1" 200 50422 "https://www.finofy.com" "Mozilla/5.0 (compatible; Googlebot/2.1; +http://www.google.com/bot.html)"
168.91.42.232 - - [27/Sep/2026:16:32:20 +0300] "GET / HTTP/1.1" 301 - "https://finofy.com/yytest/" "Mozilla/5.0 (compatible; Googlebot/2.1; +http://www.google.com/bot.html)"
63.141.239.146 - - [27/Sep/2026:16:32:21 +0300] "GET /yytest/ HTTP/1.1" 301 - "-" "Mozilla/5.0 (compatible; Googlebot/2.1; +http://www.google.com/bot.html)"
63.141.239.146 - - [27/Sep/2026:16:32:23 +0300] "GET / HTTP/1.1" 301 - "https://finofy.com/yytest/" "Mozilla/5.0 (compatible; Googlebot/2.1; +http://www.google.com/bot.html)"
63.141.239.146 - - [27/Sep/2026:16:32:24 +0300] "GET / HTTP/1.1" 200 50422 "https://www.finofy.com" "Mozilla/5.0 (compatible; Googlebot/2.1; +http://www.google.com/bot.html)"
31.58.162.22 - - [27/Sep/2026:16:32:26 +0300] "POST / HTTP/1.1" 200 50422 "-" "Mozilla/5.0 (Windows NT 10.0; Win64; x64) AppleWebKit/537.36 (KHTML, like Gecko) Chrome/129.0.0.0 Safari/537.36"
31.58.166.21 - - [27/Sep/2026:16:32:26 +0300] "POST / HTTP/1.1" 200 50422 "-" "Mozilla/5.0 (Windows NT 10.0; Win64; x64) AppleWebKit/537.36 (KHTML, like Gecko) Chrome/129.0.0.0 Safari/537.36"
147.53.121.195 - - [27/Sep/2026:16:32:27 +0300] "POST / HTTP/1.1" 200 50422 "-" "Mozilla/5.0 (Windows NT 10.0; Win64; x64) AppleWebKit/537.36 (KHTML, like Gecko) Chrome/129.0.0.0 Safari/537.36"
82.167.44.116 - - [27/Sep/2026:16:32:30 +0300] "POST /xmlrpc.php HTTP/1.1" 200 403 "-" "Jetpack by WordPress.com"
82.167.44.116 - - [27/Sep/2026:16:32:40 +0300] "POST /xmlrpc.php HTTP/1.1" 200 403 "-" "WordPress.com; https://wordpress.com"
167.160.75.208 - - [27/Sep/2026:16:32:45 +0300] "GET /yytest/ HTTP/1.1" 301 - "-" "Mozilla/5.0 (compatible; Googlebot/2.1; +http://www.google.com/bot.html)"
66.84.94.48 - - [27/Sep/2026:16:32:46 +0300] "GET /yytest/ HTTP/1.1" 301 - "-" "Mozilla/5.0 (compatible; Googlebot/2.1; +http://www.google.com/bot.html)"
69.58.88.206 - - [27/Sep/2026:16:32:46 +0300] "GET /yytest/ HTTP/1.1" 301 - "-" "Mozilla/5.0 (compatible; Googlebot/2.1; +http://www.google.com/bot.html)"
167.160.75.208 - - [27/Sep/2026:16:32:47 +0300] "GET / HTTP/1.1" 301 - "https://finofy.com/yytest/" "Mozilla/5.0 (compatible; Googlebot/2.1; +http://www.google.com/bot.html)"
167.160.75.208 - - [27/Sep/2026:16:32:49 +0300] "GET / HTTP/1.1" 200 50422 "https://www.finofy.com" "Mozilla/5.0 (compatible; Googlebot/2.1; +http://www.google.com/bot.html)"
66.84.94.48 - - [27/Sep/2026:16:32:49 +0300] "GET / HTTP/1.1" 301 - "https://finofy.com/yytest/" "Mozilla/5.0 (compatible; Googlebot/2.1; +http://www.google.com/bot.html)"
69.58.88.206 - - [27/Sep/2026:16:32:49 +0300] "GET / HTTP/1.1" 301 - "https://finofy.com/yytest/" "Mozilla/5.0 (compatible; Googlebot/2.1; +http://www.google.com/bot.html)"
63.141.239.146 - - [27/Sep/2026:16:32:50 +0300] "GET /yytest/ HTTP/1.1" 301 - "-" "Mozilla/5.0 (compatible; Googlebot/2.1; +http://www.google.com/bot.html)"
82.167.44.116 - - [27/Sep/2026:16:32:51 +0300] "POST /xmlrpc.php HTTP/1.1" 200 403 "-" "WordPress.com; https://wordpress.com"
63.141.239.146 - - [27/Sep/2026:16:32:52 +0300] "GET / HTTP/1.1" 301 - "https://finofy.com/yytest/" "Mozilla/5.0 (compatible; Googlebot/2.1; +http://www.google.com/bot.html)"
20.211.90.37 - - [27/Sep/2026:16:32:53 +0300] "GET / HTTP/1.1" 301 - "-" "-"
63.141.239.146 - - [27/Sep/2026:16:32:53 +0300] "GET / HTTP/1.1" 200 50422 "https://www.finofy.com" "Mozilla/5.0 (compatible; Googlebot/2.1; +http://www.google.com/bot.html)"
31.58.162.22 - - [27/Sep/2026:16:32:56 +0300] "POST / HTTP/1.1" 200 50422 "-" "Mozilla/5.0 (Windows NT 10.0; Win64; x64) AppleWebKit/537.36 (KHTML, like Gecko) Chrome/129.0.0.0 Safari/537.36"
138.229.96.224 - - [27/Sep/2026:16:32:56 +0300] "POST / HTTP/1.1" 200 50422 "-" "Mozilla/5.0 (Windows NT 10.0; Win64; x64) AppleWebKit/537.36 (KHTML, like Gecko) Chrome/129.0.0.0 Safari/537.36"
20.211.90.37 - - [27/Sep/2026:16:32:56 +0300] "GET / HTTP/1.1" 200 50422 "-" "-"
168.91.42.232 - - [27/Sep/2026:16:32:56 +0300] "POST / HTTP/1.1" 200 50422 "-" "Mozilla/5.0 (Windows NT 10.0; Win64; x64) AppleWebKit/537.36 (KHTML, like Gecko) Chrome/129.0.0.0 Safari/537.36"
20.211.90.37 - - [27/Sep/2026:16:33:01 +0300] "GET / HTTP/1.1" 301 - "-" "-"
82.167.44.116 - - [27/Sep/2026:16:33:02 +0300] "POST /xmlrpc.php HTTP/1.1" 200 403 "-" "Jetpack/13.0; WordPress/6.2; http://site94916928.com"
85.254.144.33 - - [27/Sep/2026:16:33:02 +0300] "POST /wp-cron.php?doing_wp_cron=1790515982.6696929931640625000000 HTTP/1.1" 200 - "-" "WordPress/7.1.2; https://finofy.com"
20.211.90.37 - - [27/Sep/2026:16:33:04 +0300] "GET / HTTP/1.1" 200 50422 "-" "-"
20.211.90.37 - - [27/Sep/2026:16:33:10 +0300] "GET / HTTP/1.1" 301 - "-" "-"
66.249.73.65 - - [27/Sep/2026:16:33:11 +0300] "GET /province/creation/fros91cbp5s2m29.shtml HTTP/1.1" 301 - "-" "Mozilla/5.0 (compatible; Googlebot/2.1; +http://www.google.com/bot.html)"
82.167.44.116 - - [27/Sep/2026:16:33:13 +0300] "POST /xmlrpc.php HTTP/1.1" 200 403 "-" "Jetpack by WordPress.com (Jetpack 12.5; WordPress 6.4)"
20.211.90.37 - - [27/Sep/2026:16:33:13 +0300] "GET / HTTP/1.1" 200 50422 "-" "-"
20.211.90.37 - - [27/Sep/2026:16:33:18 +0300] "GET / HTTP/1.1" 301 - "-" "-"
20.211.90.37 - - [27/Sep/2026:16:33:21 +0300] "GET / HTTP/1.1" 200 50422 "-" "-"
82.167.44.116 - - [27/Sep/2026:16:33:24 +0300] "POST /xmlrpc.php HTTP/1.1" 200 403 "-" "Jetpack by WordPress.com (Jetpack 12.1; WordPress 6.1)"
20.211.90.37 - - [27/Sep/2026:16:33:26 +0300] "GET / HTTP/1.1" 301 - "-" "-"
20.211.90.37 - - [27/Sep/2026:16:33:28 +0300] "GET / HTTP/1.1" 200 50422 "-" "-"
20.211.90.37 - - [27/Sep/2026:16:33:32 +0300] "GET / HTTP/1.1" 301 - "-" "-"
20.211.90.37 - - [27/Sep/2026:16:33:33 +0300] "GET / HTTP/1.1" 200 50422 "-" "-"
82.167.44.116 - - [27/Sep/2026:16:33:34 +0300] "POST /xmlrpc.php HTTP/1.1" 200 403 "-" "Jetpack by WordPress.com (Jetpack 12.0; WordPress 6.2)"
20.211.90.37 - - [27/Sep/2026:16:33:37 +0300] "GET / HTTP/1.1" 301 - "-" "-"
20.211.90.37 - - [27/Sep/2026:16:33:39 +0300] "GET / HTTP/1.1" 200 50422 "-" "-"
20.211.90.37 - - [27/Sep/2026:16:33:43 +0300] "GET / HTTP/1.1" 301 - "-" "-"
20.211.90.37 - - [27/Sep/2026:16:33:45 +0300] "GET / HTTP/1.1" 200 50422 "-" "-"
82.167.44.116 - - [27/Sep/2026:16:33:45 +0300] "POST /xmlrpc.php HTTP/1.1" 200 403 "-" "Jetpack by WordPress.com"
20.211.90.37 - - [27/Sep/2026:16:33:48 +0300] "GET / HTTP/1.1" 301 - "-" "-"
20.211.90.37 - - [27/Sep/2026:16:33:50 +0300] "GET / HTTP/1.1" 200 50422 "-" "-"
20.211.90.37 - - [27/Sep/2026:16:33:54 +0300] "GET / HTTP/1.1" 301 - "-" "-"
82.167.44.116 - - [27/Sep/2026:16:33:56 +0300] "POST /xmlrpc.php HTTP/1.1" 200 403 "-" "Jetpack by WordPress.com (Jetpack 12.5; WordPress 6.1)"
20.211.90.37 - - [27/Sep/2026:16:33:56 +0300] "GET / HTTP/1.1" 200 50422 "-" "-"
20.211.90.37 - - [27/Sep/2026:16:34:00 +0300] "GET / HTTP/1.1" 301 - "-" "-"
85.254.144.33 - - [27/Sep/2026:16:34:02 +0300] "POST /wp-cron.php?doing_wp_cron=1790516042.0791590213775634765625 HTTP/1.1" 200 - "-" "WordPress/7.1.2; https://finofy.com"
20.211.90.37 - - [27/Sep/2026:16:34:04 +0300] "GET / HTTP/1.1" 200 50422 "-" "-"
37.139.53.21 - - [27/Sep/2026:16:34:04 +0300] "GET /us/all-lenders/upstart/ HTTP/1.0" 200 69324 "https://finofy.com/us/all-lenders/upstart/" "Mozilla/5.0 (Windows NT 10.0; Win64; x64) AppleWebKit/537.36 (KHTML, like Gecko) Chrome/130.0.0.0 Safari/537.36"
85.254.144.33 - - [27/Sep/2026:16:34:05 +0300] "POST /us/wp-cron.php?doing_wp_cron=1790516045.6671400070190429687500 HTTP/1.1" 200 - "-" "WordPress/7.1.2; https://finofy.com/us"
37.139.53.21 - - [27/Sep/2026:16:34:05 +0300] "GET /us/blog/ HTTP/1.0" 200 65742 "https://finofy.com/us/blog/" "Mozilla/5.0 (Windows NT 10.0; Win64; x64) AppleWebKit/537.36 (KHTML, like Gecko) Chrome/130.0.0.0 Safari/537.36"
82.167.44.116 - - [27/Sep/2026:16:34:07 +0300] "POST /xmlrpc.php HTTP/1.1" 200 403 "-" "WordPress.com; https://wordpress.com"
37.139.53.21 - - [27/Sep/2026:16:34:08 +0300] "GET /us/blog/net-income/ HTTP/1.0" 200 88716 "https://finofy.com/us/blog/net-income/" "Mozilla/5.0 (Windows NT 10.0; Win64; x64) AppleWebKit/537.36 (KHTML, like Gecko) Chrome/130.0.0.0 Safari/537.36"
20.211.90.37 - - [27/Sep/2026:16:34:09 +0300] "GET / HTTP/1.1" 301 - "-" "-"
20.211.90.37 - - [27/Sep/2026:16:34:12 +0300] "GET / HTTP/1.1" 200 50422 "-" "-"
20.211.90.37 - - [27/Sep/2026:16:34:17 +0300] "GET / HTTP/1.1" 301 - "-" "-"
82.167.44.116 - - [27/Sep/2026:16:34:18 +0300] "POST /xmlrpc.php HTTP/1.1" 200 403 "-" "WordPress.com; https://wordpress.com"
20.211.90.37 - - [27/Sep/2026:16:34:19 +0300] "GET / HTTP/1.1" 200 50422 "-" "-"
20.211.90.37 - - [27/Sep/2026:16:34:23 +0300] "GET / HTTP/1.1" 301 - "-" "-"
20.211.90.37 - - [27/Sep/2026:16:34:24 +0300] "GET / HTTP/1.1" 200 50422 "-" "-"
20.211.90.37 - - [27/Sep/2026:16:34:28 +0300] "GET / HTTP/1.1" 301 - "-" "-"
82.167.44.116 - - [27/Sep/2026:16:34:29 +0300] "POST /xmlrpc.php HTTP/1.1" 200 403 "-" "Jetpack by WordPress.com"
20.211.90.37 - - [27/Sep/2026:16:34:30 +0300] "GET / HTTP/1.1" 200 50422 "-" "-"
20.211.90.37 - - [27/Sep/2026:16:34:34 +0300] "GET / HTTP/1.1" 301 - "-" "-"
20.211.90.37 - - [27/Sep/2026:16:34:36 +0300] "GET / HTTP/1.1" 200 50422 "-" "-"
82.167.44.116 - - [27/Sep/2026:16:34:39 +0300] "POST /xmlrpc.php HTTP/1.1" 200 403 "-" "Jetpack by WordPress.com (Jetpack 12.0; WordPress 6.2)"
20.211.90.37 - - [27/Sep/2026:16:34:40 +0300] "GET / HTTP/1.1" 301 - "-" "-"
20.211.90.37 - - [27/Sep/2026:16:34:42 +0300] "GET / HTTP/1.1" 200 50422 "-" "-"
20.211.90.37 - - [27/Sep/2026:16:34:46 +0300] "GET / HTTP/1.1" 301 - "-" "-"
20.211.90.37 - - [27/Sep/2026:16:34:48 +0300] "GET / HTTP/1.1" 200 50422 "-" "-"
82.167.44.116 - - [27/Sep/2026:16:34:50 +0300] "POST /xmlrpc.php HTTP/1.1" 200 403 "-" "Jetpack/12.0; WordPress/6.4; http://site83557733.com"
20.211.90.37 - - [27/Sep/2026:16:34:52 +0300] "GET / HTTP/1.1" 301 - "-" "-"
20.211.90.37 - - [27/Sep/2026:16:34:53 +0300] "GET / HTTP/1.1" 200 50422 "-" "-"
20.211.90.37 - - [27/Sep/2026:16:34:59 +0300] "GET / HTTP/1.1" 301 - "-" "-"
82.167.44.116 - - [27/Sep/2026:16:35:01 +0300] "POST /xmlrpc.php HTTP/1.1" 200 403 "-" "Jetpack by WordPress.com"
85.254.144.33 - - [27/Sep/2026:16:35:02 +0300] "POST /wp-cron.php?doing_wp_cron=1790516102.7528359889984130859375 HTTP/1.1" 200 - "-" "WordPress/7.1.2; https://finofy.com"
20.211.90.37 - - [27/Sep/2026:16:35:02 +0300] "GET / HTTP/1.1" 200 50422 "-" "-"
20.211.90.37 - - [27/Sep/2026:16:35:07 +0300] "GET / HTTP/1.1" 301 - "-" "-"
20.211.90.37 - - [27/Sep/2026:16:35:09 +0300] "GET / HTTP/1.1" 200 50422 "-" "-"
82.167.44.116 - - [27/Sep/2026:16:35:12 +0300] "POST /xmlrpc.php HTTP/1.1" 200 403 "-" "Jetpack by WordPress.com (Jetpack 12.1; WordPress 6.3)"
20.211.90.37 - - [27/Sep/2026:16:35:13 +0300] "GET / HTTP/1.1" 301 - "-" "-"
20.211.90.37 - - [27/Sep/2026:16:35:15 +0300] "GET / HTTP/1.1" 200 50422 "-" "-"
20.211.90.37 - - [27/Sep/2026:16:35:19 +0300] "GET / HTTP/1.1" 301 - "-" "-"
20.211.90.37 - - [27/Sep/2026:16:35:21 +0300] "GET / HTTP/1.1" 200 50422 "-" "-"
82.167.44.116 - - [27/Sep/2026:16:35:23 +0300] "POST /xmlrpc.php HTTP/1.1" 200 403 "-" "WordPress.com; https://wordpress.com"
20.211.90.37 - - [27/Sep/2026:16:35:25 +0300] "GET / HTTP/1.1" 301 - "-" "-"
20.211.90.37 - - [27/Sep/2026:16:35:26 +0300] "GET / HTTP/1.1" 200 50422 "-" "-"
20.211.90.37 - - [27/Sep/2026:16:35:30 +0300] "GET / HTTP/1.1" 301 - "-" "-"
20.211.90.37 - - [27/Sep/2026:16:35:32 +0300] "GET / HTTP/1.1" 200 50422 "-" "-"
82.167.44.116 - - [27/Sep/2026:16:35:34 +0300] "POST /xmlrpc.php HTTP/1.1" 200 403 "-" "WordPress.com; https://wordpress.com"
20.211.90.37 - - [27/Sep/2026:16:35:36 +0300] "GET / HTTP/1.1" 301 - "-" "-"
20.211.90.37 - - [27/Sep/2026:16:35:38 +0300] "GET / HTTP/1.1" 200 50422 "-" "-"
20.211.90.37 - - [27/Sep/2026:16:35:42 +0300] "GET / HTTP/1.1" 301 - "-" "-"
20.211.90.37 - - [27/Sep/2026:16:35:44 +0300] "GET / HTTP/1.1" 200 50422 "-" "-"
82.167.44.116 - - [27/Sep/2026:16:35:44 +0300] "POST /xmlrpc.php HTTP/1.1" 200 403 "-" "WordPress.com; https://wordpress.com"
20.211.90.37 - - [27/Sep/2026:16:35:48 +0300] "GET / HTTP/1.1" 301 - "-" "-"
20.211.90.37 - - [27/Sep/2026:16:35:49 +0300] "GET / HTTP/1.1" 200 50422 "-" "-"
20.211.90.37 - - [27/Sep/2026:16:35:53 +0300] "GET / HTTP/1.1" 301 - "-" "-"
20.211.90.37 - - [27/Sep/2026:16:35:55 +0300] "GET / HTTP/1.1" 200 50422 "-" "-"
82.167.44.116 - - [27/Sep/2026:16:35:55 +0300] "POST /xmlrpc.php HTTP/1.1" 200 403 "-" "Jetpack/12.0; WordPress/6.1; http://site56625564.com"
20.211.90.37 - - [27/Sep/2026:16:35:59 +0300] "GET / HTTP/1.1" 301 - "-" "-"
20.211.90.37 - - [27/Sep/2026:16:36:01 +0300] "GET / HTTP/1.1" 200 50422 "-" "-"
85.254.144.33 - - [27/Sep/2026:16:36:02 +0300] "POST /wp-cron.php?doing_wp_cron=1790516162.7422289848327636718750 HTTP/1.1" 200 - "-" "WordPress/7.1.2; https://finofy.com"
20.211.90.37 - - [27/Sep/2026:16:36:05 +0300] "GET / HTTP/1.1" 301 - "-" "-"
82.167.44.116 - - [27/Sep/2026:16:36:06 +0300] "POST /xmlrpc.php HTTP/1.1" 200 403 "-" "Jetpack by WordPress.com"
20.211.90.37 - - [27/Sep/2026:16:36:07 +0300] "GET / HTTP/1.1" 200 50422 "-" "-"
20.211.90.37 - - [27/Sep/2026:16:36:11 +0300] "GET / HTTP/1.1" 301 - "-" "-"
20.211.90.37 - - [27/Sep/2026:16:36:13 +0300] "GET / HTTP/1.1" 200 50422 "-" "-"
82.167.44.116 - - [27/Sep/2026:16:36:17 +0300] "POST /xmlrpc.php HTTP/1.1" 200 403 "-" "Jetpack/13.0; WordPress/6.3; http://site32390030.com"
20.211.90.37 - - [27/Sep/2026:16:36:17 +0300] "GET / HTTP/1.1" 301 - "-" "-"
20.211.90.37 - - [27/Sep/2026:16:36:19 +0300] "GET / HTTP/1.1" 200 50422 "-" "-"
20.211.90.37 - - [27/Sep/2026:16:36:23 +0300] "GET / HTTP/1.1" 301 - "-" "-"
20.211.90.37 - - [27/Sep/2026:16:36:24 +0300] "GET / HTTP/1.1" 200 50422 "-" "-"
82.167.44.116 - - [27/Sep/2026:16:36:28 +0300] "POST /xmlrpc.php HTTP/1.1" 200 403 "-" "WordPress.com; https://wordpress.com"
20.211.90.37 - - [27/Sep/2026:16:36:29 +0300] "GET / HTTP/1.1" 301 - "-" "-"
20.211.90.37 - - [27/Sep/2026:16:36:31 +0300] "GET / HTTP/1.1" 200 50422 "-" "-"
20.211.90.37 - - [27/Sep/2026:16:36:34 +0300] "GET / HTTP/1.1" 301 - "-" "-"
20.211.90.37 - - [27/Sep/2026:16:36:35 +0300] "GET / HTTP/1.1" 301 - "-" "-"
20.211.90.37 - - [27/Sep/2026:16:36:35 +0300] "GET / HTTP/1.1" 200 50422 "-" "-"
82.167.44.116 - - [27/Sep/2026:16:36:38 +0300] "POST /xmlrpc.php HTTP/1.1" 200 403 "-" "Jetpack by WordPress.com"
20.211.90.37 - - [27/Sep/2026:16:36:38 +0300] "GET / HTTP/1.1" 200 50422 "-" "-"
20.211.90.37 - - [27/Sep/2026:16:36:39 +0300] "GET / HTTP/1.1" 301 - "-" "-"
20.211.90.37 - - [27/Sep/2026:16:36:41 +0300] "GET / HTTP/1.1" 200 50422 "-" "-"
20.211.90.37 - - [27/Sep/2026:16:36:44 +0300] "GET / HTTP/1.1" 301 - "-" "-"
20.211.90.37 - - [27/Sep/2026:16:36:45 +0300] "GET / HTTP/1.1" 200 50422 "-" "-"
20.211.90.37 - - [27/Sep/2026:16:36:45 +0300] "GET / HTTP/1.1" 301 - "-" "-"
20.211.90.37 - - [27/Sep/2026:16:36:48 +0300] "GET / HTTP/1.1" 200 50422 "-" "-"
82.167.44.116 - - [27/Sep/2026:16:36:49 +0300] "POST /xmlrpc.php HTTP/1.1" 200 403 "-" "Jetpack/13.0; WordPress/6.3; http://site75206872.com"
20.211.90.37 - - [27/Sep/2026:16:36:49 +0300] "GET / HTTP/1.1" 301 - "-" "-"
20.211.90.37 - - [27/Sep/2026:16:36:51 +0300] "GET / HTTP/1.1" 200 50422 "-" "-"
20.211.90.37 - - [27/Sep/2026:16:36:54 +0300] "GET / HTTP/1.1" 301 - "-" "-"
20.211.90.37 - - [27/Sep/2026:16:36:56 +0300] "GET / HTTP/1.1" 200 50422 "-" "-"
20.211.90.37 - - [27/Sep/2026:16:36:56 +0300] "GET / HTTP/1.1" 301 - "-" "-"
