66.249.73.6 - - [27/Sep/2026:15:34:49 +0300] "GET /shops/procera/t1r0i1h2y9b0r0i7d9933 HTTP/1.1" 200 215854 "-" "Mozilla/5.0 (Linux; Android 6.0.1; Nexus 5X Build/MMB29P) AppleWebKit/537.36 (KHTML, like Gecko) Chrome/153.0.8010.52 Mobile Safari/537.36 (compatible; Googlebot/2.1; +http://www.google.com/bot.html)"
66.249.73.3 - - [27/Sep/2026:15:34:50 +0300] "GET /shops/godwin/i0n8c2o0n4s9c7i2o3n8a7b8le HTTP/1.1" 200 218640 "-" "Mozilla/5.0 (Linux; Android 6.0.1; Nexus 5X Build/MMB29P) AppleWebKit/537.36 (KHTML, like Gecko) Chrome/153.0.8010.52 Mobile Safari/537.36 (compatible; Googlebot/2.1; +http://www.google.com/bot.html)"
66.249.73.6 - - [27/Sep/2026:15:34:52 +0300] "GET /?h=f1l0o5r3i7f9i9c5a0t2i8on HTTP/1.1" 200 212205 "-" "Mozilla/5.0 (Linux; Android 6.0.1; Nexus 5X Build/MMB29P) AppleWebKit/537.36 (KHTML, like Gecko) Chrome/153.0.8010.52 Mobile Safari/537.36 (compatible; Googlebot/2.1; +http://www.google.com/bot.html)"
66.249.73.3 - - [27/Sep/2026:15:34:55 +0300] "GET /?h=k0a0y3l9e2s5354189 HTTP/1.1" 200 215913 "-" "Mozilla/5.0 (Linux; Android 6.0.1; Nexus 5X Build/MMB29P) AppleWebKit/537.36 (KHTML, like Gecko) Chrome/153.0.8010.52 Mobile Safari/537.36 (compatible; Googlebot/2.1; +http://www.google.com/bot.html)"
102.208.193.70 - - [27/Sep/2026:15:34:55 +0300] "GET / HTTP/2.0" 200 79947 "https://www.google.com/" "Mozilla/5.0 (X11; Linux x86_64) AppleWebKit/537.36 (KHTML, like Gecko) Chrome/154.0.0.0 Safari/537.36"
20.31.129.34 - - [27/Sep/2026:15:34:55 +0300] "GET /.git/index HTTP/1.1" 301 - "-" "Mozilla/5.0 (Windows NT 10.0; Win64; x64) AppleWebKit/537.36 (KHTML, like Gecko) Chrome/126.0.0.0 Safari/537.36"
102.208.193.70 - - [27/Sep/2026:15:34:56 +0300] "GET /wp-includes/css/dist/block-library/style.min.css?ver=5.8.4 HTTP/2.0" 200 88932 "https://www.iniciativa.lv/" "Mozilla/5.0 (X11; Linux x86_64) AppleWebKit/537.36 (KHTML, like Gecko) Chrome/154.0.0.0 Safari/537.36"
102.208.193.70 - - [27/Sep/2026:15:34:56 +0300] "GET /wp-content/plugins/kk-star-ratings/public/css/kk-star-ratings.css?ver=4.2.0 HTTP/2.0" 200 2980 "https://www.iniciativa.lv/" "Mozilla/5.0 (X11; Linux x86_64) AppleWebKit/537.36 (KHTML, like Gecko) Chrome/154.0.0.0 Safari/537.36"
102.208.193.70 - - [27/Sep/2026:15:34:56 +0300] "GET /wp-content/plugins/table-of-contents-plus/screen.min.css?ver=2106 HTTP/2.0" 200 1156 "https://www.iniciativa.lv/" "Mozilla/5.0 (X11; Linux x86_64) AppleWebKit/537.36 (KHTML, like Gecko) Chrome/154.0.0.0 Safari/537.36"
102.208.193.70 - - [27/Sep/2026:15:34:57 +0300] "GET /wp-content/themes/smart-mag-child/css/main.css?ver=5.8.4 HTTP/2.0" 200 10533 "https://www.iniciativa.lv/" "Mozilla/5.0 (X11; Linux x86_64) AppleWebKit/537.36 (KHTML, like Gecko) Chrome/154.0.0.0 Safari/537.36"
102.208.193.70 - - [27/Sep/2026:15:34:57 +0300] "GET /wp-content/themes/smart-mag-child/style.css?ver=3.1.1 HTTP/2.0" 200 80 "https://www.iniciativa.lv/" "Mozilla/5.0 (X11; Linux x86_64) AppleWebKit/537.36 (KHTML, like Gecko) Chrome/154.0.0.0 Safari/537.36"
102.208.193.70 - - [27/Sep/2026:15:34:57 +0300] "GET /wp-content/themes/smart-mag/style.css?ver=5.8.4 HTTP/2.0" 200 110210 "https://www.iniciativa.lv/" "Mozilla/5.0 (X11; Linux x86_64) AppleWebKit/537.36 (KHTML, like Gecko) Chrome/154.0.0.0 Safari/537.36"
102.208.193.70 - - [27/Sep/2026:15:34:57 +0300] "GET /wp-content/themes/smart-mag/css/responsive.css?ver=3.1.1 HTTP/2.0" 200 28829 "https://www.iniciativa.lv/" "Mozilla/5.0 (X11; Linux x86_64) AppleWebKit/537.36 (KHTML, like Gecko) Chrome/154.0.0.0 Safari/537.36"
66.249.73.4 - - [27/Sep/2026:15:34:57 +0300] "GET /?h=s1t0r4a2i8t8s065978 HTTP/1.1" 200 217396 "-" "Mozilla/5.0 (Linux; Android 6.0.1; Nexus 5X Build/MMB29P) AppleWebKit/537.36 (KHTML, like Gecko) Chrome/153.0.8010.52 Mobile Safari/537.36 (compatible; Googlebot/2.1; +http://www.google.com/bot.html)"
102.208.193.70 - - [27/Sep/2026:15:34:59 +0300] "GET /wp-content/themes/smart-mag/css/prettyPhoto.css?ver=3.1.1 HTTP/2.0" 200 19888 "https://www.iniciativa.lv/" "Mozilla/5.0 (X11; Linux x86_64) AppleWebKit/537.36 (KHTML, like Gecko) Chrome/154.0.0.0 Safari/537.36"
102.208.193.70 - - [27/Sep/2026:15:34:59 +0300] "GET /wp-content/themes/smart-mag/css/skin-tech.css?ver=5.8.4 HTTP/2.0" 200 14628 "https://www.iniciativa.lv/" "Mozilla/5.0 (X11; Linux x86_64) AppleWebKit/537.36 (KHTML, like Gecko) Chrome/154.0.0.0 Safari/537.36"
102.208.193.70 - - [27/Sep/2026:15:34:59 +0300] "GET /wp-content/themes/smart-mag/css/fontawesome/css/font-awesome.min.css?ver=3.1.1 HTTP/2.0" 200 31000 "https://www.iniciativa.lv/" "Mozilla/5.0 (X11; Linux x86_64) AppleWebKit/537.36 (KHTML, like Gecko) Chrome/154.0.0.0 Safari/537.36"
102.208.193.70 - - [27/Sep/2026:15:34:59 +0300] "GET /wp-content/themes/smart-mag/js/jquery.prettyPhoto.js?ver=5.8.4 HTTP/2.0" 200 21506 "https://www.iniciativa.lv/" "Mozilla/5.0 (X11; Linux x86_64) AppleWebKit/537.36 (KHTML, like Gecko) Chrome/154.0.0.0 Safari/537.36"
102.208.193.70 - - [27/Sep/2026:15:34:59 +0300] "GET /wp-includes/js/jquery/jquery.min.js?ver=3.6.0 HTTP/2.0" 200 89521 "https://www.iniciativa.lv/" "Mozilla/5.0 (X11; Linux x86_64) AppleWebKit/537.36 (KHTML, like Gecko) Chrome/154.0.0.0 Safari/537.36"
102.208.193.70 - - [27/Sep/2026:15:34:59 +0300] "GET /wp-includes/js/jquery/jquery-migrate.min.js?ver=3.3.2 HTTP/2.0" 200 11224 "https://www.iniciativa.lv/" "Mozilla/5.0 (X11; Linux x86_64) AppleWebKit/537.36 (KHTML, like Gecko) Chrome/154.0.0.0 Safari/537.36"
66.249.73.4 - - [27/Sep/2026:15:34:59 +0300] "GET /?h=h0e3t1e1r6o2m2o2r6p0h3i9sm HTTP/1.1" 200 224833 "-" "Mozilla/5.0 (Linux; Android 6.0.1; Nexus 5X Build/MMB29P) AppleWebKit/537.36 (KHTML, like Gecko) Chrome/153.0.8010.52 Mobile Safari/537.36 (compatible; Googlebot/2.1; +http://www.google.com/bot.html)"
102.208.193.70 - - [27/Sep/2026:15:35:00 +0300] "GET /wp-content/uploads/2018/03/Iniciativa.lv-logo.png HTTP/2.0" 200 3218 "https://www.iniciativa.lv/" "Mozilla/5.0 (X11; Linux x86_64) AppleWebKit/537.36 (KHTML, like Gecko) Chrome/154.0.0.0 Safari/537.36"
102.208.193.70 - - [27/Sep/2026:15:35:00 +0300] "GET /wp-content/uploads/2018/02/ferratum-banner.gif HTTP/2.0" 200 14855 "https://www.iniciativa.lv/" "Mozilla/5.0 (X11; Linux x86_64) AppleWebKit/537.36 (KHTML, like Gecko) Chrome/154.0.0.0 Safari/537.36"
102.208.193.70 - - [27/Sep/2026:15:35:00 +0300] "GET /wp-content/uploads/2018/02/bino.jpg HTTP/2.0" 200 2799 "https://www.iniciativa.lv/" "Mozilla/5.0 (X11; Linux x86_64) AppleWebKit/537.36 (KHTML, like Gecko) Chrome/154.0.0.0 Safari/537.36"
102.208.193.70 - - [27/Sep/2026:15:35:01 +0300] "GET /wp-content/uploads/2018/02/ferratum.jpg HTTP/2.0" 200 3758 "https://www.iniciativa.lv/" "Mozilla/5.0 (X11; Linux x86_64) AppleWebKit/537.36 (KHTML, like Gecko) Chrome/154.0.0.0 Safari/537.36"
102.208.193.70 - - [27/Sep/2026:15:35:01 +0300] "GET /wp-content/themes/smart-mag-child/images/empty-star.png HTTP/2.0" 200 1378 "https://www.iniciativa.lv/" "Mozilla/5.0 (X11; Linux x86_64) AppleWebKit/537.36 (KHTML, like Gecko) Chrome/154.0.0.0 Safari/537.36"
102.208.193.70 - - [27/Sep/2026:15:35:01 +0300] "GET /wp-content/themes/smart-mag-child/images/full-star.png HTTP/2.0" 200 1141 "https://www.iniciativa.lv/" "Mozilla/5.0 (X11; Linux x86_64) AppleWebKit/537.36 (KHTML, like Gecko) Chrome/154.0.0.0 Safari/537.36"
102.208.193.70 - - [27/Sep/2026:15:35:01 +0300] "GET /wp-content/uploads/2018/06/sefinance.jpg HTTP/2.0" 200 3141 "https://www.iniciativa.lv/" "Mozilla/5.0 (X11; Linux x86_64) AppleWebKit/537.36 (KHTML, like Gecko) Chrome/154.0.0.0 Safari/537.36"
102.208.193.70 - - [27/Sep/2026:15:35:01 +0300] "GET /wp-content/uploads/2018/03/credit24.jpg HTTP/2.0" 200 3356 "https://www.iniciativa.lv/" "Mozilla/5.0 (X11; Linux x86_64) AppleWebKit/537.36 (KHTML, like Gecko) Chrome/154.0.0.0 Safari/537.36"
102.208.193.70 - - [27/Sep/2026:15:35:01 +0300] "GET /wp-includes/js/comment-reply.min.js?ver=5.8.4 HTTP/2.0" 200 2981 "https://www.iniciativa.lv/" "Mozilla/5.0 (X11; Linux x86_64) AppleWebKit/537.36 (KHTML, like Gecko) Chrome/154.0.0.0 Safari/537.36"
102.208.193.70 - - [27/Sep/2026:15:35:01 +0300] "GET /wp-content/uploads/2018/02/mogo.jpg HTTP/2.0" 200 3898 "https://www.iniciativa.lv/" "Mozilla/5.0 (X11; Linux x86_64) AppleWebKit/537.36 (KHTML, like Gecko) Chrome/154.0.0.0 Safari/537.36"
102.208.193.70 - - [27/Sep/2026:15:35:01 +0300] "GET /wp-content/uploads/2018/02/latcredit.jpg HTTP/2.0" 200 2151 "https://www.iniciativa.lv/" "Mozilla/5.0 (X11; Linux x86_64) AppleWebKit/537.36 (KHTML, like Gecko) Chrome/154.0.0.0 Safari/537.36"
102.208.193.70 - - [27/Sep/2026:15:35:02 +0300] "GET /wp-content/plugins/table-of-contents-plus/front.min.js?ver=2106 HTTP/2.0" 200 6091 "https://www.iniciativa.lv/" "Mozilla/5.0 (X11; Linux x86_64) AppleWebKit/537.36 (KHTML, like Gecko) Chrome/154.0.0.0 Safari/537.36"
102.208.193.70 - - [27/Sep/2026:15:35:02 +0300] "GET /wp-content/plugins/kk-star-ratings/public/js/kk-star-ratings.js?ver=4.2.0 HTTP/2.0" 200 1919 "https://www.iniciativa.lv/" "Mozilla/5.0 (X11; Linux x86_64) AppleWebKit/537.36 (KHTML, like Gecko) Chrome/154.0.0.0 Safari/537.36"
102.208.193.70 - - [27/Sep/2026:15:35:03 +0300] "GET /wp-content/themes/smart-mag-child/js/nouislider.js HTTP/2.0" 200 16447 "https://www.iniciativa.lv/" "Mozilla/5.0 (X11; Linux x86_64) AppleWebKit/537.36 (KHTML, like Gecko) Chrome/154.0.0.0 Safari/537.36"
102.208.193.70 - - [27/Sep/2026:15:35:03 +0300] "GET /wp-content/themes/smart-mag-child/js/main-child-js.js HTTP/2.0" 200 4160 "https://www.iniciativa.lv/" "Mozilla/5.0 (X11; Linux x86_64) AppleWebKit/537.36 (KHTML, like Gecko) Chrome/154.0.0.0 Safari/537.36"
102.208.193.70 - - [27/Sep/2026:15:35:03 +0300] "GET /wp-content/themes/smart-mag/js/bunyad-theme.js?ver=3.1.1 HTTP/2.0" 200 54307 "https://www.iniciativa.lv/" "Mozilla/5.0 (X11; Linux x86_64) AppleWebKit/537.36 (KHTML, like Gecko) Chrome/154.0.0.0 Safari/537.36"
102.208.193.70 - - [27/Sep/2026:15:35:03 +0300] "GET /wp-content/themes/smart-mag/js/jquery.flexslider-min.js?ver=3.1.1 HTTP/2.0" 200 21638 "https://www.iniciativa.lv/" "Mozilla/5.0 (X11; Linux x86_64) AppleWebKit/537.36 (KHTML, like Gecko) Chrome/154.0.0.0 Safari/537.36"
102.208.193.70 - - [27/Sep/2026:15:35:03 +0300] "GET /wp-content/themes/smart-mag/js/jquery.sticky-sidebar.min.js?ver=3.1.1 HTTP/2.0" 200 4239 "https://www.iniciativa.lv/" "Mozilla/5.0 (X11; Linux x86_64) AppleWebKit/537.36 (KHTML, like Gecko) Chrome/154.0.0.0 Safari/537.36"
66.249.73.4 - - [27/Sep/2026:15:35:03 +0300] "GET /?h=r1h3a4m3n0e7a5e2138 HTTP/1.1" 200 231807 "-" "Mozilla/5.0 (Linux; Android 6.0.1; Nexus 5X Build/MMB29P) AppleWebKit/537.36 (KHTML, like Gecko) Chrome/153.0.8010.52 Mobile Safari/537.36 (compatible; Googlebot/2.1; +http://www.google.com/bot.html)"
102.208.193.70 - - [27/Sep/2026:15:35:04 +0300] "GET /favicon.ico HTTP/2.0" 200 - "https://www.iniciativa.lv/" "Mozilla/5.0 (X11; Linux x86_64) AppleWebKit/537.36 (KHTML, like Gecko) Chrome/154.0.0.0 Safari/537.36"
20.31.129.34 - - [27/Sep/2026:15:35:06 +0300] "GET /.git/index HTTP/1.1" 404 28782 "-" "Mozilla/5.0 (Windows NT 10.0; Win64; x64) AppleWebKit/537.36 (KHTML, like Gecko) Chrome/126.0.0.0 Safari/537.36"
66.249.73.5 - - [27/Sep/2026:15:35:07 +0300] "GET /?h=a0r3c4h1a6e9o9z9o1i2c05 HTTP/1.1" 200 224745 "-" "Mozilla/5.0 (Linux; Android 6.0.1; Nexus 5X Build/MMB29P) AppleWebKit/537.36 (KHTML, like Gecko) Chrome/153.0.8010.52 Mobile Safari/537.36 (compatible; Googlebot/2.1; +http://www.google.com/bot.html)"
66.249.73.3 - - [27/Sep/2026:15:35:09 +0300] "GET /?h=p1e2i1r2a8m2e8t0e2r522 HTTP/1.1" 200 239803 "-" "Mozilla/5.0 (Linux; Android 6.0.1; Nexus 5X Build/MMB29P) AppleWebKit/537.36 (KHTML, like Gecko) Chrome/153.0.8010.52 Mobile Safari/537.36 (compatible; Googlebot/2.1; +http://www.google.com/bot.html)"
66.249.73.5 - - [27/Sep/2026:15:35:10 +0300] "GET /?h=r1e7c2o6n5s9e5c1r8a0t1i0on HTTP/1.1" 200 213349 "-" "Mozilla/5.0 (Linux; Android 6.0.1; Nexus 5X Build/MMB29P) AppleWebKit/537.36 (KHTML, like Gecko) Chrome/153.0.8010.52 Mobile Safari/537.36 (compatible; Googlebot/2.1; +http://www.google.com/bot.html)"
66.249.73.3 - - [27/Sep/2026:15:35:12 +0300] "GET /?h=s0a2l2s0a4f6y281625 HTTP/1.1" 200 230898 "-" "Mozilla/5.0 (Linux; Android 6.0.1; Nexus 5X Build/MMB29P) AppleWebKit/537.36 (KHTML, like Gecko) Chrome/153.0.8010.52 Mobile Safari/537.36 (compatible; Googlebot/2.1; +http://www.google.com/bot.html)"
66.249.73.3 - - [27/Sep/2026:15:35:18 +0300] "GET /?h=p0u2r1e4i0m6p1u0r5e149 HTTP/1.1" 200 226240 "-" "Mozilla/5.0 (Linux; Android 6.0.1; Nexus 5X Build/MMB29P) AppleWebKit/537.36 (KHTML, like Gecko) Chrome/153.0.8010.52 Mobile Safari/537.36 (compatible; Googlebot/2.1; +http://www.google.com/bot.html)"
66.249.73.3 - - [27/Sep/2026:15:35:19 +0300] "GET /?alloxanate/163449614704 HTTP/1.1" 200 221494 "-" "Mozilla/5.0 (Linux; Android 6.0.1; Nexus 5X Build/MMB29P) AppleWebKit/537.36 (KHTML, like Gecko) Chrome/153.0.8010.52 Mobile Safari/537.36 (compatible; Googlebot/2.1; +http://www.google.com/bot.html)"
52.167.144.166 - - [27/Sep/2026:15:35:19 +0300] "GET /sitemap-child-737.xml HTTP/2.0" 200 364688 "-" "Mozilla/5.0 AppleWebKit/537.36 (KHTML, like Gecko; compatible; bingbot/2.0; +http://www.bing.com/bingbot.htm) Chrome/116.0.1938.76 Safari/537.36"
91.240.246.14 - - [27/Sep/2026:15:35:21 +0300] "GET / HTTP/2.0" 200 79947 "-" "Mozilla/5.0 (X11; Linux x86_64) AppleWebKit/537.36 (KHTML, like Gecko) Chrome/131.0.0.0 Safari/537.36"
91.240.246.14 - - [27/Sep/2026:15:35:21 +0300] "GET /wp-includes/css/dist/block-library/style.min.css?ver=5.8.4 HTTP/2.0" 200 88932 "https://www.iniciativa.lv/" "Mozilla/5.0 (X11; Linux x86_64) AppleWebKit/537.36 (KHTML, like Gecko) Chrome/131.0.0.0 Safari/537.36"
91.240.246.14 - - [27/Sep/2026:15:35:21 +0300] "GET /wp-content/plugins/table-of-contents-plus/screen.min.css?ver=2106 HTTP/2.0" 200 1156 "https://www.iniciativa.lv/" "Mozilla/5.0 (X11; Linux x86_64) AppleWebKit/537.36 (KHTML, like Gecko) Chrome/131.0.0.0 Safari/537.36"
91.240.246.14 - - [27/Sep/2026:15:35:21 +0300] "GET /wp-content/plugins/kk-star-ratings/public/css/kk-star-ratings.css?ver=4.2.0 HTTP/2.0" 200 2980 "https://www.iniciativa.lv/" "Mozilla/5.0 (X11; Linux x86_64) AppleWebKit/537.36 (KHTML, like Gecko) Chrome/131.0.0.0 Safari/537.36"
91.240.246.14 - - [27/Sep/2026:15:35:21 +0300] "GET /wp-content/themes/smart-mag/style.css?ver=5.8.4 HTTP/2.0" 200 110210 "https://www.iniciativa.lv/" "Mozilla/5.0 (X11; Linux x86_64) AppleWebKit/537.36 (KHTML, like Gecko) Chrome/131.0.0.0 Safari/537.36"
91.240.246.14 - - [27/Sep/2026:15:35:21 +0300] "GET /wp-content/themes/smart-mag-child/css/main.css?ver=5.8.4 HTTP/2.0" 200 10533 "https://www.iniciativa.lv/" "Mozilla/5.0 (X11; Linux x86_64) AppleWebKit/537.36 (KHTML, like Gecko) Chrome/131.0.0.0 Safari/537.36"
91.240.246.14 - - [27/Sep/2026:15:35:21 +0300] "GET /wp-content/themes/smart-mag-child/style.css?ver=3.1.1 HTTP/2.0" 200 80 "https://www.iniciativa.lv/" "Mozilla/5.0 (X11; Linux x86_64) AppleWebKit/537.36 (KHTML, like Gecko) Chrome/131.0.0.0 Safari/537.36"
91.240.246.14 - - [27/Sep/2026:15:35:21 +0300] "GET /wp-content/themes/smart-mag/css/responsive.css?ver=3.1.1 HTTP/2.0" 200 28829 "https://www.iniciativa.lv/" "Mozilla/5.0 (X11; Linux x86_64) AppleWebKit/537.36 (KHTML, like Gecko) Chrome/131.0.0.0 Safari/537.36"
91.240.246.14 - - [27/Sep/2026:15:35:21 +0300] "GET /wp-content/themes/smart-mag/css/prettyPhoto.css?ver=3.1.1 HTTP/2.0" 200 19888 "https://www.iniciativa.lv/" "Mozilla/5.0 (X11; Linux x86_64) AppleWebKit/537.36 (KHTML, like Gecko) Chrome/131.0.0.0 Safari/537.36"
91.240.246.14 - - [27/Sep/2026:15:35:21 +0300] "GET /wp-content/themes/smart-mag/css/fontawesome/css/font-awesome.min.css?ver=3.1.1 HTTP/2.0" 200 31000 "https://www.iniciativa.lv/" "Mozilla/5.0 (X11; Linux x86_64) AppleWebKit/537.36 (KHTML, like Gecko) Chrome/131.0.0.0 Safari/537.36"
91.240.246.14 - - [27/Sep/2026:15:35:21 +0300] "GET /wp-content/themes/smart-mag/css/skin-tech.css?ver=5.8.4 HTTP/2.0" 200 14628 "https://www.iniciativa.lv/" "Mozilla/5.0 (X11; Linux x86_64) AppleWebKit/537.36 (KHTML, like Gecko) Chrome/131.0.0.0 Safari/537.36"
91.240.246.14 - - [27/Sep/2026:15:35:21 +0300] "GET /wp-includes/js/jquery/jquery.min.js?ver=3.6.0 HTTP/2.0" 200 89521 "https://www.iniciativa.lv/" "Mozilla/5.0 (X11; Linux x86_64) AppleWebKit/537.36 (KHTML, like Gecko) Chrome/131.0.0.0 Safari/537.36"
91.240.246.14 - - [27/Sep/2026:15:35:21 +0300] "GET /wp-includes/js/jquery/jquery-migrate.min.js?ver=3.3.2 HTTP/2.0" 200 11224 "https://www.iniciativa.lv/" "Mozilla/5.0 (X11; Linux x86_64) AppleWebKit/537.36 (KHTML, like Gecko) Chrome/131.0.0.0 Safari/537.36"
91.240.246.14 - - [27/Sep/2026:15:35:21 +0300] "GET /wp-content/themes/smart-mag/js/jquery.prettyPhoto.js?ver=5.8.4 HTTP/2.0" 200 21506 "https://www.iniciativa.lv/" "Mozilla/5.0 (X11; Linux x86_64) AppleWebKit/537.36 (KHTML, like Gecko) Chrome/131.0.0.0 Safari/537.36"
91.240.246.14 - - [27/Sep/2026:15:35:21 +0300] "GET /wp-includes/js/comment-reply.min.js?ver=5.8.4 HTTP/2.0" 200 2981 "https://www.iniciativa.lv/" "Mozilla/5.0 (X11; Linux x86_64) AppleWebKit/537.36 (KHTML, like Gecko) Chrome/131.0.0.0 Safari/537.36"
91.240.246.14 - - [27/Sep/2026:15:35:21 +0300] "GET /wp-content/plugins/kk-star-ratings/public/js/kk-star-ratings.js?ver=4.2.0 HTTP/2.0" 200 1919 "https://www.iniciativa.lv/" "Mozilla/5.0 (X11; Linux x86_64) AppleWebKit/537.36 (KHTML, like Gecko) Chrome/131.0.0.0 Safari/537.36"
91.240.246.14 - - [27/Sep/2026:15:35:21 +0300] "GET /wp-content/plugins/table-of-contents-plus/front.min.js?ver=2106 HTTP/2.0" 200 6091 "https://www.iniciativa.lv/" "Mozilla/5.0 (X11; Linux x86_64) AppleWebKit/537.36 (KHTML, like Gecko) Chrome/131.0.0.0 Safari/537.36"
91.240.246.14 - - [27/Sep/2026:15:35:21 +0300] "GET /wp-content/themes/smart-mag-child/js/nouislider.js HTTP/2.0" 200 16447 "https://www.iniciativa.lv/" "Mozilla/5.0 (X11; Linux x86_64) AppleWebKit/537.36 (KHTML, like Gecko) Chrome/131.0.0.0 Safari/537.36"
91.240.246.14 - - [27/Sep/2026:15:35:22 +0300] "GET /wp-content/themes/smart-mag-child/js/main-child-js.js HTTP/2.0" 200 4160 "https://www.iniciativa.lv/" "Mozilla/5.0 (X11; Linux x86_64) AppleWebKit/537.36 (KHTML, like Gecko) Chrome/131.0.0.0 Safari/537.36"
91.240.246.14 - - [27/Sep/2026:15:35:22 +0300] "GET /wp-content/themes/smart-mag/js/bunyad-theme.js?ver=3.1.1 HTTP/2.0" 200 54307 "https://www.iniciativa.lv/" "Mozilla/5.0 (X11; Linux x86_64) AppleWebKit/537.36 (KHTML, like Gecko) Chrome/131.0.0.0 Safari/537.36"
91.240.246.14 - - [27/Sep/2026:15:35:22 +0300] "GET /wp-content/themes/smart-mag/js/jquery.flexslider-min.js?ver=3.1.1 HTTP/2.0" 200 21638 "https://www.iniciativa.lv/" "Mozilla/5.0 (X11; Linux x86_64) AppleWebKit/537.36 (KHTML, like Gecko) Chrome/131.0.0.0 Safari/537.36"
91.240.246.14 - - [27/Sep/2026:15:35:22 +0300] "GET /wp-content/themes/smart-mag/js/jquery.sticky-sidebar.min.js?ver=3.1.1 HTTP/2.0" 200 4239 "https://www.iniciativa.lv/" "Mozilla/5.0 (X11; Linux x86_64) AppleWebKit/537.36 (KHTML, like Gecko) Chrome/131.0.0.0 Safari/537.36"
91.240.246.14 - - [27/Sep/2026:15:35:22 +0300] "GET /wp-content/plugins/wp-rocket/inc/front/js/lazyload-10.17.min.js HTTP/2.0" 200 5130 "https://www.iniciativa.lv/" "Mozilla/5.0 (X11; Linux x86_64) AppleWebKit/537.36 (KHTML, like Gecko) Chrome/131.0.0.0 Safari/537.36"
91.240.246.14 - - [27/Sep/2026:15:35:22 +0300] "GET /wp-content/themes/smart-mag/js/jquery.prettyPhoto.js?ver=5.8.4 HTTP/2.0" 200 21506 "-" "Mozilla/5.0 (X11; Linux x86_64) AppleWebKit/537.36 (KHTML, like Gecko) Chrome/131.0.0.0 Safari/537.36"
91.240.246.14 - - [27/Sep/2026:15:35:22 +0300] "GET /wp-includes/js/jquery/jquery-migrate.min.js?ver=3.3.2 HTTP/2.0" 200 11224 "-" "Mozilla/5.0 (X11; Linux x86_64) AppleWebKit/537.36 (KHTML, like Gecko) Chrome/131.0.0.0 Safari/537.36"
91.240.246.14 - - [27/Sep/2026:15:35:22 +0300] "GET /wp-content/plugins/kk-star-ratings/public/js/kk-star-ratings.js?ver=4.2.0 HTTP/2.0" 200 1919 "-" "Mozilla/5.0 (X11; Linux x86_64) AppleWebKit/537.36 (KHTML, like Gecko) Chrome/131.0.0.0 Safari/537.36"
91.240.246.14 - - [27/Sep/2026:15:35:22 +0300] "GET /wp-includes/js/comment-reply.min.js?ver=5.8.4 HTTP/2.0" 200 2981 "-" "Mozilla/5.0 (X11; Linux x86_64) AppleWebKit/537.36 (KHTML, like Gecko) Chrome/131.0.0.0 Safari/537.36"
91.240.246.14 - - [27/Sep/2026:15:35:22 +0300] "GET /wp-includes/js/jquery/jquery.min.js?ver=3.6.0 HTTP/2.0" 200 89521 "-" "Mozilla/5.0 (X11; Linux x86_64) AppleWebKit/537.36 (KHTML, like Gecko) Chrome/131.0.0.0 Safari/537.36"
91.240.246.14 - - [27/Sep/2026:15:35:22 +0300] "GET /wp-content/plugins/wp-rocket/inc/front/js/lazyload-10.17.min.js HTTP/2.0" 200 5130 "-" "Mozilla/5.0 (X11; Linux x86_64) AppleWebKit/537.36 (KHTML, like Gecko) Chrome/131.0.0.0 Safari/537.36"
91.240.246.14 - - [27/Sep/2026:15:35:22 +0300] "GET /wp-content/themes/smart-mag/js/jquery.sticky-sidebar.min.js?ver=3.1.1 HTTP/2.0" 200 4239 "-" "Mozilla/5.0 (X11; Linux x86_64) AppleWebKit/537.36 (KHTML, like Gecko) Chrome/131.0.0.0 Safari/537.36"
91.240.246.14 - - [27/Sep/2026:15:35:22 +0300] "GET /wp-content/plugins/table-of-contents-plus/front.min.js?ver=2106 HTTP/2.0" 200 6091 "-" "Mozilla/5.0 (X11; Linux x86_64) AppleWebKit/537.36 (KHTML, like Gecko) Chrome/131.0.0.0 Safari/537.36"
91.240.246.14 - - [27/Sep/2026:15:35:22 +0300] "GET /wp-content/themes/smart-mag-child/js/main-child-js.js HTTP/2.0" 200 4160 "-" "Mozilla/5.0 (X11; Linux x86_64) AppleWebKit/537.36 (KHTML, like Gecko) Chrome/131.0.0.0 Safari/537.36"
91.240.246.14 - - [27/Sep/2026:15:35:22 +0300] "GET /wp-content/themes/smart-mag/js/jquery.flexslider-min.js?ver=3.1.1 HTTP/2.0" 200 21638 "-" "Mozilla/5.0 (X11; Linux x86_64) AppleWebKit/537.36 (KHTML, like Gecko) Chrome/131.0.0.0 Safari/537.36"
91.240.246.14 - - [27/Sep/2026:15:35:22 +0300] "GET /wp-content/themes/smart-mag-child/js/nouislider.js HTTP/2.0" 200 16447 "-" "Mozilla/5.0 (X11; Linux x86_64) AppleWebKit/537.36 (KHTML, like Gecko) Chrome/131.0.0.0 Safari/537.36"
91.240.246.14 - - [27/Sep/2026:15:35:22 +0300] "GET /wp-content/themes/smart-mag/js/bunyad-theme.js?ver=3.1.1 HTTP/2.0" 200 54307 "-" "Mozilla/5.0 (X11; Linux x86_64) AppleWebKit/537.36 (KHTML, like Gecko) Chrome/131.0.0.0 Safari/537.36"
66.249.73.4 - - [27/Sep/2026:15:35:24 +0300] "GET /?h=d1e9v2o6n44587170 HTTP/1.1" 200 231294 "-" "Mozilla/5.0 (Linux; Android 6.0.1; Nexus 5X Build/MMB29P) AppleWebKit/537.36 (KHTML, like Gecko) Chrome/153.0.8010.52 Mobile Safari/537.36 (compatible; Googlebot/2.1; +http://www.google.com/bot.html)"
66.249.73.4 - - [27/Sep/2026:15:35:26 +0300] "GET /?lamasery/121750772293 HTTP/1.1" 200 224539 "-" "Mozilla/5.0 (Linux; Android 6.0.1; Nexus 5X Build/MMB29P) AppleWebKit/537.36 (KHTML, like Gecko) Chrome/153.0.8010.52 Mobile Safari/537.36 (compatible; Googlebot/2.1; +http://www.google.com/bot.html)"
66.249.73.3 - - [27/Sep/2026:15:35:28 +0300] "GET /?periblem/051967193280 HTTP/1.1" 200 215299 "-" "Mozilla/5.0 (Linux; Android 6.0.1; Nexus 5X Build/MMB29P) AppleWebKit/537.36 (KHTML, like Gecko) Chrome/153.0.8010.52 Mobile Safari/537.36 (compatible; Googlebot/2.1; +http://www.google.com/bot.html)"
66.249.73.3 - - [27/Sep/2026:15:35:29 +0300] "GET /?h=a1m6e1n4d4a8b4l3e5067 HTTP/1.1" 200 241510 "-" "Mozilla/5.0 (Linux; Android 6.0.1; Nexus 5X Build/MMB29P) AppleWebKit/537.36 (KHTML, like Gecko) Chrome/153.0.8010.52 Mobile Safari/537.36 (compatible; Googlebot/2.1; +http://www.google.com/bot.html)"
66.249.73.4 - - [27/Sep/2026:15:35:31 +0300] "GET /?h=f1a7m7i2l4i6a0r4i9z6i4ng HTTP/1.1" 200 216186 "-" "Mozilla/5.0 (Linux; Android 6.0.1; Nexus 5X Build/MMB29P) AppleWebKit/537.36 (KHTML, like Gecko) Chrome/153.0.8010.52 Mobile Safari/537.36 (compatible; Googlebot/2.1; +http://www.google.com/bot.html)"
66.249.73.4 - - [27/Sep/2026:15:35:33 +0300] "GET /?h=e1n4e2m8a4t7a366099 HTTP/1.1" 200 218773 "-" "Mozilla/5.0 (Linux; Android 6.0.1; Nexus 5X Build/MMB29P) AppleWebKit/537.36 (KHTML, like Gecko) Chrome/153.0.8010.52 Mobile Safari/537.36 (compatible; Googlebot/2.1; +http://www.google.com/bot.html)"
66.249.73.5 - - [27/Sep/2026:15:35:35 +0300] "GET /?h=s0t5a3n6n3i6t3e02136 HTTP/1.1" 200 228728 "-" "Mozilla/5.0 (Linux; Android 6.0.1; Nexus 5X Build/MMB29P) AppleWebKit/537.36 (KHTML, like Gecko) Chrome/153.0.8010.52 Mobile Safari/537.36 (compatible; Googlebot/2.1; +http://www.google.com/bot.html)"
20.31.129.34 - - [27/Sep/2026:15:35:37 +0300] "GET /.hg/store/00manifest.i HTTP/1.1" 301 - "-" "Mozilla/5.0 (Windows NT 10.0; Win64; x64) AppleWebKit/537.36 (KHTML, like Gecko) Chrome/126.0.0.0 Safari/537.36"
66.249.73.5 - - [27/Sep/2026:15:35:37 +0300] "GET /?h=k1a3o2l0i1n7382318 HTTP/1.1" 200 222207 "-" "Mozilla/5.0 (Linux; Android 6.0.1; Nexus 5X Build/MMB29P) AppleWebKit/537.36 (KHTML, like Gecko) Chrome/153.0.8010.52 Mobile Safari/537.36 (compatible; Googlebot/2.1; +http://www.google.com/bot.html)"
66.249.73.3 - - [27/Sep/2026:15:35:39 +0300] "GET /?h=s1i6n3g8l4e9189302 HTTP/1.1" 200 220605 "-" "Mozilla/5.0 (Linux; Android 6.0.1; Nexus 5X Build/MMB29P) AppleWebKit/537.36 (KHTML, like Gecko) Chrome/153.0.8010.52 Mobile Safari/537.36 (compatible; Googlebot/2.1; +http://www.google.com/bot.html)"
66.249.73.4 - - [27/Sep/2026:15:35:41 +0300] "GET /?h=i1n8d1e0m0o5n9s2t0r6a6bility HTTP/1.1" 200 218021 "-" "Mozilla/5.0 (Linux; Android 6.0.1; Nexus 5X Build/MMB29P) AppleWebKit/537.36 (KHTML, like Gecko) Chrome/153.0.8010.52 Mobile Safari/537.36 (compatible; Googlebot/2.1; +http://www.google.com/bot.html)"
20.31.129.34 - - [27/Sep/2026:15:35:43 +0300] "GET /.hg/store/00manifest.i HTTP/1.1" 404 28784 "-" "Mozilla/5.0 (Windows NT 10.0; Win64; x64) AppleWebKit/537.36 (KHTML, like Gecko) Chrome/126.0.0.0 Safari/537.36"
66.249.73.6 - - [27/Sep/2026:15:35:44 +0300] "GET /?h=h0e6p1a6t5o2l4o2g6y111 HTTP/1.1" 200 209661 "-" "Mozilla/5.0 (Linux; Android 6.0.1; Nexus 5X Build/MMB29P) AppleWebKit/537.36 (KHTML, like Gecko) Chrome/153.0.8010.52 Mobile Safari/537.36 (compatible; Googlebot/2.1; +http://www.google.com/bot.html)"
66.249.73.3 - - [27/Sep/2026:15:35:46 +0300] "GET /?h=d1e0c3r5e6m8e5n4t9406 HTTP/1.1" 200 218722 "-" "Mozilla/5.0 (Linux; Android 6.0.1; Nexus 5X Build/MMB29P) AppleWebKit/537.36 (KHTML, like Gecko) Chrome/153.0.8010.52 Mobile Safari/537.36 (compatible; Googlebot/2.1; +http://www.google.com/bot.html)"
20.31.129.34 - - [27/Sep/2026:15:35:49 +0300] "GET /composer.json HTTP/1.1" 301 - "-" "Mozilla/5.0 (Windows NT 10.0; Win64; x64) AppleWebKit/537.36 (KHTML, like Gecko) Chrome/126.0.0.0 Safari/537.36"
20.31.129.34 - - [27/Sep/2026:15:35:50 +0300] "GET /composer.json HTTP/1.1" 404 28782 "-" "Mozilla/5.0 (Windows NT 10.0; Win64; x64) AppleWebKit/537.36 (KHTML, like Gecko) Chrome/126.0.0.0 Safari/537.36"
66.249.73.6 - - [27/Sep/2026:15:35:52 +0300] "GET /?h=m1o2v2a9b1l7y080980 HTTP/1.1" 200 233647 "-" "Mozilla/5.0 (Linux; Android 6.0.1; Nexus 5X Build/MMB29P) AppleWebKit/537.36 (KHTML, like Gecko) Chrome/153.0.8010.52 Mobile Safari/537.36 (compatible; Googlebot/2.1; +http://www.google.com/bot.html)"
66.249.73.4 - - [27/Sep/2026:15:35:54 +0300] "GET /shops/multiferous/b0r0i4s2a9n0c5e92692 HTTP/1.1" 200 224133 "-" "Mozilla/5.0 (Linux; Android 6.0.1; Nexus 5X Build/MMB29P) AppleWebKit/537.36 (KHTML, like Gecko) Chrome/153.0.8010.52 Mobile Safari/537.36 (compatible; Googlebot/2.1; +http://www.google.com/bot.html)"
20.31.129.34 - - [27/Sep/2026:15:35:57 +0300] "GET /composer.lock HTTP/1.1" 301 - "-" "Mozilla/5.0 (Windows NT 10.0; Win64; x64) AppleWebKit/537.36 (KHTML, like Gecko) Chrome/126.0.0.0 Safari/537.36"
66.249.73.7 - - [27/Sep/2026:15:35:59 +0300] "GET /?h=d1i1s5c1o2u2n5t2e6d31 HTTP/1.1" 200 216155 "-" "Mozilla/5.0 (Linux; Android 6.0.1; Nexus 5X Build/MMB29P) AppleWebKit/537.36 (KHTML, like Gecko) Chrome/153.0.8010.52 Mobile Safari/537.36 (compatible; Googlebot/2.1; +http://www.google.com/bot.html)"
66.249.73.4 - - [27/Sep/2026:15:36:02 +0300] "GET /shops/reamed/c1o6n2s7o2n9a1n4t2i7z0e6 HTTP/1.1" 200 213701 "-" "Mozilla/5.0 (Linux; Android 6.0.1; Nexus 5X Build/MMB29P) AppleWebKit/537.36 (KHTML, like Gecko) Chrome/153.0.8010.52 Mobile Safari/537.36 (compatible; Googlebot/2.1; +http://www.google.com/bot.html)"
20.31.129.34 - - [27/Sep/2026:15:36:02 +0300] "GET /composer.lock HTTP/1.1" 404 28782 "-" "Mozilla/5.0 (Windows NT 10.0; Win64; x64) AppleWebKit/537.36 (KHTML, like Gecko) Chrome/126.0.0.0 Safari/537.36"
66.249.73.4 - - [27/Sep/2026:15:36:04 +0300] "GET /?h=p1a0y2e4e70398158 HTTP/1.1" 200 233557 "-" "Mozilla/5.0 (Linux; Android 6.0.1; Nexus 5X Build/MMB29P) AppleWebKit/537.36 (KHTML, like Gecko) Chrome/153.0.8010.52 Mobile Safari/537.36 (compatible; Googlebot/2.1; +http://www.google.com/bot.html)"
66.249.73.6 - - [27/Sep/2026:15:36:06 +0300] "GET /?h=h1e4y3d5e2g2u1y72285 HTTP/1.1" 200 220592 "-" "Mozilla/5.0 (Linux; Android 6.0.1; Nexus 5X Build/MMB29P) AppleWebKit/537.36 (KHTML, like Gecko) Chrome/153.0.8010.52 Mobile Safari/537.36 (compatible; Googlebot/2.1; +http://www.google.com/bot.html)"
20.31.129.34 - - [27/Sep/2026:15:36:09 +0300] "GET /package.json HTTP/1.1" 301 - "-" "Mozilla/5.0 (Windows NT 10.0; Win64; x64) AppleWebKit/537.36 (KHTML, like Gecko) Chrome/126.0.0.0 Safari/537.36"
66.249.73.4 - - [27/Sep/2026:15:36:11 +0300] "GET /?h=l1a4c8e5r1t3i4n1e620 HTTP/1.1" 200 216775 "-" "Mozilla/5.0 (Linux; Android 6.0.1; Nexus 5X Build/MMB29P) AppleWebKit/537.36 (KHTML, like Gecko) Chrome/153.0.8010.52 Mobile Safari/537.36 (compatible; Googlebot/2.1; +http://www.google.com/bot.html)"
20.31.129.34 - - [27/Sep/2026:15:36:15 +0300] "GET /package.json HTTP/1.1" 404 28782 "-" "Mozilla/5.0 (Windows NT 10.0; Win64; x64) AppleWebKit/537.36 (KHTML, like Gecko) Chrome/126.0.0.0 Safari/537.36"
66.249.73.3 - - [27/Sep/2026:15:36:16 +0300] "GET /?h=o0n2e3i8d2a1s961900 HTTP/1.1" 200 221470 "-" "Mozilla/5.0 (Linux; Android 6.0.1; Nexus 5X Build/MMB29P) AppleWebKit/537.36 (KHTML, like Gecko) Chrome/153.0.8010.52 Mobile Safari/537.36 (compatible; Googlebot/2.1; +http://www.google.com/bot.html)"
66.249.73.3 - - [27/Sep/2026:15:36:18 +0300] "GET /?h=h0a2b3i6t5i4n8g27242 HTTP/1.1" 200 212350 "-" "Mozilla/5.0 (Linux; Android 6.0.1; Nexus 5X Build/MMB29P) AppleWebKit/537.36 (KHTML, like Gecko) Chrome/153.0.8010.52 Mobile Safari/537.36 (compatible; Googlebot/2.1; +http://www.google.com/bot.html)"
66.249.73.3 - - [27/Sep/2026:15:36:21 +0300] "GET /?h=c0a7r2v6e2n3782659 HTTP/1.1" 200 211692 "-" "Mozilla/5.0 (Linux; Android 6.0.1; Nexus 5X Build/MMB29P) AppleWebKit/537.36 (KHTML, like Gecko) Chrome/153.0.8010.52 Mobile Safari/537.36 (compatible; Googlebot/2.1; +http://www.google.com/bot.html)"
20.31.129.34 - - [27/Sep/2026:15:36:21 +0300] "GET /package-lock.json HTTP/1.1" 301 - "-" "Mozilla/5.0 (Windows NT 10.0; Win64; x64) AppleWebKit/537.36 (KHTML, like Gecko) Chrome/126.0.0.0 Safari/537.36"
66.249.73.3 - - [27/Sep/2026:15:36:22 +0300] "GET /?h=e1l4s2e2w7h6i8t2h0e6r28 HTTP/1.1" 200 231750 "-" "Mozilla/5.0 (Linux; Android 6.0.1; Nexus 5X Build/MMB29P) AppleWebKit/537.36 (KHTML, like Gecko) Chrome/153.0.8010.52 Mobile Safari/537.36 (compatible; Googlebot/2.1; +http://www.google.com/bot.html)"
66.249.73.4 - - [27/Sep/2026:15:36:24 +0300] "GET /?h=b1e9l2l2o7n5608545 HTTP/1.1" 200 219030 "-" "Mozilla/5.0 (Linux; Android 6.0.1; Nexus 5X Build/MMB29P) AppleWebKit/537.36 (KHTML, like Gecko) Chrome/153.0.8010.52 Mobile Safari/537.36 (compatible; Googlebot/2.1; +http://www.google.com/bot.html)"
66.249.73.4 - - [27/Sep/2026:15:36:26 +0300] "GET /?h=c0o5s3s7a7c9k30248 HTTP/1.1" 200 219968 "-" "Mozilla/5.0 (Linux; Android 6.0.1; Nexus 5X Build/MMB29P) AppleWebKit/537.36 (KHTML, like Gecko) Chrome/153.0.8010.52 Mobile Safari/537.36 (compatible; Googlebot/2.1; +http://www.google.com/bot.html)"
66.249.73.3 - - [27/Sep/2026:15:36:27 +0300] "GET /?h=r0e2t3r0o1s1p2e6c3t7i2v0ely HTTP/1.1" 200 219119 "-" "Mozilla/5.0 (Linux; Android 6.0.1; Nexus 5X Build/MMB29P) AppleWebKit/537.36 (KHTML, like Gecko) Chrome/153.0.8010.52 Mobile Safari/537.36 (compatible; Googlebot/2.1; +http://www.google.com/bot.html)"
66.249.73.3 - - [27/Sep/2026:15:36:30 +0300] "GET /?h=j1e4e1r2e5r8103100 HTTP/1.1" 200 225593 "-" "Mozilla/5.0 (Linux; Android 6.0.1; Nexus 5X Build/MMB29P) AppleWebKit/537.36 (KHTML, like Gecko) Chrome/153.0.8010.52 Mobile Safari/537.36 (compatible; Googlebot/2.1; +http://www.google.com/bot.html)"
66.249.73.4 - - [27/Sep/2026:15:36:31 +0300] "GET /?h=r1u6s3t8l0e0100692 HTTP/1.1" 200 226024 "-" "Mozilla/5.0 (Linux; Android 6.0.1; Nexus 5X Build/MMB29P) AppleWebKit/537.36 (KHTML, like Gecko) Chrome/153.0.8010.52 Mobile Safari/537.36 (compatible; Googlebot/2.1; +http://www.google.com/bot.html)"
66.249.73.5 - - [27/Sep/2026:15:36:33 +0300] "GET /?h=i0a7m2b3i72881022 HTTP/1.1" 200 221666 "-" "Mozilla/5.0 (Linux; Android 6.0.1; Nexus 5X Build/MMB29P) AppleWebKit/537.36 (KHTML, like Gecko) Chrome/153.0.8010.52 Mobile Safari/537.36 (compatible; Googlebot/2.1; +http://www.google.com/bot.html)"
66.249.73.5 - - [27/Sep/2026:15:36:38 +0300] "GET /?h=f1o4u1g9h4t9e4n92868 HTTP/1.1" 200 233871 "-" "Mozilla/5.0 (Linux; Android 6.0.1; Nexus 5X Build/MMB29P) AppleWebKit/537.36 (KHTML, like Gecko) Chrome/153.0.8010.52 Mobile Safari/537.36 (compatible; Googlebot/2.1; +http://www.google.com/bot.html)"
66.249.73.3 - - [27/Sep/2026:15:36:42 +0300] "GET /?h=a0r5t7e6r0i0o5l3o3s6c3lerosis HTTP/1.1" 200 219580 "-" "Mozilla/5.0 (Linux; Android 6.0.1; Nexus 5X Build/MMB29P) AppleWebKit/537.36 (KHTML, like Gecko) Chrome/153.0.8010.52 Mobile Safari/537.36 (compatible; Googlebot/2.1; +http://www.google.com/bot.html)"
66.249.73.3 - - [27/Sep/2026:15:36:44 +0300] "GET /?weatherboarding/163680269019 HTTP/1.1" 200 222540 "-" "Mozilla/5.0 (Linux; Android 6.0.1; Nexus 5X Build/MMB29P) AppleWebKit/537.36 (KHTML, like Gecko) Chrome/153.0.8010.52 Mobile Safari/537.36 (compatible; Googlebot/2.1; +http://www.google.com/bot.html)"
66.249.73.3 - - [27/Sep/2026:15:36:46 +0300] "GET /?unpolitely/081913818687 HTTP/1.1" 200 220833 "-" "Mozilla/5.0 (Linux; Android 6.0.1; Nexus 5X Build/MMB29P) AppleWebKit/537.36 (KHTML, like Gecko) Chrome/153.0.8010.52 Mobile Safari/537.36 (compatible; Googlebot/2.1; +http://www.google.com/bot.html)"
34.78.186.176 - - [27/Sep/2026:15:36:49 +0300] "GET / HTTP/1.1" 200 79947 "-" "Mozilla/5.0 (Windows NT 10.0; Win64; x64) AppleWebKit/537.36 (KHTML, like Gecko) Chrome/84.0.4147.105 Safari/537.36"
66.249.73.3 - - [27/Sep/2026:15:36:48 +0300] "GET /?h=c1o2u3l7i5s8s9e17325 HTTP/1.1" 200 218705 "-" "Mozilla/5.0 (Linux; Android 6.0.1; Nexus 5X Build/MMB29P) AppleWebKit/537.36 (KHTML, like Gecko) Chrome/153.0.8010.52 Mobile Safari/537.36 (compatible; Googlebot/2.1; +http://www.google.com/bot.html)"
66.249.73.4 - - [27/Sep/2026:15:36:54 +0300] "GET /?h=p1o6n4t2o8o4n6i4n6g28 HTTP/1.1" 200 211623 "-" "Mozilla/5.0 (Linux; Android 6.0.1; Nexus 5X Build/MMB29P) AppleWebKit/537.36 (KHTML, like Gecko) Chrome/153.0.8010.52 Mobile Safari/537.36 (compatible; Googlebot/2.1; +http://www.google.com/bot.html)"
52.167.144.166 - - [27/Sep/2026:15:36:58 +0300] "GET /radiophony/c0u2m3b8r6o8u3s3n1e9s8s HTTP/2.0" 200 216648 "-" "Mozilla/5.0 AppleWebKit/537.36 (KHTML, like Gecko; compatible; bingbot/2.0; +http://www.bing.com/bingbot.htm) Chrome/116.0.1938.76 Safari/537.36"
66.249.73.3 - - [27/Sep/2026:15:36:59 +0300] "GET /?h=c0o4r1r2u3p1t35528 HTTP/1.1" 200 221819 "-" "Mozilla/5.0 (Linux; Android 6.0.1; Nexus 5X Build/MMB29P) AppleWebKit/537.36 (KHTML, like Gecko) Chrome/153.0.8010.52 Mobile Safari/537.36 (compatible; Googlebot/2.1; +http://www.google.com/bot.html)"
66.249.73.3 - - [27/Sep/2026:15:37:01 +0300] "GET /?h=b0i3o1s0t2a6t5i7c9s208 HTTP/1.1" 200 220967 "-" "Mozilla/5.0 (Linux; Android 6.0.1; Nexus 5X Build/MMB29P) AppleWebKit/537.36 (KHTML, like Gecko) Chrome/153.0.8010.52 Mobile Safari/537.36 (compatible; Googlebot/2.1; +http://www.google.com/bot.html)"
66.249.73.3 - - [27/Sep/2026:15:37:02 +0300] "GET /?h=b0r5a8i6n9l0e4s2s0n3e2ss HTTP/1.1" 200 224140 "-" "Mozilla/5.0 (Linux; Android 6.0.1; Nexus 5X Build/MMB29P) AppleWebKit/537.36 (KHTML, like Gecko) Chrome/153.0.8010.52 Mobile Safari/537.36 (compatible; Googlebot/2.1; +http://www.google.com/bot.html)"
66.249.73.3 - - [27/Sep/2026:15:37:06 +0300] "GET /?h=c1o3s6m5o0l5o8g7y613 HTTP/1.1" 200 226135 "-" "Mozilla/5.0 (Linux; Android 6.0.1; Nexus 5X Build/MMB29P) AppleWebKit/537.36 (KHTML, like Gecko) Chrome/153.0.8010.52 Mobile Safari/537.36 (compatible; Googlebot/2.1; +http://www.google.com/bot.html)"
66.249.73.3 - - [27/Sep/2026:15:37:07 +0300] "GET /?h=s0n3o1t2t8e5r7y49529 HTTP/1.1" 200 222384 "-" "Mozilla/5.0 (Linux; Android 6.0.1; Nexus 5X Build/MMB29P) AppleWebKit/537.36 (KHTML, like Gecko) Chrome/153.0.8010.52 Mobile Safari/537.36 (compatible; Googlebot/2.1; +http://www.google.com/bot.html)"
66.249.73.5 - - [27/Sep/2026:15:37:09 +0300] "GET /?h=s1e2m1p7i3t3e8r2n7e274 HTTP/1.1" 200 226341 "-" "Mozilla/5.0 (Linux; Android 6.0.1; Nexus 5X Build/MMB29P) AppleWebKit/537.36 (KHTML, like Gecko) Chrome/153.0.8010.52 Mobile Safari/537.36 (compatible; Googlebot/2.1; +http://www.google.com/bot.html)"
66.249.73.4 - - [27/Sep/2026:15:37:11 +0300] "GET /?h=e0x5p2i3r9i4n4g63888 HTTP/1.1" 200 222205 "-" "Mozilla/5.0 (Linux; Android 6.0.1; Nexus 5X Build/MMB29P) AppleWebKit/537.36 (KHTML, like Gecko) Chrome/153.0.8010.52 Mobile Safari/537.36 (compatible; Googlebot/2.1; +http://www.google.com/bot.html)"
66.249.73.3 - - [27/Sep/2026:15:37:16 +0300] "GET /?h=a1u3t4o0b9i5o9g8r2a7p0h1er HTTP/1.1" 200 212572 "-" "Mozilla/5.0 (Linux; Android 6.0.1; Nexus 5X Build/MMB29P) AppleWebKit/537.36 (KHTML, like Gecko) Chrome/153.0.8010.52 Mobile Safari/537.36 (compatible; Googlebot/2.1; +http://www.google.com/bot.html)"
66.249.73.3 - - [27/Sep/2026:15:37:18 +0300] "GET /?h=v1e4l2o7u0t0e823548 HTTP/1.1" 200 215575 "-" "Mozilla/5.0 (Linux; Android 6.0.1; Nexus 5X Build/MMB29P) AppleWebKit/537.36 (KHTML, like Gecko) Chrome/153.0.8010.52 Mobile Safari/537.36 (compatible; Googlebot/2.1; +http://www.google.com/bot.html)"
66.249.73.3 - - [27/Sep/2026:15:37:19 +0300] "GET /shops/pineal/d1i0s2c4e1p7t0a9t6o6r23 HTTP/1.1" 200 218509 "-" "Mozilla/5.0 (Linux; Android 6.0.1; Nexus 5X Build/MMB29P) AppleWebKit/537.36 (KHTML, like Gecko) Chrome/153.0.8010.52 Mobile Safari/537.36 (compatible; Googlebot/2.1; +http://www.google.com/bot.html)"
66.249.73.3 - - [27/Sep/2026:15:37:21 +0300] "GET /?h=s1o9u1n7d2b2o3a0r4d499 HTTP/1.1" 200 213128 "-" "Mozilla/5.0 (Linux; Android 6.0.1; Nexus 5X Build/MMB29P) AppleWebKit/537.36 (KHTML, like Gecko) Chrome/153.0.8010.52 Mobile Safari/537.36 (compatible; Googlebot/2.1; +http://www.google.com/bot.html)"
66.249.73.4 - - [27/Sep/2026:15:37:25 +0300] "GET /?trepeget/08186386182 HTTP/1.1" 200 220597 "-" "Mozilla/5.0 (Linux; Android 6.0.1; Nexus 5X Build/MMB29P) AppleWebKit/537.36 (KHTML, like Gecko) Chrome/153.0.8010.52 Mobile Safari/537.36 (compatible; Googlebot/2.1; +http://www.google.com/bot.html)"
66.249.73.4 - - [27/Sep/2026:15:37:26 +0300] "GET /?h=m0e9t1a3m9o7r4p6h9o1s4i2ng HTTP/1.1" 200 227057 "-" "Mozilla/5.0 (Linux; Android 6.0.1; Nexus 5X Build/MMB29P) AppleWebKit/537.36 (KHTML, like Gecko) Chrome/153.0.8010.52 Mobile Safari/537.36 (compatible; Googlebot/2.1; +http://www.google.com/bot.html)"
66.249.73.4 - - [27/Sep/2026:15:37:28 +0300] "GET /selfimparting/colubrina/w1o9b1b5l0e2785973 HTTP/1.1" 200 224423 "-" "Mozilla/5.0 (Linux; Android 6.0.1; Nexus 5X Build/MMB29P) AppleWebKit/537.36 (KHTML, like Gecko) Chrome/153.0.8010.52 Mobile Safari/537.36 (compatible; Googlebot/2.1; +http://www.google.com/bot.html)"
66.249.73.4 - - [27/Sep/2026:15:37:30 +0300] "GET /?h=b0e9l3l0o5n3841037 HTTP/1.1" 200 222841 "-" "Mozilla/5.0 (Linux; Android 6.0.1; Nexus 5X Build/MMB29P) AppleWebKit/537.36 (KHTML, like Gecko) Chrome/153.0.8010.52 Mobile Safari/537.36 (compatible; Googlebot/2.1; +http://www.google.com/bot.html)"
66.249.73.4 - - [27/Sep/2026:15:37:32 +0300] "GET /?hawserlaid/091527246296 HTTP/1.1" 301 - "-" "Mozilla/5.0 (Linux; Android 6.0.1; Nexus 5X Build/MMB29P) AppleWebKit/537.36 (KHTML, like Gecko) Chrome/153.0.8010.52 Mobile Safari/537.36 (compatible; GoogleOther)"
66.249.73.3 - - [27/Sep/2026:15:37:37 +0300] "GET /?h=h1a0n2d7w9e2a8r09301 HTTP/1.1" 200 230048 "-" "Mozilla/5.0 (Linux; Android 6.0.1; Nexus 5X Build/MMB29P) AppleWebKit/537.36 (KHTML, like Gecko) Chrome/153.0.8010.52 Mobile Safari/537.36 (compatible; Googlebot/2.1; +http://www.google.com/bot.html)"
66.249.73.5 - - [27/Sep/2026:15:37:39 +0300] "GET /?h=i1n8b4l1o4w7n86650 HTTP/1.1" 200 239263 "-" "Mozilla/5.0 (Linux; Android 6.0.1; Nexus 5X Build/MMB29P) AppleWebKit/537.36 (KHTML, like Gecko) Chrome/153.0.8010.52 Mobile Safari/537.36 (compatible; Googlebot/2.1; +http://www.google.com/bot.html)"
66.249.73.6 - - [27/Sep/2026:15:37:43 +0300] "GET /?h=b1a1r2o2u5c6h9e6t8640 HTTP/1.1" 200 215532 "-" "Mozilla/5.0 (Linux; Android 6.0.1; Nexus 5X Build/MMB29P) AppleWebKit/537.36 (KHTML, like Gecko) Chrome/153.0.8010.52 Mobile Safari/537.36 (compatible; Googlebot/2.1; +http://www.google.com/bot.html)"
66.249.73.4 - - [27/Sep/2026:15:37:45 +0300] "GET /?hawserlaid%2F091527246296 HTTP/1.1" 500 30178 "-" "Mozilla/5.0 (Linux; Android 6.0.1; Nexus 5X Build/MMB29P) AppleWebKit/537.36 (KHTML, like Gecko) Chrome/153.0.8010.52 Mobile Safari/537.36 (compatible; GoogleOther)"
66.249.73.4 - - [27/Sep/2026:15:37:49 +0300] "GET /?h=v0e4s7p6i0a0r5y3363 HTTP/1.1" 200 217877 "-" "Mozilla/5.0 (Linux; Android 6.0.1; Nexus 5X Build/MMB29P) AppleWebKit/537.36 (KHTML, like Gecko) Chrome/153.0.8010.52 Mobile Safari/537.36 (compatible; Googlebot/2.1; +http://www.google.com/bot.html)"
20.31.129.34 - - [27/Sep/2026:15:37:52 +0300] "GET /error_log HTTP/1.1" 301 - "-" "Mozilla/5.0 (Windows NT 10.0; Win64; x64) AppleWebKit/537.36 (KHTML, like Gecko) Chrome/126.0.0.0 Safari/537.36"
66.249.73.5 - - [27/Sep/2026:15:37:53 +0300] "GET /?h=u1n4d2e9c3i1d2e1004 HTTP/1.1" 200 217251 "-" "Mozilla/5.0 (Linux; Android 6.0.1; Nexus 5X Build/MMB29P) AppleWebKit/537.36 (KHTML, like Gecko) Chrome/153.0.8010.52 Mobile Safari/537.36 (compatible; Googlebot/2.1; +http://www.google.com/bot.html)"
66.249.73.4 - - [27/Sep/2026:15:37:55 +0300] "GET /?h=b0y2s3s9i6n2872417 HTTP/1.1" 200 215214 "-" "Mozilla/5.0 (Linux; Android 6.0.1; Nexus 5X Build/MMB29P) AppleWebKit/537.36 (KHTML, like Gecko) Chrome/153.0.8010.52 Mobile Safari/537.36 (compatible; Googlebot/2.1; +http://www.google.com/bot.html)"
66.249.73.4 - - [27/Sep/2026:15:37:57 +0300] "GET /?h=c1o5s1s6a8c0k072556 HTTP/1.1" 200 224869 "-" "Mozilla/5.0 (Linux; Android 6.0.1; Nexus 5X Build/MMB29P) AppleWebKit/537.36 (KHTML, like Gecko) Chrome/153.0.8010.52 Mobile Safari/537.36 (compatible; Googlebot/2.1; +http://www.google.com/bot.html)"
66.249.73.7 - - [27/Sep/2026:15:37:59 +0300] "GET /?h=s0u1c2c2i0s7e412525 HTTP/1.1" 200 221279 "-" "Mozilla/5.0 (Linux; Android 6.0.1; Nexus 5X Build/MMB29P) AppleWebKit/537.36 (KHTML, like Gecko) Chrome/153.0.8010.52 Mobile Safari/537.36 (compatible; Googlebot/2.1; +http://www.google.com/bot.html)"
66.249.73.6 - - [27/Sep/2026:15:38:01 +0300] "GET /?h=g1o1s2s4a9t2810070 HTTP/1.1" 200 218778 "-" "Mozilla/5.0 (Linux; Android 6.0.1; Nexus 5X Build/MMB29P) AppleWebKit/537.36 (KHTML, like Gecko) Chrome/153.0.8010.52 Mobile Safari/537.36 (compatible; Googlebot/2.1; +http://www.google.com/bot.html)"
66.249.73.4 - - [27/Sep/2026:15:38:03 +0300] "GET /?h=s1t7r3a1t5e0g6i2s9t794 HTTP/1.1" 200 217982 "-" "Mozilla/5.0 (Linux; Android 6.0.1; Nexus 5X Build/MMB29P) AppleWebKit/537.36 (KHTML, like Gecko) Chrome/153.0.8010.52 Mobile Safari/537.36 (compatible; Googlebot/2.1; +http://www.google.com/bot.html)"
66.249.73.4 - - [27/Sep/2026:15:38:05 +0300] "GET /?h=i1n9d6w9e5l5l9e0r085 HTTP/1.1" 200 221484 "-" "Mozilla/5.0 (Linux; Android 6.0.1; Nexus 5X Build/MMB29P) AppleWebKit/537.36 (KHTML, like Gecko) Chrome/153.0.8010.52 Mobile Safari/537.36 (compatible; Googlebot/2.1; +http://www.google.com/bot.html)"
66.249.73.5 - - [27/Sep/2026:15:38:07 +0300] "GET /?clinically/19904913546 HTTP/1.1" 200 222084 "-" "Mozilla/5.0 (Linux; Android 6.0.1; Nexus 5X Build/MMB29P) AppleWebKit/537.36 (KHTML, like Gecko) Chrome/153.0.8010.52 Mobile Safari/537.36 (compatible; Googlebot/2.1; +http://www.google.com/bot.html)"
91.240.246.14 - - [27/Sep/2026:15:38:09 +0300] "GET /feed/ HTTP/1.1" 200 6410 "-" "Mozilla/5.0 (X11; Linux x86_64) AppleWebKit/537.36 (KHTML, like Gecko) Chrome/149.0.0.0 Safari/537.36"
66.249.73.5 - - [27/Sep/2026:15:38:09 +0300] "GET /?h=n0o1n4p2r9o1d0u1c2t9i8o5n HTTP/1.1" 200 227726 "-" "Mozilla/5.0 (Linux; Android 6.0.1; Nexus 5X Build/MMB29P) AppleWebKit/537.36 (KHTML, like Gecko) Chrome/153.0.8010.52 Mobile Safari/537.36 (compatible; Googlebot/2.1; +http://www.google.com/bot.html)"
66.249.73.4 - - [27/Sep/2026:15:38:14 +0300] "GET /?h=b0i3m1e2n3s0a7l61218 HTTP/1.1" 200 214759 "-" "Mozilla/5.0 (Linux; Android 6.0.1; Nexus 5X Build/MMB29P) AppleWebKit/537.36 (KHTML, like Gecko) Chrome/153.0.8010.52 Mobile Safari/537.36 (compatible; Googlebot/2.1; +http://www.google.com/bot.html)"
66.249.73.3 - - [27/Sep/2026:15:38:16 +0300] "GET /?h=c1a6c1o0p4h1o6n7i3e5s87 HTTP/1.1" 200 224680 "-" "Mozilla/5.0 (Linux; Android 6.0.1; Nexus 5X Build/MMB29P) AppleWebKit/537.36 (KHTML, like Gecko) Chrome/153.0.8010.52 Mobile Safari/537.36 (compatible; Googlebot/2.1; +http://www.google.com/bot.html)"
66.249.73.4 - - [27/Sep/2026:15:38:18 +0300] "GET /?h=c1a9l4a1m9a6n9c8o7585 HTTP/1.1" 200 218044 "-" "Mozilla/5.0 (Linux; Android 6.0.1; Nexus 5X Build/MMB29P) AppleWebKit/537.36 (KHTML, like Gecko) Chrome/153.0.8010.52 Mobile Safari/537.36 (compatible; Googlebot/2.1; +http://www.google.com/bot.html)"
20.31.129.34 - - [27/Sep/2026:15:38:18 +0300] "GET /error.log HTTP/1.1" 301 - "-" "Mozilla/5.0 (Windows NT 10.0; Win64; x64) AppleWebKit/537.36 (KHTML, like Gecko) Chrome/126.0.0.0 Safari/537.36"
66.249.73.3 - - [27/Sep/2026:15:38:20 +0300] "GET /?h=l1a3n1c2e3d4137891 HTTP/1.1" 200 217799 "-" "Mozilla/5.0 (Linux; Android 6.0.1; Nexus 5X Build/MMB29P) AppleWebKit/537.36 (KHTML, like Gecko) Chrome/153.0.8010.52 Mobile Safari/537.36 (compatible; Googlebot/2.1; +http://www.google.com/bot.html)"
66.249.73.4 - - [27/Sep/2026:15:38:22 +0300] "GET /?h=j1a5c2q2u5i1n2i9a7994 HTTP/1.1" 200 222920 "-" "Mozilla/5.0 (Linux; Android 6.0.1; Nexus 5X Build/MMB29P) AppleWebKit/537.36 (KHTML, like Gecko) Chrome/153.0.8010.52 Mobile Safari/537.36 (compatible; Googlebot/2.1; +http://www.google.com/bot.html)"
66.249.73.3 - - [27/Sep/2026:15:38:24 +0300] "GET /shops/unsexual/v0u6l2p0i8n0i5s0m5292 HTTP/1.1" 200 215172 "-" "Mozilla/5.0 (Linux; Android 6.0.1; Nexus 5X Build/MMB29P) AppleWebKit/537.36 (KHTML, like Gecko) Chrome/153.0.8010.52 Mobile Safari/537.36 (compatible; Googlebot/2.1; +http://www.google.com/bot.html)"
66.249.73.3 - - [27/Sep/2026:15:38:30 +0300] "GET /?h=p0a9t1r6o7n1i8z1e0505 HTTP/1.1" 200 227996 "-" "Mozilla/5.0 (Linux; Android 6.0.1; Nexus 5X Build/MMB29P) AppleWebKit/537.36 (KHTML, like Gecko) Chrome/153.0.8010.52 Mobile Safari/537.36 (compatible; Googlebot/2.1; +http://www.google.com/bot.html)"
66.249.73.4 - - [27/Sep/2026:15:38:32 +0300] "GET /?h=b0l7a2z3o7n9e1d8477 HTTP/1.1" 200 224018 "-" "Mozilla/5.0 (Linux; Android 6.0.1; Nexus 5X Build/MMB29P) AppleWebKit/537.36 (KHTML, like Gecko) Chrome/153.0.8010.52 Mobile Safari/537.36 (compatible; Googlebot/2.1; +http://www.google.com/bot.html)"
66.249.73.3 - - [27/Sep/2026:15:38:34 +0300] "GET /?enviable/09981572411 HTTP/1.1" 200 222306 "-" "Mozilla/5.0 (Linux; Android 6.0.1; Nexus 5X Build/MMB29P) AppleWebKit/537.36 (KHTML, like Gecko) Chrome/153.0.8010.52 Mobile Safari/537.36 (compatible; Googlebot/2.1; +http://www.google.com/bot.html)"
66.249.73.3 - - [27/Sep/2026:15:38:36 +0300] "GET /?forestalling/17378496618 HTTP/1.1" 200 219343 "-" "Mozilla/5.0 (Linux; Android 6.0.1; Nexus 5X Build/MMB29P) AppleWebKit/537.36 (KHTML, like Gecko) Chrome/153.0.8010.52 Mobile Safari/537.36 (compatible; Googlebot/2.1; +http://www.google.com/bot.html)"
66.249.73.4 - - [27/Sep/2026:15:38:40 +0300] "GET /?entogenous/042157051566 HTTP/1.1" 200 213655 "-" "Mozilla/5.0 (Linux; Android 6.0.1; Nexus 5X Build/MMB29P) AppleWebKit/537.36 (KHTML, like Gecko) Chrome/153.0.8010.52 Mobile Safari/537.36 (compatible; Googlebot/2.1; +http://www.google.com/bot.html)"
20.31.129.34 - - [27/Sep/2026:15:38:44 +0300] "GET /debug.log HTTP/1.1" 301 - "-" "Mozilla/5.0 (Windows NT 10.0; Win64; x64) AppleWebKit/537.36 (KHTML, like Gecko) Chrome/126.0.0.0 Safari/537.36"
66.249.73.3 - - [27/Sep/2026:15:38:47 +0300] "GET /?h=r0a6v2e3n5e6d820717 HTTP/1.1" 200 224169 "-" "Mozilla/5.0 (Linux; Android 6.0.1; Nexus 5X Build/MMB29P) AppleWebKit/537.36 (KHTML, like Gecko) Chrome/153.0.8010.52 Mobile Safari/537.36 (compatible; Googlebot/2.1; +http://www.google.com/bot.html)"
20.31.129.34 - - [27/Sep/2026:15:38:50 +0300] "GET /debug.log HTTP/1.1" 404 28782 "-" "Mozilla/5.0 (Windows NT 10.0; Win64; x64) AppleWebKit/537.36 (KHTML, like Gecko) Chrome/126.0.0.0 Safari/537.36"
66.249.73.3 - - [27/Sep/2026:15:38:52 +0300] "GET /?h=l0e2g1u1m3e5s955232 HTTP/1.1" 200 225435 "-" "Mozilla/5.0 (Linux; Android 6.0.1; Nexus 5X Build/MMB29P) AppleWebKit/537.36 (KHTML, like Gecko) Chrome/153.0.8010.52 Mobile Safari/537.36 (compatible; Googlebot/2.1; +http://www.google.com/bot.html)"
66.249.73.3 - - [27/Sep/2026:15:38:54 +0300] "GET /?h=l0a2c8e0m8e6n27471 HTTP/1.1" 200 222499 "-" "Mozilla/5.0 (Linux; Android 6.0.1; Nexus 5X Build/MMB29P) AppleWebKit/537.36 (KHTML, like Gecko) Chrome/153.0.8010.52 Mobile Safari/537.36 (compatible; Googlebot/2.1; +http://www.google.com/bot.html)"
66.249.73.3 - - [27/Sep/2026:15:38:56 +0300] "GET /?h=l1i2v3e5r1l4e6a3f6474 HTTP/1.1" 200 216569 "-" "Mozilla/5.0 (Linux; Android 6.0.1; Nexus 5X Build/MMB29P) AppleWebKit/537.36 (KHTML, like Gecko) Chrome/153.0.8010.52 Mobile Safari/537.36 (compatible; Googlebot/2.1; +http://www.google.com/bot.html)"
20.31.129.34 - - [27/Sep/2026:15:38:56 +0300] "GET /phpinfo.php HTTP/1.1" 301 - "-" "Mozilla/5.0 (Windows NT 10.0; Win64; x64) AppleWebKit/537.36 (KHTML, like Gecko) Chrome/126.0.0.0 Safari/537.36"
66.249.73.3 - - [27/Sep/2026:15:38:57 +0300] "GET /?h=e0d4i3t8o8r1i5a8l0870 HTTP/1.1" 200 221334 "-" "Mozilla/5.0 (Linux; Android 6.0.1; Nexus 5X Build/MMB29P) AppleWebKit/537.36 (KHTML, like Gecko) Chrome/153.0.8010.52 Mobile Safari/537.36 (compatible; Googlebot/2.1; +http://www.google.com/bot.html)"
