20.219.11.16 - - [27/Sep/2026:17:51:46 +0300] "GET /wp-login.php?redirect_to=https%3A%2F%2Finiciativa.lv%2Fwp-admin%2Fnetwork%2Fplugins.php&reauth=1 HTTP/1.1" 200 8586 "-" "-"
212.118.18.121 - - [27/Sep/2026:17:51:57 +0300] "POST /xmlrpc.php HTTP/1.1" 200 - "-" "Jetpack by WordPress.com"
212.118.18.121 - - [27/Sep/2026:17:52:07 +0300] "POST /xmlrpc.php HTTP/1.1" 200 - "-" "Jetpack by WordPress.com (Jetpack 12.1; WordPress 6.3)"
212.118.18.121 - - [27/Sep/2026:17:52:18 +0300] "POST /xmlrpc.php HTTP/1.1" 200 - "-" "Jetpack by WordPress.com (Jetpack 12.1; WordPress 6.1)"
212.118.18.121 - - [27/Sep/2026:17:52:29 +0300] "POST /xmlrpc.php HTTP/1.1" 200 - "-" "WordPress.com; https://wordpress.com"
212.118.18.121 - - [27/Sep/2026:17:52:39 +0300] "POST /xmlrpc.php HTTP/1.1" 200 - "-" "Jetpack by WordPress.com"
52.167.144.16 - - [27/Sep/2026:17:52:42 +0300] "GET /socinian/cyparissias/b1a0c3k0s5t4r0e7s2s104 HTTP/2.0" 200 210935 "-" "Mozilla/5.0 AppleWebKit/537.36 (KHTML, like Gecko; compatible; bingbot/2.0; +http://www.bing.com/bingbot.htm) Chrome/116.0.1938.76 Safari/537.36"
212.118.18.121 - - [27/Sep/2026:17:52:50 +0300] "POST /xmlrpc.php HTTP/1.1" 200 - "-" "Jetpack by WordPress.com"
212.118.18.121 - - [27/Sep/2026:17:53:01 +0300] "POST /xmlrpc.php HTTP/1.1" 200 - "-" "Jetpack by WordPress.com (Jetpack 13.0; WordPress 6.1)"
212.118.18.121 - - [27/Sep/2026:17:53:11 +0300] "POST /xmlrpc.php HTTP/1.1" 200 - "-" "WordPress.com; https://wordpress.com"
212.118.18.121 - - [27/Sep/2026:17:53:22 +0300] "POST /xmlrpc.php HTTP/1.1" 200 - "-" "Jetpack by WordPress.com"
212.118.18.121 - - [27/Sep/2026:17:53:33 +0300] "POST /xmlrpc.php HTTP/1.1" 200 - "-" "Jetpack by WordPress.com"
212.118.18.121 - - [27/Sep/2026:17:53:43 +0300] "POST /xmlrpc.php HTTP/1.1" 200 - "-" "Jetpack by WordPress.com (Jetpack 12.1; WordPress 6.3)"
212.118.18.121 - - [27/Sep/2026:17:53:54 +0300] "POST /xmlrpc.php HTTP/1.1" 200 - "-" "Jetpack/12.5; WordPress/6.4; http://site35357085.com"
212.118.18.121 - - [27/Sep/2026:17:54:05 +0300] "POST /xmlrpc.php HTTP/1.1" 200 - "-" "WordPress.com; https://wordpress.com"
212.118.18.121 - - [27/Sep/2026:17:54:15 +0300] "POST /xmlrpc.php HTTP/1.1" 200 - "-" "Jetpack by WordPress.com (Jetpack 13.0; WordPress 6.1)"
212.118.18.121 - - [27/Sep/2026:17:54:26 +0300] "POST /xmlrpc.php HTTP/1.1" 200 - "-" "WordPress.com; https://wordpress.com"
212.118.18.121 - - [27/Sep/2026:17:54:37 +0300] "POST /xmlrpc.php HTTP/1.1" 200 - "-" "WordPress.com; https://wordpress.com"
212.118.18.121 - - [27/Sep/2026:17:54:47 +0300] "POST /xmlrpc.php HTTP/1.1" 200 - "-" "Jetpack/12.0; WordPress/6.4; http://site92123825.com"
52.167.144.16 - - [27/Sep/2026:17:54:51 +0300] "GET /sitemap-child-1721.xml HTTP/2.0" 200 364678 "-" "Mozilla/5.0 AppleWebKit/537.36 (KHTML, like Gecko; compatible; bingbot/2.0; +http://www.bing.com/bingbot.htm) Chrome/116.0.1938.76 Safari/537.36"
212.118.18.121 - - [27/Sep/2026:17:54:58 +0300] "POST /xmlrpc.php HTTP/1.1" 200 - "-" "Jetpack by WordPress.com"
212.118.18.121 - - [27/Sep/2026:17:55:08 +0300] "POST /xmlrpc.php HTTP/1.1" 200 - "-" "Jetpack by WordPress.com"
212.118.18.121 - - [27/Sep/2026:17:55:19 +0300] "POST /xmlrpc.php HTTP/1.1" 200 - "-" "Jetpack/13.0; WordPress/6.2; http://site88917784.com"
212.118.18.121 - - [27/Sep/2026:17:55:30 +0300] "POST /xmlrpc.php HTTP/1.1" 200 - "-" "Jetpack/12.0; WordPress/6.2; http://site52011461.com"
212.118.18.121 - - [27/Sep/2026:17:55:40 +0300] "POST /xmlrpc.php HTTP/1.1" 200 - "-" "Jetpack by WordPress.com (Jetpack 12.1; WordPress 6.3)"
212.118.18.121 - - [27/Sep/2026:17:55:51 +0300] "POST /xmlrpc.php HTTP/1.1" 200 - "-" "Jetpack/12.5; WordPress/6.3; http://site21103138.com"
212.118.18.121 - - [27/Sep/2026:17:56:02 +0300] "POST /xmlrpc.php HTTP/1.1" 200 - "-" "Jetpack/12.1; WordPress/6.4; http://site71030749.com"
212.118.18.121 - - [27/Sep/2026:17:56:12 +0300] "POST /xmlrpc.php HTTP/1.1" 200 - "-" "Jetpack by WordPress.com"
212.118.18.121 - - [27/Sep/2026:17:56:23 +0300] "POST /xmlrpc.php HTTP/1.1" 200 - "-" "Jetpack by WordPress.com (Jetpack 12.0; WordPress 6.2)"
212.118.18.121 - - [27/Sep/2026:17:56:34 +0300] "POST /xmlrpc.php HTTP/1.1" 200 - "-" "WordPress.com; https://wordpress.com"
212.118.18.121 - - [27/Sep/2026:17:56:44 +0300] "POST /xmlrpc.php HTTP/1.1" 200 - "-" "Jetpack by WordPress.com (Jetpack 12.5; WordPress 6.2)"
212.118.18.121 - - [27/Sep/2026:17:56:55 +0300] "POST /xmlrpc.php HTTP/1.1" 200 - "-" "Jetpack/12.1; WordPress/6.3; http://site46541933.com"
212.118.18.121 - - [27/Sep/2026:17:57:06 +0300] "POST /xmlrpc.php HTTP/1.1" 200 - "-" "Jetpack by WordPress.com (Jetpack 12.5; WordPress 6.1)"
212.118.18.121 - - [27/Sep/2026:17:57:16 +0300] "POST /xmlrpc.php HTTP/1.1" 200 - "-" "WordPress.com; https://wordpress.com"
212.118.18.121 - - [27/Sep/2026:17:57:27 +0300] "POST /xmlrpc.php HTTP/1.1" 200 - "-" "WordPress.com; https://wordpress.com"
212.118.18.121 - - [27/Sep/2026:17:57:37 +0300] "POST /xmlrpc.php HTTP/1.1" 200 - "-" "Jetpack by WordPress.com"
212.118.18.121 - - [27/Sep/2026:17:57:48 +0300] "POST /xmlrpc.php HTTP/1.1" 200 - "-" "WordPress.com; https://wordpress.com"
212.118.18.121 - - [27/Sep/2026:17:57:59 +0300] "POST /xmlrpc.php HTTP/1.1" 200 - "-" "Jetpack by WordPress.com"
212.118.18.121 - - [27/Sep/2026:17:58:09 +0300] "POST /xmlrpc.php HTTP/1.1" 200 - "-" "Jetpack/12.0; WordPress/6.3; http://site67475555.com"
212.118.18.121 - - [27/Sep/2026:17:58:20 +0300] "POST /xmlrpc.php HTTP/1.1" 200 - "-" "Jetpack by WordPress.com (Jetpack 12.5; WordPress 6.4)"
212.118.18.121 - - [27/Sep/2026:17:58:31 +0300] "POST /xmlrpc.php HTTP/1.1" 200 - "-" "Jetpack by WordPress.com (Jetpack 12.5; WordPress 6.3)"
212.118.18.121 - - [27/Sep/2026:17:58:41 +0300] "POST /xmlrpc.php HTTP/1.1" 200 - "-" "Jetpack by WordPress.com"
212.118.18.121 - - [27/Sep/2026:17:58:52 +0300] "POST /xmlrpc.php HTTP/1.1" 200 - "-" "WordPress.com; https://wordpress.com"
212.118.18.121 - - [27/Sep/2026:17:59:03 +0300] "POST /xmlrpc.php HTTP/1.1" 200 - "-" "Jetpack by WordPress.com (Jetpack 12.0; WordPress 6.2)"
212.118.18.121 - - [27/Sep/2026:17:59:13 +0300] "POST /xmlrpc.php HTTP/1.1" 200 - "-" "Jetpack by WordPress.com"
52.167.144.25 - - [27/Sep/2026:17:59:14 +0300] "GET /shops/tourniquet/y1e0l2d3r0i9n454805 HTTP/2.0" 200 212212 "-" "Mozilla/5.0 AppleWebKit/537.36 (KHTML, like Gecko; compatible; bingbot/2.0; +http://www.bing.com/bingbot.htm) Chrome/116.0.1938.76 Safari/537.36"
212.118.18.121 - - [27/Sep/2026:17:59:24 +0300] "POST /xmlrpc.php HTTP/1.1" 200 - "-" "Jetpack/12.1; WordPress/6.2; http://site79077528.com"
212.118.18.121 - - [27/Sep/2026:17:59:34 +0300] "POST /xmlrpc.php HTTP/1.1" 200 - "-" "Jetpack by WordPress.com"
212.118.18.121 - - [27/Sep/2026:17:59:45 +0300] "POST /xmlrpc.php HTTP/1.1" 200 - "-" "Jetpack by WordPress.com"
212.118.18.121 - - [27/Sep/2026:17:59:56 +0300] "POST /xmlrpc.php HTTP/1.1" 200 - "-" "Jetpack by WordPress.com (Jetpack 12.0; WordPress 6.1)"
212.118.18.121 - - [27/Sep/2026:18:00:06 +0300] "POST /xmlrpc.php HTTP/1.1" 200 - "-" "Jetpack by WordPress.com"
52.167.144.169 - - [27/Sep/2026:18:00:08 +0300] "GET /luminor-hipotekarais-kredits-kalkulators-un-nosacijumi/ HTTP/2.0" 200 227548 "-" "Mozilla/5.0 AppleWebKit/537.36 (KHTML, like Gecko; compatible; bingbot/2.0; +http://www.bing.com/bingbot.htm) Chrome/116.0.1938.76 Safari/537.36"
212.118.18.121 - - [27/Sep/2026:18:00:17 +0300] "POST /xmlrpc.php HTTP/1.1" 200 - "-" "Jetpack by WordPress.com (Jetpack 12.0; WordPress 6.3)"
212.118.18.121 - - [27/Sep/2026:18:00:28 +0300] "POST /xmlrpc.php HTTP/1.1" 200 - "-" "Jetpack by WordPress.com (Jetpack 12.1; WordPress 6.1)"
212.118.18.121 - - [27/Sep/2026:18:00:38 +0300] "POST /xmlrpc.php HTTP/1.1" 200 - "-" "Jetpack by WordPress.com (Jetpack 12.0; WordPress 6.3)"
212.118.18.121 - - [27/Sep/2026:18:00:49 +0300] "POST /xmlrpc.php HTTP/1.1" 200 - "-" "Jetpack by WordPress.com"
52.167.144.25 - - [27/Sep/2026:18:00:52 +0300] "GET /sitemap-child-1572.xml HTTP/2.0" 200 364281 "-" "Mozilla/5.0 AppleWebKit/537.36 (KHTML, like Gecko; compatible; bingbot/2.0; +http://www.bing.com/bingbot.htm) Chrome/116.0.1938.76 Safari/537.36"
212.118.18.121 - - [27/Sep/2026:18:01:00 +0300] "POST /xmlrpc.php HTTP/1.1" 200 - "-" "Jetpack by WordPress.com (Jetpack 12.0; WordPress 6.3)"
52.167.144.23 - - [27/Sep/2026:18:01:02 +0300] "GET /sitemap-child-1108.xml HTTP/2.0" 200 364462 "-" "Mozilla/5.0 AppleWebKit/537.36 (KHTML, like Gecko; compatible; bingbot/2.0; +http://www.bing.com/bingbot.htm) Chrome/116.0.1938.76 Safari/537.36"
52.167.144.23 - - [27/Sep/2026:18:01:05 +0300] "GET /sitemap-child-1604.xml HTTP/2.0" 200 364884 "-" "Mozilla/5.0 AppleWebKit/537.36 (KHTML, like Gecko; compatible; bingbot/2.0; +http://www.bing.com/bingbot.htm) Chrome/116.0.1938.76 Safari/537.36"
52.167.144.23 - - [27/Sep/2026:18:01:07 +0300] "GET /sitemap-child-1511.xml HTTP/2.0" 200 364046 "-" "Mozilla/5.0 AppleWebKit/537.36 (KHTML, like Gecko; compatible; bingbot/2.0; +http://www.bing.com/bingbot.htm) Chrome/116.0.1938.76 Safari/537.36"
52.167.144.23 - - [27/Sep/2026:18:01:08 +0300] "GET /sitemap-child-1466.xml HTTP/2.0" 200 364511 "-" "Mozilla/5.0 AppleWebKit/537.36 (KHTML, like Gecko; compatible; bingbot/2.0; +http://www.bing.com/bingbot.htm) Chrome/116.0.1938.76 Safari/537.36"
212.118.18.121 - - [27/Sep/2026:18:01:10 +0300] "POST /xmlrpc.php HTTP/1.1" 200 - "-" "Jetpack by WordPress.com"
52.167.144.23 - - [27/Sep/2026:18:01:12 +0300] "GET /sitemap-child-1446.xml HTTP/2.0" 200 364585 "-" "Mozilla/5.0 AppleWebKit/537.36 (KHTML, like Gecko; compatible; bingbot/2.0; +http://www.bing.com/bingbot.htm) Chrome/116.0.1938.76 Safari/537.36"
52.167.144.25 - - [27/Sep/2026:18:01:13 +0300] "GET /sitemap-child-1480.xml HTTP/2.0" 200 364683 "-" "Mozilla/5.0 AppleWebKit/537.36 (KHTML, like Gecko; compatible; bingbot/2.0; +http://www.bing.com/bingbot.htm) Chrome/116.0.1938.76 Safari/537.36"
52.167.144.23 - - [27/Sep/2026:18:01:15 +0300] "GET /sitemap-child-1045.xml HTTP/2.0" 200 364050 "-" "Mozilla/5.0 AppleWebKit/537.36 (KHTML, like Gecko; compatible; bingbot/2.0; +http://www.bing.com/bingbot.htm) Chrome/116.0.1938.76 Safari/537.36"
52.167.144.23 - - [27/Sep/2026:18:01:17 +0300] "GET /sitemap-child-1183.xml HTTP/2.0" 200 364588 "-" "Mozilla/5.0 AppleWebKit/537.36 (KHTML, like Gecko; compatible; bingbot/2.0; +http://www.bing.com/bingbot.htm) Chrome/116.0.1938.76 Safari/537.36"
212.118.18.121 - - [27/Sep/2026:18:01:21 +0300] "POST /xmlrpc.php HTTP/1.1" 200 - "-" "Jetpack/12.1; WordPress/6.1; http://site95967387.com"
52.167.144.23 - - [27/Sep/2026:18:01:23 +0300] "GET /sitemap-child-1393.xml HTTP/2.0" 200 364457 "-" "Mozilla/5.0 AppleWebKit/537.36 (KHTML, like Gecko; compatible; bingbot/2.0; +http://www.bing.com/bingbot.htm) Chrome/116.0.1938.76 Safari/537.36"
52.167.144.23 - - [27/Sep/2026:18:01:25 +0300] "GET /sitemap-child-1347.xml HTTP/2.0" 200 364042 "-" "Mozilla/5.0 AppleWebKit/537.36 (KHTML, like Gecko; compatible; bingbot/2.0; +http://www.bing.com/bingbot.htm) Chrome/116.0.1938.76 Safari/537.36"
52.167.144.23 - - [27/Sep/2026:18:01:27 +0300] "GET /sitemap-child-1278.xml HTTP/2.0" 200 364710 "-" "Mozilla/5.0 AppleWebKit/537.36 (KHTML, like Gecko; compatible; bingbot/2.0; +http://www.bing.com/bingbot.htm) Chrome/116.0.1938.76 Safari/537.36"
52.167.144.23 - - [27/Sep/2026:18:01:29 +0300] "GET /sitemap-child-1091.xml HTTP/2.0" 200 364916 "-" "Mozilla/5.0 AppleWebKit/537.36 (KHTML, like Gecko; compatible; bingbot/2.0; +http://www.bing.com/bingbot.htm) Chrome/116.0.1938.76 Safari/537.36"
212.118.18.121 - - [27/Sep/2026:18:01:31 +0300] "POST /xmlrpc.php HTTP/1.1" 200 - "-" "Jetpack by WordPress.com (Jetpack 12.1; WordPress 6.3)"
52.167.144.23 - - [27/Sep/2026:18:01:31 +0300] "GET /sitemap-child-1441.xml HTTP/2.0" 200 364539 "-" "Mozilla/5.0 AppleWebKit/537.36 (KHTML, like Gecko; compatible; bingbot/2.0; +http://www.bing.com/bingbot.htm) Chrome/116.0.1938.76 Safari/537.36"
52.167.144.23 - - [27/Sep/2026:18:01:32 +0300] "GET /sitemap-child-1476.xml HTTP/2.0" 200 364186 "-" "Mozilla/5.0 AppleWebKit/537.36 (KHTML, like Gecko; compatible; bingbot/2.0; +http://www.bing.com/bingbot.htm) Chrome/116.0.1938.76 Safari/537.36"
52.167.144.23 - - [27/Sep/2026:18:01:33 +0300] "GET /sitemap-child-1442.xml HTTP/2.0" 200 364524 "-" "Mozilla/5.0 AppleWebKit/537.36 (KHTML, like Gecko; compatible; bingbot/2.0; +http://www.bing.com/bingbot.htm) Chrome/116.0.1938.76 Safari/537.36"
52.167.144.23 - - [27/Sep/2026:18:01:35 +0300] "GET /sitemap-child-1110.xml HTTP/2.0" 200 364239 "-" "Mozilla/5.0 AppleWebKit/537.36 (KHTML, like Gecko; compatible; bingbot/2.0; +http://www.bing.com/bingbot.htm) Chrome/116.0.1938.76 Safari/537.36"
52.167.144.25 - - [27/Sep/2026:18:01:37 +0300] "GET /sitemap-child-1054.xml HTTP/2.0" 200 364070 "-" "Mozilla/5.0 AppleWebKit/537.36 (KHTML, like Gecko; compatible; bingbot/2.0; +http://www.bing.com/bingbot.htm) Chrome/116.0.1938.76 Safari/537.36"
52.167.144.25 - - [27/Sep/2026:18:01:39 +0300] "GET /sitemap-child-1256.xml HTTP/2.0" 200 364424 "-" "Mozilla/5.0 AppleWebKit/537.36 (KHTML, like Gecko; compatible; bingbot/2.0; +http://www.bing.com/bingbot.htm) Chrome/116.0.1938.76 Safari/537.36"
212.118.18.121 - - [27/Sep/2026:18:01:42 +0300] "POST /xmlrpc.php HTTP/1.1" 200 - "-" "Jetpack/12.0; WordPress/6.2; http://site46589060.com"
52.167.144.25 - - [27/Sep/2026:18:01:41 +0300] "GET /sitemap-child-1563.xml HTTP/2.0" 200 364558 "-" "Mozilla/5.0 AppleWebKit/537.36 (KHTML, like Gecko; compatible; bingbot/2.0; +http://www.bing.com/bingbot.htm) Chrome/116.0.1938.76 Safari/537.36"
52.167.144.166 - - [27/Sep/2026:18:01:36 +0300] "GET /sitemap-child-1287.xml HTTP/2.0" 200 364070 "-" "Mozilla/5.0 AppleWebKit/537.36 (KHTML, like Gecko; compatible; bingbot/2.0; +http://www.bing.com/bingbot.htm) Chrome/116.0.1938.76 Safari/537.36"
52.167.144.25 - - [27/Sep/2026:18:01:43 +0300] "GET /sitemap-child-1119.xml HTTP/2.0" 200 363976 "-" "Mozilla/5.0 AppleWebKit/537.36 (KHTML, like Gecko; compatible; bingbot/2.0; +http://www.bing.com/bingbot.htm) Chrome/116.0.1938.76 Safari/537.36"
52.167.144.25 - - [27/Sep/2026:18:01:45 +0300] "GET /sitemap-child-1367.xml HTTP/2.0" 200 364355 "-" "Mozilla/5.0 AppleWebKit/537.36 (KHTML, like Gecko; compatible; bingbot/2.0; +http://www.bing.com/bingbot.htm) Chrome/116.0.1938.76 Safari/537.36"
52.167.144.25 - - [27/Sep/2026:18:01:47 +0300] "GET /sitemap-child-1157.xml HTTP/2.0" 200 363979 "-" "Mozilla/5.0 AppleWebKit/537.36 (KHTML, like Gecko; compatible; bingbot/2.0; +http://www.bing.com/bingbot.htm) Chrome/116.0.1938.76 Safari/537.36"
52.167.144.25 - - [27/Sep/2026:18:01:47 +0300] "GET /sitemap-child-1412.xml HTTP/2.0" 200 364309 "-" "Mozilla/5.0 AppleWebKit/537.36 (KHTML, like Gecko; compatible; bingbot/2.0; +http://www.bing.com/bingbot.htm) Chrome/116.0.1938.76 Safari/537.36"
52.167.144.166 - - [27/Sep/2026:18:01:44 +0300] "GET /sitemap-child-1443.xml HTTP/2.0" 200 364188 "-" "Mozilla/5.0 AppleWebKit/537.36 (KHTML, like Gecko; compatible; bingbot/2.0; +http://www.bing.com/bingbot.htm) Chrome/116.0.1938.76 Safari/537.36"
52.167.144.25 - - [27/Sep/2026:18:01:49 +0300] "GET /sitemap-child-1285.xml HTTP/2.0" 200 364086 "-" "Mozilla/5.0 AppleWebKit/537.36 (KHTML, like Gecko; compatible; bingbot/2.0; +http://www.bing.com/bingbot.htm) Chrome/116.0.1938.76 Safari/537.36"
52.167.144.25 - - [27/Sep/2026:18:01:49 +0300] "GET /sitemap-child-1169.xml HTTP/2.0" 200 364086 "-" "Mozilla/5.0 AppleWebKit/537.36 (KHTML, like Gecko; compatible; bingbot/2.0; +http://www.bing.com/bingbot.htm) Chrome/116.0.1938.76 Safari/537.36"
212.118.18.121 - - [27/Sep/2026:18:01:53 +0300] "POST /xmlrpc.php HTTP/1.1" 200 - "-" "Jetpack/12.1; WordPress/6.3; http://site99993498.com"
52.167.144.25 - - [27/Sep/2026:18:01:52 +0300] "GET /sitemap-child-1569.xml HTTP/2.0" 200 364531 "-" "Mozilla/5.0 AppleWebKit/537.36 (KHTML, like Gecko; compatible; bingbot/2.0; +http://www.bing.com/bingbot.htm) Chrome/116.0.1938.76 Safari/537.36"
52.167.144.25 - - [27/Sep/2026:18:01:52 +0300] "GET /sitemap-child-1620.xml HTTP/2.0" 200 364834 "-" "Mozilla/5.0 AppleWebKit/537.36 (KHTML, like Gecko; compatible; bingbot/2.0; +http://www.bing.com/bingbot.htm) Chrome/116.0.1938.76 Safari/537.36"
52.167.144.25 - - [27/Sep/2026:18:01:54 +0300] "GET /sitemap-child-1067.xml HTTP/2.0" 200 364110 "-" "Mozilla/5.0 AppleWebKit/537.36 (KHTML, like Gecko; compatible; bingbot/2.0; +http://www.bing.com/bingbot.htm) Chrome/116.0.1938.76 Safari/537.36"
52.167.144.25 - - [27/Sep/2026:18:01:54 +0300] "GET /sitemap-child-1450.xml HTTP/2.0" 200 364110 "-" "Mozilla/5.0 AppleWebKit/537.36 (KHTML, like Gecko; compatible; bingbot/2.0; +http://www.bing.com/bingbot.htm) Chrome/116.0.1938.76 Safari/537.36"
52.167.144.25 - - [27/Sep/2026:18:01:52 +0300] "GET /sitemap-child-1401.xml HTTP/2.0" 200 364531 "-" "Mozilla/5.0 AppleWebKit/537.36 (KHTML, like Gecko; compatible; bingbot/2.0; +http://www.bing.com/bingbot.htm) Chrome/116.0.1938.76 Safari/537.36"
52.167.144.25 - - [27/Sep/2026:18:01:56 +0300] "GET /sitemap-child-1010.xml HTTP/2.0" 200 364534 "-" "Mozilla/5.0 AppleWebKit/537.36 (KHTML, like Gecko; compatible; bingbot/2.0; +http://www.bing.com/bingbot.htm) Chrome/116.0.1938.76 Safari/537.36"
52.167.144.25 - - [27/Sep/2026:18:01:56 +0300] "GET /sitemap-child-1101.xml HTTP/2.0" 200 364534 "-" "Mozilla/5.0 AppleWebKit/537.36 (KHTML, like Gecko; compatible; bingbot/2.0; +http://www.bing.com/bingbot.htm) Chrome/116.0.1938.76 Safari/537.36"
52.167.144.25 - - [27/Sep/2026:18:01:56 +0300] "GET /sitemap-child-1049.xml HTTP/2.0" 200 364534 "-" "Mozilla/5.0 AppleWebKit/537.36 (KHTML, like Gecko; compatible; bingbot/2.0; +http://www.bing.com/bingbot.htm) Chrome/116.0.1938.76 Safari/537.36"
52.167.144.23 - - [27/Sep/2026:18:01:57 +0300] "GET /sitemap-child-1521.xml HTTP/2.0" 200 363993 "-" "Mozilla/5.0 AppleWebKit/537.36 (KHTML, like Gecko; compatible; bingbot/2.0; +http://www.bing.com/bingbot.htm) Chrome/116.0.1938.76 Safari/537.36"
212.118.18.121 - - [27/Sep/2026:18:02:03 +0300] "POST /xmlrpc.php HTTP/1.1" 200 - "-" "Jetpack/12.5; WordPress/6.4; http://site45310093.com"
212.118.18.121 - - [27/Sep/2026:18:02:14 +0300] "POST /xmlrpc.php HTTP/1.1" 200 - "-" "Jetpack by WordPress.com (Jetpack 12.0; WordPress 6.4)"
212.118.18.121 - - [27/Sep/2026:18:02:25 +0300] "POST /xmlrpc.php HTTP/1.1" 200 - "-" "Jetpack by WordPress.com (Jetpack 12.5; WordPress 6.4)"
212.118.18.121 - - [27/Sep/2026:18:02:35 +0300] "POST /xmlrpc.php HTTP/1.1" 200 - "-" "Jetpack by WordPress.com"
52.167.144.166 - - [27/Sep/2026:18:02:34 +0300] "GET /sitemap-child-1114.xml HTTP/2.0" 200 364654 "-" "Mozilla/5.0 AppleWebKit/537.36 (KHTML, like Gecko; compatible; bingbot/2.0; +http://www.bing.com/bingbot.htm) Chrome/116.0.1938.76 Safari/537.36"
212.118.18.121 - - [27/Sep/2026:18:02:46 +0300] "POST /xmlrpc.php HTTP/1.1" 200 - "-" "Jetpack by WordPress.com"
212.118.18.121 - - [27/Sep/2026:18:02:57 +0300] "POST /xmlrpc.php HTTP/1.1" 200 - "-" "Jetpack by WordPress.com (Jetpack 12.5; WordPress 6.4)"
212.118.18.121 - - [27/Sep/2026:18:03:07 +0300] "POST /xmlrpc.php HTTP/1.1" 200 - "-" "Jetpack/13.0; WordPress/6.1; http://site96557032.com"
212.118.18.121 - - [27/Sep/2026:18:03:18 +0300] "POST /xmlrpc.php HTTP/1.1" 200 - "-" "Jetpack by WordPress.com (Jetpack 12.0; WordPress 6.4)"
52.167.144.166 - - [27/Sep/2026:18:03:15 +0300] "GET /sitemap-child-1201.xml HTTP/2.0" 200 363979 "-" "Mozilla/5.0 AppleWebKit/537.36 (KHTML, like Gecko; compatible; bingbot/2.0; +http://www.bing.com/bingbot.htm) Chrome/116.0.1938.76 Safari/537.36"
212.118.18.121 - - [27/Sep/2026:18:03:29 +0300] "POST /xmlrpc.php HTTP/1.1" 200 - "-" "WordPress.com; https://wordpress.com"
52.167.144.166 - - [27/Sep/2026:18:03:25 +0300] "GET /sitemap-child-1580.xml HTTP/2.0" 200 364572 "-" "Mozilla/5.0 AppleWebKit/537.36 (KHTML, like Gecko; compatible; bingbot/2.0; +http://www.bing.com/bingbot.htm) Chrome/116.0.1938.76 Safari/537.36"
212.118.18.121 - - [27/Sep/2026:18:03:39 +0300] "POST /xmlrpc.php HTTP/1.1" 200 - "-" "WordPress.com; https://wordpress.com"
85.254.144.33 - - [27/Sep/2026:18:03:40 +0300] "POST /wp-cron.php?doing_wp_cron=1790521420.0201339721679687500000 HTTP/1.1" 200 - "https://www.iniciativa.lv/wp-cron.php?doing_wp_cron=1790521420.0201339721679687500000" "WordPress/6.0.16; https://www.iniciativa.lv"
209.141.37.250 - - [27/Sep/2026:18:03:39 +0300] "GET /wp-login.php HTTP/1.1" 200 8458 "-" "Mozilla/5.0 (Macintosh; Intel Mac OS X 11_7_10) AppleWebKit/537.36 (KHTML, like Gecko) Chrome/119.0.0.0 Safari/537.36"
52.167.144.23 - - [27/Sep/2026:18:03:42 +0300] "GET /sitemap-child-2143.xml HTTP/2.0" 200 364670 "-" "Mozilla/5.0 AppleWebKit/537.36 (KHTML, like Gecko; compatible; bingbot/2.0; +http://www.bing.com/bingbot.htm) Chrome/116.0.1938.76 Safari/537.36"
52.167.144.25 - - [27/Sep/2026:18:03:46 +0300] "GET /sitemap-child-1401.xml HTTP/2.0" 200 364946 "-" "Mozilla/5.0 AppleWebKit/537.36 (KHTML, like Gecko; compatible; bingbot/2.0; +http://www.bing.com/bingbot.htm) Chrome/116.0.1938.76 Safari/537.36"
212.118.18.121 - - [27/Sep/2026:18:03:50 +0300] "POST /xmlrpc.php HTTP/1.1" 200 - "-" "Jetpack by WordPress.com"
212.118.18.121 - - [27/Sep/2026:18:04:00 +0300] "POST /xmlrpc.php HTTP/1.1" 200 - "-" "Jetpack by WordPress.com (Jetpack 12.0; WordPress 6.2)"
52.167.144.166 - - [27/Sep/2026:18:03:56 +0300] "GET /sitemap-child-1465.xml HTTP/2.0" 200 364024 "-" "Mozilla/5.0 AppleWebKit/537.36 (KHTML, like Gecko; compatible; bingbot/2.0; +http://www.bing.com/bingbot.htm) Chrome/116.0.1938.76 Safari/537.36"
52.167.144.166 - - [27/Sep/2026:18:04:05 +0300] "GET /sitemap-child-1486.xml HTTP/2.0" 200 364024 "-" "Mozilla/5.0 AppleWebKit/537.36 (KHTML, like Gecko; compatible; bingbot/2.0; +http://www.bing.com/bingbot.htm) Chrome/116.0.1938.76 Safari/537.36"
212.118.18.121 - - [27/Sep/2026:18:04:11 +0300] "POST /xmlrpc.php HTTP/1.1" 200 - "-" "WordPress.com; https://wordpress.com"
52.167.144.166 - - [27/Sep/2026:18:04:07 +0300] "GET /sitemap-child-1124.xml HTTP/2.0" 200 364186 "-" "Mozilla/5.0 AppleWebKit/537.36 (KHTML, like Gecko; compatible; bingbot/2.0; +http://www.bing.com/bingbot.htm) Chrome/116.0.1938.76 Safari/537.36"
212.118.18.121 - - [27/Sep/2026:18:04:22 +0300] "POST /xmlrpc.php HTTP/1.1" 200 - "-" "WordPress.com; https://wordpress.com"
212.118.18.121 - - [27/Sep/2026:18:04:32 +0300] "POST /xmlrpc.php HTTP/1.1" 200 - "-" "Jetpack by WordPress.com (Jetpack 13.0; WordPress 6.2)"
52.167.144.166 - - [27/Sep/2026:18:04:32 +0300] "GET /sitemap-child-2722.xml HTTP/2.0" 200 363937 "-" "Mozilla/5.0 AppleWebKit/537.36 (KHTML, like Gecko; compatible; bingbot/2.0; +http://www.bing.com/bingbot.htm) Chrome/116.0.1938.76 Safari/537.36"
212.118.18.121 - - [27/Sep/2026:18:04:43 +0300] "POST /xmlrpc.php HTTP/1.1" 200 - "-" "Jetpack/13.0; WordPress/6.1; http://site45085966.com"
52.167.144.166 - - [27/Sep/2026:18:04:41 +0300] "GET /sitemap-child-1495.xml HTTP/2.0" 200 364143 "-" "Mozilla/5.0 AppleWebKit/537.36 (KHTML, like Gecko; compatible; bingbot/2.0; +http://www.bing.com/bingbot.htm) Chrome/116.0.1938.76 Safari/537.36"
212.118.18.121 - - [27/Sep/2026:18:04:53 +0300] "POST /xmlrpc.php HTTP/1.1" 200 - "-" "Jetpack/12.5; WordPress/6.4; http://site51625875.com"
212.118.18.121 - - [27/Sep/2026:18:05:04 +0300] "POST /xmlrpc.php HTTP/1.1" 200 - "-" "Jetpack/12.0; WordPress/6.3; http://site98247871.com"
52.167.144.166 - - [27/Sep/2026:18:05:04 +0300] "GET /sitemap-child-1193.xml HTTP/2.0" 200 364024 "-" "Mozilla/5.0 AppleWebKit/537.36 (KHTML, like Gecko; compatible; bingbot/2.0; +http://www.bing.com/bingbot.htm) Chrome/116.0.1938.76 Safari/537.36"
52.167.144.166 - - [27/Sep/2026:18:05:10 +0300] "GET /sitemap-child-1567.xml HTTP/2.0" 200 364086 "-" "Mozilla/5.0 AppleWebKit/537.36 (KHTML, like Gecko; compatible; bingbot/2.0; +http://www.bing.com/bingbot.htm) Chrome/116.0.1938.76 Safari/537.36"
212.118.18.121 - - [27/Sep/2026:18:05:15 +0300] "POST /xmlrpc.php HTTP/1.1" 200 - "-" "WordPress.com; https://wordpress.com"
212.118.18.121 - - [27/Sep/2026:18:05:25 +0300] "POST /xmlrpc.php HTTP/1.1" 200 - "-" "Jetpack by WordPress.com"
52.167.144.166 - - [27/Sep/2026:18:05:25 +0300] "GET /sitemap-child-1170.xml HTTP/2.0" 200 363616 "-" "Mozilla/5.0 AppleWebKit/537.36 (KHTML, like Gecko; compatible; bingbot/2.0; +http://www.bing.com/bingbot.htm) Chrome/116.0.1938.76 Safari/537.36"
212.118.18.121 - - [27/Sep/2026:18:05:36 +0300] "POST /xmlrpc.php HTTP/1.1" 200 - "-" "Jetpack/12.1; WordPress/6.3; http://site81548158.com"
52.167.144.166 - - [27/Sep/2026:18:05:38 +0300] "GET /sitemap-child-1078.xml HTTP/2.0" 200 364415 "-" "Mozilla/5.0 AppleWebKit/537.36 (KHTML, like Gecko; compatible; bingbot/2.0; +http://www.bing.com/bingbot.htm) Chrome/116.0.1938.76 Safari/537.36"
52.167.144.166 - - [27/Sep/2026:18:05:42 +0300] "GET /sitemap-child-1332.xml HTTP/2.0" 200 364502 "-" "Mozilla/5.0 AppleWebKit/537.36 (KHTML, like Gecko; compatible; bingbot/2.0; +http://www.bing.com/bingbot.htm) Chrome/116.0.1938.76 Safari/537.36"
52.167.144.166 - - [27/Sep/2026:18:05:44 +0300] "GET /sitemap-child-1542.xml HTTP/2.0" 200 364620 "-" "Mozilla/5.0 AppleWebKit/537.36 (KHTML, like Gecko; compatible; bingbot/2.0; +http://www.bing.com/bingbot.htm) Chrome/116.0.1938.76 Safari/537.36"
212.118.18.121 - - [27/Sep/2026:18:05:47 +0300] "POST /xmlrpc.php HTTP/1.1" 200 - "-" "Jetpack by WordPress.com (Jetpack 12.5; WordPress 6.3)"
52.167.144.166 - - [27/Sep/2026:18:05:47 +0300] "GET /shops/numenius/f1a0l3a0n0o6u9c50434 HTTP/2.0" 200 221868 "-" "Mozilla/5.0 AppleWebKit/537.36 (KHTML, like Gecko; compatible; bingbot/2.0; +http://www.bing.com/bingbot.htm) Chrome/116.0.1938.76 Safari/537.36"
212.118.18.121 - - [27/Sep/2026:18:05:57 +0300] "POST /xmlrpc.php HTTP/1.1" 200 - "-" "Jetpack by WordPress.com (Jetpack 12.1; WordPress 6.4)"
212.118.18.121 - - [27/Sep/2026:18:06:08 +0300] "POST /xmlrpc.php HTTP/1.1" 200 - "-" "Jetpack by WordPress.com (Jetpack 12.5; WordPress 6.4)"
212.118.18.121 - - [27/Sep/2026:18:06:19 +0300] "POST /xmlrpc.php HTTP/1.1" 200 - "-" "Jetpack by WordPress.com"
212.118.18.121 - - [27/Sep/2026:18:06:29 +0300] "POST /xmlrpc.php HTTP/1.1" 200 - "-" "Jetpack by WordPress.com (Jetpack 13.0; WordPress 6.3)"
212.118.18.121 - - [27/Sep/2026:18:06:40 +0300] "POST /xmlrpc.php HTTP/1.1" 200 - "-" "Jetpack/13.0; WordPress/6.4; http://site75553653.com"
212.118.18.121 - - [27/Sep/2026:18:06:50 +0300] "POST /xmlrpc.php HTTP/1.1" 200 - "-" "Jetpack by WordPress.com"
212.118.18.121 - - [27/Sep/2026:18:07:01 +0300] "POST /xmlrpc.php HTTP/1.1" 200 - "-" "Jetpack by WordPress.com (Jetpack 13.0; WordPress 6.1)"
212.118.18.121 - - [27/Sep/2026:18:07:12 +0300] "POST /xmlrpc.php HTTP/1.1" 200 - "-" "WordPress.com; https://wordpress.com"
52.167.144.23 - - [27/Sep/2026:18:07:13 +0300] "GET /meddlesomeness/forswearing/r1h0a1b3d3o1c7o5e2l7o9u9s HTTP/2.0" 200 219431 "-" "Mozilla/5.0 AppleWebKit/537.36 (KHTML, like Gecko; compatible; bingbot/2.0; +http://www.bing.com/bingbot.htm) Chrome/116.0.1938.76 Safari/537.36"
212.118.18.121 - - [27/Sep/2026:18:07:22 +0300] "POST /xmlrpc.php HTTP/1.1" 200 - "-" "Jetpack by WordPress.com (Jetpack 12.0; WordPress 6.4)"
212.118.18.121 - - [27/Sep/2026:18:07:33 +0300] "POST /xmlrpc.php HTTP/1.1" 200 - "-" "Jetpack/12.5; WordPress/6.2; http://site63493189.com"
212.118.18.121 - - [27/Sep/2026:18:07:44 +0300] "POST /xmlrpc.php HTTP/1.1" 200 - "-" "Jetpack by WordPress.com"
62.60.130.227 - - [27/Sep/2026:18:07:50 +0300] "GET / HTTP/1.1" 200 79947 "-" "Mozilla/5.0 (Windows NT 10.0; Win64; x64) AppleWebKit/537.36 (KHTML, like Gecko) Chrome/126.0.0.0 Safari/537.36"
85.254.144.33 - - [27/Sep/2026:18:07:50 +0300] "POST /wp-cron.php?doing_wp_cron=1790521670.4112279415130615234375 HTTP/1.1" 200 - "https://www.iniciativa.lv/wp-cron.php?doing_wp_cron=1790521670.4112279415130615234375" "WordPress/6.0.16; https://www.iniciativa.lv"
209.141.37.250 - - [27/Sep/2026:18:07:49 +0300] "POST /wp-login.php HTTP/1.1" 200 8894 "-" "Mozilla/5.0 (Macintosh; Intel Mac OS X 11_7_10) AppleWebKit/537.36 (KHTML, like Gecko) Chrome/119.0.0.0 Safari/537.36"
62.60.130.227 - - [27/Sep/2026:18:07:50 +0300] "GET /wp-json/wp/v2/pages?per_page=30&_fields=id HTTP/1.1" 200 361 "-" "Mozilla/5.0 (Windows NT 10.0; Win64; x64) AppleWebKit/537.36 (KHTML, like Gecko) Chrome/126.0.0.0 Safari/537.36"
62.60.130.227 - - [27/Sep/2026:18:07:51 +0300] "GET /wp-content/themes/smart-mag/page-templates/ HTTP/1.1" 404 28784 "-" "Mozilla/5.0 (Windows NT 10.0; Win64; x64) AppleWebKit/537.36 (KHTML, like Gecko) Chrome/126.0.0.0 Safari/537.36"
62.60.130.227 - - [27/Sep/2026:18:07:52 +0300] "GET /wp-content/themes/smart-mag-child/page-templates/ HTTP/1.1" 200 942 "-" "Mozilla/5.0 (Windows NT 10.0; Win64; x64) AppleWebKit/537.36 (KHTML, like Gecko) Chrome/126.0.0.0 Safari/537.36"
62.60.130.227 - - [27/Sep/2026:18:07:52 +0300] "POST /?page_id=1076&pagename=templates%252f%252e%252e%252f%252e%252e%252f%252e%252e%252f%252e%252e%252fwp-links-opml HTTP/1.1" 500 31321 "-" "Mozilla/5.0 (Windows NT 10.0; Win64; x64) AppleWebKit/537.36 (KHTML, like Gecko) Chrome/126.0.0.0 Safari/537.36"
212.118.18.121 - - [27/Sep/2026:18:07:54 +0300] "POST /xmlrpc.php HTTP/1.1" 200 - "-" "WordPress.com; https://wordpress.com"
62.60.130.227 - - [27/Sep/2026:18:07:53 +0300] "GET /?page_id=1076&pagename=templates%252f%252e%252e%252f%252e%252e%252f%252e%252e%252f%252e%252e%252fwp-links-opml HTTP/1.1" 301 - "-" "Mozilla/5.0 (Windows NT 10.0; Win64; x64) AppleWebKit/537.36 (KHTML, like Gecko) Chrome/126.0.0.0 Safari/537.36"
62.60.130.227 - - [27/Sep/2026:18:07:54 +0300] "POST /?page_id=1076&pagename=templates%252f%252e%252e%252f%252e%252e%252f%252e%252e%252fwp-links-opml HTTP/1.1" 500 31321 "-" "Mozilla/5.0 (Windows NT 10.0; Win64; x64) AppleWebKit/537.36 (KHTML, like Gecko) Chrome/126.0.0.0 Safari/537.36"
62.60.130.227 - - [27/Sep/2026:18:07:56 +0300] "GET /?page_id=1076&pagename=templates%252f%252e%252e%252f%252e%252e%252f%252e%252e%252fwp-links-opml HTTP/1.1" 301 - "-" "Mozilla/5.0 (Windows NT 10.0; Win64; x64) AppleWebKit/537.36 (KHTML, like Gecko) Chrome/126.0.0.0 Safari/537.36"
62.60.130.227 - - [27/Sep/2026:18:07:57 +0300] "POST /?page_id=1076&pagename=templates%252f%252e%252e%252f%252e%252e%252f%252e%252e%252f%252e%252e%252f%252e%252e%252fwp-links-opml HTTP/1.1" 500 31321 "-" "Mozilla/5.0 (Windows NT 10.0; Win64; x64) AppleWebKit/537.36 (KHTML, like Gecko) Chrome/126.0.0.0 Safari/537.36"
62.60.130.227 - - [27/Sep/2026:18:07:58 +0300] "GET /?page_id=1076&pagename=templates%252f%252e%252e%252f%252e%252e%252f%252e%252e%252f%252e%252e%252f%252e%252e%252fwp-links-opml HTTP/1.1" 301 - "-" "Mozilla/5.0 (Windows NT 10.0; Win64; x64) AppleWebKit/537.36 (KHTML, like Gecko) Chrome/126.0.0.0 Safari/537.36"
62.60.130.227 - - [27/Sep/2026:18:07:59 +0300] "POST /?page_id=1076&pagename=templates%252f%252e%252e%252f%252e%252e%252f%252e%252e%252f%252e%252e%252f%252e%252e%252f%252e%252e%252fwp-links-opml HTTP/1.1" 500 31321 "-" "Mozilla/5.0 (Windows NT 10.0; Win64; x64) AppleWebKit/537.36 (KHTML, like Gecko) Chrome/126.0.0.0 Safari/537.36"
62.60.130.227 - - [27/Sep/2026:18:08:00 +0300] "GET /?page_id=1076&pagename=templates%252f%252e%252e%252f%252e%252e%252f%252e%252e%252f%252e%252e%252f%252e%252e%252f%252e%252e%252fwp-links-opml HTTP/1.1" 301 - "-" "Mozilla/5.0 (Windows NT 10.0; Win64; x64) AppleWebKit/537.36 (KHTML, like Gecko) Chrome/126.0.0.0 Safari/537.36"
62.60.130.227 - - [27/Sep/2026:18:08:01 +0300] "POST /?page_id=1076&pagename=templates%252f%252e%252e%252f%252e%252e%252f%252e%252e%252f%252e%252e%252f%252e%252e%252f%252e%252e%252f%252e%252e%252fwp-links-opml HTTP/1.1" 500 31321 "-" "Mozilla/5.0 (Windows NT 10.0; Win64; x64) AppleWebKit/537.36 (KHTML, like Gecko) Chrome/126.0.0.0 Safari/537.36"
62.60.130.227 - - [27/Sep/2026:18:08:02 +0300] "GET /?page_id=1076&pagename=templates%252f%252e%252e%252f%252e%252e%252f%252e%252e%252f%252e%252e%252f%252e%252e%252f%252e%252e%252f%252e%252e%252fwp-links-opml HTTP/1.1" 301 - "-" "Mozilla/5.0 (Windows NT 10.0; Win64; x64) AppleWebKit/537.36 (KHTML, like Gecko) Chrome/126.0.0.0 Safari/537.36"
62.60.130.227 - - [27/Sep/2026:18:08:03 +0300] "POST /?page_id=1076&pagename=templates%252f%252e%252e%252f%252e%252e%252fwp-links-opml HTTP/1.1" 500 31321 "-" "Mozilla/5.0 (Windows NT 10.0; Win64; x64) AppleWebKit/537.36 (KHTML, like Gecko) Chrome/126.0.0.0 Safari/537.36"
212.118.18.121 - - [27/Sep/2026:18:08:05 +0300] "POST /xmlrpc.php HTTP/1.1" 200 - "-" "Jetpack by WordPress.com (Jetpack 13.0; WordPress 6.4)"
62.60.130.227 - - [27/Sep/2026:18:08:05 +0300] "GET /?page_id=1076&pagename=templates%252f%252e%252e%252f%252e%252e%252fwp-links-opml HTTP/1.1" 301 - "-" "Mozilla/5.0 (Windows NT 10.0; Win64; x64) AppleWebKit/537.36 (KHTML, like Gecko) Chrome/126.0.0.0 Safari/537.36"
62.60.130.227 - - [27/Sep/2026:18:08:06 +0300] "POST /?page_id=1076&pagename=templates%252f%252e%252e%252f%252e%252e%252f%252e%252e%252f%252e%252e%252f%252e%252e%252f%252e%252e%252f%252e%252e%252f%252e%252e%252fwp-links-opml HTTP/1.1" 500 31321 "-" "Mozilla/5.0 (Windows NT 10.0; Win64; x64) AppleWebKit/537.36 (KHTML, like Gecko) Chrome/126.0.0.0 Safari/537.36"
62.60.130.227 - - [27/Sep/2026:18:08:08 +0300] "GET /?page_id=1076&pagename=templates%252f%252e%252e%252f%252e%252e%252f%252e%252e%252f%252e%252e%252f%252e%252e%252f%252e%252e%252f%252e%252e%252f%252e%252e%252fwp-links-opml HTTP/1.1" 301 - "-" "Mozilla/5.0 (Windows NT 10.0; Win64; x64) AppleWebKit/537.36 (KHTML, like Gecko) Chrome/126.0.0.0 Safari/537.36"
62.60.130.227 - - [27/Sep/2026:18:08:09 +0300] "POST /?page_id=1093&pagename=templates%252f%252e%252e%252f%252e%252e%252f%252e%252e%252f%252e%252e%252fwp-links-opml HTTP/1.1" 500 31207 "-" "Mozilla/5.0 (Windows NT 10.0; Win64; x64) AppleWebKit/537.36 (KHTML, like Gecko) Chrome/126.0.0.0 Safari/537.36"
62.60.130.227 - - [27/Sep/2026:18:08:10 +0300] "GET /?page_id=1093&pagename=templates%252f%252e%252e%252f%252e%252e%252f%252e%252e%252f%252e%252e%252fwp-links-opml HTTP/1.1" 301 - "-" "Mozilla/5.0 (Windows NT 10.0; Win64; x64) AppleWebKit/537.36 (KHTML, like Gecko) Chrome/126.0.0.0 Safari/537.36"
62.60.130.227 - - [27/Sep/2026:18:08:11 +0300] "POST /?page_id=1093&pagename=templates%252f%252e%252e%252f%252e%252e%252f%252e%252e%252fwp-links-opml HTTP/1.1" 500 31207 "-" "Mozilla/5.0 (Windows NT 10.0; Win64; x64) AppleWebKit/537.36 (KHTML, like Gecko) Chrome/126.0.0.0 Safari/537.36"
62.60.130.227 - - [27/Sep/2026:18:08:12 +0300] "GET /?page_id=1093&pagename=templates%252f%252e%252e%252f%252e%252e%252f%252e%252e%252fwp-links-opml HTTP/1.1" 301 - "-" "Mozilla/5.0 (Windows NT 10.0; Win64; x64) AppleWebKit/537.36 (KHTML, like Gecko) Chrome/126.0.0.0 Safari/537.36"
62.60.130.227 - - [27/Sep/2026:18:08:13 +0300] "POST /?page_id=1093&pagename=templates%252f%252e%252e%252f%252e%252e%252f%252e%252e%252f%252e%252e%252f%252e%252e%252fwp-links-opml HTTP/1.1" 500 31207 "-" "Mozilla/5.0 (Windows NT 10.0; Win64; x64) AppleWebKit/537.36 (KHTML, like Gecko) Chrome/126.0.0.0 Safari/537.36"
62.60.130.227 - - [27/Sep/2026:18:08:14 +0300] "GET /?page_id=1093&pagename=templates%252f%252e%252e%252f%252e%252e%252f%252e%252e%252f%252e%252e%252f%252e%252e%252fwp-links-opml HTTP/1.1" 301 - "-" "Mozilla/5.0 (Windows NT 10.0; Win64; x64) AppleWebKit/537.36 (KHTML, like Gecko) Chrome/126.0.0.0 Safari/537.36"
212.118.18.121 - - [27/Sep/2026:18:08:16 +0300] "POST /xmlrpc.php HTTP/1.1" 200 - "-" "Jetpack by WordPress.com (Jetpack 13.0; WordPress 6.1)"
62.60.130.227 - - [27/Sep/2026:18:08:15 +0300] "POST /?page_id=1093&pagename=templates%252f%252e%252e%252f%252e%252e%252f%252e%252e%252f%252e%252e%252f%252e%252e%252f%252e%252e%252fwp-links-opml HTTP/1.1" 500 31207 "-" "Mozilla/5.0 (Windows NT 10.0; Win64; x64) AppleWebKit/537.36 (KHTML, like Gecko) Chrome/126.0.0.0 Safari/537.36"
62.60.130.227 - - [27/Sep/2026:18:08:16 +0300] "GET /?page_id=1093&pagename=templates%252f%252e%252e%252f%252e%252e%252f%252e%252e%252f%252e%252e%252f%252e%252e%252f%252e%252e%252fwp-links-opml HTTP/1.1" 301 - "-" "Mozilla/5.0 (Windows NT 10.0; Win64; x64) AppleWebKit/537.36 (KHTML, like Gecko) Chrome/126.0.0.0 Safari/537.36"
62.60.130.227 - - [27/Sep/2026:18:08:17 +0300] "POST /?page_id=1093&pagename=templates%252f%252e%252e%252f%252e%252e%252f%252e%252e%252f%252e%252e%252f%252e%252e%252f%252e%252e%252f%252e%252e%252fwp-links-opml HTTP/1.1" 500 31207 "-" "Mozilla/5.0 (Windows NT 10.0; Win64; x64) AppleWebKit/537.36 (KHTML, like Gecko) Chrome/126.0.0.0 Safari/537.36"
62.60.130.227 - - [27/Sep/2026:18:08:19 +0300] "GET /?page_id=1093&pagename=templates%252f%252e%252e%252f%252e%252e%252f%252e%252e%252f%252e%252e%252f%252e%252e%252f%252e%252e%252f%252e%252e%252fwp-links-opml HTTP/1.1" 301 - "-" "Mozilla/5.0 (Windows NT 10.0; Win64; x64) AppleWebKit/537.36 (KHTML, like Gecko) Chrome/126.0.0.0 Safari/537.36"
62.60.130.227 - - [27/Sep/2026:18:08:19 +0300] "POST /?page_id=1093&pagename=templates%252f%252e%252e%252f%252e%252e%252fwp-links-opml HTTP/1.1" 500 31207 "-" "Mozilla/5.0 (Windows NT 10.0; Win64; x64) AppleWebKit/537.36 (KHTML, like Gecko) Chrome/126.0.0.0 Safari/537.36"
62.60.130.227 - - [27/Sep/2026:18:08:21 +0300] "GET /?page_id=1093&pagename=templates%252f%252e%252e%252f%252e%252e%252fwp-links-opml HTTP/1.1" 301 - "-" "Mozilla/5.0 (Windows NT 10.0; Win64; x64) AppleWebKit/537.36 (KHTML, like Gecko) Chrome/126.0.0.0 Safari/537.36"
62.60.130.227 - - [27/Sep/2026:18:08:21 +0300] "POST /?page_id=1093&pagename=templates%252f%252e%252e%252f%252e%252e%252f%252e%252e%252f%252e%252e%252f%252e%252e%252f%252e%252e%252f%252e%252e%252f%252e%252e%252fwp-links-opml HTTP/1.1" 500 31207 "-" "Mozilla/5.0 (Windows NT 10.0; Win64; x64) AppleWebKit/537.36 (KHTML, like Gecko) Chrome/126.0.0.0 Safari/537.36"
62.60.130.227 - - [27/Sep/2026:18:08:23 +0300] "GET /?page_id=1093&pagename=templates%252f%252e%252e%252f%252e%252e%252f%252e%252e%252f%252e%252e%252f%252e%252e%252f%252e%252e%252f%252e%252e%252f%252e%252e%252fwp-links-opml HTTP/1.1" 301 - "-" "Mozilla/5.0 (Windows NT 10.0; Win64; x64) AppleWebKit/537.36 (KHTML, like Gecko) Chrome/126.0.0.0 Safari/537.36"
62.60.130.227 - - [27/Sep/2026:18:08:24 +0300] "POST /?page_id=1107&pagename=templates%252f%252e%252e%252f%252e%252e%252f%252e%252e%252f%252e%252e%252fwp-links-opml HTTP/1.1" 500 31023 "-" "Mozilla/5.0 (Windows NT 10.0; Win64; x64) AppleWebKit/537.36 (KHTML, like Gecko) Chrome/126.0.0.0 Safari/537.36"
212.118.18.121 - - [27/Sep/2026:18:08:26 +0300] "POST /xmlrpc.php HTTP/1.1" 200 - "-" "WordPress.com; https://wordpress.com"
62.60.130.227 - - [27/Sep/2026:18:08:26 +0300] "GET /?page_id=1107&pagename=templates%252f%252e%252e%252f%252e%252e%252f%252e%252e%252f%252e%252e%252fwp-links-opml HTTP/1.1" 301 - "-" "Mozilla/5.0 (Windows NT 10.0; Win64; x64) AppleWebKit/537.36 (KHTML, like Gecko) Chrome/126.0.0.0 Safari/537.36"
62.60.130.227 - - [27/Sep/2026:18:08:27 +0300] "POST /?page_id=1107&pagename=templates%252f%252e%252e%252f%252e%252e%252f%252e%252e%252fwp-links-opml HTTP/1.1" 500 31023 "-" "Mozilla/5.0 (Windows NT 10.0; Win64; x64) AppleWebKit/537.36 (KHTML, like Gecko) Chrome/126.0.0.0 Safari/537.36"
62.60.130.227 - - [27/Sep/2026:18:08:28 +0300] "GET /?page_id=1107&pagename=templates%252f%252e%252e%252f%252e%252e%252f%252e%252e%252fwp-links-opml HTTP/1.1" 301 - "-" "Mozilla/5.0 (Windows NT 10.0; Win64; x64) AppleWebKit/537.36 (KHTML, like Gecko) Chrome/126.0.0.0 Safari/537.36"
62.60.130.227 - - [27/Sep/2026:18:08:29 +0300] "POST /?page_id=1107&pagename=templates%252f%252e%252e%252f%252e%252e%252f%252e%252e%252f%252e%252e%252f%252e%252e%252fwp-links-opml HTTP/1.1" 500 31023 "-" "Mozilla/5.0 (Windows NT 10.0; Win64; x64) AppleWebKit/537.36 (KHTML, like Gecko) Chrome/126.0.0.0 Safari/537.36"
62.60.130.227 - - [27/Sep/2026:18:08:31 +0300] "GET /?page_id=1107&pagename=templates%252f%252e%252e%252f%252e%252e%252f%252e%252e%252f%252e%252e%252f%252e%252e%252fwp-links-opml HTTP/1.1" 301 - "-" "Mozilla/5.0 (Windows NT 10.0; Win64; x64) AppleWebKit/537.36 (KHTML, like Gecko) Chrome/126.0.0.0 Safari/537.36"
62.60.130.227 - - [27/Sep/2026:18:08:31 +0300] "POST /?page_id=1107&pagename=templates%252f%252e%252e%252f%252e%252e%252f%252e%252e%252f%252e%252e%252f%252e%252e%252f%252e%252e%252fwp-links-opml HTTP/1.1" 500 31023 "-" "Mozilla/5.0 (Windows NT 10.0; Win64; x64) AppleWebKit/537.36 (KHTML, like Gecko) Chrome/126.0.0.0 Safari/537.36"
62.60.130.227 - - [27/Sep/2026:18:08:33 +0300] "GET /?page_id=1107&pagename=templates%252f%252e%252e%252f%252e%252e%252f%252e%252e%252f%252e%252e%252f%252e%252e%252f%252e%252e%252fwp-links-opml HTTP/1.1" 301 - "-" "Mozilla/5.0 (Windows NT 10.0; Win64; x64) AppleWebKit/537.36 (KHTML, like Gecko) Chrome/126.0.0.0 Safari/537.36"
62.60.130.227 - - [27/Sep/2026:18:08:33 +0300] "POST /?page_id=1107&pagename=templates%252f%252e%252e%252f%252e%252e%252f%252e%252e%252f%252e%252e%252f%252e%252e%252f%252e%252e%252f%252e%252e%252fwp-links-opml HTTP/1.1" 500 31023 "-" "Mozilla/5.0 (Windows NT 10.0; Win64; x64) AppleWebKit/537.36 (KHTML, like Gecko) Chrome/126.0.0.0 Safari/537.36"
62.60.130.227 - - [27/Sep/2026:18:08:35 +0300] "GET /?page_id=1107&pagename=templates%252f%252e%252e%252f%252e%252e%252f%252e%252e%252f%252e%252e%252f%252e%252e%252f%252e%252e%252f%252e%252e%252fwp-links-opml HTTP/1.1" 301 - "-" "Mozilla/5.0 (Windows NT 10.0; Win64; x64) AppleWebKit/537.36 (KHTML, like Gecko) Chrome/126.0.0.0 Safari/537.36"
62.60.130.227 - - [27/Sep/2026:18:08:35 +0300] "POST /?page_id=1107&pagename=templates%252f%252e%252e%252f%252e%252e%252fwp-links-opml HTTP/1.1" 500 31023 "-" "Mozilla/5.0 (Windows NT 10.0; Win64; x64) AppleWebKit/537.36 (KHTML, like Gecko) Chrome/126.0.0.0 Safari/537.36"
212.118.18.121 - - [27/Sep/2026:18:08:37 +0300] "POST /xmlrpc.php HTTP/1.1" 200 - "-" "Jetpack/12.1; WordPress/6.1; http://site78734630.com"
62.60.130.227 - - [27/Sep/2026:18:08:37 +0300] "GET /?page_id=1107&pagename=templates%252f%252e%252e%252f%252e%252e%252fwp-links-opml HTTP/1.1" 301 - "-" "Mozilla/5.0 (Windows NT 10.0; Win64; x64) AppleWebKit/537.36 (KHTML, like Gecko) Chrome/126.0.0.0 Safari/537.36"
62.60.130.227 - - [27/Sep/2026:18:08:38 +0300] "POST /?page_id=1107&pagename=templates%252f%252e%252e%252f%252e%252e%252f%252e%252e%252f%252e%252e%252f%252e%252e%252f%252e%252e%252f%252e%252e%252f%252e%252e%252fwp-links-opml HTTP/1.1" 500 31023 "-" "Mozilla/5.0 (Windows NT 10.0; Win64; x64) AppleWebKit/537.36 (KHTML, like Gecko) Chrome/126.0.0.0 Safari/537.36"
62.60.130.227 - - [27/Sep/2026:18:08:39 +0300] "GET /?page_id=1107&pagename=templates%252f%252e%252e%252f%252e%252e%252f%252e%252e%252f%252e%252e%252f%252e%252e%252f%252e%252e%252f%252e%252e%252f%252e%252e%252fwp-links-opml HTTP/1.1" 301 - "-" "Mozilla/5.0 (Windows NT 10.0; Win64; x64) AppleWebKit/537.36 (KHTML, like Gecko) Chrome/126.0.0.0 Safari/537.36"
62.60.130.227 - - [27/Sep/2026:18:08:40 +0300] "POST /?page_id=1118&pagename=templates%252f%252e%252e%252f%252e%252e%252f%252e%252e%252f%252e%252e%252fwp-links-opml HTTP/1.1" 500 31105 "-" "Mozilla/5.0 (Windows NT 10.0; Win64; x64) AppleWebKit/537.36 (KHTML, like Gecko) Chrome/126.0.0.0 Safari/537.36"
62.60.130.227 - - [27/Sep/2026:18:08:41 +0300] "GET /?page_id=1118&pagename=templates%252f%252e%252e%252f%252e%252e%252f%252e%252e%252f%252e%252e%252fwp-links-opml HTTP/1.1" 301 - "-" "Mozilla/5.0 (Windows NT 10.0; Win64; x64) AppleWebKit/537.36 (KHTML, like Gecko) Chrome/126.0.0.0 Safari/537.36"
62.60.130.227 - - [27/Sep/2026:18:08:42 +0300] "POST /?page_id=1118&pagename=templates%252f%252e%252e%252f%252e%252e%252f%252e%252e%252fwp-links-opml HTTP/1.1" 500 31105 "-" "Mozilla/5.0 (Windows NT 10.0; Win64; x64) AppleWebKit/537.36 (KHTML, like Gecko) Chrome/126.0.0.0 Safari/537.36"
62.60.130.227 - - [27/Sep/2026:18:08:43 +0300] "GET /?page_id=1118&pagename=templates%252f%252e%252e%252f%252e%252e%252f%252e%252e%252fwp-links-opml HTTP/1.1" 301 - "-" "Mozilla/5.0 (Windows NT 10.0; Win64; x64) AppleWebKit/537.36 (KHTML, like Gecko) Chrome/126.0.0.0 Safari/537.36"
62.60.130.227 - - [27/Sep/2026:18:08:44 +0300] "POST /?page_id=1118&pagename=templates%252f%252e%252e%252f%252e%252e%252f%252e%252e%252f%252e%252e%252f%252e%252e%252fwp-links-opml HTTP/1.1" 500 31105 "-" "Mozilla/5.0 (Windows NT 10.0; Win64; x64) AppleWebKit/537.36 (KHTML, like Gecko) Chrome/126.0.0.0 Safari/537.36"
62.60.130.227 - - [27/Sep/2026:18:08:45 +0300] "GET /?page_id=1118&pagename=templates%252f%252e%252e%252f%252e%252e%252f%252e%252e%252f%252e%252e%252f%252e%252e%252fwp-links-opml HTTP/1.1" 301 - "-" "Mozilla/5.0 (Windows NT 10.0; Win64; x64) AppleWebKit/537.36 (KHTML, like Gecko) Chrome/126.0.0.0 Safari/537.36"
62.60.130.227 - - [27/Sep/2026:18:08:46 +0300] "POST /?page_id=1118&pagename=templates%252f%252e%252e%252f%252e%252e%252f%252e%252e%252f%252e%252e%252f%252e%252e%252f%252e%252e%252fwp-links-opml HTTP/1.1" 500 31105 "-" "Mozilla/5.0 (Windows NT 10.0; Win64; x64) AppleWebKit/537.36 (KHTML, like Gecko) Chrome/126.0.0.0 Safari/537.36"
212.118.18.121 - - [27/Sep/2026:18:08:47 +0300] "POST /xmlrpc.php HTTP/1.1" 200 - "-" "Jetpack/13.0; WordPress/6.1; http://site55958737.com"
62.60.130.227 - - [27/Sep/2026:18:08:48 +0300] "GET /?page_id=1118&pagename=templates%252f%252e%252e%252f%252e%252e%252f%252e%252e%252f%252e%252e%252f%252e%252e%252f%252e%252e%252fwp-links-opml HTTP/1.1" 301 - "-" "Mozilla/5.0 (Windows NT 10.0; Win64; x64) AppleWebKit/537.36 (KHTML, like Gecko) Chrome/126.0.0.0 Safari/537.36"
62.60.130.227 - - [27/Sep/2026:18:08:48 +0300] "POST /?page_id=1118&pagename=templates%252f%252e%252e%252f%252e%252e%252f%252e%252e%252f%252e%252e%252f%252e%252e%252f%252e%252e%252f%252e%252e%252fwp-links-opml HTTP/1.1" 500 31105 "-" "Mozilla/5.0 (Windows NT 10.0; Win64; x64) AppleWebKit/537.36 (KHTML, like Gecko) Chrome/126.0.0.0 Safari/537.36"
62.60.130.227 - - [27/Sep/2026:18:08:50 +0300] "GET /?page_id=1118&pagename=templates%252f%252e%252e%252f%252e%252e%252f%252e%252e%252f%252e%252e%252f%252e%252e%252f%252e%252e%252f%252e%252e%252fwp-links-opml HTTP/1.1" 301 - "-" "Mozilla/5.0 (Windows NT 10.0; Win64; x64) AppleWebKit/537.36 (KHTML, like Gecko) Chrome/126.0.0.0 Safari/537.36"
62.60.130.227 - - [27/Sep/2026:18:08:52 +0300] "POST /?page_id=1118&pagename=templates%252f%252e%252e%252f%252e%252e%252fwp-links-opml HTTP/1.1" 500 31105 "-" "Mozilla/5.0 (Windows NT 10.0; Win64; x64) AppleWebKit/537.36 (KHTML, like Gecko) Chrome/126.0.0.0 Safari/537.36"
62.60.130.227 - - [27/Sep/2026:18:08:54 +0300] "GET /?page_id=1118&pagename=templates%252f%252e%252e%252f%252e%252e%252fwp-links-opml HTTP/1.1" 301 - "-" "Mozilla/5.0 (Windows NT 10.0; Win64; x64) AppleWebKit/537.36 (KHTML, like Gecko) Chrome/126.0.0.0 Safari/537.36"
62.60.130.227 - - [27/Sep/2026:18:08:55 +0300] "POST /?page_id=1118&pagename=templates%252f%252e%252e%252f%252e%252e%252f%252e%252e%252f%252e%252e%252f%252e%252e%252f%252e%252e%252f%252e%252e%252f%252e%252e%252fwp-links-opml HTTP/1.1" 500 31105 "-" "Mozilla/5.0 (Windows NT 10.0; Win64; x64) AppleWebKit/537.36 (KHTML, like Gecko) Chrome/126.0.0.0 Safari/537.36"
62.60.130.227 - - [27/Sep/2026:18:08:56 +0300] "GET /?page_id=1118&pagename=templates%252f%252e%252e%252f%252e%252e%252f%252e%252e%252f%252e%252e%252f%252e%252e%252f%252e%252e%252f%252e%252e%252f%252e%252e%252fwp-links-opml HTTP/1.1" 301 - "-" "Mozilla/5.0 (Windows NT 10.0; Win64; x64) AppleWebKit/537.36 (KHTML, like Gecko) Chrome/126.0.0.0 Safari/537.36"
62.60.130.227 - - [27/Sep/2026:18:08:57 +0300] "POST /?page_id=1079&pagename=templates%252f%252e%252e%252f%252e%252e%252f%252e%252e%252f%252e%252e%252fwp-links-opml HTTP/1.1" 500 31053 "-" "Mozilla/5.0 (Windows NT 10.0; Win64; x64) AppleWebKit/537.36 (KHTML, like Gecko) Chrome/126.0.0.0 Safari/537.36"
212.118.18.121 - - [27/Sep/2026:18:08:58 +0300] "POST /xmlrpc.php HTTP/1.1" 200 - "-" "Jetpack by WordPress.com"
62.60.130.227 - - [27/Sep/2026:18:08:58 +0300] "GET /?page_id=1079&pagename=templates%252f%252e%252e%252f%252e%252e%252f%252e%252e%252f%252e%252e%252fwp-links-opml HTTP/1.1" 301 - "-" "Mozilla/5.0 (Windows NT 10.0; Win64; x64) AppleWebKit/537.36 (KHTML, like Gecko) Chrome/126.0.0.0 Safari/537.36"
62.60.130.227 - - [27/Sep/2026:18:08:59 +0300] "POST /?page_id=1079&pagename=templates%252f%252e%252e%252f%252e%252e%252f%252e%252e%252fwp-links-opml HTTP/1.1" 500 31053 "-" "Mozilla/5.0 (Windows NT 10.0; Win64; x64) AppleWebKit/537.36 (KHTML, like Gecko) Chrome/126.0.0.0 Safari/537.36"
62.60.130.227 - - [27/Sep/2026:18:09:01 +0300] "GET /?page_id=1079&pagename=templates%252f%252e%252e%252f%252e%252e%252f%252e%252e%252fwp-links-opml HTTP/1.1" 301 - "-" "Mozilla/5.0 (Windows NT 10.0; Win64; x64) AppleWebKit/537.36 (KHTML, like Gecko) Chrome/126.0.0.0 Safari/537.36"
62.60.130.227 - - [27/Sep/2026:18:09:01 +0300] "POST /?page_id=1079&pagename=templates%252f%252e%252e%252f%252e%252e%252f%252e%252e%252f%252e%252e%252f%252e%252e%252fwp-links-opml HTTP/1.1" 500 31053 "-" "Mozilla/5.0 (Windows NT 10.0; Win64; x64) AppleWebKit/537.36 (KHTML, like Gecko) Chrome/126.0.0.0 Safari/537.36"
62.60.130.227 - - [27/Sep/2026:18:09:03 +0300] "GET /?page_id=1079&pagename=templates%252f%252e%252e%252f%252e%252e%252f%252e%252e%252f%252e%252e%252f%252e%252e%252fwp-links-opml HTTP/1.1" 301 - "-" "Mozilla/5.0 (Windows NT 10.0; Win64; x64) AppleWebKit/537.36 (KHTML, like Gecko) Chrome/126.0.0.0 Safari/537.36"
40.77.167.116 - - [27/Sep/2026:18:09:03 +0300] "GET /horseman/b1r0i2d0e2b6e6d62830 HTTP/2.0" 200 214614 "-" "Mozilla/5.0 AppleWebKit/537.36 (KHTML, like Gecko; compatible; bingbot/2.0; +http://www.bing.com/bingbot.htm) Chrome/116.0.1938.76 Safari/537.36"
62.60.130.227 - - [27/Sep/2026:18:09:04 +0300] "POST /?page_id=1079&pagename=templates%252f%252e%252e%252f%252e%252e%252f%252e%252e%252f%252e%252e%252f%252e%252e%252f%252e%252e%252fwp-links-opml HTTP/1.1" 500 31053 "-" "Mozilla/5.0 (Windows NT 10.0; Win64; x64) AppleWebKit/537.36 (KHTML, like Gecko) Chrome/126.0.0.0 Safari/537.36"
62.60.130.227 - - [27/Sep/2026:18:09:05 +0300] "GET /?page_id=1079&pagename=templates%252f%252e%252e%252f%252e%252e%252f%252e%252e%252f%252e%252e%252f%252e%252e%252f%252e%252e%252fwp-links-opml HTTP/1.1" 301 - "-" "Mozilla/5.0 (Windows NT 10.0; Win64; x64) AppleWebKit/537.36 (KHTML, like Gecko) Chrome/126.0.0.0 Safari/537.36"
