52.167.144.176 - - [27/Sep/2026:16:07:49 +0300] "GET /sitemap-child-1495.xml HTTP/2.0" 200 364108 "-" "Mozilla/5.0 AppleWebKit/537.36 (KHTML, like Gecko; compatible; bingbot/2.0; +http://www.bing.com/bingbot.htm) Chrome/116.0.1938.76 Safari/537.36"
40.77.167.235 - - [27/Sep/2026:16:07:49 +0300] "GET /sitemap-child-1620.xml HTTP/2.0" 200 364121 "-" "Mozilla/5.0 AppleWebKit/537.36 (KHTML, like Gecko; compatible; bingbot/2.0; +http://www.bing.com/bingbot.htm) Chrome/116.0.1938.76 Safari/537.36"
66.249.73.5 - - [27/Sep/2026:16:07:51 +0300] "GET /?h=t0r4a1p3e8z4o2h0e0d3r9o8n HTTP/1.1" 200 215624 "-" "Mozilla/5.0 (Linux; Android 6.0.1; Nexus 5X Build/MMB29P) AppleWebKit/537.36 (KHTML, like Gecko) Chrome/153.0.8010.52 Mobile Safari/537.36 (compatible; Googlebot/2.1; +http://www.google.com/bot.html)"
52.167.144.176 - - [27/Sep/2026:16:07:51 +0300] "GET /sitemap-child-1193.xml HTTP/2.0" 200 364520 "-" "Mozilla/5.0 AppleWebKit/537.36 (KHTML, like Gecko; compatible; bingbot/2.0; +http://www.bing.com/bingbot.htm) Chrome/116.0.1938.76 Safari/537.36"
40.77.167.235 - - [27/Sep/2026:16:07:53 +0300] "GET /sitemap-child-1067.xml HTTP/2.0" 200 364476 "-" "Mozilla/5.0 AppleWebKit/537.36 (KHTML, like Gecko; compatible; bingbot/2.0; +http://www.bing.com/bingbot.htm) Chrome/116.0.1938.76 Safari/537.36"
66.249.73.6 - - [27/Sep/2026:16:07:53 +0300] "GET /?h=e0n3l2i0v4e3n1e7r7526 HTTP/1.1" 200 226335 "-" "Mozilla/5.0 (Linux; Android 6.0.1; Nexus 5X Build/MMB29P) AppleWebKit/537.36 (KHTML, like Gecko) Chrome/153.0.8010.52 Mobile Safari/537.36 (compatible; Googlebot/2.1; +http://www.google.com/bot.html)"
52.167.144.176 - - [27/Sep/2026:16:07:53 +0300] "GET /sitemap-child-1170.xml HTTP/2.0" 200 364699 "-" "Mozilla/5.0 AppleWebKit/537.36 (KHTML, like Gecko; compatible; bingbot/2.0; +http://www.bing.com/bingbot.htm) Chrome/116.0.1938.76 Safari/537.36"
52.167.144.176 - - [27/Sep/2026:16:07:56 +0300] "GET /sitemap-child-1567.xml HTTP/2.0" 200 364160 "-" "Mozilla/5.0 AppleWebKit/537.36 (KHTML, like Gecko; compatible; bingbot/2.0; +http://www.bing.com/bingbot.htm) Chrome/116.0.1938.76 Safari/537.36"
66.249.73.4 - - [27/Sep/2026:16:07:56 +0300] "GET /?h=c1r5a1z1e4d9439501 HTTP/1.1" 200 210767 "-" "Mozilla/5.0 (Linux; Android 6.0.1; Nexus 5X Build/MMB29P) AppleWebKit/537.36 (KHTML, like Gecko) Chrome/153.0.8010.52 Mobile Safari/537.36 (compatible; Googlebot/2.1; +http://www.google.com/bot.html)"
143.198.64.127 - - [27/Sep/2026:16:07:58 +0300] "GET / HTTP/1.1" 503 - "-" "Mozilla/5.0 (X11; Linux x86_64; rv:153.0) Gecko/20100101 Firefox/153.0"
52.167.144.176 - - [27/Sep/2026:16:07:57 +0300] "GET /sitemap-child-1078.xml HTTP/2.0" 200 364756 "-" "Mozilla/5.0 AppleWebKit/537.36 (KHTML, like Gecko; compatible; bingbot/2.0; +http://www.bing.com/bingbot.htm) Chrome/116.0.1938.76 Safari/537.36"
52.167.144.169 - - [27/Sep/2026:16:07:57 +0300] "GET /sitemap-child-1521.xml HTTP/2.0" 200 364512 "-" "Mozilla/5.0 AppleWebKit/537.36 (KHTML, like Gecko; compatible; bingbot/2.0; +http://www.bing.com/bingbot.htm) Chrome/116.0.1938.76 Safari/537.36"
66.249.73.6 - - [27/Sep/2026:16:07:58 +0300] "GET /?h=c1a9r5v9i5s7t37602 HTTP/1.1" 200 226758 "-" "Mozilla/5.0 (Linux; Android 6.0.1; Nexus 5X Build/MMB29P) AppleWebKit/537.36 (KHTML, like Gecko) Chrome/153.0.8010.52 Mobile Safari/537.36 (compatible; Googlebot/2.1; +http://www.google.com/bot.html)"
52.167.144.176 - - [27/Sep/2026:16:07:59 +0300] "GET /sitemap-child-1542.xml HTTP/2.0" 200 364143 "-" "Mozilla/5.0 AppleWebKit/537.36 (KHTML, like Gecko; compatible; bingbot/2.0; +http://www.bing.com/bingbot.htm) Chrome/116.0.1938.76 Safari/537.36"
66.249.73.4 - - [27/Sep/2026:16:08:00 +0300] "GET /?h=a1p4p4r3e9n1t6i0c2e5d HTTP/1.1" 200 219863 "-" "Mozilla/5.0 (Linux; Android 6.0.1; Nexus 5X Build/MMB29P) AppleWebKit/537.36 (KHTML, like Gecko) Chrome/153.0.8010.52 Mobile Safari/537.36 (compatible; Googlebot/2.1; +http://www.google.com/bot.html)"
143.198.64.127 - - [27/Sep/2026:16:08:02 +0300] "GET /favicon.ico HTTP/1.1" 503 - "https://cpcalendars.iniciativa.lv/" "Mozilla/5.0 (X11; Linux x86_64; rv:153.0) Gecko/20100101 Firefox/153.0"
66.249.73.5 - - [27/Sep/2026:16:08:03 +0300] "GET /?h=t0w0i2g1g7e0n422826 HTTP/1.1" 200 215392 "-" "Mozilla/5.0 (Linux; Android 6.0.1; Nexus 5X Build/MMB29P) AppleWebKit/537.36 (KHTML, like Gecko) Chrome/153.0.8010.52 Mobile Safari/537.36 (compatible; Googlebot/2.1; +http://www.google.com/bot.html)"
40.77.167.235 - - [27/Sep/2026:16:08:01 +0300] "GET /sitemap-child-1010.xml HTTP/2.0" 200 364613 "-" "Mozilla/5.0 AppleWebKit/537.36 (KHTML, like Gecko; compatible; bingbot/2.0; +http://www.bing.com/bingbot.htm) Chrome/116.0.1938.76 Safari/537.36"
40.77.167.235 - - [27/Sep/2026:16:08:06 +0300] "GET /sitemap-child-1450.xml HTTP/2.0" 200 364203 "-" "Mozilla/5.0 AppleWebKit/537.36 (KHTML, like Gecko; compatible; bingbot/2.0; +http://www.bing.com/bingbot.htm) Chrome/116.0.1938.76 Safari/537.36"
52.167.144.176 - - [27/Sep/2026:16:08:07 +0300] "GET /sitemap-child-1332.xml HTTP/2.0" 200 364065 "-" "Mozilla/5.0 AppleWebKit/537.36 (KHTML, like Gecko; compatible; bingbot/2.0; +http://www.bing.com/bingbot.htm) Chrome/116.0.1938.76 Safari/537.36"
66.249.73.4 - - [27/Sep/2026:16:08:08 +0300] "GET /?h=m0o2o1t9m1e1n183696 HTTP/1.1" 200 219068 "-" "Mozilla/5.0 (Linux; Android 6.0.1; Nexus 5X Build/MMB29P) AppleWebKit/537.36 (KHTML, like Gecko) Chrome/153.0.8010.52 Mobile Safari/537.36 (compatible; Googlebot/2.1; +http://www.google.com/bot.html)"
66.249.73.4 - - [27/Sep/2026:16:08:10 +0300] "GET /?h=h1y6d8r6o3c9o9r8a3l4l1ia HTTP/1.1" 200 226421 "-" "Mozilla/5.0 (Linux; Android 6.0.1; Nexus 5X Build/MMB29P) AppleWebKit/537.36 (KHTML, like Gecko) Chrome/153.0.8010.52 Mobile Safari/537.36 (compatible; Googlebot/2.1; +http://www.google.com/bot.html)"
66.249.73.3 - - [27/Sep/2026:16:08:13 +0300] "GET /?h=d0i7s3t5i7n2c6t5i5o9n72 HTTP/1.1" 200 224771 "-" "Mozilla/5.0 (Linux; Android 6.0.1; Nexus 5X Build/MMB29P) AppleWebKit/537.36 (KHTML, like Gecko) Chrome/153.0.8010.52 Mobile Safari/537.36 (compatible; Googlebot/2.1; +http://www.google.com/bot.html)"
40.77.167.235 - - [27/Sep/2026:16:08:13 +0300] "GET /sitemap-child-1101.xml HTTP/2.0" 200 363979 "-" "Mozilla/5.0 AppleWebKit/537.36 (KHTML, like Gecko; compatible; bingbot/2.0; +http://www.bing.com/bingbot.htm) Chrome/116.0.1938.76 Safari/537.36"
66.249.73.3 - - [27/Sep/2026:16:08:15 +0300] "GET /?h=m0o2s1s1y47610182 HTTP/1.1" 200 225497 "-" "Mozilla/5.0 (Linux; Android 6.0.1; Nexus 5X Build/MMB29P) AppleWebKit/537.36 (KHTML, like Gecko) Chrome/153.0.8010.52 Mobile Safari/537.36 (compatible; Googlebot/2.1; +http://www.google.com/bot.html)"
66.249.73.3 - - [27/Sep/2026:16:08:18 +0300] "GET /?h=i0n1d1e6f9a3t9i7g5a9b7l0y HTTP/1.1" 200 210687 "-" "Mozilla/5.0 (Linux; Android 6.0.1; Nexus 5X Build/MMB29P) AppleWebKit/537.36 (KHTML, like Gecko) Chrome/153.0.8010.52 Mobile Safari/537.36 (compatible; Googlebot/2.1; +http://www.google.com/bot.html)"
66.249.73.4 - - [27/Sep/2026:16:08:20 +0300] "GET /?midair/17404929173 HTTP/1.1" 301 - "-" "Mozilla/5.0 (Linux; Android 6.0.1; Nexus 5X Build/MMB29P) AppleWebKit/537.36 (KHTML, like Gecko) Chrome/153.0.8010.52 Mobile Safari/537.36 (compatible; GoogleOther)"
66.249.73.3 - - [27/Sep/2026:16:08:24 +0300] "GET /?h=w1r7e2a8t7h6s3h2e9l3l14 HTTP/1.1" 200 220426 "-" "Mozilla/5.0 (Linux; Android 6.0.1; Nexus 5X Build/MMB29P) AppleWebKit/537.36 (KHTML, like Gecko) Chrome/153.0.8010.52 Mobile Safari/537.36 (compatible; Googlebot/2.1; +http://www.google.com/bot.html)"
66.249.73.3 - - [27/Sep/2026:16:08:26 +0300] "GET /?h=c0o9t2h2u7r5n5u9s1037 HTTP/1.1" 200 226129 "-" "Mozilla/5.0 (Linux; Android 6.0.1; Nexus 5X Build/MMB29P) AppleWebKit/537.36 (KHTML, like Gecko) Chrome/153.0.8010.52 Mobile Safari/537.36 (compatible; Googlebot/2.1; +http://www.google.com/bot.html)"
66.249.73.3 - - [27/Sep/2026:16:08:28 +0300] "GET /?h=l1u3x1e7m3b1o9u1r9g8i1a8n HTTP/1.1" 200 213124 "-" "Mozilla/5.0 (Linux; Android 6.0.1; Nexus 5X Build/MMB29P) AppleWebKit/537.36 (KHTML, like Gecko) Chrome/153.0.8010.52 Mobile Safari/537.36 (compatible; Googlebot/2.1; +http://www.google.com/bot.html)"
66.249.73.4 - - [27/Sep/2026:16:08:30 +0300] "GET /?midair%2F17404929173 HTTP/1.1" 500 30178 "-" "Mozilla/5.0 (Linux; Android 6.0.1; Nexus 5X Build/MMB29P) AppleWebKit/537.36 (KHTML, like Gecko) Chrome/153.0.8010.52 Mobile Safari/537.36 (compatible; GoogleOther)"
66.249.73.4 - - [27/Sep/2026:16:08:32 +0300] "GET /?h=n0a3p2h5t8h0a1l8a8t9e78 HTTP/1.1" 200 228380 "-" "Mozilla/5.0 (Linux; Android 6.0.1; Nexus 5X Build/MMB29P) AppleWebKit/537.36 (KHTML, like Gecko) Chrome/153.0.8010.52 Mobile Safari/537.36 (compatible; Googlebot/2.1; +http://www.google.com/bot.html)"
40.77.167.235 - - [27/Sep/2026:16:08:32 +0300] "GET /sitemap-child-1049.xml HTTP/2.0" 200 363632 "-" "Mozilla/5.0 AppleWebKit/537.36 (KHTML, like Gecko; compatible; bingbot/2.0; +http://www.bing.com/bingbot.htm) Chrome/116.0.1938.76 Safari/537.36"
66.249.73.3 - - [27/Sep/2026:16:08:34 +0300] "GET /?poecilia/18357774262 HTTP/1.1" 200 218532 "-" "Mozilla/5.0 (Linux; Android 6.0.1; Nexus 5X Build/MMB29P) AppleWebKit/537.36 (KHTML, like Gecko) Chrome/153.0.8010.52 Mobile Safari/537.36 (compatible; Googlebot/2.1; +http://www.google.com/bot.html)"
66.249.73.3 - - [27/Sep/2026:16:08:36 +0300] "GET /?h=i1r3o1n8b7o8u4n6d2401 HTTP/1.1" 200 221734 "-" "Mozilla/5.0 (Linux; Android 6.0.1; Nexus 5X Build/MMB29P) AppleWebKit/537.36 (KHTML, like Gecko) Chrome/153.0.8010.52 Mobile Safari/537.36 (compatible; Googlebot/2.1; +http://www.google.com/bot.html)"
66.249.73.3 - - [27/Sep/2026:16:08:40 +0300] "GET /?geognostic/113689756599 HTTP/1.1" 200 224243 "-" "Mozilla/5.0 (Linux; Android 6.0.1; Nexus 5X Build/MMB29P) AppleWebKit/537.36 (KHTML, like Gecko) Chrome/153.0.8010.52 Mobile Safari/537.36 (compatible; Googlebot/2.1; +http://www.google.com/bot.html)"
66.249.73.3 - - [27/Sep/2026:16:08:42 +0300] "GET /?h=l1o8p1h2o4b5r8a7n2c2h45 HTTP/1.1" 200 212109 "-" "Mozilla/5.0 (Linux; Android 6.0.1; Nexus 5X Build/MMB29P) AppleWebKit/537.36 (KHTML, like Gecko) Chrome/153.0.8010.52 Mobile Safari/537.36 (compatible; Googlebot/2.1; +http://www.google.com/bot.html)"
66.249.73.3 - - [27/Sep/2026:16:08:45 +0300] "GET /?h=p1a7r2a7m6e3r5e36022 HTTP/1.1" 200 216118 "-" "Mozilla/5.0 (Linux; Android 6.0.1; Nexus 5X Build/MMB29P) AppleWebKit/537.36 (KHTML, like Gecko) Chrome/153.0.8010.52 Mobile Safari/537.36 (compatible; Googlebot/2.1; +http://www.google.com/bot.html)"
66.249.73.3 - - [27/Sep/2026:16:08:47 +0300] "GET /?h=b0a5r3b0i6g7e9r4o2u2s06 HTTP/1.1" 200 221111 "-" "Mozilla/5.0 (Linux; Android 6.0.1; Nexus 5X Build/MMB29P) AppleWebKit/537.36 (KHTML, like Gecko) Chrome/153.0.8010.52 Mobile Safari/537.36 (compatible; Googlebot/2.1; +http://www.google.com/bot.html)"
66.249.73.3 - - [27/Sep/2026:16:08:49 +0300] "GET /?h=i1r2e2f7u5l6057570 HTTP/1.1" 200 219488 "-" "Mozilla/5.0 (Linux; Android 6.0.1; Nexus 5X Build/MMB29P) AppleWebKit/537.36 (KHTML, like Gecko) Chrome/153.0.8010.52 Mobile Safari/537.36 (compatible; Googlebot/2.1; +http://www.google.com/bot.html)"
66.249.73.4 - - [27/Sep/2026:16:08:51 +0300] "GET /?h=m1o2o1t1m9e1n671444 HTTP/1.1" 200 223173 "-" "Mozilla/5.0 (Linux; Android 6.0.1; Nexus 5X Build/MMB29P) AppleWebKit/537.36 (KHTML, like Gecko) Chrome/153.0.8010.52 Mobile Safari/537.36 (compatible; Googlebot/2.1; +http://www.google.com/bot.html)"
66.249.73.3 - - [27/Sep/2026:16:08:52 +0300] "GET /?h=h0o5u4r0s5384484 HTTP/1.1" 200 214502 "-" "Mozilla/5.0 (Linux; Android 6.0.1; Nexus 5X Build/MMB29P) AppleWebKit/537.36 (KHTML, like Gecko) Chrome/153.0.8010.52 Mobile Safari/537.36 (compatible; Googlebot/2.1; +http://www.google.com/bot.html)"
66.249.73.3 - - [27/Sep/2026:16:08:54 +0300] "GET /?flesus/103059125530 HTTP/1.1" 200 219233 "-" "Mozilla/5.0 (Linux; Android 6.0.1; Nexus 5X Build/MMB29P) AppleWebKit/537.36 (KHTML, like Gecko) Chrome/153.0.8010.52 Mobile Safari/537.36 (compatible; Googlebot/2.1; +http://www.google.com/bot.html)"
66.249.73.5 - - [27/Sep/2026:16:08:56 +0300] "GET /?h=p0o8d7e0t0i1u0m0736 HTTP/1.1" 200 221664 "-" "Mozilla/5.0 (Linux; Android 6.0.1; Nexus 5X Build/MMB29P) AppleWebKit/537.36 (KHTML, like Gecko) Chrome/153.0.8010.52 Mobile Safari/537.36 (compatible; Googlebot/2.1; +http://www.google.com/bot.html)"
66.249.73.3 - - [27/Sep/2026:16:08:58 +0300] "GET /?h=b0i5p2a6r4t9i7r0e8156 HTTP/1.1" 200 225064 "-" "Mozilla/5.0 (Linux; Android 6.0.1; Nexus 5X Build/MMB29P) AppleWebKit/537.36 (KHTML, like Gecko) Chrome/153.0.8010.52 Mobile Safari/537.36 (compatible; Googlebot/2.1; +http://www.google.com/bot.html)"
66.249.73.3 - - [27/Sep/2026:16:09:00 +0300] "GET /?h=e0r0e8m2i5t7i9s6m499 HTTP/1.1" 200 223590 "-" "Mozilla/5.0 (Linux; Android 6.0.1; Nexus 5X Build/MMB29P) AppleWebKit/537.36 (KHTML, like Gecko) Chrome/153.0.8010.52 Mobile Safari/537.36 (compatible; Googlebot/2.1; +http://www.google.com/bot.html)"
66.249.73.3 - - [27/Sep/2026:16:09:04 +0300] "GET /?h=c1l1a1q8u8e5u0r94676 HTTP/1.1" 200 208378 "-" "Mozilla/5.0 (Linux; Android 6.0.1; Nexus 5X Build/MMB29P) AppleWebKit/537.36 (KHTML, like Gecko) Chrome/153.0.8010.52 Mobile Safari/537.36 (compatible; Googlebot/2.1; +http://www.google.com/bot.html)"
66.249.73.3 - - [27/Sep/2026:16:09:06 +0300] "GET /?h=c0e2r3o2g5r7a0p0h1y774 HTTP/1.1" 200 215634 "-" "Mozilla/5.0 (Linux; Android 6.0.1; Nexus 5X Build/MMB29P) AppleWebKit/537.36 (KHTML, like Gecko) Chrome/153.0.8010.52 Mobile Safari/537.36 (compatible; Googlebot/2.1; +http://www.google.com/bot.html)"
66.249.73.3 - - [27/Sep/2026:16:09:08 +0300] "GET /?h=d1e5c3a2h1e4d5r5o4n383 HTTP/1.1" 200 214148 "-" "Mozilla/5.0 (Linux; Android 6.0.1; Nexus 5X Build/MMB29P) AppleWebKit/537.36 (KHTML, like Gecko) Chrome/153.0.8010.52 Mobile Safari/537.36 (compatible; Googlebot/2.1; +http://www.google.com/bot.html)"
66.249.73.3 - - [27/Sep/2026:16:09:10 +0300] "GET /?consumer/142622570576 HTTP/1.1" 200 217257 "-" "Mozilla/5.0 (Linux; Android 6.0.1; Nexus 5X Build/MMB29P) AppleWebKit/537.36 (KHTML, like Gecko) Chrome/153.0.8010.52 Mobile Safari/537.36 (compatible; Googlebot/2.1; +http://www.google.com/bot.html)"
66.249.73.3 - - [27/Sep/2026:16:09:11 +0300] "GET /?h=l1i6b1a4t1i6o1n10577 HTTP/1.1" 200 212179 "-" "Mozilla/5.0 (Linux; Android 6.0.1; Nexus 5X Build/MMB29P) AppleWebKit/537.36 (KHTML, like Gecko) Chrome/153.0.8010.52 Mobile Safari/537.36 (compatible; Googlebot/2.1; +http://www.google.com/bot.html)"
66.249.73.3 - - [27/Sep/2026:16:09:13 +0300] "GET /?h=w1i7n2t2e6r0b3e4a6t9e5n9 HTTP/1.1" 200 219934 "-" "Mozilla/5.0 (Linux; Android 6.0.1; Nexus 5X Build/MMB29P) AppleWebKit/537.36 (KHTML, like Gecko) Chrome/153.0.8010.52 Mobile Safari/537.36 (compatible; Googlebot/2.1; +http://www.google.com/bot.html)"
66.249.73.3 - - [27/Sep/2026:16:09:16 +0300] "GET /?h=p1i7e8r6r7e401865 HTTP/1.1" 200 222794 "-" "Mozilla/5.0 (Linux; Android 6.0.1; Nexus 5X Build/MMB29P) AppleWebKit/537.36 (KHTML, like Gecko) Chrome/153.0.8010.52 Mobile Safari/537.36 (compatible; Googlebot/2.1; +http://www.google.com/bot.html)"
66.249.73.4 - - [27/Sep/2026:16:09:18 +0300] "GET /?h=h0e6r9m8i7t2s69938 HTTP/1.1" 200 218381 "-" "Mozilla/5.0 (Linux; Android 6.0.1; Nexus 5X Build/MMB29P) AppleWebKit/537.36 (KHTML, like Gecko) Chrome/153.0.8010.52 Mobile Safari/537.36 (compatible; Googlebot/2.1; +http://www.google.com/bot.html)"
66.249.73.4 - - [27/Sep/2026:16:09:21 +0300] "GET /shops/beauteously/h0o2m3o4e7o3p9a0t4h9i9s5t HTTP/1.1" 200 217409 "-" "Mozilla/5.0 (Linux; Android 6.0.1; Nexus 5X Build/MMB29P) AppleWebKit/537.36 (KHTML, like Gecko) Chrome/153.0.8010.52 Mobile Safari/537.36 (compatible; Googlebot/2.1; +http://www.google.com/bot.html)"
66.249.73.4 - - [27/Sep/2026:16:09:25 +0300] "GET /?h=c1h9u1c3k7f6u6l6l4p6r4e7dicate HTTP/1.1" 200 223025 "-" "Mozilla/5.0 (Linux; Android 6.0.1; Nexus 5X Build/MMB29P) AppleWebKit/537.36 (KHTML, like Gecko) Chrome/153.0.8010.52 Mobile Safari/537.36 (compatible; Googlebot/2.1; +http://www.google.com/bot.html)"
85.190.241.155 - - [27/Sep/2026:16:09:28 +0300] "GET /wp-content/images/kred%C4%ABti-ar-par%C4%81dsaist%C4%ABb%C4%81m-kred%C4%ABts-ar-nenok%C4%81rtot%C4%81m--6lmjla8o.jpg HTTP/2.0" 200 35669 "-" "Mozilla/5.0 (Macintosh; Intel Mac OS X 10_15_7) AppleWebKit/537.36 (KHTML, like Gecko) Chrome/136.0.0.0 Safari/537.36"
66.249.73.3 - - [27/Sep/2026:16:09:29 +0300] "GET /?h=v1i9c2t5u4a1l9s24758 HTTP/1.1" 200 227362 "-" "Mozilla/5.0 (Linux; Android 6.0.1; Nexus 5X Build/MMB29P) AppleWebKit/537.36 (KHTML, like Gecko) Chrome/153.0.8010.52 Mobile Safari/537.36 (compatible; Googlebot/2.1; +http://www.google.com/bot.html)"
66.249.73.5 - - [27/Sep/2026:16:09:31 +0300] "GET /?h=i1n9t3o9n8a4t6e4d5207 HTTP/1.1" 200 213562 "-" "Mozilla/5.0 (Linux; Android 6.0.1; Nexus 5X Build/MMB29P) AppleWebKit/537.36 (KHTML, like Gecko) Chrome/153.0.8010.52 Mobile Safari/537.36 (compatible; Googlebot/2.1; +http://www.google.com/bot.html)"
66.249.73.5 - - [27/Sep/2026:16:09:33 +0300] "GET /?h=c0o0m1m0i3p5h8o9r3a834 HTTP/1.1" 200 214243 "-" "Mozilla/5.0 (Linux; Android 6.0.1; Nexus 5X Build/MMB29P) AppleWebKit/537.36 (KHTML, like Gecko) Chrome/153.0.8010.52 Mobile Safari/537.36 (compatible; Googlebot/2.1; +http://www.google.com/bot.html)"
66.249.73.5 - - [27/Sep/2026:16:09:34 +0300] "GET /?h=m0o8o2r6i0n5g605094 HTTP/1.1" 200 217538 "-" "Mozilla/5.0 (Linux; Android 6.0.1; Nexus 5X Build/MMB29P) AppleWebKit/537.36 (KHTML, like Gecko) Chrome/153.0.8010.52 Mobile Safari/537.36 (compatible; Googlebot/2.1; +http://www.google.com/bot.html)"
66.249.73.3 - - [27/Sep/2026:16:09:37 +0300] "GET /?h=f1u4g1e1r2e3005139 HTTP/1.1" 200 220945 "-" "Mozilla/5.0 (Linux; Android 6.0.1; Nexus 5X Build/MMB29P) AppleWebKit/537.36 (KHTML, like Gecko) Chrome/153.0.8010.52 Mobile Safari/537.36 (compatible; Googlebot/2.1; +http://www.google.com/bot.html)"
66.249.73.5 - - [27/Sep/2026:16:09:38 +0300] "GET /?h=t0r2a3n3s7f9i4g4u4r1a3t4ien HTTP/1.1" 200 214881 "-" "Mozilla/5.0 (Linux; Android 6.0.1; Nexus 5X Build/MMB29P) AppleWebKit/537.36 (KHTML, like Gecko) Chrome/153.0.8010.52 Mobile Safari/537.36 (compatible; Googlebot/2.1; +http://www.google.com/bot.html)"
66.249.73.3 - - [27/Sep/2026:16:09:40 +0300] "GET /?h=o1p6p1r4o5b6r5i3u7m578 HTTP/1.1" 200 226697 "-" "Mozilla/5.0 (Linux; Android 6.0.1; Nexus 5X Build/MMB29P) AppleWebKit/537.36 (KHTML, like Gecko) Chrome/153.0.8010.52 Mobile Safari/537.36 (compatible; Googlebot/2.1; +http://www.google.com/bot.html)"
66.249.73.6 - - [27/Sep/2026:16:09:43 +0300] "GET /?h=e0s5p1a8c4e0483927 HTTP/1.1" 200 224252 "-" "Mozilla/5.0 (Linux; Android 6.0.1; Nexus 5X Build/MMB29P) AppleWebKit/537.36 (KHTML, like Gecko) Chrome/153.0.8010.52 Mobile Safari/537.36 (compatible; Googlebot/2.1; +http://www.google.com/bot.html)"
66.249.73.4 - - [27/Sep/2026:16:09:45 +0300] "GET /?h=i0g2n1o1r5e9d924761 HTTP/1.1" 200 219129 "-" "Mozilla/5.0 (Linux; Android 6.0.1; Nexus 5X Build/MMB29P) AppleWebKit/537.36 (KHTML, like Gecko) Chrome/153.0.8010.52 Mobile Safari/537.36 (compatible; Googlebot/2.1; +http://www.google.com/bot.html)"
66.249.73.5 - - [27/Sep/2026:16:09:47 +0300] "GET /?h=p0e6a2r4l28166183 HTTP/1.1" 200 223785 "-" "Mozilla/5.0 (Linux; Android 6.0.1; Nexus 5X Build/MMB29P) AppleWebKit/537.36 (KHTML, like Gecko) Chrome/153.0.8010.52 Mobile Safari/537.36 (compatible; Googlebot/2.1; +http://www.google.com/bot.html)"
66.249.73.6 - - [27/Sep/2026:16:09:50 +0300] "GET /?h=h1e6r7r8i5n7g0b0o9n5e6 HTTP/1.1" 200 225638 "-" "Mozilla/5.0 (Linux; Android 6.0.1; Nexus 5X Build/MMB29P) AppleWebKit/537.36 (KHTML, like Gecko) Chrome/153.0.8010.52 Mobile Safari/537.36 (compatible; Googlebot/2.1; +http://www.google.com/bot.html)"
66.249.73.4 - - [27/Sep/2026:16:09:52 +0300] "GET /?h=b0e4j6e6w1e6l7e3d009 HTTP/1.1" 200 215468 "-" "Mozilla/5.0 (Linux; Android 6.0.1; Nexus 5X Build/MMB29P) AppleWebKit/537.36 (KHTML, like Gecko) Chrome/153.0.8010.52 Mobile Safari/537.36 (compatible; Googlebot/2.1; +http://www.google.com/bot.html)"
66.249.73.5 - - [27/Sep/2026:16:09:54 +0300] "GET /?h=m1a5d1n3e1p9164844 HTTP/1.1" 500 30178 "-" "Mozilla/5.0 (Linux; Android 6.0.1; Nexus 5X Build/MMB29P) AppleWebKit/537.36 (KHTML, like Gecko) Chrome/153.0.8010.52 Mobile Safari/537.36 (compatible; GoogleOther)"
66.249.73.4 - - [27/Sep/2026:16:09:56 +0300] "GET /?cebuano/052793908305 HTTP/1.1" 200 215972 "-" "Mozilla/5.0 (Linux; Android 6.0.1; Nexus 5X Build/MMB29P) AppleWebKit/537.36 (KHTML, like Gecko) Chrome/153.0.8010.52 Mobile Safari/537.36 (compatible; Googlebot/2.1; +http://www.google.com/bot.html)"
52.167.144.176 - - [27/Sep/2026:16:09:57 +0300] "GET /sitemap-child-780.xml HTTP/2.0" 200 364169 "-" "Mozilla/5.0 AppleWebKit/537.36 (KHTML, like Gecko; compatible; bingbot/2.0; +http://www.bing.com/bingbot.htm) Chrome/116.0.1938.76 Safari/537.36"
66.249.73.3 - - [27/Sep/2026:16:09:59 +0300] "GET /?h=a1l6m6o3n3e2r6s7h5i6p1 HTTP/1.1" 200 215329 "-" "Mozilla/5.0 (Linux; Android 6.0.1; Nexus 5X Build/MMB29P) AppleWebKit/537.36 (KHTML, like Gecko) Chrome/153.0.8010.52 Mobile Safari/537.36 (compatible; Googlebot/2.1; +http://www.google.com/bot.html)"
66.249.73.6 - - [27/Sep/2026:16:10:01 +0300] "GET /?h=a1t0r1a5b3i3l0a0r3i6a2n4 HTTP/1.1" 200 224476 "-" "Mozilla/5.0 (Linux; Android 6.0.1; Nexus 5X Build/MMB29P) AppleWebKit/537.36 (KHTML, like Gecko) Chrome/153.0.8010.52 Mobile Safari/537.36 (compatible; Googlebot/2.1; +http://www.google.com/bot.html)"
66.249.73.5 - - [27/Sep/2026:16:10:03 +0300] "GET /?h=c1a2l1q5u6e0650069 HTTP/1.1" 200 224712 "-" "Mozilla/5.0 (Linux; Android 6.0.1; Nexus 5X Build/MMB29P) AppleWebKit/537.36 (KHTML, like Gecko) Chrome/153.0.8010.52 Mobile Safari/537.36 (compatible; Googlebot/2.1; +http://www.google.com/bot.html)"
66.249.73.3 - - [27/Sep/2026:16:10:07 +0300] "GET /?h=i1n6c2o2m1e5424325 HTTP/1.1" 200 223711 "-" "Mozilla/5.0 (Linux; Android 6.0.1; Nexus 5X Build/MMB29P) AppleWebKit/537.36 (KHTML, like Gecko) Chrome/153.0.8010.52 Mobile Safari/537.36 (compatible; Googlebot/2.1; +http://www.google.com/bot.html)"
66.249.73.3 - - [27/Sep/2026:16:10:09 +0300] "GET /?h=j0a1g3i4r94878881 HTTP/1.1" 200 211937 "-" "Mozilla/5.0 (Linux; Android 6.0.1; Nexus 5X Build/MMB29P) AppleWebKit/537.36 (KHTML, like Gecko) Chrome/153.0.8010.52 Mobile Safari/537.36 (compatible; Googlebot/2.1; +http://www.google.com/bot.html)"
66.249.73.3 - - [27/Sep/2026:16:10:11 +0300] "GET /?h=m1a5z3d0e5a5n035628 HTTP/1.1" 200 225002 "-" "Mozilla/5.0 (Linux; Android 6.0.1; Nexus 5X Build/MMB29P) AppleWebKit/537.36 (KHTML, like Gecko) Chrome/153.0.8010.52 Mobile Safari/537.36 (compatible; Googlebot/2.1; +http://www.google.com/bot.html)"
66.249.73.4 - - [27/Sep/2026:16:10:15 +0300] "GET /?h=f1o4r2h1e9n5d770132 HTTP/1.1" 200 219168 "-" "Mozilla/5.0 (Linux; Android 6.0.1; Nexus 5X Build/MMB29P) AppleWebKit/537.36 (KHTML, like Gecko) Chrome/153.0.8010.52 Mobile Safari/537.36 (compatible; Googlebot/2.1; +http://www.google.com/bot.html)"
66.249.73.4 - - [27/Sep/2026:16:10:17 +0300] "GET /?h=p1t4e2r4y1g5o1p7a3l1a2t8ine HTTP/1.1" 200 222390 "-" "Mozilla/5.0 (Linux; Android 6.0.1; Nexus 5X Build/MMB29P) AppleWebKit/537.36 (KHTML, like Gecko) Chrome/153.0.8010.52 Mobile Safari/537.36 (compatible; Googlebot/2.1; +http://www.google.com/bot.html)"
66.249.73.3 - - [27/Sep/2026:16:10:19 +0300] "GET /?flint/061918742324 HTTP/1.1" 200 211186 "-" "Mozilla/5.0 (Linux; Android 6.0.1; Nexus 5X Build/MMB29P) AppleWebKit/537.36 (KHTML, like Gecko) Chrome/153.0.8010.52 Mobile Safari/537.36 (compatible; Googlebot/2.1; +http://www.google.com/bot.html)"
66.249.73.3 - - [27/Sep/2026:16:10:23 +0300] "GET /?h=i1n9d2o7r9s6e1e93689 HTTP/1.1" 200 220580 "-" "Mozilla/5.0 (Linux; Android 6.0.1; Nexus 5X Build/MMB29P) AppleWebKit/537.36 (KHTML, like Gecko) Chrome/153.0.8010.52 Mobile Safari/537.36 (compatible; Googlebot/2.1; +http://www.google.com/bot.html)"
66.249.73.3 - - [27/Sep/2026:16:10:27 +0300] "GET /?h=p0h5y3l2l2o8s0t2o1m0e67 HTTP/1.1" 200 213943 "-" "Mozilla/5.0 (Linux; Android 6.0.1; Nexus 5X Build/MMB29P) AppleWebKit/537.36 (KHTML, like Gecko) Chrome/153.0.8010.52 Mobile Safari/537.36 (compatible; Googlebot/2.1; +http://www.google.com/bot.html)"
66.249.73.4 - - [27/Sep/2026:16:10:29 +0300] "GET /?h=s0a0l2m9a4g1u6n6d2i971 HTTP/1.1" 200 231121 "-" "Mozilla/5.0 (Linux; Android 6.0.1; Nexus 5X Build/MMB29P) AppleWebKit/537.36 (KHTML, like Gecko) Chrome/153.0.8010.52 Mobile Safari/537.36 (compatible; Googlebot/2.1; +http://www.google.com/bot.html)"
66.249.73.4 - - [27/Sep/2026:16:10:31 +0300] "GET /?h=c0o6m2p5a6s1s5a7b8l4e26 HTTP/1.1" 200 229959 "-" "Mozilla/5.0 (Linux; Android 6.0.1; Nexus 5X Build/MMB29P) AppleWebKit/537.36 (KHTML, like Gecko) Chrome/153.0.8010.52 Mobile Safari/537.36 (compatible; Googlebot/2.1; +http://www.google.com/bot.html)"
66.249.73.3 - - [27/Sep/2026:16:10:34 +0300] "GET /?exterritoriality/071493589683 HTTP/1.1" 200 223732 "-" "Mozilla/5.0 (Linux; Android 6.0.1; Nexus 5X Build/MMB29P) AppleWebKit/537.36 (KHTML, like Gecko) Chrome/153.0.8010.52 Mobile Safari/537.36 (compatible; Googlebot/2.1; +http://www.google.com/bot.html)"
66.249.73.5 - - [27/Sep/2026:16:10:36 +0300] "GET /?h=s0e0p4t2e8n9t4r3i1o429 HTTP/1.1" 200 211827 "-" "Mozilla/5.0 (Linux; Android 6.0.1; Nexus 5X Build/MMB29P) AppleWebKit/537.36 (KHTML, like Gecko) Chrome/153.0.8010.52 Mobile Safari/537.36 (compatible; Googlebot/2.1; +http://www.google.com/bot.html)"
66.249.73.4 - - [27/Sep/2026:16:10:39 +0300] "GET /?h=s0l8a1b1b0i6n8g62184 HTTP/1.1" 200 225248 "-" "Mozilla/5.0 (Linux; Android 6.0.1; Nexus 5X Build/MMB29P) AppleWebKit/537.36 (KHTML, like Gecko) Chrome/153.0.8010.52 Mobile Safari/537.36 (compatible; Googlebot/2.1; +http://www.google.com/bot.html)"
66.249.73.4 - - [27/Sep/2026:16:10:41 +0300] "GET /?h=c0o2m2p5r5i4s4a9l5830 HTTP/1.1" 200 214768 "-" "Mozilla/5.0 (Linux; Android 6.0.1; Nexus 5X Build/MMB29P) AppleWebKit/537.36 (KHTML, like Gecko) Chrome/153.0.8010.52 Mobile Safari/537.36 (compatible; Googlebot/2.1; +http://www.google.com/bot.html)"
66.249.73.3 - - [27/Sep/2026:16:10:46 +0300] "GET /?h=e0u2p2i2t0h5e2c9i2a35 HTTP/1.1" 200 222791 "-" "Mozilla/5.0 (Linux; Android 6.0.1; Nexus 5X Build/MMB29P) AppleWebKit/537.36 (KHTML, like Gecko) Chrome/153.0.8010.52 Mobile Safari/537.36 (compatible; Googlebot/2.1; +http://www.google.com/bot.html)"
66.249.73.3 - - [27/Sep/2026:16:10:49 +0300] "GET /?h=e0x3c1e2l3l0e2n1t1934 HTTP/1.1" 200 220590 "-" "Mozilla/5.0 (Linux; Android 6.0.1; Nexus 5X Build/MMB29P) AppleWebKit/537.36 (KHTML, like Gecko) Chrome/153.0.8010.52 Mobile Safari/537.36 (compatible; Googlebot/2.1; +http://www.google.com/bot.html)"
66.249.73.5 - - [27/Sep/2026:16:10:52 +0300] "GET /?h=s0e7r4b0o6n1i3a2n3254 HTTP/1.1" 200 213108 "-" "Mozilla/5.0 (Linux; Android 6.0.1; Nexus 5X Build/MMB29P) AppleWebKit/537.36 (KHTML, like Gecko) Chrome/153.0.8010.52 Mobile Safari/537.36 (compatible; Googlebot/2.1; +http://www.google.com/bot.html)"
66.249.73.3 - - [27/Sep/2026:16:10:53 +0300] "GET /?h=a0s4p3e3r6u3l5a73057 HTTP/1.1" 200 219192 "-" "Mozilla/5.0 (Linux; Android 6.0.1; Nexus 5X Build/MMB29P) AppleWebKit/537.36 (KHTML, like Gecko) Chrome/153.0.8010.52 Mobile Safari/537.36 (compatible; Googlebot/2.1; +http://www.google.com/bot.html)"
66.249.73.5 - - [27/Sep/2026:16:10:55 +0300] "GET /?praecordia/073467099093 HTTP/1.1" 200 212623 "-" "Mozilla/5.0 (Linux; Android 6.0.1; Nexus 5X Build/MMB29P) AppleWebKit/537.36 (KHTML, like Gecko) Chrome/153.0.8010.52 Mobile Safari/537.36 (compatible; Googlebot/2.1; +http://www.google.com/bot.html)"
66.249.73.6 - - [27/Sep/2026:16:10:59 +0300] "GET /?h=p0r3o3s5p9e2c9t6i7v8e5l8y HTTP/1.1" 200 220455 "-" "Mozilla/5.0 (Linux; Android 6.0.1; Nexus 5X Build/MMB29P) AppleWebKit/537.36 (KHTML, like Gecko) Chrome/153.0.8010.52 Mobile Safari/537.36 (compatible; Googlebot/2.1; +http://www.google.com/bot.html)"
66.249.73.3 - - [27/Sep/2026:16:11:02 +0300] "GET /?h=s1t6u6m4p6e4r28507 HTTP/1.1" 200 215623 "-" "Mozilla/5.0 (Linux; Android 6.0.1; Nexus 5X Build/MMB29P) AppleWebKit/537.36 (KHTML, like Gecko) Chrome/153.0.8010.52 Mobile Safari/537.36 (compatible; Googlebot/2.1; +http://www.google.com/bot.html)"
66.249.73.4 - - [27/Sep/2026:16:11:04 +0300] "GET /?h=e0u3c2h2r1o1i2c10353 HTTP/1.1" 200 219457 "-" "Mozilla/5.0 (Linux; Android 6.0.1; Nexus 5X Build/MMB29P) AppleWebKit/537.36 (KHTML, like Gecko) Chrome/153.0.8010.52 Mobile Safari/537.36 (compatible; Googlebot/2.1; +http://www.google.com/bot.html)"
66.249.73.4 - - [27/Sep/2026:16:11:06 +0300] "GET /?h=h0e0p1t4a6r1c8h8i2c748 HTTP/1.1" 200 216817 "-" "Mozilla/5.0 (Linux; Android 6.0.1; Nexus 5X Build/MMB29P) AppleWebKit/537.36 (KHTML, like Gecko) Chrome/153.0.8010.52 Mobile Safari/537.36 (compatible; Googlebot/2.1; +http://www.google.com/bot.html)"
66.249.73.3 - - [27/Sep/2026:16:11:09 +0300] "GET /?h=a1m2b2i4g1u2i0t2i7e5s96 HTTP/1.1" 200 223496 "-" "Mozilla/5.0 (Linux; Android 6.0.1; Nexus 5X Build/MMB29P) AppleWebKit/537.36 (KHTML, like Gecko) Chrome/153.0.8010.52 Mobile Safari/537.36 (compatible; Googlebot/2.1; +http://www.google.com/bot.html)"
66.249.73.3 - - [27/Sep/2026:16:11:11 +0300] "GET /?h=g0a8i2t7e6d3234079 HTTP/1.1" 200 221592 "-" "Mozilla/5.0 (Linux; Android 6.0.1; Nexus 5X Build/MMB29P) AppleWebKit/537.36 (KHTML, like Gecko) Chrome/153.0.8010.52 Mobile Safari/537.36 (compatible; Googlebot/2.1; +http://www.google.com/bot.html)"
66.249.73.3 - - [27/Sep/2026:16:11:14 +0300] "GET /?h=c0o3n1c8a6t6e0n5a3t4e1d1 HTTP/1.1" 200 220067 "-" "Mozilla/5.0 (Linux; Android 6.0.1; Nexus 5X Build/MMB29P) AppleWebKit/537.36 (KHTML, like Gecko) Chrome/153.0.8010.52 Mobile Safari/537.36 (compatible; Googlebot/2.1; +http://www.google.com/bot.html)"
66.249.73.3 - - [27/Sep/2026:16:11:16 +0300] "GET /?h=p1a1n2a9r5y8908245 HTTP/1.1" 200 217205 "-" "Mozilla/5.0 (Linux; Android 6.0.1; Nexus 5X Build/MMB29P) AppleWebKit/537.36 (KHTML, like Gecko) Chrome/153.0.8010.52 Mobile Safari/537.36 (compatible; Googlebot/2.1; +http://www.google.com/bot.html)"
66.249.73.4 - - [27/Sep/2026:16:11:19 +0300] "GET /?h=h1y9d2r6o7m2e1t7e4o7r4o7logy HTTP/1.1" 200 227249 "-" "Mozilla/5.0 (Linux; Android 6.0.1; Nexus 5X Build/MMB29P) AppleWebKit/537.36 (KHTML, like Gecko) Chrome/153.0.8010.52 Mobile Safari/537.36 (compatible; Googlebot/2.1; +http://www.google.com/bot.html)"
66.249.73.3 - - [27/Sep/2026:16:11:23 +0300] "GET /?h=c0l1a1q6u6e5u0r82832 HTTP/1.1" 200 212287 "-" "Mozilla/5.0 (Linux; Android 6.0.1; Nexus 5X Build/MMB29P) AppleWebKit/537.36 (KHTML, like Gecko) Chrome/153.0.8010.52 Mobile Safari/537.36 (compatible; Googlebot/2.1; +http://www.google.com/bot.html)"
66.249.73.4 - - [27/Sep/2026:16:11:25 +0300] "GET /?gnathothecae/1864703012 HTTP/1.1" 200 215793 "-" "Mozilla/5.0 (Linux; Android 6.0.1; Nexus 5X Build/MMB29P) AppleWebKit/537.36 (KHTML, like Gecko) Chrome/153.0.8010.52 Mobile Safari/537.36 (compatible; Googlebot/2.1; +http://www.google.com/bot.html)"
66.249.73.4 - - [27/Sep/2026:16:11:27 +0300] "GET /?h=w0a3k1e9t6i4m2e46273 HTTP/1.1" 200 216017 "-" "Mozilla/5.0 (Linux; Android 6.0.1; Nexus 5X Build/MMB29P) AppleWebKit/537.36 (KHTML, like Gecko) Chrome/153.0.8010.52 Mobile Safari/537.36 (compatible; Googlebot/2.1; +http://www.google.com/bot.html)"
66.249.73.4 - - [27/Sep/2026:16:11:30 +0300] "GET /?h=g1i2n3g3e9r7y220705 HTTP/1.1" 200 223326 "-" "Mozilla/5.0 (Linux; Android 6.0.1; Nexus 5X Build/MMB29P) AppleWebKit/537.36 (KHTML, like Gecko) Chrome/153.0.8010.52 Mobile Safari/537.36 (compatible; Googlebot/2.1; +http://www.google.com/bot.html)"
66.249.73.3 - - [27/Sep/2026:16:11:32 +0300] "GET /?h=s1h2u2t2e3520239 HTTP/1.1" 200 220759 "-" "Mozilla/5.0 (Linux; Android 6.0.1; Nexus 5X Build/MMB29P) AppleWebKit/537.36 (KHTML, like Gecko) Chrome/153.0.8010.52 Mobile Safari/537.36 (compatible; Googlebot/2.1; +http://www.google.com/bot.html)"
66.249.73.5 - - [27/Sep/2026:16:11:37 +0300] "GET /?h=r1o8u2g7h5h1e3w31004 HTTP/1.1" 200 217648 "-" "Mozilla/5.0 (Linux; Android 6.0.1; Nexus 5X Build/MMB29P) AppleWebKit/537.36 (KHTML, like Gecko) Chrome/153.0.8010.52 Mobile Safari/537.36 (compatible; Googlebot/2.1; +http://www.google.com/bot.html)"
66.249.73.5 - - [27/Sep/2026:16:11:38 +0300] "GET /?h=b1i9l4b8o8e7s37464 HTTP/1.1" 200 214820 "-" "Mozilla/5.0 (Linux; Android 6.0.1; Nexus 5X Build/MMB29P) AppleWebKit/537.36 (KHTML, like Gecko) Chrome/153.0.8010.52 Mobile Safari/537.36 (compatible; Googlebot/2.1; +http://www.google.com/bot.html)"
66.249.73.5 - - [27/Sep/2026:16:11:41 +0300] "GET /?h=i0n2c3o5n6s3o2n8a9n6t8l2y HTTP/1.1" 200 217885 "-" "Mozilla/5.0 (Linux; Android 6.0.1; Nexus 5X Build/MMB29P) AppleWebKit/537.36 (KHTML, like Gecko) Chrome/153.0.8010.52 Mobile Safari/537.36 (compatible; Googlebot/2.1; +http://www.google.com/bot.html)"
66.249.73.5 - - [27/Sep/2026:16:11:43 +0300] "GET /?h=t0i2p8t5o5p414046 HTTP/1.1" 200 211526 "-" "Mozilla/5.0 (Linux; Android 6.0.1; Nexus 5X Build/MMB29P) AppleWebKit/537.36 (KHTML, like Gecko) Chrome/153.0.8010.52 Mobile Safari/537.36 (compatible; Googlebot/2.1; +http://www.google.com/bot.html)"
66.249.73.3 - - [27/Sep/2026:16:11:45 +0300] "GET /?h=a0r4s1i9n8e132779 HTTP/1.1" 200 215158 "-" "Mozilla/5.0 (Linux; Android 6.0.1; Nexus 5X Build/MMB29P) AppleWebKit/537.36 (KHTML, like Gecko) Chrome/153.0.8010.52 Mobile Safari/537.36 (compatible; Googlebot/2.1; +http://www.google.com/bot.html)"
66.249.73.4 - - [27/Sep/2026:16:11:49 +0300] "GET /?h=c1a4m3e7l8o0t392334 HTTP/1.1" 200 224132 "-" "Mozilla/5.0 (Linux; Android 6.0.1; Nexus 5X Build/MMB29P) AppleWebKit/537.36 (KHTML, like Gecko) Chrome/153.0.8010.52 Mobile Safari/537.36 (compatible; Googlebot/2.1; +http://www.google.com/bot.html)"
66.249.73.4 - - [27/Sep/2026:16:11:52 +0300] "GET /?h=c0o0n2s5u5m5m3a1t2i0n5g7 HTTP/1.1" 200 212010 "-" "Mozilla/5.0 (Linux; Android 6.0.1; Nexus 5X Build/MMB29P) AppleWebKit/537.36 (KHTML, like Gecko) Chrome/153.0.8010.52 Mobile Safari/537.36 (compatible; Googlebot/2.1; +http://www.google.com/bot.html)"
66.249.73.4 - - [27/Sep/2026:16:11:54 +0300] "GET /?h=a0f1f2i1n8i2t2a4t3i4v7e0ly HTTP/1.1" 200 218461 "-" "Mozilla/5.0 (Linux; Android 6.0.1; Nexus 5X Build/MMB29P) AppleWebKit/537.36 (KHTML, like Gecko) Chrome/153.0.8010.52 Mobile Safari/537.36 (compatible; Googlebot/2.1; +http://www.google.com/bot.html)"
66.249.73.6 - - [27/Sep/2026:16:11:57 +0300] "GET /?h=i1d1e1n9t1i6c7a0l6l9y1 HTTP/1.1" 200 215025 "-" "Mozilla/5.0 (Linux; Android 6.0.1; Nexus 5X Build/MMB29P) AppleWebKit/537.36 (KHTML, like Gecko) Chrome/153.0.8010.52 Mobile Safari/537.36 (compatible; Googlebot/2.1; +http://www.google.com/bot.html)"
66.249.73.7 - - [27/Sep/2026:16:11:59 +0300] "GET /?h=r0i5v5u6l3a3r3e6631 HTTP/1.1" 200 214556 "-" "Mozilla/5.0 (Linux; Android 6.0.1; Nexus 5X Build/MMB29P) AppleWebKit/537.36 (KHTML, like Gecko) Chrome/153.0.8010.52 Mobile Safari/537.36 (compatible; Googlebot/2.1; +http://www.google.com/bot.html)"
66.249.73.3 - - [27/Sep/2026:16:12:04 +0300] "GET /?engrasped/071130944943 HTTP/1.1" 200 222182 "-" "Mozilla/5.0 (Linux; Android 6.0.1; Nexus 5X Build/MMB29P) AppleWebKit/537.36 (KHTML, like Gecko) Chrome/153.0.8010.52 Mobile Safari/537.36 (compatible; Googlebot/2.1; +http://www.google.com/bot.html)"
66.249.73.4 - - [27/Sep/2026:16:12:06 +0300] "GET /?h=t1e1t1r7a4d8y1n4a2m1o7u7s HTTP/1.1" 200 224352 "-" "Mozilla/5.0 (Linux; Android 6.0.1; Nexus 5X Build/MMB29P) AppleWebKit/537.36 (KHTML, like Gecko) Chrome/153.0.8010.52 Mobile Safari/537.36 (compatible; Googlebot/2.1; +http://www.google.com/bot.html)"
66.249.73.4 - - [27/Sep/2026:16:12:10 +0300] "GET /?h=h0e1i3g5h9t0370690 HTTP/1.1" 200 223709 "-" "Mozilla/5.0 (Linux; Android 6.0.1; Nexus 5X Build/MMB29P) AppleWebKit/537.36 (KHTML, like Gecko) Chrome/153.0.8010.52 Mobile Safari/537.36 (compatible; Googlebot/2.1; +http://www.google.com/bot.html)"
66.249.73.3 - - [27/Sep/2026:16:12:12 +0300] "GET /?h=c0r1i7m4p6y708138 HTTP/1.1" 200 226568 "-" "Mozilla/5.0 (Linux; Android 6.0.1; Nexus 5X Build/MMB29P) AppleWebKit/537.36 (KHTML, like Gecko) Chrome/153.0.8010.52 Mobile Safari/537.36 (compatible; Googlebot/2.1; +http://www.google.com/bot.html)"
66.249.73.3 - - [27/Sep/2026:16:12:16 +0300] "GET /?h=s0u4r2r7e2y710313 HTTP/1.1" 200 216760 "-" "Mozilla/5.0 (Linux; Android 6.0.1; Nexus 5X Build/MMB29P) AppleWebKit/537.36 (KHTML, like Gecko) Chrome/153.0.8010.52 Mobile Safari/537.36 (compatible; Googlebot/2.1; +http://www.google.com/bot.html)"
66.249.73.3 - - [27/Sep/2026:16:12:18 +0300] "GET /?h=s0u7b3o0r5d0i3n5a4t7i8o7n HTTP/1.1" 200 216263 "-" "Mozilla/5.0 (Linux; Android 6.0.1; Nexus 5X Build/MMB29P) AppleWebKit/537.36 (KHTML, like Gecko) Chrome/153.0.8010.52 Mobile Safari/537.36 (compatible; Googlebot/2.1; +http://www.google.com/bot.html)"
66.249.73.3 - - [27/Sep/2026:16:12:21 +0300] "GET /?h=b0i2l3a0m2i5n4a7r7882 HTTP/1.1" 200 214524 "-" "Mozilla/5.0 (Linux; Android 6.0.1; Nexus 5X Build/MMB29P) AppleWebKit/537.36 (KHTML, like Gecko) Chrome/153.0.8010.52 Mobile Safari/537.36 (compatible; Googlebot/2.1; +http://www.google.com/bot.html)"
66.249.73.3 - - [27/Sep/2026:16:12:23 +0300] "GET /?h=f0i3l2i9c4o1i3d69961 HTTP/1.1" 200 219181 "-" "Mozilla/5.0 (Linux; Android 6.0.1; Nexus 5X Build/MMB29P) AppleWebKit/537.36 (KHTML, like Gecko) Chrome/153.0.8010.52 Mobile Safari/537.36 (compatible; Googlebot/2.1; +http://www.google.com/bot.html)"
66.249.73.4 - - [27/Sep/2026:16:12:26 +0300] "GET /?h=r0i5n7g6t1a3i9l4e8d29 HTTP/1.1" 200 213136 "-" "Mozilla/5.0 (Linux; Android 6.0.1; Nexus 5X Build/MMB29P) AppleWebKit/537.36 (KHTML, like Gecko) Chrome/153.0.8010.52 Mobile Safari/537.36 (compatible; Googlebot/2.1; +http://www.google.com/bot.html)"
66.249.73.4 - - [27/Sep/2026:16:12:28 +0300] "GET /?h=s1o5d4o1m5i4t0e85737 HTTP/1.1" 200 217001 "-" "Mozilla/5.0 (Linux; Android 6.0.1; Nexus 5X Build/MMB29P) AppleWebKit/537.36 (KHTML, like Gecko) Chrome/153.0.8010.52 Mobile Safari/537.36 (compatible; Googlebot/2.1; +http://www.google.com/bot.html)"
66.249.73.5 - - [27/Sep/2026:16:12:30 +0300] "GET /?h=a0n3t3h0r3a3c6i5t0i4c41 HTTP/1.1" 200 225694 "-" "Mozilla/5.0 (Linux; Android 6.0.1; Nexus 5X Build/MMB29P) AppleWebKit/537.36 (KHTML, like Gecko) Chrome/153.0.8010.52 Mobile Safari/537.36 (compatible; Googlebot/2.1; +http://www.google.com/bot.html)"
66.249.73.3 - - [27/Sep/2026:16:12:33 +0300] "GET /?h=c1h1e1e1s8y8630042 HTTP/1.1" 200 219990 "-" "Mozilla/5.0 (Linux; Android 6.0.1; Nexus 5X Build/MMB29P) AppleWebKit/537.36 (KHTML, like Gecko) Chrome/153.0.8010.52 Mobile Safari/537.36 (compatible; Googlebot/2.1; +http://www.google.com/bot.html)"
66.249.73.4 - - [27/Sep/2026:16:12:35 +0300] "GET /?h=d0e2c3a4p3o2d2a39362 HTTP/1.1" 200 215992 "-" "Mozilla/5.0 (Linux; Android 6.0.1; Nexus 5X Build/MMB29P) AppleWebKit/537.36 (KHTML, like Gecko) Chrome/153.0.8010.52 Mobile Safari/537.36 (compatible; Googlebot/2.1; +http://www.google.com/bot.html)"
66.249.73.3 - - [27/Sep/2026:16:12:39 +0300] "GET /?h=t1e3n3a0i5l1l5e66886 HTTP/1.1" 200 212686 "-" "Mozilla/5.0 (Linux; Android 6.0.1; Nexus 5X Build/MMB29P) AppleWebKit/537.36 (KHTML, like Gecko) Chrome/153.0.8010.52 Mobile Safari/537.36 (compatible; Googlebot/2.1; +http://www.google.com/bot.html)"
66.249.73.4 - - [27/Sep/2026:16:12:44 +0300] "GET /?egregious/094016781331 HTTP/1.1" 200 211345 "-" "Mozilla/5.0 (Linux; Android 6.0.1; Nexus 5X Build/MMB29P) AppleWebKit/537.36 (KHTML, like Gecko) Chrome/153.0.8010.52 Mobile Safari/537.36 (compatible; Googlebot/2.1; +http://www.google.com/bot.html)"
66.249.73.3 - - [27/Sep/2026:16:12:45 +0300] "GET /?h=q1u1o2i5n22590762 HTTP/1.1" 200 214991 "-" "Mozilla/5.0 (Linux; Android 6.0.1; Nexus 5X Build/MMB29P) AppleWebKit/537.36 (KHTML, like Gecko) Chrome/153.0.8010.52 Mobile Safari/537.36 (compatible; Googlebot/2.1; +http://www.google.com/bot.html)"
66.249.73.3 - - [27/Sep/2026:16:12:47 +0300] "GET /?h=p0r2o5s9e3c3u6t5e9d14 HTTP/1.1" 200 224576 "-" "Mozilla/5.0 (Linux; Android 6.0.1; Nexus 5X Build/MMB29P) AppleWebKit/537.36 (KHTML, like Gecko) Chrome/153.0.8010.52 Mobile Safari/537.36 (compatible; Googlebot/2.1; +http://www.google.com/bot.html)"
66.249.73.3 - - [27/Sep/2026:16:12:49 +0300] "GET /?h=s0t5i5c4k9l3e0d4668 HTTP/1.1" 200 218039 "-" "Mozilla/5.0 (Linux; Android 6.0.1; Nexus 5X Build/MMB29P) AppleWebKit/537.36 (KHTML, like Gecko) Chrome/153.0.8010.52 Mobile Safari/537.36 (compatible; Googlebot/2.1; +http://www.google.com/bot.html)"
66.249.73.3 - - [27/Sep/2026:16:12:53 +0300] "GET /?h=b0r5a3i6n46397127 HTTP/1.1" 200 218214 "-" "Mozilla/5.0 (Linux; Android 6.0.1; Nexus 5X Build/MMB29P) AppleWebKit/537.36 (KHTML, like Gecko) Chrome/153.0.8010.52 Mobile Safari/537.36 (compatible; Googlebot/2.1; +http://www.google.com/bot.html)"
66.249.73.6 - - [27/Sep/2026:16:12:55 +0300] "GET /?h=p0r0o3t2e9c5t1i2n3g324 HTTP/1.1" 200 224749 "-" "Mozilla/5.0 (Linux; Android 6.0.1; Nexus 5X Build/MMB29P) AppleWebKit/537.36 (KHTML, like Gecko) Chrome/153.0.8010.52 Mobile Safari/537.36 (compatible; Googlebot/2.1; +http://www.google.com/bot.html)"
66.249.73.4 - - [27/Sep/2026:16:12:57 +0300] "GET /?h=c0h0a1m3p3i6g0n8o4n031 HTTP/1.1" 200 212840 "-" "Mozilla/5.0 (Linux; Android 6.0.1; Nexus 5X Build/MMB29P) AppleWebKit/537.36 (KHTML, like Gecko) Chrome/153.0.8010.52 Mobile Safari/537.36 (compatible; Googlebot/2.1; +http://www.google.com/bot.html)"
66.249.73.4 - - [27/Sep/2026:16:12:59 +0300] "GET /legumin/s1e6l3f0e7v9i0d0e1n5t4l9y HTTP/1.1" 200 229386 "-" "Mozilla/5.0 (Linux; Android 6.0.1; Nexus 5X Build/MMB29P) AppleWebKit/537.36 (KHTML, like Gecko) Chrome/154.0.8037.57 Mobile Safari/537.36 (compatible; Googlebot/2.1; +http://www.google.com/bot.html)"
66.249.73.3 - - [27/Sep/2026:16:13:02 +0300] "GET /?h=p0i8g2e2o7n8l0i4v7e3r5e5d HTTP/1.1" 200 211924 "-" "Mozilla/5.0 (Linux; Android 6.0.1; Nexus 5X Build/MMB29P) AppleWebKit/537.36 (KHTML, like Gecko) Chrome/153.0.8010.52 Mobile Safari/537.36 (compatible; Googlebot/2.1; +http://www.google.com/bot.html)"
66.249.73.3 - - [27/Sep/2026:16:13:05 +0300] "GET /?h=c0u2r2v0e2s4222754 HTTP/1.1" 200 216836 "-" "Mozilla/5.0 (Linux; Android 6.0.1; Nexus 5X Build/MMB29P) AppleWebKit/537.36 (KHTML, like Gecko) Chrome/153.0.8010.52 Mobile Safari/537.36 (compatible; Googlebot/2.1; +http://www.google.com/bot.html)"
66.249.73.3 - - [27/Sep/2026:16:13:10 +0300] "GET /?h=m0a2l1i2g3n8i8t5y6046 HTTP/1.1" 200 219998 "-" "Mozilla/5.0 (Linux; Android 6.0.1; Nexus 5X Build/MMB29P) AppleWebKit/537.36 (KHTML, like Gecko) Chrome/153.0.8010.52 Mobile Safari/537.36 (compatible; Googlebot/2.1; +http://www.google.com/bot.html)"
66.249.73.3 - - [27/Sep/2026:16:13:12 +0300] "GET /?h=e1u3c2h4r3o9i6c10805 HTTP/1.1" 200 214596 "-" "Mozilla/5.0 (Linux; Android 6.0.1; Nexus 5X Build/MMB29P) AppleWebKit/537.36 (KHTML, like Gecko) Chrome/153.0.8010.52 Mobile Safari/537.36 (compatible; Googlebot/2.1; +http://www.google.com/bot.html)"
66.249.73.3 - - [27/Sep/2026:16:13:16 +0300] "GET /?h=o1n7e2s6t2e9p325584 HTTP/1.1" 200 215651 "-" "Mozilla/5.0 (Linux; Android 6.0.1; Nexus 5X Build/MMB29P) AppleWebKit/537.36 (KHTML, like Gecko) Chrome/153.0.8010.52 Mobile Safari/537.36 (compatible; Googlebot/2.1; +http://www.google.com/bot.html)"
66.249.73.3 - - [27/Sep/2026:16:13:19 +0300] "GET /?h=p0i1g1m7e2n0t3e8d7308 HTTP/1.1" 200 214347 "-" "Mozilla/5.0 (Linux; Android 6.0.1; Nexus 5X Build/MMB29P) AppleWebKit/537.36 (KHTML, like Gecko) Chrome/153.0.8010.52 Mobile Safari/537.36 (compatible; Googlebot/2.1; +http://www.google.com/bot.html)"
66.249.73.3 - - [27/Sep/2026:16:13:21 +0300] "GET /?h=t0h1a3l2l4i5n6e71835 HTTP/1.1" 200 228457 "-" "Mozilla/5.0 (Linux; Android 6.0.1; Nexus 5X Build/MMB29P) AppleWebKit/537.36 (KHTML, like Gecko) Chrome/153.0.8010.52 Mobile Safari/537.36 (compatible; Googlebot/2.1; +http://www.google.com/bot.html)"
66.249.73.4 - - [27/Sep/2026:16:13:24 +0300] "GET /?h=u1n5w6i0e4l0d0i4l5y58 HTTP/1.1" 200 221261 "-" "Mozilla/5.0 (Linux; Android 6.0.1; Nexus 5X Build/MMB29P) AppleWebKit/537.36 (KHTML, like Gecko) Chrome/153.0.8010.52 Mobile Safari/537.36 (compatible; Googlebot/2.1; +http://www.google.com/bot.html)"
66.249.73.3 - - [27/Sep/2026:16:13:26 +0300] "GET /?h=p1h9i2l0a9t7o0r6y6503 HTTP/1.1" 200 216219 "-" "Mozilla/5.0 (Linux; Android 6.0.1; Nexus 5X Build/MMB29P) AppleWebKit/537.36 (KHTML, like Gecko) Chrome/153.0.8010.52 Mobile Safari/537.36 (compatible; Googlebot/2.1; +http://www.google.com/bot.html)"
66.249.73.4 - - [27/Sep/2026:16:13:28 +0300] "GET /?h=i0n3t3e4r1j4a9n2g1l1e01 HTTP/1.1" 200 220822 "-" "Mozilla/5.0 (Linux; Android 6.0.1; Nexus 5X Build/MMB29P) AppleWebKit/537.36 (KHTML, like Gecko) Chrome/153.0.8010.52 Mobile Safari/537.36 (compatible; Googlebot/2.1; +http://www.google.com/bot.html)"
66.249.73.5 - - [27/Sep/2026:16:13:31 +0300] "GET /?h=p1i8g2m6e8n8t5a9t2i6o9n3 HTTP/1.1" 200 213141 "-" "Mozilla/5.0 (Linux; Android 6.0.1; Nexus 5X Build/MMB29P) AppleWebKit/537.36 (KHTML, like Gecko) Chrome/153.0.8010.52 Mobile Safari/537.36 (compatible; Googlebot/2.1; +http://www.google.com/bot.html)"
62.60.130.227 - - [27/Sep/2026:16:13:32 +0300] "GET / HTTP/1.1" 200 79947 "-" "Mozilla/5.0 (Windows NT 10.0; Win64; x64) AppleWebKit/537.36 (KHTML, like Gecko) Chrome/126.0.0.0 Safari/537.36"
62.60.130.227 - - [27/Sep/2026:16:13:32 +0300] "GET /wp-json/wp/v2/pages?per_page=30&_fields=id HTTP/1.1" 200 361 "-" "Mozilla/5.0 (Windows NT 10.0; Win64; x64) AppleWebKit/537.36 (KHTML, like Gecko) Chrome/126.0.0.0 Safari/537.36"
66.249.73.5 - - [27/Sep/2026:16:13:33 +0300] "GET /?h=m0e2t2a3c8a5r0p5u4s007 HTTP/1.1" 200 225446 "-" "Mozilla/5.0 (Linux; Android 6.0.1; Nexus 5X Build/MMB29P) AppleWebKit/537.36 (KHTML, like Gecko) Chrome/153.0.8010.52 Mobile Safari/537.36 (compatible; Googlebot/2.1; +http://www.google.com/bot.html)"
62.60.130.227 - - [27/Sep/2026:16:13:33 +0300] "GET /wp-content/themes/smart-mag/page-templates/ HTTP/1.1" 404 28784 "-" "Mozilla/5.0 (Windows NT 10.0; Win64; x64) AppleWebKit/537.36 (KHTML, like Gecko) Chrome/126.0.0.0 Safari/537.36"
52.167.144.199 - - [27/Sep/2026:16:13:32 +0300] "GET /sitemap-child-3026.xml HTTP/2.0" 200 364494 "-" "Mozilla/5.0 AppleWebKit/537.36 (KHTML, like Gecko; compatible; bingbot/2.0; +http://www.bing.com/bingbot.htm) Chrome/116.0.1938.76 Safari/537.36"
62.60.130.227 - - [27/Sep/2026:16:13:34 +0300] "GET /wp-content/themes/smart-mag-child/page-templates/ HTTP/1.1" 200 942 "-" "Mozilla/5.0 (Windows NT 10.0; Win64; x64) AppleWebKit/537.36 (KHTML, like Gecko) Chrome/126.0.0.0 Safari/537.36"
62.60.130.227 - - [27/Sep/2026:16:13:34 +0300] "POST /?page_id=1076&pagename=templates%252f%252e%252e%252f%252e%252e%252f%252e%252e%252f%252e%252e%252fwp-links-opml HTTP/1.1" 500 31321 "-" "Mozilla/5.0 (Windows NT 10.0; Win64; x64) AppleWebKit/537.36 (KHTML, like Gecko) Chrome/126.0.0.0 Safari/537.36"
180.153.236.9 - - [27/Sep/2026:16:13:35 +0300] "GET / HTTP/2.0" 200 79947 "https://www.iniciativa.lv/" "User-Agent:Mozilla/5.0 (Windows NT 10.0; Win64; x64) AppleWebKit/537.36 (KHTML, like Gecko) Chrome/140.0.0.0 Safari/537.36 Edg/140.0.0.0; 360Spider"
62.60.130.227 - - [27/Sep/2026:16:13:36 +0300] "GET /?page_id=1076&pagename=templates%252f%252e%252e%252f%252e%252e%252f%252e%252e%252f%252e%252e%252fwp-links-opml HTTP/1.1" 301 - "-" "Mozilla/5.0 (Windows NT 10.0; Win64; x64) AppleWebKit/537.36 (KHTML, like Gecko) Chrome/126.0.0.0 Safari/537.36"
66.249.73.3 - - [27/Sep/2026:16:13:36 +0300] "GET /?gavage/051726376925 HTTP/1.1" 200 218560 "-" "Mozilla/5.0 (Linux; Android 6.0.1; Nexus 5X Build/MMB29P) AppleWebKit/537.36 (KHTML, like Gecko) Chrome/153.0.8010.52 Mobile Safari/537.36 (compatible; Googlebot/2.1; +http://www.google.com/bot.html)"
62.60.130.227 - - [27/Sep/2026:16:13:36 +0300] "POST /?page_id=1076&pagename=templates%252f%252e%252e%252f%252e%252e%252f%252e%252e%252fwp-links-opml HTTP/1.1" 500 31321 "-" "Mozilla/5.0 (Windows NT 10.0; Win64; x64) AppleWebKit/537.36 (KHTML, like Gecko) Chrome/126.0.0.0 Safari/537.36"
62.60.130.227 - - [27/Sep/2026:16:13:38 +0300] "GET /?page_id=1076&pagename=templates%252f%252e%252e%252f%252e%252e%252f%252e%252e%252fwp-links-opml HTTP/1.1" 301 - "-" "Mozilla/5.0 (Windows NT 10.0; Win64; x64) AppleWebKit/537.36 (KHTML, like Gecko) Chrome/126.0.0.0 Safari/537.36"
62.60.130.227 - - [27/Sep/2026:16:13:39 +0300] "POST /?page_id=1076&pagename=templates%252f%252e%252e%252f%252e%252e%252f%252e%252e%252f%252e%252e%252f%252e%252e%252fwp-links-opml HTTP/1.1" 500 31321 "-" "Mozilla/5.0 (Windows NT 10.0; Win64; x64) AppleWebKit/537.36 (KHTML, like Gecko) Chrome/126.0.0.0 Safari/537.36"
66.249.73.4 - - [27/Sep/2026:16:13:40 +0300] "GET /?h=p0e8p2p6e2r4e2r37986 HTTP/1.1" 200 211993 "-" "Mozilla/5.0 (Linux; Android 6.0.1; Nexus 5X Build/MMB29P) AppleWebKit/537.36 (KHTML, like Gecko) Chrome/153.0.8010.52 Mobile Safari/537.36 (compatible; Googlebot/2.1; +http://www.google.com/bot.html)"
62.60.130.227 - - [27/Sep/2026:16:13:42 +0300] "GET /?page_id=1076&pagename=templates%252f%252e%252e%252f%252e%252e%252f%252e%252e%252f%252e%252e%252f%252e%252e%252fwp-links-opml HTTP/1.1" 301 - "-" "Mozilla/5.0 (Windows NT 10.0; Win64; x64) AppleWebKit/537.36 (KHTML, like Gecko) Chrome/126.0.0.0 Safari/537.36"
66.249.73.4 - - [27/Sep/2026:16:13:42 +0300] "GET /?h=c0a8d3a4s1t5r9e26480 HTTP/1.1" 200 209203 "-" "Mozilla/5.0 (Linux; Android 6.0.1; Nexus 5X Build/MMB29P) AppleWebKit/537.36 (KHTML, like Gecko) Chrome/153.0.8010.52 Mobile Safari/537.36 (compatible; Googlebot/2.1; +http://www.google.com/bot.html)"
62.60.130.227 - - [27/Sep/2026:16:13:43 +0300] "POST /?page_id=1076&pagename=templates%252f%252e%252e%252f%252e%252e%252f%252e%252e%252f%252e%252e%252f%252e%252e%252f%252e%252e%252fwp-links-opml HTTP/1.1" 500 31321 "-" "Mozilla/5.0 (Windows NT 10.0; Win64; x64) AppleWebKit/537.36 (KHTML, like Gecko) Chrome/126.0.0.0 Safari/537.36"
66.249.73.5 - - [27/Sep/2026:16:13:44 +0300] "GET /?h=s0w2e4i1t8e0n0i9a7229 HTTP/1.1" 200 210440 "-" "Mozilla/5.0 (Linux; Android 6.0.1; Nexus 5X Build/MMB29P) AppleWebKit/537.36 (KHTML, like Gecko) Chrome/153.0.8010.52 Mobile Safari/537.36 (compatible; Googlebot/2.1; +http://www.google.com/bot.html)"
62.60.130.227 - - [27/Sep/2026:16:13:46 +0300] "GET /?page_id=1076&pagename=templates%252f%252e%252e%252f%252e%252e%252f%252e%252e%252f%252e%252e%252f%252e%252e%252f%252e%252e%252fwp-links-opml HTTP/1.1" 301 - "-" "Mozilla/5.0 (Windows NT 10.0; Win64; x64) AppleWebKit/537.36 (KHTML, like Gecko) Chrome/126.0.0.0 Safari/537.36"
