209.50.227.249 - - [27/Sep/2026:17:19:49 +0300] "GET /wp-content/themes/smart-mag/style.css?ver=5.8.4 HTTP/2.0" 200 110210 "https://www.iniciativa.lv/" "Mozilla/5.0 (Windows NT 10.0; Win64; x64) AppleWebKit/537.36 (KHTML, like Gecko) Chrome/106.0.0.0 Safari/537.36"
209.50.227.249 - - [27/Sep/2026:17:19:49 +0300] "GET /wp-content/themes/smart-mag-child/css/main.css?ver=5.8.4 HTTP/2.0" 200 10533 "https://www.iniciativa.lv/" "Mozilla/5.0 (Windows NT 10.0; Win64; x64) AppleWebKit/537.36 (KHTML, like Gecko) Chrome/106.0.0.0 Safari/537.36"
209.50.227.249 - - [27/Sep/2026:17:19:49 +0300] "GET /wp-content/themes/smart-mag-child/style.css?ver=3.1.1 HTTP/2.0" 200 80 "https://www.iniciativa.lv/" "Mozilla/5.0 (Windows NT 10.0; Win64; x64) AppleWebKit/537.36 (KHTML, like Gecko) Chrome/106.0.0.0 Safari/537.36"
209.50.227.249 - - [27/Sep/2026:17:19:49 +0300] "GET /wp-content/themes/smart-mag/css/responsive.css?ver=3.1.1 HTTP/2.0" 200 28829 "https://www.iniciativa.lv/" "Mozilla/5.0 (Windows NT 10.0; Win64; x64) AppleWebKit/537.36 (KHTML, like Gecko) Chrome/106.0.0.0 Safari/537.36"
209.50.227.249 - - [27/Sep/2026:17:19:49 +0300] "GET /wp-content/themes/smart-mag/css/prettyPhoto.css?ver=3.1.1 HTTP/2.0" 200 19888 "https://www.iniciativa.lv/" "Mozilla/5.0 (Windows NT 10.0; Win64; x64) AppleWebKit/537.36 (KHTML, like Gecko) Chrome/106.0.0.0 Safari/537.36"
209.50.227.249 - - [27/Sep/2026:17:19:49 +0300] "GET /wp-content/themes/smart-mag/css/fontawesome/css/font-awesome.min.css?ver=3.1.1 HTTP/2.0" 200 31000 "https://www.iniciativa.lv/" "Mozilla/5.0 (Windows NT 10.0; Win64; x64) AppleWebKit/537.36 (KHTML, like Gecko) Chrome/106.0.0.0 Safari/537.36"
209.50.227.249 - - [27/Sep/2026:17:19:49 +0300] "GET /wp-includes/js/jquery/jquery.min.js?ver=3.6.0 HTTP/2.0" 200 89521 "https://www.iniciativa.lv/" "Mozilla/5.0 (Windows NT 10.0; Win64; x64) AppleWebKit/537.36 (KHTML, like Gecko) Chrome/106.0.0.0 Safari/537.36"
209.50.227.249 - - [27/Sep/2026:17:19:49 +0300] "GET /wp-content/themes/smart-mag/css/skin-tech.css?ver=5.8.4 HTTP/2.0" 200 14628 "https://www.iniciativa.lv/" "Mozilla/5.0 (Windows NT 10.0; Win64; x64) AppleWebKit/537.36 (KHTML, like Gecko) Chrome/106.0.0.0 Safari/537.36"
209.50.227.249 - - [27/Sep/2026:17:19:49 +0300] "GET /wp-includes/js/jquery/jquery-migrate.min.js?ver=3.3.2 HTTP/2.0" 200 11224 "https://www.iniciativa.lv/" "Mozilla/5.0 (Windows NT 10.0; Win64; x64) AppleWebKit/537.36 (KHTML, like Gecko) Chrome/106.0.0.0 Safari/537.36"
209.50.227.249 - - [27/Sep/2026:17:19:49 +0300] "GET /wp-content/themes/smart-mag/js/jquery.prettyPhoto.js?ver=5.8.4 HTTP/2.0" 200 21506 "https://www.iniciativa.lv/" "Mozilla/5.0 (Windows NT 10.0; Win64; x64) AppleWebKit/537.36 (KHTML, like Gecko) Chrome/106.0.0.0 Safari/537.36"
209.50.227.249 - - [27/Sep/2026:17:19:49 +0300] "GET /wp-includes/js/comment-reply.min.js?ver=5.8.4 HTTP/2.0" 200 2981 "https://www.iniciativa.lv/" "Mozilla/5.0 (Windows NT 10.0; Win64; x64) AppleWebKit/537.36 (KHTML, like Gecko) Chrome/106.0.0.0 Safari/537.36"
209.50.227.249 - - [27/Sep/2026:17:19:49 +0300] "GET /wp-content/plugins/kk-star-ratings/public/js/kk-star-ratings.js?ver=4.2.0 HTTP/2.0" 200 1919 "https://www.iniciativa.lv/" "Mozilla/5.0 (Windows NT 10.0; Win64; x64) AppleWebKit/537.36 (KHTML, like Gecko) Chrome/106.0.0.0 Safari/537.36"
209.50.227.249 - - [27/Sep/2026:17:19:50 +0300] "GET /wp-content/themes/smart-mag-child/js/nouislider.js HTTP/2.0" 200 16447 "https://www.iniciativa.lv/" "Mozilla/5.0 (Windows NT 10.0; Win64; x64) AppleWebKit/537.36 (KHTML, like Gecko) Chrome/106.0.0.0 Safari/537.36"
209.50.227.249 - - [27/Sep/2026:17:19:50 +0300] "GET /wp-content/themes/smart-mag-child/js/main-child-js.js HTTP/2.0" 200 4160 "https://www.iniciativa.lv/" "Mozilla/5.0 (Windows NT 10.0; Win64; x64) AppleWebKit/537.36 (KHTML, like Gecko) Chrome/106.0.0.0 Safari/537.36"
209.50.227.249 - - [27/Sep/2026:17:19:50 +0300] "GET /wp-content/plugins/table-of-contents-plus/front.min.js?ver=2106 HTTP/2.0" 200 6091 "https://www.iniciativa.lv/" "Mozilla/5.0 (Windows NT 10.0; Win64; x64) AppleWebKit/537.36 (KHTML, like Gecko) Chrome/106.0.0.0 Safari/537.36"
209.50.227.249 - - [27/Sep/2026:17:19:50 +0300] "GET /wp-content/themes/smart-mag/js/bunyad-theme.js?ver=3.1.1 HTTP/2.0" 200 54307 "https://www.iniciativa.lv/" "Mozilla/5.0 (Windows NT 10.0; Win64; x64) AppleWebKit/537.36 (KHTML, like Gecko) Chrome/106.0.0.0 Safari/537.36"
209.50.227.249 - - [27/Sep/2026:17:19:50 +0300] "GET /wp-content/themes/smart-mag/js/jquery.flexslider-min.js?ver=3.1.1 HTTP/2.0" 200 21638 "https://www.iniciativa.lv/" "Mozilla/5.0 (Windows NT 10.0; Win64; x64) AppleWebKit/537.36 (KHTML, like Gecko) Chrome/106.0.0.0 Safari/537.36"
209.50.227.249 - - [27/Sep/2026:17:19:50 +0300] "GET /wp-content/themes/smart-mag/js/jquery.sticky-sidebar.min.js?ver=3.1.1 HTTP/2.0" 200 4239 "https://www.iniciativa.lv/" "Mozilla/5.0 (Windows NT 10.0; Win64; x64) AppleWebKit/537.36 (KHTML, like Gecko) Chrome/106.0.0.0 Safari/537.36"
209.50.227.249 - - [27/Sep/2026:17:19:50 +0300] "GET /wp-content/themes/smart-mag/css/fontawesome/fonts/fontawesome-webfont.woff2?v=4.7.0 HTTP/2.0" 200 77160 "https://www.iniciativa.lv/wp-content/themes/smart-mag/css/fontawesome/css/font-awesome.min.css?ver=3.1.1" "Mozilla/5.0 (Windows NT 10.0; Win64; x64) AppleWebKit/537.36 (KHTML, like Gecko) Chrome/106.0.0.0 Safari/537.36"
209.50.227.249 - - [27/Sep/2026:17:19:50 +0300] "GET /wp-content/plugins/wp-rocket/inc/front/js/lazyload-10.17.min.js HTTP/2.0" 200 5130 "https://www.iniciativa.lv/" "Mozilla/5.0 (Windows NT 10.0; Win64; x64) AppleWebKit/537.36 (KHTML, like Gecko) Chrome/106.0.0.0 Safari/537.36"
66.249.73.4 - - [27/Sep/2026:17:20:27 +0300] "GET /?h=c1i6m2b6e7x6626847 HTTP/1.1" 200 237676 "-" "Mozilla/5.0 (Linux; Android 6.0.1; Nexus 5X Build/MMB29P) AppleWebKit/537.36 (KHTML, like Gecko) Chrome/153.0.8010.52 Mobile Safari/537.36 (compatible; Googlebot/2.1; +http://www.google.com/bot.html)"
66.249.73.4 - - [27/Sep/2026:17:20:32 +0300] "GET /?h=w0h6i2l3e7r9e109901 HTTP/1.1" 200 222230 "-" "Mozilla/5.0 (Linux; Android 6.0.1; Nexus 5X Build/MMB29P) AppleWebKit/537.36 (KHTML, like Gecko) Chrome/153.0.8010.52 Mobile Safari/537.36 (compatible; Googlebot/2.1; +http://www.google.com/bot.html)"
66.249.73.3 - - [27/Sep/2026:17:20:45 +0300] "GET /?h=u1n2r8e2p0r6i2e3v0a4b9le HTTP/1.1" 200 226991 "-" "Mozilla/5.0 (Linux; Android 6.0.1; Nexus 5X Build/MMB29P) AppleWebKit/537.36 (KHTML, like Gecko) Chrome/153.0.8010.52 Mobile Safari/537.36 (compatible; Googlebot/2.1; +http://www.google.com/bot.html)"
40.77.167.24 - - [27/Sep/2026:17:20:53 +0300] "GET /sitemap-child-1567.xml HTTP/2.0" 200 364714 "-" "Mozilla/5.0 AppleWebKit/537.36 (KHTML, like Gecko; compatible; bingbot/2.0; +http://www.bing.com/bingbot.htm) Chrome/116.0.1938.76 Safari/537.36"
66.249.73.4 - - [27/Sep/2026:17:21:03 +0300] "GET /ringbone/quieting/d0e4c1a2n5t6e2d88349 HTTP/1.1" 200 216807 "-" "Mozilla/5.0 (Linux; Android 6.0.1; Nexus 5X Build/MMB29P) AppleWebKit/537.36 (KHTML, like Gecko) Chrome/153.0.8010.52 Mobile Safari/537.36 (compatible; Googlebot/2.1; +http://www.google.com/bot.html)"
66.249.73.3 - - [27/Sep/2026:17:21:18 +0300] "GET /?h=i0n1s1t0r1u6m7e7n2t5a6r7y HTTP/1.1" 200 211930 "-" "Mozilla/5.0 (Linux; Android 6.0.1; Nexus 5X Build/MMB29P) AppleWebKit/537.36 (KHTML, like Gecko) Chrome/153.0.8010.52 Mobile Safari/537.36 (compatible; Googlebot/2.1; +http://www.google.com/bot.html)"
52.167.144.216 - - [27/Sep/2026:17:21:19 +0300] "GET /sitemap-child-1563.xml HTTP/2.0" 200 364026 "-" "Mozilla/5.0 AppleWebKit/537.36 (KHTML, like Gecko; compatible; bingbot/2.0; +http://www.bing.com/bingbot.htm) Chrome/116.0.1938.76 Safari/537.36"
66.249.73.4 - - [27/Sep/2026:17:22:15 +0300] "GET /?h=s0l9e3u5t2h4909792 HTTP/1.1" 200 217228 "-" "Mozilla/5.0 (Linux; Android 6.0.1; Nexus 5X Build/MMB29P) AppleWebKit/537.36 (KHTML, like Gecko) Chrome/153.0.8010.52 Mobile Safari/537.36 (compatible; Googlebot/2.1; +http://www.google.com/bot.html)"
66.249.73.4 - - [27/Sep/2026:17:22:17 +0300] "GET /?h=m0o5r1t2a9l9l0y33687 HTTP/1.1" 200 227674 "-" "Mozilla/5.0 (Linux; Android 6.0.1; Nexus 5X Build/MMB29P) AppleWebKit/537.36 (KHTML, like Gecko) Chrome/153.0.8010.52 Mobile Safari/537.36 (compatible; Googlebot/2.1; +http://www.google.com/bot.html)"
216.73.217.103 - - [27/Sep/2026:17:22:53 +0300] "GET /robots.txt HTTP/2.0" 200 66 "-" "Mozilla/5.0 AppleWebKit/537.36 (KHTML, like Gecko; compatible; ClaudeBot/1.0; +claudebot@anthropic.com)"
216.73.217.103 - - [27/Sep/2026:17:22:53 +0300] "GET /sitemap.xml HTTP/2.0" 301 - "-" "Mozilla/5.0 AppleWebKit/537.36 (KHTML, like Gecko; compatible; ClaudeBot/1.0; +claudebot@anthropic.com)"
216.73.217.103 - - [27/Sep/2026:17:22:55 +0300] "GET /sitemap.xml HTTP/2.0" 301 - "https://iniciativa.lv/sitemap.xml" "Mozilla/5.0 AppleWebKit/537.36 (KHTML, like Gecko; compatible; ClaudeBot/1.0; +claudebot@anthropic.com)"
216.73.217.103 - - [27/Sep/2026:17:22:56 +0300] "GET /sitemap_index.xml HTTP/2.0" 200 1201 "https://www.iniciativa.lv/sitemap.xml" "Mozilla/5.0 AppleWebKit/537.36 (KHTML, like Gecko; compatible; ClaudeBot/1.0; +claudebot@anthropic.com)"
66.249.73.4 - - [27/Sep/2026:17:23:38 +0300] "GET /?h=m0o2h3i9c2a2n0s02327 HTTP/1.1" 200 217890 "-" "Mozilla/5.0 (Linux; Android 6.0.1; Nexus 5X Build/MMB29P) AppleWebKit/537.36 (KHTML, like Gecko) Chrome/153.0.8010.52 Mobile Safari/537.36 (compatible; Googlebot/2.1; +http://www.google.com/bot.html)"
66.249.73.3 - - [27/Sep/2026:17:23:40 +0300] "GET /?h=n0u1r5s3e4r3y46128 HTTP/1.1" 200 225945 "-" "Mozilla/5.0 (Linux; Android 6.0.1; Nexus 5X Build/MMB29P) AppleWebKit/537.36 (KHTML, like Gecko) Chrome/153.0.8010.52 Mobile Safari/537.36 (compatible; Googlebot/2.1; +http://www.google.com/bot.html)"
66.249.73.3 - - [27/Sep/2026:17:23:42 +0300] "GET /?h=h1y5i7n4g9923312 HTTP/1.1" 200 217927 "-" "Mozilla/5.0 (Linux; Android 6.0.1; Nexus 5X Build/MMB29P) AppleWebKit/537.36 (KHTML, like Gecko) Chrome/153.0.8010.52 Mobile Safari/537.36 (compatible; Googlebot/2.1; +http://www.google.com/bot.html)"
185.19.40.244 - - [27/Sep/2026:17:24:57 +0300] "GET /autodiscover/autodiscover.xml HTTP/1.1" 400 52 "-" "Mozilla/5.0 (Windows NT 10.0; Win64; x64) AppleWebKit/537.36 (KHTML, like Gecko) Chrome/78.0.3904.108 Safari/537.36"
185.19.40.244 - - [27/Sep/2026:17:24:57 +0300] "GET /autodiscover/autodiscover.xml/wp-includes/wlwmanifest.xml HTTP/1.1" 400 52 "-" "Mozilla/5.0 (Windows NT 10.0; Win64; x64) AppleWebKit/537.36 (KHTML, like Gecko) Chrome/78.0.3904.108 Safari/537.36"
185.19.40.244 - - [27/Sep/2026:17:24:57 +0300] "GET /autodiscover/autodiscover.xml/xmlrpc.php?rsd HTTP/1.1" 400 52 "-" "Mozilla/5.0 (Windows NT 10.0; Win64; x64) AppleWebKit/537.36 (KHTML, like Gecko) Chrome/78.0.3904.108 Safari/537.36"
185.19.40.244 - - [27/Sep/2026:17:24:58 +0300] "GET /autodiscover/autodiscover.xml HTTP/1.1" 400 52 "-" "Mozilla/5.0 (Windows NT 10.0; Win64; x64) AppleWebKit/537.36 (KHTML, like Gecko) Chrome/78.0.3904.108 Safari/537.36"
185.19.40.244 - - [27/Sep/2026:17:24:58 +0300] "GET /autodiscover/autodiscover.xml/blog/wp-includes/wlwmanifest.xml HTTP/1.1" 400 52 "-" "Mozilla/5.0 (Windows NT 10.0; Win64; x64) AppleWebKit/537.36 (KHTML, like Gecko) Chrome/78.0.3904.108 Safari/537.36"
185.19.40.244 - - [27/Sep/2026:17:24:58 +0300] "GET /autodiscover/autodiscover.xml/web/wp-includes/wlwmanifest.xml HTTP/1.1" 400 52 "-" "Mozilla/5.0 (Windows NT 10.0; Win64; x64) AppleWebKit/537.36 (KHTML, like Gecko) Chrome/78.0.3904.108 Safari/537.36"
185.19.40.244 - - [27/Sep/2026:17:24:59 +0300] "GET /autodiscover/autodiscover.xml/wordpress/wp-includes/wlwmanifest.xml HTTP/1.1" 400 52 "-" "Mozilla/5.0 (Windows NT 10.0; Win64; x64) AppleWebKit/537.36 (KHTML, like Gecko) Chrome/78.0.3904.108 Safari/537.36"
185.19.40.244 - - [27/Sep/2026:17:24:59 +0300] "GET /autodiscover/autodiscover.xml/website/wp-includes/wlwmanifest.xml HTTP/1.1" 400 52 "-" "Mozilla/5.0 (Windows NT 10.0; Win64; x64) AppleWebKit/537.36 (KHTML, like Gecko) Chrome/78.0.3904.108 Safari/537.36"
66.249.73.5 - - [27/Sep/2026:17:24:58 +0300] "GET /?h=c0o2n2s8p4i5r1a9c1y85 HTTP/1.1" 200 228008 "-" "Mozilla/5.0 (Linux; Android 6.0.1; Nexus 5X Build/MMB29P) AppleWebKit/537.36 (KHTML, like Gecko) Chrome/153.0.8010.52 Mobile Safari/537.36 (compatible; Googlebot/2.1; +http://www.google.com/bot.html)"
185.19.40.244 - - [27/Sep/2026:17:24:59 +0300] "GET /autodiscover/autodiscover.xml/wp/wp-includes/wlwmanifest.xml HTTP/1.1" 400 52 "-" "Mozilla/5.0 (Windows NT 10.0; Win64; x64) AppleWebKit/537.36 (KHTML, like Gecko) Chrome/78.0.3904.108 Safari/537.36"
185.19.40.244 - - [27/Sep/2026:17:24:59 +0300] "GET /autodiscover/autodiscover.xml/news/wp-includes/wlwmanifest.xml HTTP/1.1" 400 52 "-" "Mozilla/5.0 (Windows NT 10.0; Win64; x64) AppleWebKit/537.36 (KHTML, like Gecko) Chrome/78.0.3904.108 Safari/537.36"
185.19.40.244 - - [27/Sep/2026:17:25:00 +0300] "GET /autodiscover/autodiscover.xml/2018/wp-includes/wlwmanifest.xml HTTP/1.1" 400 52 "-" "Mozilla/5.0 (Windows NT 10.0; Win64; x64) AppleWebKit/537.36 (KHTML, like Gecko) Chrome/78.0.3904.108 Safari/537.36"
185.19.40.244 - - [27/Sep/2026:17:25:00 +0300] "GET /autodiscover/autodiscover.xml/2019/wp-includes/wlwmanifest.xml HTTP/1.1" 400 52 "-" "Mozilla/5.0 (Windows NT 10.0; Win64; x64) AppleWebKit/537.36 (KHTML, like Gecko) Chrome/78.0.3904.108 Safari/537.36"
185.19.40.244 - - [27/Sep/2026:17:25:01 +0300] "GET /autodiscover/autodiscover.xml/shop/wp-includes/wlwmanifest.xml HTTP/1.1" 400 52 "-" "Mozilla/5.0 (Windows NT 10.0; Win64; x64) AppleWebKit/537.36 (KHTML, like Gecko) Chrome/78.0.3904.108 Safari/537.36"
185.19.40.244 - - [27/Sep/2026:17:25:01 +0300] "GET /autodiscover/autodiscover.xml/wp1/wp-includes/wlwmanifest.xml HTTP/1.1" 400 52 "-" "Mozilla/5.0 (Windows NT 10.0; Win64; x64) AppleWebKit/537.36 (KHTML, like Gecko) Chrome/78.0.3904.108 Safari/537.36"
185.19.40.244 - - [27/Sep/2026:17:25:01 +0300] "GET /autodiscover/autodiscover.xml/test/wp-includes/wlwmanifest.xml HTTP/1.1" 400 52 "-" "Mozilla/5.0 (Windows NT 10.0; Win64; x64) AppleWebKit/537.36 (KHTML, like Gecko) Chrome/78.0.3904.108 Safari/537.36"
185.19.40.244 - - [27/Sep/2026:17:25:01 +0300] "GET /autodiscover/autodiscover.xml/media/wp-includes/wlwmanifest.xml HTTP/1.1" 400 52 "-" "Mozilla/5.0 (Windows NT 10.0; Win64; x64) AppleWebKit/537.36 (KHTML, like Gecko) Chrome/78.0.3904.108 Safari/537.36"
185.19.40.244 - - [27/Sep/2026:17:25:02 +0300] "GET /autodiscover/autodiscover.xml/wp2/wp-includes/wlwmanifest.xml HTTP/1.1" 400 52 "-" "Mozilla/5.0 (Windows NT 10.0; Win64; x64) AppleWebKit/537.36 (KHTML, like Gecko) Chrome/78.0.3904.108 Safari/537.36"
185.19.40.244 - - [27/Sep/2026:17:25:02 +0300] "GET /autodiscover/autodiscover.xml/site/wp-includes/wlwmanifest.xml HTTP/1.1" 400 52 "-" "Mozilla/5.0 (Windows NT 10.0; Win64; x64) AppleWebKit/537.36 (KHTML, like Gecko) Chrome/78.0.3904.108 Safari/537.36"
185.19.40.244 - - [27/Sep/2026:17:25:02 +0300] "GET /autodiscover/autodiscover.xml/cms/wp-includes/wlwmanifest.xml HTTP/1.1" 400 52 "-" "Mozilla/5.0 (Windows NT 10.0; Win64; x64) AppleWebKit/537.36 (KHTML, like Gecko) Chrome/78.0.3904.108 Safari/537.36"
185.19.40.244 - - [27/Sep/2026:17:25:03 +0300] "GET /autodiscover/autodiscover.xml/sito/wp-includes/wlwmanifest.xml HTTP/1.1" 400 52 "-" "Mozilla/5.0 (Windows NT 10.0; Win64; x64) AppleWebKit/537.36 (KHTML, like Gecko) Chrome/78.0.3904.108 Safari/537.36"
185.19.40.244 - - [27/Sep/2026:17:25:15 +0300] "GET / HTTP/1.1" 200 79947 "-" "Mozilla/5.0 (Windows NT 10.0; Win64; x64) AppleWebKit/537.36 (KHTML, like Gecko) Chrome/78.0.3904.108 Safari/537.36"
185.19.40.244 - - [27/Sep/2026:17:25:16 +0300] "GET //wp-includes/wlwmanifest.xml HTTP/1.1" 200 1045 "-" "Mozilla/5.0 (Windows NT 10.0; Win64; x64) AppleWebKit/537.36 (KHTML, like Gecko) Chrome/78.0.3904.108 Safari/537.36"
185.19.40.244 - - [27/Sep/2026:17:25:16 +0300] "GET //?author=1 HTTP/1.1" 301 - "-" "Mozilla/5.0 (Windows NT 10.0; Win64; x64) AppleWebKit/537.36 (KHTML, like Gecko) Chrome/78.0.3904.108 Safari/537.36"
185.19.40.244 - - [27/Sep/2026:17:25:17 +0300] "GET //?author=2 HTTP/1.1" 301 - "-" "Mozilla/5.0 (Windows NT 10.0; Win64; x64) AppleWebKit/537.36 (KHTML, like Gecko) Chrome/78.0.3904.108 Safari/537.36"
185.19.40.244 - - [27/Sep/2026:17:25:18 +0300] "GET //wp-json/wp/v2/users/ HTTP/1.1" 200 11187 "-" "Mozilla/5.0 (Windows NT 10.0; Win64; x64) AppleWebKit/537.36 (KHTML, like Gecko) Chrome/78.0.3904.108 Safari/537.36"
85.254.144.33 - - [27/Sep/2026:17:25:20 +0300] "POST /wp-cron.php?doing_wp_cron=1790519119.9927110671997070312500 HTTP/1.1" 200 - "https://www.iniciativa.lv/wp-cron.php?doing_wp_cron=1790519119.9927110671997070312500" "WordPress/6.0.16; https://www.iniciativa.lv"
185.19.40.244 - - [27/Sep/2026:17:25:19 +0300] "GET //wp-json/oembed/1.0/embed?url=https://www.iniciativa.lv/ HTTP/1.1" 200 3149 "-" "Mozilla/5.0 (Windows NT 10.0; Win64; x64) AppleWebKit/537.36 (KHTML, like Gecko) Chrome/78.0.3904.108 Safari/537.36"
66.249.73.3 - - [27/Sep/2026:17:25:19 +0300] "GET /?h=k1h7o1i0s2a1n17474 HTTP/1.1" 200 233712 "-" "Mozilla/5.0 (Linux; Android 6.0.1; Nexus 5X Build/MMB29P) AppleWebKit/537.36 (KHTML, like Gecko) Chrome/153.0.8010.52 Mobile Safari/537.36 (compatible; Googlebot/2.1; +http://www.google.com/bot.html)"
185.19.40.244 - - [27/Sep/2026:17:25:21 +0300] "POST //xmlrpc.php HTTP/1.1" 200 - "-" "Mozilla/5.0 (Windows NT 10.0; Win64; x64) AppleWebKit/537.36 (KHTML, like Gecko) Chrome/78.0.3904.108 Safari/537.36"
185.19.40.244 - - [27/Sep/2026:17:25:21 +0300] "POST //xmlrpc.php HTTP/1.1" 200 - "-" "Mozilla/5.0 (Windows NT 10.0; Win64; x64) AppleWebKit/537.36 (KHTML, like Gecko) Chrome/78.0.3904.108 Safari/537.36"
66.249.73.5 - - [27/Sep/2026:17:25:22 +0300] "GET /?h=m0e3l2d9e0d2275083 HTTP/1.1" 200 215560 "-" "Mozilla/5.0 (Linux; Android 6.0.1; Nexus 5X Build/MMB29P) AppleWebKit/537.36 (KHTML, like Gecko) Chrome/153.0.8010.52 Mobile Safari/537.36 (compatible; Googlebot/2.1; +http://www.google.com/bot.html)"
52.167.144.236 - - [27/Sep/2026:17:26:18 +0300] "GET /sitemap-child-1441.xml HTTP/2.0" 200 364008 "-" "Mozilla/5.0 AppleWebKit/537.36 (KHTML, like Gecko; compatible; bingbot/2.0; +http://www.bing.com/bingbot.htm) Chrome/116.0.1938.76 Safari/537.36"
66.249.73.3 - - [27/Sep/2026:17:26:48 +0300] "GET /?h=u0n7b2e2l7t4035574 HTTP/1.1" 200 227788 "-" "Mozilla/5.0 (Linux; Android 6.0.1; Nexus 5X Build/MMB29P) AppleWebKit/537.36 (KHTML, like Gecko) Chrome/153.0.8010.52 Mobile Safari/537.36 (compatible; Googlebot/2.1; +http://www.google.com/bot.html)"
66.249.73.4 - - [27/Sep/2026:17:26:51 +0300] "GET /?alternatives/152492062685 HTTP/1.1" 200 213847 "-" "Mozilla/5.0 (Linux; Android 6.0.1; Nexus 5X Build/MMB29P) AppleWebKit/537.36 (KHTML, like Gecko) Chrome/153.0.8010.52 Mobile Safari/537.36 (compatible; Googlebot/2.1; +http://www.google.com/bot.html)"
66.249.73.4 - - [27/Sep/2026:17:26:58 +0300] "GET /?h=p0h9o2s8p8h2o6r0i0t9i0c8 HTTP/1.1" 200 222653 "-" "Mozilla/5.0 (Linux; Android 6.0.1; Nexus 5X Build/MMB29P) AppleWebKit/537.36 (KHTML, like Gecko) Chrome/153.0.8010.52 Mobile Safari/537.36 (compatible; Googlebot/2.1; +http://www.google.com/bot.html)"
40.77.167.149 - - [27/Sep/2026:17:27:53 +0300] "GET /shops/dendrometer/b1l0a2c1k4b7u0r2n2i5a6n5 HTTP/2.0" 200 214510 "-" "Mozilla/5.0 AppleWebKit/537.36 (KHTML, like Gecko; compatible; bingbot/2.0; +http://www.bing.com/bingbot.htm) Chrome/116.0.1938.76 Safari/537.36"
66.249.73.4 - - [27/Sep/2026:17:28:19 +0300] "GET /?h=k0n7o3c3k9a0b0o4u4t180 HTTP/1.1" 200 221037 "-" "Mozilla/5.0 (Linux; Android 6.0.1; Nexus 5X Build/MMB29P) AppleWebKit/537.36 (KHTML, like Gecko) Chrome/153.0.8010.52 Mobile Safari/537.36 (compatible; Googlebot/2.1; +http://www.google.com/bot.html)"
40.77.167.68 - - [27/Sep/2026:17:28:19 +0300] "GET /shops/flipper/o1p8e1t0i0d5e738561 HTTP/2.0" 200 214291 "-" "Mozilla/5.0 AppleWebKit/537.36 (KHTML, like Gecko; compatible; bingbot/2.0; +http://www.bing.com/bingbot.htm) Chrome/116.0.1938.76 Safari/537.36"
66.249.73.3 - - [27/Sep/2026:17:28:24 +0300] "GET /?h=a1n3t1e9f3l6e5x3i1o0n46 HTTP/1.1" 200 228231 "-" "Mozilla/5.0 (Linux; Android 6.0.1; Nexus 5X Build/MMB29P) AppleWebKit/537.36 (KHTML, like Gecko) Chrome/153.0.8010.52 Mobile Safari/537.36 (compatible; Googlebot/2.1; +http://www.google.com/bot.html)"
66.249.73.3 - - [27/Sep/2026:17:28:29 +0300] "GET /?h=d0o3t1a8t0i6o4n51949 HTTP/1.1" 200 227002 "-" "Mozilla/5.0 (Linux; Android 6.0.1; Nexus 5X Build/MMB29P) AppleWebKit/537.36 (KHTML, like Gecko) Chrome/153.0.8010.52 Mobile Safari/537.36 (compatible; Googlebot/2.1; +http://www.google.com/bot.html)"
66.249.73.3 - - [27/Sep/2026:17:29:01 +0300] "GET /?h=f0l5i9g6h7t175019 HTTP/1.1" 200 215901 "-" "Mozilla/5.0 (Linux; Android 6.0.1; Nexus 5X Build/MMB29P) AppleWebKit/537.36 (KHTML, like Gecko) Chrome/153.0.8010.52 Mobile Safari/537.36 (compatible; Googlebot/2.1; +http://www.google.com/bot.html)"
51.75.202.138 - - [27/Sep/2026:17:29:04 +0300] "GET /wp-login.php HTTP/2.0" 200 8458 "-" "Mozilla/5.0 (X11; Linux x86_64) AppleWebKit/537.36 (KHTML, like Gecko) Chrome/150.0.0.0 Safari/537.36"
51.75.202.138 - - [27/Sep/2026:17:29:05 +0300] "POST /wp-login.php HTTP/2.0" 200 8875 "https://mail.iniciativa.lv/wp-login.php" "Mozilla/5.0 (X11; Linux x86_64) AppleWebKit/537.36 (KHTML, like Gecko) Chrome/150.0.0.0 Safari/537.36"
51.75.202.138 - - [27/Sep/2026:17:29:06 +0300] "POST /xmlrpc.php HTTP/2.0" 200 - "-" "Mozilla/5.0 (X11; Linux x86_64) AppleWebKit/537.36 (KHTML, like Gecko) Chrome/150.0.0.0 Safari/537.36"
157.230.183.204 - - [27/Sep/2026:17:29:36 +0300] "GET /wp-content/images/swedbank-m%C4%81jok%C4%BCa-kred%C4%ABts-pieejami-un-izdev%C4%ABgi-nosa-kuyeufl4.jpg HTTP/1.1" 200 13943 "https://www.iniciativa.lv/" "Mozilla/5.0 (Windows NT 10.0; Win64; x64) AppleWebKit/537.36 (KHTML, like Gecko) Chrome/103.0.0.0 Safari/537.36"
66.249.73.4 - - [27/Sep/2026:17:30:03 +0300] "GET /?h=s0t1u2d1h2o4r6s9e8423 HTTP/1.1" 200 221788 "-" "Mozilla/5.0 (Linux; Android 6.0.1; Nexus 5X Build/MMB29P) AppleWebKit/537.36 (KHTML, like Gecko) Chrome/153.0.8010.52 Mobile Safari/537.36 (compatible; Googlebot/2.1; +http://www.google.com/bot.html)"
66.249.73.3 - - [27/Sep/2026:17:30:15 +0300] "GET /?h=z1i3z3y9p1h8u3s67314 HTTP/1.1" 200 220677 "-" "Mozilla/5.0 (Linux; Android 6.0.1; Nexus 5X Build/MMB29P) AppleWebKit/537.36 (KHTML, like Gecko) Chrome/153.0.8010.52 Mobile Safari/537.36 (compatible; Googlebot/2.1; +http://www.google.com/bot.html)"
147.185.132.103 - - [27/Sep/2026:17:30:28 +0300] "GET / HTTP/1.1" 503 - "-" "Hello from Palo Alto Networks, find out more about our scans in https://docs-cortex.paloaltonetworks.com/r/1/Cortex-Xpanse/Scanning-activity"
114.250.43.21 - - [27/Sep/2026:17:30:49 +0300] "GET /wp-content/images/bigbank-hipotek%C4%81rais-kred%C4%ABts---k%C4%81-tas-darbojas-un--dydks06y.jpg HTTP/1.1" 200 27653 "https://www.iniciativa.lv/" "Mozilla/5.0 (Macintosh; Intel Mac OS X 10_15_7) AppleWebKit/537.36 (KHTML, like Gecko) Chrome/150.0.0.0 Safari/537.36"
40.77.167.68 - - [27/Sep/2026:17:30:50 +0300] "GET /sitemap-child-1572.xml HTTP/2.0" 200 364426 "-" "Mozilla/5.0 AppleWebKit/537.36 (KHTML, like Gecko; compatible; bingbot/2.0; +http://www.bing.com/bingbot.htm) Chrome/116.0.1938.76 Safari/537.36"
52.167.144.181 - - [27/Sep/2026:17:30:50 +0300] "GET /sitemap-child-1108.xml HTTP/2.0" 200 364426 "-" "Mozilla/5.0 AppleWebKit/537.36 (KHTML, like Gecko; compatible; bingbot/2.0; +http://www.bing.com/bingbot.htm) Chrome/116.0.1938.76 Safari/537.36"
40.77.167.68 - - [27/Sep/2026:17:31:00 +0300] "GET /sitemap-child-1480.xml HTTP/2.0" 200 364281 "-" "Mozilla/5.0 AppleWebKit/537.36 (KHTML, like Gecko; compatible; bingbot/2.0; +http://www.bing.com/bingbot.htm) Chrome/116.0.1938.76 Safari/537.36"
40.77.167.68 - - [27/Sep/2026:17:31:02 +0300] "GET /sitemap-child-1054.xml HTTP/2.0" 200 365316 "-" "Mozilla/5.0 AppleWebKit/537.36 (KHTML, like Gecko; compatible; bingbot/2.0; +http://www.bing.com/bingbot.htm) Chrome/116.0.1938.76 Safari/537.36"
40.77.167.68 - - [27/Sep/2026:17:31:04 +0300] "GET /sitemap-child-1256.xml HTTP/2.0" 200 364175 "-" "Mozilla/5.0 AppleWebKit/537.36 (KHTML, like Gecko; compatible; bingbot/2.0; +http://www.bing.com/bingbot.htm) Chrome/116.0.1938.76 Safari/537.36"
52.167.144.181 - - [27/Sep/2026:17:31:05 +0300] "GET /sitemap-child-1604.xml HTTP/2.0" 200 364128 "-" "Mozilla/5.0 AppleWebKit/537.36 (KHTML, like Gecko; compatible; bingbot/2.0; +http://www.bing.com/bingbot.htm) Chrome/116.0.1938.76 Safari/537.36"
40.77.167.68 - - [27/Sep/2026:17:31:06 +0300] "GET /sitemap-child-1563.xml HTTP/2.0" 200 363981 "-" "Mozilla/5.0 AppleWebKit/537.36 (KHTML, like Gecko; compatible; bingbot/2.0; +http://www.bing.com/bingbot.htm) Chrome/116.0.1938.76 Safari/537.36"
52.167.144.181 - - [27/Sep/2026:17:31:07 +0300] "GET /sitemap-child-1511.xml HTTP/2.0" 200 364135 "-" "Mozilla/5.0 AppleWebKit/537.36 (KHTML, like Gecko; compatible; bingbot/2.0; +http://www.bing.com/bingbot.htm) Chrome/116.0.1938.76 Safari/537.36"
40.77.167.68 - - [27/Sep/2026:17:31:07 +0300] "GET /sitemap-child-1119.xml HTTP/2.0" 200 364380 "-" "Mozilla/5.0 AppleWebKit/537.36 (KHTML, like Gecko; compatible; bingbot/2.0; +http://www.bing.com/bingbot.htm) Chrome/116.0.1938.76 Safari/537.36"
52.167.144.181 - - [27/Sep/2026:17:31:09 +0300] "GET /sitemap-child-1466.xml HTTP/2.0" 200 363943 "-" "Mozilla/5.0 AppleWebKit/537.36 (KHTML, like Gecko; compatible; bingbot/2.0; +http://www.bing.com/bingbot.htm) Chrome/116.0.1938.76 Safari/537.36"
52.167.144.181 - - [27/Sep/2026:17:31:09 +0300] "GET /sitemap-child-1446.xml HTTP/2.0" 200 364802 "-" "Mozilla/5.0 AppleWebKit/537.36 (KHTML, like Gecko; compatible; bingbot/2.0; +http://www.bing.com/bingbot.htm) Chrome/116.0.1938.76 Safari/537.36"
52.167.144.181 - - [27/Sep/2026:17:31:11 +0300] "GET /sitemap-child-1045.xml HTTP/2.0" 200 364041 "-" "Mozilla/5.0 AppleWebKit/537.36 (KHTML, like Gecko; compatible; bingbot/2.0; +http://www.bing.com/bingbot.htm) Chrome/116.0.1938.76 Safari/537.36"
52.167.144.181 - - [27/Sep/2026:17:31:14 +0300] "GET /sitemap-child-1183.xml HTTP/2.0" 200 364566 "-" "Mozilla/5.0 AppleWebKit/537.36 (KHTML, like Gecko; compatible; bingbot/2.0; +http://www.bing.com/bingbot.htm) Chrome/116.0.1938.76 Safari/537.36"
40.77.167.68 - - [27/Sep/2026:17:31:15 +0300] "GET /sitemap-child-1367.xml HTTP/2.0" 200 364562 "-" "Mozilla/5.0 AppleWebKit/537.36 (KHTML, like Gecko; compatible; bingbot/2.0; +http://www.bing.com/bingbot.htm) Chrome/116.0.1938.76 Safari/537.36"
52.167.144.181 - - [27/Sep/2026:17:31:16 +0300] "GET /sitemap-child-1393.xml HTTP/2.0" 200 364625 "-" "Mozilla/5.0 AppleWebKit/537.36 (KHTML, like Gecko; compatible; bingbot/2.0; +http://www.bing.com/bingbot.htm) Chrome/116.0.1938.76 Safari/537.36"
40.77.167.68 - - [27/Sep/2026:17:31:17 +0300] "GET /sitemap-child-1412.xml HTTP/2.0" 200 364625 "-" "Mozilla/5.0 AppleWebKit/537.36 (KHTML, like Gecko; compatible; bingbot/2.0; +http://www.bing.com/bingbot.htm) Chrome/116.0.1938.76 Safari/537.36"
52.167.144.181 - - [27/Sep/2026:17:31:18 +0300] "GET /sitemap-child-1347.xml HTTP/2.0" 200 363772 "-" "Mozilla/5.0 AppleWebKit/537.36 (KHTML, like Gecko; compatible; bingbot/2.0; +http://www.bing.com/bingbot.htm) Chrome/116.0.1938.76 Safari/537.36"
52.167.144.181 - - [27/Sep/2026:17:31:20 +0300] "GET /sitemap-child-1278.xml HTTP/2.0" 200 364598 "-" "Mozilla/5.0 AppleWebKit/537.36 (KHTML, like Gecko; compatible; bingbot/2.0; +http://www.bing.com/bingbot.htm) Chrome/116.0.1938.76 Safari/537.36"
40.77.167.68 - - [27/Sep/2026:17:31:19 +0300] "GET /sitemap-child-1157.xml HTTP/2.0" 200 364306 "-" "Mozilla/5.0 AppleWebKit/537.36 (KHTML, like Gecko; compatible; bingbot/2.0; +http://www.bing.com/bingbot.htm) Chrome/116.0.1938.76 Safari/537.36"
52.167.144.181 - - [27/Sep/2026:17:31:22 +0300] "GET /sitemap-child-1091.xml HTTP/2.0" 200 364769 "-" "Mozilla/5.0 AppleWebKit/537.36 (KHTML, like Gecko; compatible; bingbot/2.0; +http://www.bing.com/bingbot.htm) Chrome/116.0.1938.76 Safari/537.36"
40.77.167.68 - - [27/Sep/2026:17:31:22 +0300] "GET /sitemap-child-1169.xml HTTP/2.0" 200 364187 "-" "Mozilla/5.0 AppleWebKit/537.36 (KHTML, like Gecko; compatible; bingbot/2.0; +http://www.bing.com/bingbot.htm) Chrome/116.0.1938.76 Safari/537.36"
52.167.144.181 - - [27/Sep/2026:17:31:23 +0300] "GET /sitemap-child-1441.xml HTTP/2.0" 200 364392 "-" "Mozilla/5.0 AppleWebKit/537.36 (KHTML, like Gecko; compatible; bingbot/2.0; +http://www.bing.com/bingbot.htm) Chrome/116.0.1938.76 Safari/537.36"
40.77.167.68 - - [27/Sep/2026:17:31:24 +0300] "GET /sitemap-child-1285.xml HTTP/2.0" 200 364392 "-" "Mozilla/5.0 AppleWebKit/537.36 (KHTML, like Gecko; compatible; bingbot/2.0; +http://www.bing.com/bingbot.htm) Chrome/116.0.1938.76 Safari/537.36"
52.167.144.181 - - [27/Sep/2026:17:31:26 +0300] "GET /sitemap-child-1476.xml HTTP/2.0" 200 364581 "-" "Mozilla/5.0 AppleWebKit/537.36 (KHTML, like Gecko; compatible; bingbot/2.0; +http://www.bing.com/bingbot.htm) Chrome/116.0.1938.76 Safari/537.36"
40.77.167.68 - - [27/Sep/2026:17:31:26 +0300] "GET /sitemap-child-1401.xml HTTP/2.0" 200 364581 "-" "Mozilla/5.0 AppleWebKit/537.36 (KHTML, like Gecko; compatible; bingbot/2.0; +http://www.bing.com/bingbot.htm) Chrome/116.0.1938.76 Safari/537.36"
52.167.144.181 - - [27/Sep/2026:17:31:28 +0300] "GET /sitemap-child-1442.xml HTTP/2.0" 200 363710 "-" "Mozilla/5.0 AppleWebKit/537.36 (KHTML, like Gecko; compatible; bingbot/2.0; +http://www.bing.com/bingbot.htm) Chrome/116.0.1938.76 Safari/537.36"
40.77.167.68 - - [27/Sep/2026:17:31:29 +0300] "GET /sitemap-child-1569.xml HTTP/2.0" 200 364403 "-" "Mozilla/5.0 AppleWebKit/537.36 (KHTML, like Gecko; compatible; bingbot/2.0; +http://www.bing.com/bingbot.htm) Chrome/116.0.1938.76 Safari/537.36"
40.77.167.68 - - [27/Sep/2026:17:31:30 +0300] "GET /sitemap-child-1620.xml HTTP/2.0" 200 364126 "-" "Mozilla/5.0 AppleWebKit/537.36 (KHTML, like Gecko; compatible; bingbot/2.0; +http://www.bing.com/bingbot.htm) Chrome/116.0.1938.76 Safari/537.36"
40.77.167.68 - - [27/Sep/2026:17:31:32 +0300] "GET /sitemap-child-1067.xml HTTP/2.0" 200 364660 "-" "Mozilla/5.0 AppleWebKit/537.36 (KHTML, like Gecko; compatible; bingbot/2.0; +http://www.bing.com/bingbot.htm) Chrome/116.0.1938.76 Safari/537.36"
52.167.144.181 - - [27/Sep/2026:17:31:34 +0300] "GET /sitemap-child-1110.xml HTTP/2.0" 200 363997 "-" "Mozilla/5.0 AppleWebKit/537.36 (KHTML, like Gecko; compatible; bingbot/2.0; +http://www.bing.com/bingbot.htm) Chrome/116.0.1938.76 Safari/537.36"
40.77.167.68 - - [27/Sep/2026:17:31:37 +0300] "GET /sitemap-child-1010.xml HTTP/2.0" 200 364765 "-" "Mozilla/5.0 AppleWebKit/537.36 (KHTML, like Gecko; compatible; bingbot/2.0; +http://www.bing.com/bingbot.htm) Chrome/116.0.1938.76 Safari/537.36"
52.167.144.181 - - [27/Sep/2026:17:31:37 +0300] "GET /sitemap-child-1521.xml HTTP/2.0" 200 364328 "-" "Mozilla/5.0 AppleWebKit/537.36 (KHTML, like Gecko; compatible; bingbot/2.0; +http://www.bing.com/bingbot.htm) Chrome/116.0.1938.76 Safari/537.36"
66.249.73.5 - - [27/Sep/2026:17:31:38 +0300] "GET /?h=o0u7t3b2a3l2a1n4c5e141 HTTP/1.1" 200 213324 "-" "Mozilla/5.0 (Linux; Android 6.0.1; Nexus 5X Build/MMB29P) AppleWebKit/537.36 (KHTML, like Gecko) Chrome/153.0.8010.52 Mobile Safari/537.36 (compatible; Googlebot/2.1; +http://www.google.com/bot.html)"
40.77.167.68 - - [27/Sep/2026:17:31:39 +0300] "GET /sitemap-child-1450.xml HTTP/2.0" 200 364782 "-" "Mozilla/5.0 AppleWebKit/537.36 (KHTML, like Gecko; compatible; bingbot/2.0; +http://www.bing.com/bingbot.htm) Chrome/116.0.1938.76 Safari/537.36"
40.77.167.68 - - [27/Sep/2026:17:31:42 +0300] "GET /sitemap-child-1101.xml HTTP/2.0" 200 363949 "-" "Mozilla/5.0 AppleWebKit/537.36 (KHTML, like Gecko; compatible; bingbot/2.0; +http://www.bing.com/bingbot.htm) Chrome/116.0.1938.76 Safari/537.36"
66.249.73.4 - - [27/Sep/2026:17:31:44 +0300] "GET /?h=d0i9t3c7h9e4d25110 HTTP/1.1" 200 214982 "-" "Mozilla/5.0 (Linux; Android 6.0.1; Nexus 5X Build/MMB29P) AppleWebKit/537.36 (KHTML, like Gecko) Chrome/153.0.8010.52 Mobile Safari/537.36 (compatible; Googlebot/2.1; +http://www.google.com/bot.html)"
40.77.167.149 - - [27/Sep/2026:17:31:44 +0300] "GET /sitemap-child-1287.xml HTTP/2.0" 200 364616 "-" "Mozilla/5.0 AppleWebKit/537.36 (KHTML, like Gecko; compatible; bingbot/2.0; +http://www.bing.com/bingbot.htm) Chrome/116.0.1938.76 Safari/537.36"
40.77.167.68 - - [27/Sep/2026:17:31:45 +0300] "GET /sitemap-child-1049.xml HTTP/2.0" 200 364775 "-" "Mozilla/5.0 AppleWebKit/537.36 (KHTML, like Gecko; compatible; bingbot/2.0; +http://www.bing.com/bingbot.htm) Chrome/116.0.1938.76 Safari/537.36"
40.77.167.149 - - [27/Sep/2026:17:31:46 +0300] "GET /sitemap-child-1443.xml HTTP/2.0" 200 364648 "-" "Mozilla/5.0 AppleWebKit/537.36 (KHTML, like Gecko; compatible; bingbot/2.0; +http://www.bing.com/bingbot.htm) Chrome/116.0.1938.76 Safari/537.36"
40.77.167.149 - - [27/Sep/2026:17:31:49 +0300] "GET /sitemap-child-1114.xml HTTP/2.0" 200 364589 "-" "Mozilla/5.0 AppleWebKit/537.36 (KHTML, like Gecko; compatible; bingbot/2.0; +http://www.bing.com/bingbot.htm) Chrome/116.0.1938.76 Safari/537.36"
40.77.167.149 - - [27/Sep/2026:17:31:51 +0300] "GET /sitemap-child-1201.xml HTTP/2.0" 200 364662 "-" "Mozilla/5.0 AppleWebKit/537.36 (KHTML, like Gecko; compatible; bingbot/2.0; +http://www.bing.com/bingbot.htm) Chrome/116.0.1938.76 Safari/537.36"
40.77.167.149 - - [27/Sep/2026:17:31:53 +0300] "GET /sitemap-child-1580.xml HTTP/2.0" 200 364385 "-" "Mozilla/5.0 AppleWebKit/537.36 (KHTML, like Gecko; compatible; bingbot/2.0; +http://www.bing.com/bingbot.htm) Chrome/116.0.1938.76 Safari/537.36"
66.249.73.3 - - [27/Sep/2026:17:31:53 +0300] "GET /?h=n1y1m2p2h1o2m4a2n2y436 HTTP/1.1" 200 210190 "-" "Mozilla/5.0 (Linux; Android 6.0.1; Nexus 5X Build/MMB29P) AppleWebKit/537.36 (KHTML, like Gecko) Chrome/153.0.8010.52 Mobile Safari/537.36 (compatible; Googlebot/2.1; +http://www.google.com/bot.html)"
40.77.167.149 - - [27/Sep/2026:17:31:55 +0300] "GET /sitemap-child-1465.xml HTTP/2.0" 200 364005 "-" "Mozilla/5.0 AppleWebKit/537.36 (KHTML, like Gecko; compatible; bingbot/2.0; +http://www.bing.com/bingbot.htm) Chrome/116.0.1938.76 Safari/537.36"
40.77.167.149 - - [27/Sep/2026:17:31:57 +0300] "GET /sitemap-child-1486.xml HTTP/2.0" 200 364096 "-" "Mozilla/5.0 AppleWebKit/537.36 (KHTML, like Gecko; compatible; bingbot/2.0; +http://www.bing.com/bingbot.htm) Chrome/116.0.1938.76 Safari/537.36"
66.249.73.3 - - [27/Sep/2026:17:31:59 +0300] "GET /?pluriliteral/173102220198 HTTP/1.1" 200 225891 "-" "Mozilla/5.0 (Linux; Android 6.0.1; Nexus 5X Build/MMB29P) AppleWebKit/537.36 (KHTML, like Gecko) Chrome/153.0.8010.52 Mobile Safari/537.36 (compatible; Googlebot/2.1; +http://www.google.com/bot.html)"
40.77.167.149 - - [27/Sep/2026:17:31:59 +0300] "GET /sitemap-child-1124.xml HTTP/2.0" 200 364453 "-" "Mozilla/5.0 AppleWebKit/537.36 (KHTML, like Gecko; compatible; bingbot/2.0; +http://www.bing.com/bingbot.htm) Chrome/116.0.1938.76 Safari/537.36"
40.77.167.149 - - [27/Sep/2026:17:32:02 +0300] "GET /sitemap-child-1495.xml HTTP/2.0" 200 364840 "-" "Mozilla/5.0 AppleWebKit/537.36 (KHTML, like Gecko; compatible; bingbot/2.0; +http://www.bing.com/bingbot.htm) Chrome/116.0.1938.76 Safari/537.36"
40.77.167.149 - - [27/Sep/2026:17:32:03 +0300] "GET /sitemap-child-1193.xml HTTP/2.0" 200 363847 "-" "Mozilla/5.0 AppleWebKit/537.36 (KHTML, like Gecko; compatible; bingbot/2.0; +http://www.bing.com/bingbot.htm) Chrome/116.0.1938.76 Safari/537.36"
40.77.167.149 - - [27/Sep/2026:17:32:06 +0300] "GET /sitemap-child-1567.xml HTTP/2.0" 200 364811 "-" "Mozilla/5.0 AppleWebKit/537.36 (KHTML, like Gecko; compatible; bingbot/2.0; +http://www.bing.com/bingbot.htm) Chrome/116.0.1938.76 Safari/537.36"
40.77.167.149 - - [27/Sep/2026:17:32:09 +0300] "GET /sitemap-child-1170.xml HTTP/2.0" 200 364180 "-" "Mozilla/5.0 AppleWebKit/537.36 (KHTML, like Gecko; compatible; bingbot/2.0; +http://www.bing.com/bingbot.htm) Chrome/116.0.1938.76 Safari/537.36"
40.77.167.149 - - [27/Sep/2026:17:32:11 +0300] "GET /sitemap-child-1078.xml HTTP/2.0" 200 364216 "-" "Mozilla/5.0 AppleWebKit/537.36 (KHTML, like Gecko; compatible; bingbot/2.0; +http://www.bing.com/bingbot.htm) Chrome/116.0.1938.76 Safari/537.36"
40.77.167.149 - - [27/Sep/2026:17:32:12 +0300] "GET /sitemap-child-1542.xml HTTP/2.0" 200 364947 "-" "Mozilla/5.0 AppleWebKit/537.36 (KHTML, like Gecko; compatible; bingbot/2.0; +http://www.bing.com/bingbot.htm) Chrome/116.0.1938.76 Safari/537.36"
40.77.167.116 - - [27/Sep/2026:17:32:24 +0300] "GET /sitemap-child-1332.xml HTTP/2.0" 200 364461 "-" "Mozilla/5.0 AppleWebKit/537.36 (KHTML, like Gecko; compatible; bingbot/2.0; +http://www.bing.com/bingbot.htm) Chrome/116.0.1938.76 Safari/537.36"
40.77.167.116 - - [27/Sep/2026:17:32:44 +0300] "GET /homilite/l1y0c3o4p4o5d6i7t1e645 HTTP/2.0" 200 232121 "-" "Mozilla/5.0 AppleWebKit/537.36 (KHTML, like Gecko; compatible; bingbot/2.0; +http://www.bing.com/bingbot.htm) Chrome/116.0.1938.76 Safari/537.36"
66.249.73.4 - - [27/Sep/2026:17:33:13 +0300] "GET /?h=w1e6i3g7h6t5s509940 HTTP/1.1" 200 224503 "-" "Mozilla/5.0 (Linux; Android 6.0.1; Nexus 5X Build/MMB29P) AppleWebKit/537.36 (KHTML, like Gecko) Chrome/153.0.8010.52 Mobile Safari/537.36 (compatible; Googlebot/2.1; +http://www.google.com/bot.html)"
66.249.73.3 - - [27/Sep/2026:17:33:15 +0300] "GET /?h=o0r0t3h5o4g0r1a6p1h1i4c7ally HTTP/1.1" 200 219744 "-" "Mozilla/5.0 (Linux; Android 6.0.1; Nexus 5X Build/MMB29P) AppleWebKit/537.36 (KHTML, like Gecko) Chrome/153.0.8010.52 Mobile Safari/537.36 (compatible; Googlebot/2.1; +http://www.google.com/bot.html)"
67.205.178.73 - - [27/Sep/2026:17:33:39 +0300] "GET /wp-content/images/atrie-kred%C4%ABti-ar-par%C4%81dsaist%C4%ABb%C4%81m---%C4%81trais-kred%C4%ABts-a-goyw3r8l.jpg HTTP/1.1" 200 13502 "https://www.iniciativa.lv/" "Mozilla/5.0 (Windows NT 10.0; Win64; x64) AppleWebKit/537.36 (KHTML, like Gecko) Chrome/103.0.0.0 Safari/537.36"
20.42.170.13 - - [27/Sep/2026:17:34:21 +0300] "GET /robots.txt HTTP/1.1" 200 66 "-" "RetroDocumentResearch/0.1"
20.42.170.13 - - [27/Sep/2026:17:34:25 +0300] "GET /assets/gada_parskats_2013_precizets.xlsx HTTP/1.1" 301 - "-" "RetroDocumentResearch/0.1"
20.42.170.13 - - [27/Sep/2026:17:34:33 +0300] "GET /robots.txt HTTP/1.1" 200 66 "-" "RetroDocumentResearch/0.1"
20.42.170.13 - - [27/Sep/2026:17:34:36 +0300] "GET /assets/gada_parskats_2013_precizets.xlsx HTTP/1.1" 404 28782 "-" "RetroDocumentResearch/0.1"
66.249.73.5 - - [27/Sep/2026:17:34:40 +0300] "GET /?h=w0i0r3e7h4e8e7l22113 HTTP/1.1" 200 236906 "-" "Mozilla/5.0 (Linux; Android 6.0.1; Nexus 5X Build/MMB29P) AppleWebKit/537.36 (KHTML, like Gecko) Chrome/153.0.8010.52 Mobile Safari/537.36 (compatible; Googlebot/2.1; +http://www.google.com/bot.html)"
66.249.73.3 - - [27/Sep/2026:17:34:46 +0300] "GET /?h=c0l5o2n8u6s9016101 HTTP/1.1" 200 222339 "-" "Mozilla/5.0 (Linux; Android 6.0.1; Nexus 5X Build/MMB29P) AppleWebKit/537.36 (KHTML, like Gecko) Chrome/153.0.8010.52 Mobile Safari/537.36 (compatible; Googlebot/2.1; +http://www.google.com/bot.html)"
66.249.73.3 - - [27/Sep/2026:17:34:56 +0300] "GET /?h=s1a5w2f9l7y3483017 HTTP/1.1" 200 224088 "-" "Mozilla/5.0 (Linux; Android 6.0.1; Nexus 5X Build/MMB29P) AppleWebKit/537.36 (KHTML, like Gecko) Chrome/153.0.8010.52 Mobile Safari/537.36 (compatible; Googlebot/2.1; +http://www.google.com/bot.html)"
66.249.73.3 - - [27/Sep/2026:17:35:26 +0300] "GET /?pavilioning/02296986678 HTTP/1.1" 200 207487 "-" "Mozilla/5.0 (Linux; Android 6.0.1; Nexus 5X Build/MMB29P) AppleWebKit/537.36 (KHTML, like Gecko) Chrome/153.0.8010.52 Mobile Safari/537.36 (compatible; Googlebot/2.1; +http://www.google.com/bot.html)"
89.108.106.108 - - [27/Sep/2026:17:35:52 +0300] "HEAD / HTTP/1.1" 200 - "http://iniciativa.lv/" "Mozilla/5.0 (compatible; Monitorus/1.1; +http://monitorus.ru/)"
66.249.73.5 - - [27/Sep/2026:17:36:25 +0300] "GET /?h=s1h4o2a6r72038059 HTTP/1.1" 200 212285 "-" "Mozilla/5.0 (Linux; Android 6.0.1; Nexus 5X Build/MMB29P) AppleWebKit/537.36 (KHTML, like Gecko) Chrome/153.0.8010.52 Mobile Safari/537.36 (compatible; Googlebot/2.1; +http://www.google.com/bot.html)"
66.249.73.4 - - [27/Sep/2026:17:37:35 +0300] "GET /?unpathed/113806623789 HTTP/1.1" 200 222110 "-" "Mozilla/5.0 (Linux; Android 6.0.1; Nexus 5X Build/MMB29P) AppleWebKit/537.36 (KHTML, like Gecko) Chrome/153.0.8010.52 Mobile Safari/537.36 (compatible; Googlebot/2.1; +http://www.google.com/bot.html)"
45.148.10.18 - - [27/Sep/2026:17:37:44 +0300] "GET / HTTP/1.1" 503 - "-" "Mozilla/5.0 (Windows NT 10.0; Win64; x64) AppleWebKit/537.36 (KHTML, like Gecko) Chrome/131.0.0.0 Safari/537.36"
45.148.10.18 - - [27/Sep/2026:17:37:44 +0300] "GET /wp-content/plugins/gravityforms/gravityforms.php HTTP/1.1" 503 - "-" "Mozilla/5.0 (Windows NT 10.0; Win64; x64) AppleWebKit/537.36 (KHTML, like Gecko) Chrome/131.0.0.0 Safari/537.36"
45.148.10.18 - - [27/Sep/2026:17:37:44 +0300] "GET /wp-content/plugins/gravityforms/assets/css/dist/basic.min.css HTTP/1.1" 503 - "-" "Mozilla/5.0 (Windows NT 10.0; Win64; x64) AppleWebKit/537.36 (KHTML, like Gecko) Chrome/131.0.0.0 Safari/537.36"
45.148.10.18 - - [27/Sep/2026:17:37:45 +0300] "GET / HTTP/1.1" 503 - "-" "Mozilla/5.0 (Windows NT 10.0; Win64; x64) AppleWebKit/537.36 (KHTML, like Gecko) Chrome/131.0.0.0 Safari/537.36"
45.148.10.18 - - [27/Sep/2026:17:37:45 +0300] "GET /wp-json/gf/v2/forms HTTP/1.1" 503 - "-" "Mozilla/5.0 (Windows NT 10.0; Win64; x64) AppleWebKit/537.36 (KHTML, like Gecko) Chrome/131.0.0.0 Safari/537.36"
45.148.10.18 - - [27/Sep/2026:17:37:45 +0300] "GET /wp-content/plugins/gravityforms/change_log.txt HTTP/1.1" 503 - "-" "Mozilla/5.0 (Windows NT 10.0; Win64; x64) AppleWebKit/537.36 (KHTML, like Gecko) Chrome/131.0.0.0 Safari/537.36"
66.249.73.5 - - [27/Sep/2026:17:38:01 +0300] "GET /?h=h1e1a3r8t7b2r0e3a4k333 HTTP/1.1" 200 212208 "-" "Mozilla/5.0 (Linux; Android 6.0.1; Nexus 5X Build/MMB29P) AppleWebKit/537.36 (KHTML, like Gecko) Chrome/153.0.8010.52 Mobile Safari/537.36 (compatible; Googlebot/2.1; +http://www.google.com/bot.html)"
66.249.73.3 - - [27/Sep/2026:17:38:58 +0300] "GET /?h=c1e7s8t5o6i7d27799 HTTP/1.1" 200 213701 "-" "Mozilla/5.0 (Linux; Android 6.0.1; Nexus 5X Build/MMB29P) AppleWebKit/537.36 (KHTML, like Gecko) Chrome/153.0.8010.52 Mobile Safari/537.36 (compatible; Googlebot/2.1; +http://www.google.com/bot.html)"
66.249.73.4 - - [27/Sep/2026:17:39:34 +0300] "GET /?h=q0u2i1c9k8b7e4a9m6971 HTTP/1.1" 200 224945 "-" "Mozilla/5.0 (Linux; Android 6.0.1; Nexus 5X Build/MMB29P) AppleWebKit/537.36 (KHTML, like Gecko) Chrome/153.0.8010.52 Mobile Safari/537.36 (compatible; Googlebot/2.1; +http://www.google.com/bot.html)"
40.77.167.143 - - [27/Sep/2026:17:39:34 +0300] "GET /sitemap-child-752.xml HTTP/2.0" 200 364122 "-" "Mozilla/5.0 AppleWebKit/537.36 (KHTML, like Gecko; compatible; bingbot/2.0; +http://www.bing.com/bingbot.htm) Chrome/116.0.1938.76 Safari/537.36"
40.77.167.143 - - [27/Sep/2026:17:39:36 +0300] "GET /misentry/alkalotic/e1n0c1l2o9t6h8e08526 HTTP/2.0" 200 218669 "-" "Mozilla/5.0 AppleWebKit/537.36 (KHTML, like Gecko; compatible; bingbot/2.0; +http://www.bing.com/bingbot.htm) Chrome/116.0.1938.76 Safari/537.36"
66.249.73.4 - - [27/Sep/2026:17:40:58 +0300] "GET /?h=f0r2o6u7z5y480541 HTTP/1.1" 200 226353 "-" "Mozilla/5.0 (Linux; Android 6.0.1; Nexus 5X Build/MMB29P) AppleWebKit/537.36 (KHTML, like Gecko) Chrome/154.0.8037.57 Mobile Safari/537.36 (compatible; Googlebot/2.1; +http://www.google.com/bot.html)"
66.249.73.3 - - [27/Sep/2026:17:41:10 +0300] "GET /?h=g0o9u2d1r2o6n125363 HTTP/1.1" 200 219075 "-" "Mozilla/5.0 (Linux; Android 6.0.1; Nexus 5X Build/MMB29P) AppleWebKit/537.36 (KHTML, like Gecko) Chrome/153.0.8010.52 Mobile Safari/537.36 (compatible; Googlebot/2.1; +http://www.google.com/bot.html)"
40.77.167.143 - - [27/Sep/2026:17:41:35 +0300] "GET /sitemap-child-2366.xml HTTP/2.0" 200 364241 "-" "Mozilla/5.0 AppleWebKit/537.36 (KHTML, like Gecko; compatible; bingbot/2.0; +http://www.bing.com/bingbot.htm) Chrome/116.0.1938.76 Safari/537.36"
45.139.104.172 - - [27/Sep/2026:17:42:44 +0300] "GET / HTTP/1.1" 400 52 "-" "Mozilla/5.0 (X11; Linux i686; rv:28.0) Gecko/20100101 Firefox/28.0"
66.249.73.5 - - [27/Sep/2026:17:42:52 +0300] "GET /?h=s0p4r1i1n0t5659488 HTTP/1.1" 200 220109 "-" "Mozilla/5.0 (Linux; Android 6.0.1; Nexus 5X Build/MMB29P) AppleWebKit/537.36 (KHTML, like Gecko) Chrome/153.0.8010.52 Mobile Safari/537.36 (compatible; Googlebot/2.1; +http://www.google.com/bot.html)"
66.249.73.3 - - [27/Sep/2026:17:44:47 +0300] "GET /shops/glengarry/o1u6t1s1p1r5i6n6g7115 HTTP/1.1" 200 226840 "-" "Mozilla/5.0 (Linux; Android 6.0.1; Nexus 5X Build/MMB29P) AppleWebKit/537.36 (KHTML, like Gecko) Chrome/153.0.8010.52 Mobile Safari/537.36 (compatible; Googlebot/2.1; +http://www.google.com/bot.html)"
66.249.73.5 - - [27/Sep/2026:17:45:08 +0300] "GET /?h=d1e1c3o1r2e1m7e4n8t325 HTTP/1.1" 200 221521 "-" "Mozilla/5.0 (Linux; Android 6.0.1; Nexus 5X Build/MMB29P) AppleWebKit/537.36 (KHTML, like Gecko) Chrome/153.0.8010.52 Mobile Safari/537.36 (compatible; Googlebot/2.1; +http://www.google.com/bot.html)"
40.77.167.28 - - [27/Sep/2026:17:45:11 +0300] "GET /sitemap_index.xml HTTP/2.0" 200 11211 "-" "Mozilla/5.0 AppleWebKit/537.36 (KHTML, like Gecko; compatible; bingbot/2.0; +http://www.bing.com/bingbot.htm) Chrome/116.0.1938.76 Safari/537.36"
116.179.32.174 - - [27/Sep/2026:17:45:14 +0300] "GET /citadeles-hipotekara-kredita-kalkulators-aprekini-un-svariga-informacija-par-kreditiem-citadele-banka/ HTTP/2.0" 403 - "-" "Mozilla/5.0 (compatible; Baiduspider/2.0; +http://www.baidu.com/search/spider.html)"
40.77.167.28 - - [27/Sep/2026:17:45:40 +0300] "GET /sitemap-child-1108.xml HTTP/2.0" 200 364666 "-" "Mozilla/5.0 AppleWebKit/537.36 (KHTML, like Gecko; compatible; bingbot/2.0; +http://www.bing.com/bingbot.htm) Chrome/116.0.1938.76 Safari/537.36"
40.77.167.28 - - [27/Sep/2026:17:45:42 +0300] "GET /sitemap-child-1604.xml HTTP/2.0" 200 364174 "-" "Mozilla/5.0 AppleWebKit/537.36 (KHTML, like Gecko; compatible; bingbot/2.0; +http://www.bing.com/bingbot.htm) Chrome/116.0.1938.76 Safari/537.36"
40.77.167.28 - - [27/Sep/2026:17:45:44 +0300] "GET /sitemap-child-1511.xml HTTP/2.0" 200 365006 "-" "Mozilla/5.0 AppleWebKit/537.36 (KHTML, like Gecko; compatible; bingbot/2.0; +http://www.bing.com/bingbot.htm) Chrome/116.0.1938.76 Safari/537.36"
40.77.167.143 - - [27/Sep/2026:17:45:45 +0300] "GET /sitemap-child-1287.xml HTTP/2.0" 200 364591 "-" "Mozilla/5.0 AppleWebKit/537.36 (KHTML, like Gecko; compatible; bingbot/2.0; +http://www.bing.com/bingbot.htm) Chrome/116.0.1938.76 Safari/537.36"
40.77.167.55 - - [27/Sep/2026:17:45:45 +0300] "GET /sitemap-child-1572.xml HTTP/2.0" 200 364591 "-" "Mozilla/5.0 AppleWebKit/537.36 (KHTML, like Gecko; compatible; bingbot/2.0; +http://www.bing.com/bingbot.htm) Chrome/116.0.1938.76 Safari/537.36"
40.77.167.55 - - [27/Sep/2026:17:45:47 +0300] "GET /sitemap-child-1054.xml HTTP/2.0" 200 364656 "-" "Mozilla/5.0 AppleWebKit/537.36 (KHTML, like Gecko; compatible; bingbot/2.0; +http://www.bing.com/bingbot.htm) Chrome/116.0.1938.76 Safari/537.36"
40.77.167.55 - - [27/Sep/2026:17:45:49 +0300] "GET /sitemap-child-1480.xml HTTP/2.0" 200 363758 "-" "Mozilla/5.0 AppleWebKit/537.36 (KHTML, like Gecko; compatible; bingbot/2.0; +http://www.bing.com/bingbot.htm) Chrome/116.0.1938.76 Safari/537.36"
40.77.167.28 - - [27/Sep/2026:17:45:50 +0300] "GET /sitemap-child-1466.xml HTTP/2.0" 200 364186 "-" "Mozilla/5.0 AppleWebKit/537.36 (KHTML, like Gecko; compatible; bingbot/2.0; +http://www.bing.com/bingbot.htm) Chrome/116.0.1938.76 Safari/537.36"
40.77.167.28 - - [27/Sep/2026:17:45:56 +0300] "GET /sitemap-child-1446.xml HTTP/2.0" 200 364508 "-" "Mozilla/5.0 AppleWebKit/537.36 (KHTML, like Gecko; compatible; bingbot/2.0; +http://www.bing.com/bingbot.htm) Chrome/116.0.1938.76 Safari/537.36"
40.77.167.28 - - [27/Sep/2026:17:45:57 +0300] "GET /sitemap-child-1045.xml HTTP/2.0" 200 364758 "-" "Mozilla/5.0 AppleWebKit/537.36 (KHTML, like Gecko; compatible; bingbot/2.0; +http://www.bing.com/bingbot.htm) Chrome/116.0.1938.76 Safari/537.36"
40.77.167.55 - - [27/Sep/2026:17:45:57 +0300] "GET /sitemap-child-1256.xml HTTP/2.0" 200 364758 "-" "Mozilla/5.0 AppleWebKit/537.36 (KHTML, like Gecko; compatible; bingbot/2.0; +http://www.bing.com/bingbot.htm) Chrome/116.0.1938.76 Safari/537.36"
40.77.167.28 - - [27/Sep/2026:17:45:59 +0300] "GET /sitemap-child-1183.xml HTTP/2.0" 200 364628 "-" "Mozilla/5.0 AppleWebKit/537.36 (KHTML, like Gecko; compatible; bingbot/2.0; +http://www.bing.com/bingbot.htm) Chrome/116.0.1938.76 Safari/537.36"
40.77.167.55 - - [27/Sep/2026:17:45:59 +0300] "GET /sitemap-child-1563.xml HTTP/2.0" 200 364281 "-" "Mozilla/5.0 AppleWebKit/537.36 (KHTML, like Gecko; compatible; bingbot/2.0; +http://www.bing.com/bingbot.htm) Chrome/116.0.1938.76 Safari/537.36"
40.77.167.55 - - [27/Sep/2026:17:46:01 +0300] "GET /sitemap-child-1119.xml HTTP/2.0" 200 364240 "-" "Mozilla/5.0 AppleWebKit/537.36 (KHTML, like Gecko; compatible; bingbot/2.0; +http://www.bing.com/bingbot.htm) Chrome/116.0.1938.76 Safari/537.36"
40.77.167.55 - - [27/Sep/2026:17:46:02 +0300] "GET /sitemap-child-1412.xml HTTP/2.0" 200 363937 "-" "Mozilla/5.0 AppleWebKit/537.36 (KHTML, like Gecko; compatible; bingbot/2.0; +http://www.bing.com/bingbot.htm) Chrome/116.0.1938.76 Safari/537.36"
40.77.167.55 - - [27/Sep/2026:17:46:03 +0300] "GET /sitemap-child-1367.xml HTTP/2.0" 200 364435 "-" "Mozilla/5.0 AppleWebKit/537.36 (KHTML, like Gecko; compatible; bingbot/2.0; +http://www.bing.com/bingbot.htm) Chrome/116.0.1938.76 Safari/537.36"
40.77.167.28 - - [27/Sep/2026:17:46:01 +0300] "GET /sitemap-child-1393.xml HTTP/2.0" 200 365014 "-" "Mozilla/5.0 AppleWebKit/537.36 (KHTML, like Gecko; compatible; bingbot/2.0; +http://www.bing.com/bingbot.htm) Chrome/116.0.1938.76 Safari/537.36"
40.77.167.55 - - [27/Sep/2026:17:46:04 +0300] "GET /sitemap-child-1157.xml HTTP/2.0" 200 364435 "-" "Mozilla/5.0 AppleWebKit/537.36 (KHTML, like Gecko; compatible; bingbot/2.0; +http://www.bing.com/bingbot.htm) Chrome/116.0.1938.76 Safari/537.36"
40.77.167.28 - - [27/Sep/2026:17:46:06 +0300] "GET /sitemap-child-1347.xml HTTP/2.0" 200 364421 "-" "Mozilla/5.0 AppleWebKit/537.36 (KHTML, like Gecko; compatible; bingbot/2.0; +http://www.bing.com/bingbot.htm) Chrome/116.0.1938.76 Safari/537.36"
