62.60.130.227 - - [27/Sep/2026:16:13:47 +0300] "POST /?page_id=1076&pagename=templates%252f%252e%252e%252f%252e%252e%252f%252e%252e%252f%252e%252e%252f%252e%252e%252f%252e%252e%252f%252e%252e%252fwp-links-opml HTTP/1.1" 500 31321 "-" "Mozilla/5.0 (Windows NT 10.0; Win64; x64) AppleWebKit/537.36 (KHTML, like Gecko) Chrome/126.0.0.0 Safari/537.36"
66.249.73.5 - - [27/Sep/2026:16:13:47 +0300] "GET /?h=s1w6o2u3n6d8s911068 HTTP/1.1" 200 215624 "-" "Mozilla/5.0 (Linux; Android 6.0.1; Nexus 5X Build/MMB29P) AppleWebKit/537.36 (KHTML, like Gecko) Chrome/153.0.8010.52 Mobile Safari/537.36 (compatible; Googlebot/2.1; +http://www.google.com/bot.html)"
62.60.130.227 - - [27/Sep/2026:16:13:48 +0300] "GET /?page_id=1076&pagename=templates%252f%252e%252e%252f%252e%252e%252f%252e%252e%252f%252e%252e%252f%252e%252e%252f%252e%252e%252f%252e%252e%252fwp-links-opml HTTP/1.1" 301 - "-" "Mozilla/5.0 (Windows NT 10.0; Win64; x64) AppleWebKit/537.36 (KHTML, like Gecko) Chrome/126.0.0.0 Safari/537.36"
62.60.130.227 - - [27/Sep/2026:16:13:49 +0300] "POST /?page_id=1076&pagename=templates%252f%252e%252e%252f%252e%252e%252fwp-links-opml HTTP/1.1" 500 31321 "-" "Mozilla/5.0 (Windows NT 10.0; Win64; x64) AppleWebKit/537.36 (KHTML, like Gecko) Chrome/126.0.0.0 Safari/537.36"
66.249.73.5 - - [27/Sep/2026:16:13:49 +0300] "GET /?h=s0a7c1c3h6a7r8i9m3e9t2r0y HTTP/1.1" 200 224089 "-" "Mozilla/5.0 (Linux; Android 6.0.1; Nexus 5X Build/MMB29P) AppleWebKit/537.36 (KHTML, like Gecko) Chrome/153.0.8010.52 Mobile Safari/537.36 (compatible; Googlebot/2.1; +http://www.google.com/bot.html)"
62.60.130.227 - - [27/Sep/2026:16:13:51 +0300] "GET /?page_id=1076&pagename=templates%252f%252e%252e%252f%252e%252e%252fwp-links-opml HTTP/1.1" 301 - "-" "Mozilla/5.0 (Windows NT 10.0; Win64; x64) AppleWebKit/537.36 (KHTML, like Gecko) Chrome/126.0.0.0 Safari/537.36"
62.60.130.227 - - [27/Sep/2026:16:13:52 +0300] "POST /?page_id=1076&pagename=templates%252f%252e%252e%252f%252e%252e%252f%252e%252e%252f%252e%252e%252f%252e%252e%252f%252e%252e%252f%252e%252e%252f%252e%252e%252fwp-links-opml HTTP/1.1" 500 31321 "-" "Mozilla/5.0 (Windows NT 10.0; Win64; x64) AppleWebKit/537.36 (KHTML, like Gecko) Chrome/126.0.0.0 Safari/537.36"
66.249.73.5 - - [27/Sep/2026:16:13:52 +0300] "GET /?h=n0o2n5a5g2r3i4a6054 HTTP/1.1" 200 219887 "-" "Mozilla/5.0 (Linux; Android 6.0.1; Nexus 5X Build/MMB29P) AppleWebKit/537.36 (KHTML, like Gecko) Chrome/153.0.8010.52 Mobile Safari/537.36 (compatible; Googlebot/2.1; +http://www.google.com/bot.html)"
62.60.130.227 - - [27/Sep/2026:16:13:53 +0300] "GET /?page_id=1076&pagename=templates%252f%252e%252e%252f%252e%252e%252f%252e%252e%252f%252e%252e%252f%252e%252e%252f%252e%252e%252f%252e%252e%252f%252e%252e%252fwp-links-opml HTTP/1.1" 301 - "-" "Mozilla/5.0 (Windows NT 10.0; Win64; x64) AppleWebKit/537.36 (KHTML, like Gecko) Chrome/126.0.0.0 Safari/537.36"
62.60.130.227 - - [27/Sep/2026:16:13:54 +0300] "POST /?page_id=1093&pagename=templates%252f%252e%252e%252f%252e%252e%252f%252e%252e%252f%252e%252e%252fwp-links-opml HTTP/1.1" 500 31207 "-" "Mozilla/5.0 (Windows NT 10.0; Win64; x64) AppleWebKit/537.36 (KHTML, like Gecko) Chrome/126.0.0.0 Safari/537.36"
66.249.73.3 - - [27/Sep/2026:16:13:54 +0300] "GET /?h=c1l1o3u8g9h7262126 HTTP/1.1" 200 222255 "-" "Mozilla/5.0 (Linux; Android 6.0.1; Nexus 5X Build/MMB29P) AppleWebKit/537.36 (KHTML, like Gecko) Chrome/153.0.8010.52 Mobile Safari/537.36 (compatible; Googlebot/2.1; +http://www.google.com/bot.html)"
62.60.130.227 - - [27/Sep/2026:16:13:56 +0300] "GET /?page_id=1093&pagename=templates%252f%252e%252e%252f%252e%252e%252f%252e%252e%252f%252e%252e%252fwp-links-opml HTTP/1.1" 301 - "-" "Mozilla/5.0 (Windows NT 10.0; Win64; x64) AppleWebKit/537.36 (KHTML, like Gecko) Chrome/126.0.0.0 Safari/537.36"
62.60.130.227 - - [27/Sep/2026:16:13:56 +0300] "POST /?page_id=1093&pagename=templates%252f%252e%252e%252f%252e%252e%252f%252e%252e%252fwp-links-opml HTTP/1.1" 500 31207 "-" "Mozilla/5.0 (Windows NT 10.0; Win64; x64) AppleWebKit/537.36 (KHTML, like Gecko) Chrome/126.0.0.0 Safari/537.36"
66.249.73.6 - - [27/Sep/2026:16:13:57 +0300] "GET /?h=p0h0a1r3a9o2h425483 HTTP/1.1" 200 218257 "-" "Mozilla/5.0 (Linux; Android 6.0.1; Nexus 5X Build/MMB29P) AppleWebKit/537.36 (KHTML, like Gecko) Chrome/153.0.8010.52 Mobile Safari/537.36 (compatible; Googlebot/2.1; +http://www.google.com/bot.html)"
62.60.130.227 - - [27/Sep/2026:16:13:58 +0300] "GET /?page_id=1093&pagename=templates%252f%252e%252e%252f%252e%252e%252f%252e%252e%252fwp-links-opml HTTP/1.1" 301 - "-" "Mozilla/5.0 (Windows NT 10.0; Win64; x64) AppleWebKit/537.36 (KHTML, like Gecko) Chrome/126.0.0.0 Safari/537.36"
62.60.130.227 - - [27/Sep/2026:16:13:59 +0300] "POST /?page_id=1093&pagename=templates%252f%252e%252e%252f%252e%252e%252f%252e%252e%252f%252e%252e%252f%252e%252e%252fwp-links-opml HTTP/1.1" 500 31207 "-" "Mozilla/5.0 (Windows NT 10.0; Win64; x64) AppleWebKit/537.36 (KHTML, like Gecko) Chrome/126.0.0.0 Safari/537.36"
66.249.73.6 - - [27/Sep/2026:16:13:59 +0300] "GET /?blinis/061614790639 HTTP/1.1" 200 222082 "-" "Mozilla/5.0 (Linux; Android 6.0.1; Nexus 5X Build/MMB29P) AppleWebKit/537.36 (KHTML, like Gecko) Chrome/153.0.8010.52 Mobile Safari/537.36 (compatible; Googlebot/2.1; +http://www.google.com/bot.html)"
62.60.130.227 - - [27/Sep/2026:16:14:00 +0300] "GET /?page_id=1093&pagename=templates%252f%252e%252e%252f%252e%252e%252f%252e%252e%252f%252e%252e%252f%252e%252e%252fwp-links-opml HTTP/1.1" 301 - "-" "Mozilla/5.0 (Windows NT 10.0; Win64; x64) AppleWebKit/537.36 (KHTML, like Gecko) Chrome/126.0.0.0 Safari/537.36"
66.249.73.5 - - [27/Sep/2026:16:14:01 +0300] "GET /?h=a1n5t3i0b2i5o4t7i7c8a8l2ly HTTP/1.1" 200 215027 "-" "Mozilla/5.0 (Linux; Android 6.0.1; Nexus 5X Build/MMB29P) AppleWebKit/537.36 (KHTML, like Gecko) Chrome/153.0.8010.52 Mobile Safari/537.36 (compatible; Googlebot/2.1; +http://www.google.com/bot.html)"
62.60.130.227 - - [27/Sep/2026:16:14:02 +0300] "POST /?page_id=1093&pagename=templates%252f%252e%252e%252f%252e%252e%252f%252e%252e%252f%252e%252e%252f%252e%252e%252f%252e%252e%252fwp-links-opml HTTP/1.1" 500 31207 "-" "Mozilla/5.0 (Windows NT 10.0; Win64; x64) AppleWebKit/537.36 (KHTML, like Gecko) Chrome/126.0.0.0 Safari/537.36"
62.60.130.227 - - [27/Sep/2026:16:14:03 +0300] "GET /?page_id=1093&pagename=templates%252f%252e%252e%252f%252e%252e%252f%252e%252e%252f%252e%252e%252f%252e%252e%252f%252e%252e%252fwp-links-opml HTTP/1.1" 301 - "-" "Mozilla/5.0 (Windows NT 10.0; Win64; x64) AppleWebKit/537.36 (KHTML, like Gecko) Chrome/126.0.0.0 Safari/537.36"
66.249.73.5 - - [27/Sep/2026:16:14:03 +0300] "GET /?h=l1e6y4t1e99805587 HTTP/1.1" 200 225258 "-" "Mozilla/5.0 (Linux; Android 6.0.1; Nexus 5X Build/MMB29P) AppleWebKit/537.36 (KHTML, like Gecko) Chrome/153.0.8010.52 Mobile Safari/537.36 (compatible; Googlebot/2.1; +http://www.google.com/bot.html)"
62.60.130.227 - - [27/Sep/2026:16:14:04 +0300] "POST /?page_id=1093&pagename=templates%252f%252e%252e%252f%252e%252e%252f%252e%252e%252f%252e%252e%252f%252e%252e%252f%252e%252e%252f%252e%252e%252fwp-links-opml HTTP/1.1" 500 31207 "-" "Mozilla/5.0 (Windows NT 10.0; Win64; x64) AppleWebKit/537.36 (KHTML, like Gecko) Chrome/126.0.0.0 Safari/537.36"
62.60.130.227 - - [27/Sep/2026:16:14:06 +0300] "GET /?page_id=1093&pagename=templates%252f%252e%252e%252f%252e%252e%252f%252e%252e%252f%252e%252e%252f%252e%252e%252f%252e%252e%252f%252e%252e%252fwp-links-opml HTTP/1.1" 301 - "-" "Mozilla/5.0 (Windows NT 10.0; Win64; x64) AppleWebKit/537.36 (KHTML, like Gecko) Chrome/126.0.0.0 Safari/537.36"
66.249.73.3 - - [27/Sep/2026:16:14:06 +0300] "GET /?tabernacling/011814394939 HTTP/1.1" 200 215887 "-" "Mozilla/5.0 (Linux; Android 6.0.1; Nexus 5X Build/MMB29P) AppleWebKit/537.36 (KHTML, like Gecko) Chrome/153.0.8010.52 Mobile Safari/537.36 (compatible; Googlebot/2.1; +http://www.google.com/bot.html)"
62.60.130.227 - - [27/Sep/2026:16:14:07 +0300] "POST /?page_id=1093&pagename=templates%252f%252e%252e%252f%252e%252e%252fwp-links-opml HTTP/1.1" 500 31207 "-" "Mozilla/5.0 (Windows NT 10.0; Win64; x64) AppleWebKit/537.36 (KHTML, like Gecko) Chrome/126.0.0.0 Safari/537.36"
66.249.73.5 - - [27/Sep/2026:16:14:08 +0300] "GET /?h=s1a7n2d9w6i7c1h7e3d949 HTTP/1.1" 200 214776 "-" "Mozilla/5.0 (Linux; Android 6.0.1; Nexus 5X Build/MMB29P) AppleWebKit/537.36 (KHTML, like Gecko) Chrome/153.0.8010.52 Mobile Safari/537.36 (compatible; Googlebot/2.1; +http://www.google.com/bot.html)"
62.60.130.227 - - [27/Sep/2026:16:14:08 +0300] "GET /?page_id=1093&pagename=templates%252f%252e%252e%252f%252e%252e%252fwp-links-opml HTTP/1.1" 301 - "-" "Mozilla/5.0 (Windows NT 10.0; Win64; x64) AppleWebKit/537.36 (KHTML, like Gecko) Chrome/126.0.0.0 Safari/537.36"
62.60.130.227 - - [27/Sep/2026:16:14:09 +0300] "POST /?page_id=1093&pagename=templates%252f%252e%252e%252f%252e%252e%252f%252e%252e%252f%252e%252e%252f%252e%252e%252f%252e%252e%252f%252e%252e%252f%252e%252e%252fwp-links-opml HTTP/1.1" 500 31207 "-" "Mozilla/5.0 (Windows NT 10.0; Win64; x64) AppleWebKit/537.36 (KHTML, like Gecko) Chrome/126.0.0.0 Safari/537.36"
62.60.130.227 - - [27/Sep/2026:16:14:10 +0300] "GET /?page_id=1093&pagename=templates%252f%252e%252e%252f%252e%252e%252f%252e%252e%252f%252e%252e%252f%252e%252e%252f%252e%252e%252f%252e%252e%252f%252e%252e%252fwp-links-opml HTTP/1.1" 301 - "-" "Mozilla/5.0 (Windows NT 10.0; Win64; x64) AppleWebKit/537.36 (KHTML, like Gecko) Chrome/126.0.0.0 Safari/537.36"
66.249.73.3 - - [27/Sep/2026:16:14:10 +0300] "GET /?h=g0e2o3l6o6g6i4z1i5n5g97 HTTP/1.1" 200 222229 "-" "Mozilla/5.0 (Linux; Android 6.0.1; Nexus 5X Build/MMB29P) AppleWebKit/537.36 (KHTML, like Gecko) Chrome/153.0.8010.52 Mobile Safari/537.36 (compatible; Googlebot/2.1; +http://www.google.com/bot.html)"
62.60.130.227 - - [27/Sep/2026:16:14:11 +0300] "POST /?page_id=1107&pagename=templates%252f%252e%252e%252f%252e%252e%252f%252e%252e%252f%252e%252e%252fwp-links-opml HTTP/1.1" 500 31023 "-" "Mozilla/5.0 (Windows NT 10.0; Win64; x64) AppleWebKit/537.36 (KHTML, like Gecko) Chrome/126.0.0.0 Safari/537.36"
62.60.130.227 - - [27/Sep/2026:16:14:13 +0300] "GET /?page_id=1107&pagename=templates%252f%252e%252e%252f%252e%252e%252f%252e%252e%252f%252e%252e%252fwp-links-opml HTTP/1.1" 301 - "-" "Mozilla/5.0 (Windows NT 10.0; Win64; x64) AppleWebKit/537.36 (KHTML, like Gecko) Chrome/126.0.0.0 Safari/537.36"
66.249.73.3 - - [27/Sep/2026:16:14:13 +0300] "GET /?h=s0a3p2r3o7p1h0a0g7a7n20 HTTP/1.1" 200 226451 "-" "Mozilla/5.0 (Linux; Android 6.0.1; Nexus 5X Build/MMB29P) AppleWebKit/537.36 (KHTML, like Gecko) Chrome/153.0.8010.52 Mobile Safari/537.36 (compatible; Googlebot/2.1; +http://www.google.com/bot.html)"
62.60.130.227 - - [27/Sep/2026:16:14:14 +0300] "POST /?page_id=1107&pagename=templates%252f%252e%252e%252f%252e%252e%252f%252e%252e%252fwp-links-opml HTTP/1.1" 500 31023 "-" "Mozilla/5.0 (Windows NT 10.0; Win64; x64) AppleWebKit/537.36 (KHTML, like Gecko) Chrome/126.0.0.0 Safari/537.36"
180.153.236.219 - - [27/Sep/2026:16:14:14 +0300] "GET / HTTP/2.0" 200 79947 "https://www.iniciativa.lv/" "User-Agent:Mozilla/5.0 (Windows NT 10.0; Win64; x64) AppleWebKit/537.36 (KHTML, like Gecko) Chrome/140.0.0.0 Safari/537.36 Edg/140.0.0.0; 360Spider"
62.60.130.227 - - [27/Sep/2026:16:14:15 +0300] "GET /?page_id=1107&pagename=templates%252f%252e%252e%252f%252e%252e%252f%252e%252e%252fwp-links-opml HTTP/1.1" 301 - "-" "Mozilla/5.0 (Windows NT 10.0; Win64; x64) AppleWebKit/537.36 (KHTML, like Gecko) Chrome/126.0.0.0 Safari/537.36"
66.249.73.3 - - [27/Sep/2026:16:14:15 +0300] "GET /?h=s1a5u3c7e40549554 HTTP/1.1" 200 225513 "-" "Mozilla/5.0 (Linux; Android 6.0.1; Nexus 5X Build/MMB29P) AppleWebKit/537.36 (KHTML, like Gecko) Chrome/153.0.8010.52 Mobile Safari/537.36 (compatible; Googlebot/2.1; +http://www.google.com/bot.html)"
62.60.130.227 - - [27/Sep/2026:16:14:16 +0300] "POST /?page_id=1107&pagename=templates%252f%252e%252e%252f%252e%252e%252f%252e%252e%252f%252e%252e%252f%252e%252e%252fwp-links-opml HTTP/1.1" 500 31023 "-" "Mozilla/5.0 (Windows NT 10.0; Win64; x64) AppleWebKit/537.36 (KHTML, like Gecko) Chrome/126.0.0.0 Safari/537.36"
62.60.130.227 - - [27/Sep/2026:16:14:17 +0300] "GET /?page_id=1107&pagename=templates%252f%252e%252e%252f%252e%252e%252f%252e%252e%252f%252e%252e%252f%252e%252e%252fwp-links-opml HTTP/1.1" 301 - "-" "Mozilla/5.0 (Windows NT 10.0; Win64; x64) AppleWebKit/537.36 (KHTML, like Gecko) Chrome/126.0.0.0 Safari/537.36"
66.249.73.4 - - [27/Sep/2026:16:14:17 +0300] "GET /?h=v1a1r7i8c0e5l0l9a73 HTTP/1.1" 200 214612 "-" "Mozilla/5.0 (Linux; Android 6.0.1; Nexus 5X Build/MMB29P) AppleWebKit/537.36 (KHTML, like Gecko) Chrome/153.0.8010.52 Mobile Safari/537.36 (compatible; Googlebot/2.1; +http://www.google.com/bot.html)"
62.60.130.227 - - [27/Sep/2026:16:14:18 +0300] "POST /?page_id=1107&pagename=templates%252f%252e%252e%252f%252e%252e%252f%252e%252e%252f%252e%252e%252f%252e%252e%252f%252e%252e%252fwp-links-opml HTTP/1.1" 500 31023 "-" "Mozilla/5.0 (Windows NT 10.0; Win64; x64) AppleWebKit/537.36 (KHTML, like Gecko) Chrome/126.0.0.0 Safari/537.36"
66.249.73.3 - - [27/Sep/2026:16:14:20 +0300] "GET /?h=m1o4d3e0s4t4194690 HTTP/1.1" 200 213795 "-" "Mozilla/5.0 (Linux; Android 6.0.1; Nexus 5X Build/MMB29P) AppleWebKit/537.36 (KHTML, like Gecko) Chrome/153.0.8010.52 Mobile Safari/537.36 (compatible; Googlebot/2.1; +http://www.google.com/bot.html)"
62.60.130.227 - - [27/Sep/2026:16:14:20 +0300] "GET /?page_id=1107&pagename=templates%252f%252e%252e%252f%252e%252e%252f%252e%252e%252f%252e%252e%252f%252e%252e%252f%252e%252e%252fwp-links-opml HTTP/1.1" 301 - "-" "Mozilla/5.0 (Windows NT 10.0; Win64; x64) AppleWebKit/537.36 (KHTML, like Gecko) Chrome/126.0.0.0 Safari/537.36"
62.60.130.227 - - [27/Sep/2026:16:14:21 +0300] "POST /?page_id=1107&pagename=templates%252f%252e%252e%252f%252e%252e%252f%252e%252e%252f%252e%252e%252f%252e%252e%252f%252e%252e%252f%252e%252e%252fwp-links-opml HTTP/1.1" 500 31023 "-" "Mozilla/5.0 (Windows NT 10.0; Win64; x64) AppleWebKit/537.36 (KHTML, like Gecko) Chrome/126.0.0.0 Safari/537.36"
66.249.73.3 - - [27/Sep/2026:16:14:22 +0300] "GET /?h=d1e5n1a0y96644289 HTTP/1.1" 200 210108 "-" "Mozilla/5.0 (Linux; Android 6.0.1; Nexus 5X Build/MMB29P) AppleWebKit/537.36 (KHTML, like Gecko) Chrome/153.0.8010.52 Mobile Safari/537.36 (compatible; Googlebot/2.1; +http://www.google.com/bot.html)"
62.60.130.227 - - [27/Sep/2026:16:14:23 +0300] "GET /?page_id=1107&pagename=templates%252f%252e%252e%252f%252e%252e%252f%252e%252e%252f%252e%252e%252f%252e%252e%252f%252e%252e%252f%252e%252e%252fwp-links-opml HTTP/1.1" 301 - "-" "Mozilla/5.0 (Windows NT 10.0; Win64; x64) AppleWebKit/537.36 (KHTML, like Gecko) Chrome/126.0.0.0 Safari/537.36"
66.249.73.3 - - [27/Sep/2026:16:14:24 +0300] "GET /?h=o0p7e4r2a9t5o4r0039 HTTP/1.1" 200 218738 "-" "Mozilla/5.0 (Linux; Android 6.0.1; Nexus 5X Build/MMB29P) AppleWebKit/537.36 (KHTML, like Gecko) Chrome/153.0.8010.52 Mobile Safari/537.36 (compatible; Googlebot/2.1; +http://www.google.com/bot.html)"
62.60.130.227 - - [27/Sep/2026:16:14:24 +0300] "POST /?page_id=1107&pagename=templates%252f%252e%252e%252f%252e%252e%252fwp-links-opml HTTP/1.1" 500 31023 "-" "Mozilla/5.0 (Windows NT 10.0; Win64; x64) AppleWebKit/537.36 (KHTML, like Gecko) Chrome/126.0.0.0 Safari/537.36"
62.60.130.227 - - [27/Sep/2026:16:14:26 +0300] "GET /?page_id=1107&pagename=templates%252f%252e%252e%252f%252e%252e%252fwp-links-opml HTTP/1.1" 301 - "-" "Mozilla/5.0 (Windows NT 10.0; Win64; x64) AppleWebKit/537.36 (KHTML, like Gecko) Chrome/126.0.0.0 Safari/537.36"
62.60.130.227 - - [27/Sep/2026:16:14:27 +0300] "POST /?page_id=1107&pagename=templates%252f%252e%252e%252f%252e%252e%252f%252e%252e%252f%252e%252e%252f%252e%252e%252f%252e%252e%252f%252e%252e%252f%252e%252e%252fwp-links-opml HTTP/1.1" 500 31023 "-" "Mozilla/5.0 (Windows NT 10.0; Win64; x64) AppleWebKit/537.36 (KHTML, like Gecko) Chrome/126.0.0.0 Safari/537.36"
62.60.130.227 - - [27/Sep/2026:16:14:29 +0300] "GET /?page_id=1107&pagename=templates%252f%252e%252e%252f%252e%252e%252f%252e%252e%252f%252e%252e%252f%252e%252e%252f%252e%252e%252f%252e%252e%252f%252e%252e%252fwp-links-opml HTTP/1.1" 301 - "-" "Mozilla/5.0 (Windows NT 10.0; Win64; x64) AppleWebKit/537.36 (KHTML, like Gecko) Chrome/126.0.0.0 Safari/537.36"
62.60.130.227 - - [27/Sep/2026:16:14:30 +0300] "POST /?page_id=1118&pagename=templates%252f%252e%252e%252f%252e%252e%252f%252e%252e%252f%252e%252e%252fwp-links-opml HTTP/1.1" 500 31105 "-" "Mozilla/5.0 (Windows NT 10.0; Win64; x64) AppleWebKit/537.36 (KHTML, like Gecko) Chrome/126.0.0.0 Safari/537.36"
66.249.73.3 - - [27/Sep/2026:16:14:30 +0300] "GET /?h=i1n1t1e0r1n3542813 HTTP/1.1" 200 211018 "-" "Mozilla/5.0 (Linux; Android 6.0.1; Nexus 5X Build/MMB29P) AppleWebKit/537.36 (KHTML, like Gecko) Chrome/153.0.8010.52 Mobile Safari/537.36 (compatible; Googlebot/2.1; +http://www.google.com/bot.html)"
62.60.130.227 - - [27/Sep/2026:16:14:31 +0300] "GET /?page_id=1118&pagename=templates%252f%252e%252e%252f%252e%252e%252f%252e%252e%252f%252e%252e%252fwp-links-opml HTTP/1.1" 301 - "-" "Mozilla/5.0 (Windows NT 10.0; Win64; x64) AppleWebKit/537.36 (KHTML, like Gecko) Chrome/126.0.0.0 Safari/537.36"
66.249.73.3 - - [27/Sep/2026:16:14:32 +0300] "GET /?h=h0y5p3o7s9u8l9p1h5a9t1e2 HTTP/1.1" 200 218742 "-" "Mozilla/5.0 (Linux; Android 6.0.1; Nexus 5X Build/MMB29P) AppleWebKit/537.36 (KHTML, like Gecko) Chrome/153.0.8010.52 Mobile Safari/537.36 (compatible; Googlebot/2.1; +http://www.google.com/bot.html)"
62.60.130.227 - - [27/Sep/2026:16:14:32 +0300] "POST /?page_id=1118&pagename=templates%252f%252e%252e%252f%252e%252e%252f%252e%252e%252fwp-links-opml HTTP/1.1" 500 31105 "-" "Mozilla/5.0 (Windows NT 10.0; Win64; x64) AppleWebKit/537.36 (KHTML, like Gecko) Chrome/126.0.0.0 Safari/537.36"
66.249.73.3 - - [27/Sep/2026:16:14:33 +0300] "GET /?h=k0n1o2c4k6k7n6e4e7216 HTTP/1.1" 200 211629 "-" "Mozilla/5.0 (Linux; Android 6.0.1; Nexus 5X Build/MMB29P) AppleWebKit/537.36 (KHTML, like Gecko) Chrome/153.0.8010.52 Mobile Safari/537.36 (compatible; Googlebot/2.1; +http://www.google.com/bot.html)"
62.60.130.227 - - [27/Sep/2026:16:14:34 +0300] "GET /?page_id=1118&pagename=templates%252f%252e%252e%252f%252e%252e%252f%252e%252e%252fwp-links-opml HTTP/1.1" 301 - "-" "Mozilla/5.0 (Windows NT 10.0; Win64; x64) AppleWebKit/537.36 (KHTML, like Gecko) Chrome/126.0.0.0 Safari/537.36"
62.60.130.227 - - [27/Sep/2026:16:14:35 +0300] "POST /?page_id=1118&pagename=templates%252f%252e%252e%252f%252e%252e%252f%252e%252e%252f%252e%252e%252f%252e%252e%252fwp-links-opml HTTP/1.1" 500 31105 "-" "Mozilla/5.0 (Windows NT 10.0; Win64; x64) AppleWebKit/537.36 (KHTML, like Gecko) Chrome/126.0.0.0 Safari/537.36"
66.249.73.4 - - [27/Sep/2026:16:14:35 +0300] "GET /?h=e1f7f3e4r0v5e8s0c5i0v0e0 HTTP/1.1" 200 209568 "-" "Mozilla/5.0 (Linux; Android 6.0.1; Nexus 5X Build/MMB29P) AppleWebKit/537.36 (KHTML, like Gecko) Chrome/153.0.8010.52 Mobile Safari/537.36 (compatible; Googlebot/2.1; +http://www.google.com/bot.html)"
62.60.130.227 - - [27/Sep/2026:16:14:36 +0300] "GET /?page_id=1118&pagename=templates%252f%252e%252e%252f%252e%252e%252f%252e%252e%252f%252e%252e%252f%252e%252e%252fwp-links-opml HTTP/1.1" 301 - "-" "Mozilla/5.0 (Windows NT 10.0; Win64; x64) AppleWebKit/537.36 (KHTML, like Gecko) Chrome/126.0.0.0 Safari/537.36"
62.60.130.227 - - [27/Sep/2026:16:14:37 +0300] "POST /?page_id=1118&pagename=templates%252f%252e%252e%252f%252e%252e%252f%252e%252e%252f%252e%252e%252f%252e%252e%252f%252e%252e%252fwp-links-opml HTTP/1.1" 500 31105 "-" "Mozilla/5.0 (Windows NT 10.0; Win64; x64) AppleWebKit/537.36 (KHTML, like Gecko) Chrome/126.0.0.0 Safari/537.36"
66.249.73.3 - - [27/Sep/2026:16:14:37 +0300] "GET /?h=g0l8a1z3i1e3r569471 HTTP/1.1" 200 210483 "-" "Mozilla/5.0 (Linux; Android 6.0.1; Nexus 5X Build/MMB29P) AppleWebKit/537.36 (KHTML, like Gecko) Chrome/153.0.8010.52 Mobile Safari/537.36 (compatible; Googlebot/2.1; +http://www.google.com/bot.html)"
66.249.73.4 - - [27/Sep/2026:16:14:39 +0300] "GET /?h=u1n0e2d5g2e258848 HTTP/1.1" 200 222888 "-" "Mozilla/5.0 (Linux; Android 6.0.1; Nexus 5X Build/MMB29P) AppleWebKit/537.36 (KHTML, like Gecko) Chrome/153.0.8010.52 Mobile Safari/537.36 (compatible; Googlebot/2.1; +http://www.google.com/bot.html)"
62.60.130.227 - - [27/Sep/2026:16:14:38 +0300] "GET /?page_id=1118&pagename=templates%252f%252e%252e%252f%252e%252e%252f%252e%252e%252f%252e%252e%252f%252e%252e%252f%252e%252e%252fwp-links-opml HTTP/1.1" 301 - "-" "Mozilla/5.0 (Windows NT 10.0; Win64; x64) AppleWebKit/537.36 (KHTML, like Gecko) Chrome/126.0.0.0 Safari/537.36"
62.60.130.227 - - [27/Sep/2026:16:14:40 +0300] "POST /?page_id=1118&pagename=templates%252f%252e%252e%252f%252e%252e%252f%252e%252e%252f%252e%252e%252f%252e%252e%252f%252e%252e%252f%252e%252e%252fwp-links-opml HTTP/1.1" 500 31105 "-" "Mozilla/5.0 (Windows NT 10.0; Win64; x64) AppleWebKit/537.36 (KHTML, like Gecko) Chrome/126.0.0.0 Safari/537.36"
66.249.73.4 - - [27/Sep/2026:16:14:41 +0300] "GET /?h=d1i9r2e4c0t6i5v8i8t8y33 HTTP/1.1" 200 211680 "-" "Mozilla/5.0 (Linux; Android 6.0.1; Nexus 5X Build/MMB29P) AppleWebKit/537.36 (KHTML, like Gecko) Chrome/153.0.8010.52 Mobile Safari/537.36 (compatible; Googlebot/2.1; +http://www.google.com/bot.html)"
62.60.130.227 - - [27/Sep/2026:16:14:42 +0300] "GET /?page_id=1118&pagename=templates%252f%252e%252e%252f%252e%252e%252f%252e%252e%252f%252e%252e%252f%252e%252e%252f%252e%252e%252f%252e%252e%252fwp-links-opml HTTP/1.1" 301 - "-" "Mozilla/5.0 (Windows NT 10.0; Win64; x64) AppleWebKit/537.36 (KHTML, like Gecko) Chrome/126.0.0.0 Safari/537.36"
62.60.130.227 - - [27/Sep/2026:16:14:43 +0300] "POST /?page_id=1118&pagename=templates%252f%252e%252e%252f%252e%252e%252fwp-links-opml HTTP/1.1" 500 31105 "-" "Mozilla/5.0 (Windows NT 10.0; Win64; x64) AppleWebKit/537.36 (KHTML, like Gecko) Chrome/126.0.0.0 Safari/537.36"
66.249.73.4 - - [27/Sep/2026:16:14:43 +0300] "GET /?h=b1r0i8s9t0l4i3n2g703 HTTP/1.1" 200 232382 "-" "Mozilla/5.0 (Linux; Android 6.0.1; Nexus 5X Build/MMB29P) AppleWebKit/537.36 (KHTML, like Gecko) Chrome/153.0.8010.52 Mobile Safari/537.36 (compatible; Googlebot/2.1; +http://www.google.com/bot.html)"
62.60.130.227 - - [27/Sep/2026:16:14:45 +0300] "GET /?page_id=1118&pagename=templates%252f%252e%252e%252f%252e%252e%252fwp-links-opml HTTP/1.1" 301 - "-" "Mozilla/5.0 (Windows NT 10.0; Win64; x64) AppleWebKit/537.36 (KHTML, like Gecko) Chrome/126.0.0.0 Safari/537.36"
62.60.130.227 - - [27/Sep/2026:16:14:45 +0300] "POST /?page_id=1118&pagename=templates%252f%252e%252e%252f%252e%252e%252f%252e%252e%252f%252e%252e%252f%252e%252e%252f%252e%252e%252f%252e%252e%252f%252e%252e%252fwp-links-opml HTTP/1.1" 500 31105 "-" "Mozilla/5.0 (Windows NT 10.0; Win64; x64) AppleWebKit/537.36 (KHTML, like Gecko) Chrome/126.0.0.0 Safari/537.36"
51.75.202.138 - - [27/Sep/2026:16:14:46 +0300] "GET /wp-login.php HTTP/2.0" 200 8458 "-" "Mozilla/5.0 (Windows NT 10.0; Win64; x64) AppleWebKit/537.36 (KHTML, like Gecko) Chrome/149.0.0.0 Safari/537.36"
66.249.73.6 - - [27/Sep/2026:16:14:46 +0300] "GET /?h=d1e6b1u7t2a7n6t23196 HTTP/1.1" 200 220158 "-" "Mozilla/5.0 (Linux; Android 6.0.1; Nexus 5X Build/MMB29P) AppleWebKit/537.36 (KHTML, like Gecko) Chrome/153.0.8010.52 Mobile Safari/537.36 (compatible; Googlebot/2.1; +http://www.google.com/bot.html)"
62.60.130.227 - - [27/Sep/2026:16:14:47 +0300] "GET /?page_id=1118&pagename=templates%252f%252e%252e%252f%252e%252e%252f%252e%252e%252f%252e%252e%252f%252e%252e%252f%252e%252e%252f%252e%252e%252f%252e%252e%252fwp-links-opml HTTP/1.1" 301 - "-" "Mozilla/5.0 (Windows NT 10.0; Win64; x64) AppleWebKit/537.36 (KHTML, like Gecko) Chrome/126.0.0.0 Safari/537.36"
51.75.202.138 - - [27/Sep/2026:16:14:47 +0300] "POST /wp-login.php HTTP/2.0" 200 8875 "https://mail.iniciativa.lv/wp-login.php" "Mozilla/5.0 (Windows NT 10.0; Win64; x64) AppleWebKit/537.36 (KHTML, like Gecko) Chrome/149.0.0.0 Safari/537.36"
51.75.202.138 - - [27/Sep/2026:16:14:48 +0300] "POST /xmlrpc.php HTTP/2.0" 200 - "-" "Mozilla/5.0 (Windows NT 10.0; Win64; x64) AppleWebKit/537.36 (KHTML, like Gecko) Chrome/149.0.0.0 Safari/537.36"
62.60.130.227 - - [27/Sep/2026:16:14:48 +0300] "POST /?page_id=1079&pagename=templates%252f%252e%252e%252f%252e%252e%252f%252e%252e%252f%252e%252e%252fwp-links-opml HTTP/1.1" 500 31053 "-" "Mozilla/5.0 (Windows NT 10.0; Win64; x64) AppleWebKit/537.36 (KHTML, like Gecko) Chrome/126.0.0.0 Safari/537.36"
66.249.73.5 - - [27/Sep/2026:16:14:48 +0300] "GET /?double/121293198628 HTTP/1.1" 200 225711 "-" "Mozilla/5.0 (Linux; Android 6.0.1; Nexus 5X Build/MMB29P) AppleWebKit/537.36 (KHTML, like Gecko) Chrome/153.0.8010.52 Mobile Safari/537.36 (compatible; Googlebot/2.1; +http://www.google.com/bot.html)"
62.60.130.227 - - [27/Sep/2026:16:14:49 +0300] "GET /?page_id=1079&pagename=templates%252f%252e%252e%252f%252e%252e%252f%252e%252e%252f%252e%252e%252fwp-links-opml HTTP/1.1" 301 - "-" "Mozilla/5.0 (Windows NT 10.0; Win64; x64) AppleWebKit/537.36 (KHTML, like Gecko) Chrome/126.0.0.0 Safari/537.36"
66.249.73.5 - - [27/Sep/2026:16:14:50 +0300] "GET /?h=p1u4b1l5i2s4h419329 HTTP/1.1" 200 212798 "-" "Mozilla/5.0 (Linux; Android 6.0.1; Nexus 5X Build/MMB29P) AppleWebKit/537.36 (KHTML, like Gecko) Chrome/153.0.8010.52 Mobile Safari/537.36 (compatible; Googlebot/2.1; +http://www.google.com/bot.html)"
62.60.130.227 - - [27/Sep/2026:16:14:50 +0300] "POST /?page_id=1079&pagename=templates%252f%252e%252e%252f%252e%252e%252f%252e%252e%252fwp-links-opml HTTP/1.1" 500 31053 "-" "Mozilla/5.0 (Windows NT 10.0; Win64; x64) AppleWebKit/537.36 (KHTML, like Gecko) Chrome/126.0.0.0 Safari/537.36"
62.60.130.227 - - [27/Sep/2026:16:14:52 +0300] "GET /?page_id=1079&pagename=templates%252f%252e%252e%252f%252e%252e%252f%252e%252e%252fwp-links-opml HTTP/1.1" 301 - "-" "Mozilla/5.0 (Windows NT 10.0; Win64; x64) AppleWebKit/537.36 (KHTML, like Gecko) Chrome/126.0.0.0 Safari/537.36"
62.60.130.227 - - [27/Sep/2026:16:14:53 +0300] "POST /?page_id=1079&pagename=templates%252f%252e%252e%252f%252e%252e%252f%252e%252e%252f%252e%252e%252f%252e%252e%252fwp-links-opml HTTP/1.1" 500 31053 "-" "Mozilla/5.0 (Windows NT 10.0; Win64; x64) AppleWebKit/537.36 (KHTML, like Gecko) Chrome/126.0.0.0 Safari/537.36"
62.60.130.227 - - [27/Sep/2026:16:14:54 +0300] "GET /?page_id=1079&pagename=templates%252f%252e%252e%252f%252e%252e%252f%252e%252e%252f%252e%252e%252f%252e%252e%252fwp-links-opml HTTP/1.1" 301 - "-" "Mozilla/5.0 (Windows NT 10.0; Win64; x64) AppleWebKit/537.36 (KHTML, like Gecko) Chrome/126.0.0.0 Safari/537.36"
66.249.73.4 - - [27/Sep/2026:16:14:54 +0300] "GET /?h=p1r7i2m6i5g4e7n7i6a2l94 HTTP/1.1" 200 215224 "-" "Mozilla/5.0 (Linux; Android 6.0.1; Nexus 5X Build/MMB29P) AppleWebKit/537.36 (KHTML, like Gecko) Chrome/153.0.8010.52 Mobile Safari/537.36 (compatible; Googlebot/2.1; +http://www.google.com/bot.html)"
62.60.130.227 - - [27/Sep/2026:16:14:55 +0300] "POST /?page_id=1079&pagename=templates%252f%252e%252e%252f%252e%252e%252f%252e%252e%252f%252e%252e%252f%252e%252e%252f%252e%252e%252fwp-links-opml HTTP/1.1" 500 31053 "-" "Mozilla/5.0 (Windows NT 10.0; Win64; x64) AppleWebKit/537.36 (KHTML, like Gecko) Chrome/126.0.0.0 Safari/537.36"
62.60.130.227 - - [27/Sep/2026:16:14:56 +0300] "GET /?page_id=1079&pagename=templates%252f%252e%252e%252f%252e%252e%252f%252e%252e%252f%252e%252e%252f%252e%252e%252f%252e%252e%252fwp-links-opml HTTP/1.1" 301 - "-" "Mozilla/5.0 (Windows NT 10.0; Win64; x64) AppleWebKit/537.36 (KHTML, like Gecko) Chrome/126.0.0.0 Safari/537.36"
66.249.73.3 - - [27/Sep/2026:16:14:56 +0300] "GET /?h=a0l0t1h4e4i0n2e31116 HTTP/1.1" 200 225637 "-" "Mozilla/5.0 (Linux; Android 6.0.1; Nexus 5X Build/MMB29P) AppleWebKit/537.36 (KHTML, like Gecko) Chrome/153.0.8010.52 Mobile Safari/537.36 (compatible; Googlebot/2.1; +http://www.google.com/bot.html)"
62.60.130.227 - - [27/Sep/2026:16:14:57 +0300] "POST /?page_id=1079&pagename=templates%252f%252e%252e%252f%252e%252e%252f%252e%252e%252f%252e%252e%252f%252e%252e%252f%252e%252e%252f%252e%252e%252fwp-links-opml HTTP/1.1" 500 31053 "-" "Mozilla/5.0 (Windows NT 10.0; Win64; x64) AppleWebKit/537.36 (KHTML, like Gecko) Chrome/126.0.0.0 Safari/537.36"
66.249.73.5 - - [27/Sep/2026:16:14:58 +0300] "GET /?h=s0o8b2b0i8n7g277370 HTTP/1.1" 200 222526 "-" "Mozilla/5.0 (Linux; Android 6.0.1; Nexus 5X Build/MMB29P) AppleWebKit/537.36 (KHTML, like Gecko) Chrome/153.0.8010.52 Mobile Safari/537.36 (compatible; Googlebot/2.1; +http://www.google.com/bot.html)"
62.60.130.227 - - [27/Sep/2026:16:14:59 +0300] "GET /?page_id=1079&pagename=templates%252f%252e%252e%252f%252e%252e%252f%252e%252e%252f%252e%252e%252f%252e%252e%252f%252e%252e%252f%252e%252e%252fwp-links-opml HTTP/1.1" 301 - "-" "Mozilla/5.0 (Windows NT 10.0; Win64; x64) AppleWebKit/537.36 (KHTML, like Gecko) Chrome/126.0.0.0 Safari/537.36"
62.60.130.227 - - [27/Sep/2026:16:15:00 +0300] "POST /?page_id=1079&pagename=templates%252f%252e%252e%252f%252e%252e%252fwp-links-opml HTTP/1.1" 500 31053 "-" "Mozilla/5.0 (Windows NT 10.0; Win64; x64) AppleWebKit/537.36 (KHTML, like Gecko) Chrome/126.0.0.0 Safari/537.36"
66.249.73.6 - - [27/Sep/2026:16:15:01 +0300] "GET /?h=b1o7w3e8s6s1422104 HTTP/1.1" 200 222002 "-" "Mozilla/5.0 (Linux; Android 6.0.1; Nexus 5X Build/MMB29P) AppleWebKit/537.36 (KHTML, like Gecko) Chrome/153.0.8010.52 Mobile Safari/537.36 (compatible; Googlebot/2.1; +http://www.google.com/bot.html)"
62.60.130.227 - - [27/Sep/2026:16:15:01 +0300] "GET /?page_id=1079&pagename=templates%252f%252e%252e%252f%252e%252e%252fwp-links-opml HTTP/1.1" 301 - "-" "Mozilla/5.0 (Windows NT 10.0; Win64; x64) AppleWebKit/537.36 (KHTML, like Gecko) Chrome/126.0.0.0 Safari/537.36"
62.60.130.227 - - [27/Sep/2026:16:15:02 +0300] "POST /?page_id=1079&pagename=templates%252f%252e%252e%252f%252e%252e%252f%252e%252e%252f%252e%252e%252f%252e%252e%252f%252e%252e%252f%252e%252e%252f%252e%252e%252fwp-links-opml HTTP/1.1" 500 31053 "-" "Mozilla/5.0 (Windows NT 10.0; Win64; x64) AppleWebKit/537.36 (KHTML, like Gecko) Chrome/126.0.0.0 Safari/537.36"
62.60.130.227 - - [27/Sep/2026:16:15:03 +0300] "GET /?page_id=1079&pagename=templates%252f%252e%252e%252f%252e%252e%252f%252e%252e%252f%252e%252e%252f%252e%252e%252f%252e%252e%252f%252e%252e%252f%252e%252e%252fwp-links-opml HTTP/1.1" 301 - "-" "Mozilla/5.0 (Windows NT 10.0; Win64; x64) AppleWebKit/537.36 (KHTML, like Gecko) Chrome/126.0.0.0 Safari/537.36"
62.60.130.227 - - [27/Sep/2026:16:15:04 +0300] "POST /?page_id=1108&pagename=templates%252f%252e%252e%252f%252e%252e%252f%252e%252e%252f%252e%252e%252fwp-links-opml HTTP/1.1" 500 30953 "-" "Mozilla/5.0 (Windows NT 10.0; Win64; x64) AppleWebKit/537.36 (KHTML, like Gecko) Chrome/126.0.0.0 Safari/537.36"
66.249.73.3 - - [27/Sep/2026:16:15:05 +0300] "GET /?h=a1u8s2t6e3r2u3s66970 HTTP/1.1" 200 227596 "-" "Mozilla/5.0 (Linux; Android 6.0.1; Nexus 5X Build/MMB29P) AppleWebKit/537.36 (KHTML, like Gecko) Chrome/153.0.8010.52 Mobile Safari/537.36 (compatible; Googlebot/2.1; +http://www.google.com/bot.html)"
62.60.130.227 - - [27/Sep/2026:16:15:06 +0300] "GET /?page_id=1108&pagename=templates%252f%252e%252e%252f%252e%252e%252f%252e%252e%252f%252e%252e%252fwp-links-opml HTTP/1.1" 301 - "-" "Mozilla/5.0 (Windows NT 10.0; Win64; x64) AppleWebKit/537.36 (KHTML, like Gecko) Chrome/126.0.0.0 Safari/537.36"
62.60.130.227 - - [27/Sep/2026:16:15:06 +0300] "POST /?page_id=1108&pagename=templates%252f%252e%252e%252f%252e%252e%252f%252e%252e%252fwp-links-opml HTTP/1.1" 500 30953 "-" "Mozilla/5.0 (Windows NT 10.0; Win64; x64) AppleWebKit/537.36 (KHTML, like Gecko) Chrome/126.0.0.0 Safari/537.36"
66.249.73.4 - - [27/Sep/2026:16:15:07 +0300] "GET /?siliciuretted/13361606262 HTTP/1.1" 200 209873 "-" "Mozilla/5.0 (Linux; Android 6.0.1; Nexus 5X Build/MMB29P) AppleWebKit/537.36 (KHTML, like Gecko) Chrome/153.0.8010.52 Mobile Safari/537.36 (compatible; Googlebot/2.1; +http://www.google.com/bot.html)"
62.60.130.227 - - [27/Sep/2026:16:15:08 +0300] "GET /?page_id=1108&pagename=templates%252f%252e%252e%252f%252e%252e%252f%252e%252e%252fwp-links-opml HTTP/1.1" 301 - "-" "Mozilla/5.0 (Windows NT 10.0; Win64; x64) AppleWebKit/537.36 (KHTML, like Gecko) Chrome/126.0.0.0 Safari/537.36"
62.60.130.227 - - [27/Sep/2026:16:15:09 +0300] "POST /?page_id=1108&pagename=templates%252f%252e%252e%252f%252e%252e%252f%252e%252e%252f%252e%252e%252f%252e%252e%252fwp-links-opml HTTP/1.1" 500 30953 "-" "Mozilla/5.0 (Windows NT 10.0; Win64; x64) AppleWebKit/537.36 (KHTML, like Gecko) Chrome/126.0.0.0 Safari/537.36"
66.249.73.5 - - [27/Sep/2026:16:15:09 +0300] "GET /?h=t0a6i3l4p5i5e1c5e9225 HTTP/1.1" 200 213652 "-" "Mozilla/5.0 (Linux; Android 6.0.1; Nexus 5X Build/MMB29P) AppleWebKit/537.36 (KHTML, like Gecko) Chrome/153.0.8010.52 Mobile Safari/537.36 (compatible; Googlebot/2.1; +http://www.google.com/bot.html)"
62.60.130.227 - - [27/Sep/2026:16:15:10 +0300] "GET /?page_id=1108&pagename=templates%252f%252e%252e%252f%252e%252e%252f%252e%252e%252f%252e%252e%252f%252e%252e%252fwp-links-opml HTTP/1.1" 301 - "-" "Mozilla/5.0 (Windows NT 10.0; Win64; x64) AppleWebKit/537.36 (KHTML, like Gecko) Chrome/126.0.0.0 Safari/537.36"
62.60.130.227 - - [27/Sep/2026:16:15:11 +0300] "POST /?page_id=1108&pagename=templates%252f%252e%252e%252f%252e%252e%252f%252e%252e%252f%252e%252e%252f%252e%252e%252f%252e%252e%252fwp-links-opml HTTP/1.1" 500 30953 "-" "Mozilla/5.0 (Windows NT 10.0; Win64; x64) AppleWebKit/537.36 (KHTML, like Gecko) Chrome/126.0.0.0 Safari/537.36"
66.249.73.3 - - [27/Sep/2026:16:15:11 +0300] "GET /?h=i0n8f7e4c2t6i7o8u0s21 HTTP/1.1" 200 225758 "-" "Mozilla/5.0 (Linux; Android 6.0.1; Nexus 5X Build/MMB29P) AppleWebKit/537.36 (KHTML, like Gecko) Chrome/153.0.8010.52 Mobile Safari/537.36 (compatible; Googlebot/2.1; +http://www.google.com/bot.html)"
66.249.73.4 - - [27/Sep/2026:16:15:13 +0300] "GET /?h=v1e6r1b9a2t3i2m36673 HTTP/1.1" 200 223919 "-" "Mozilla/5.0 (Linux; Android 6.0.1; Nexus 5X Build/MMB29P) AppleWebKit/537.36 (KHTML, like Gecko) Chrome/153.0.8010.52 Mobile Safari/537.36 (compatible; Googlebot/2.1; +http://www.google.com/bot.html)"
62.60.130.227 - - [27/Sep/2026:16:15:15 +0300] "GET /?page_id=1108&pagename=templates%252f%252e%252e%252f%252e%252e%252f%252e%252e%252f%252e%252e%252f%252e%252e%252f%252e%252e%252fwp-links-opml HTTP/1.1" 301 - "-" "Mozilla/5.0 (Windows NT 10.0; Win64; x64) AppleWebKit/537.36 (KHTML, like Gecko) Chrome/126.0.0.0 Safari/537.36"
66.249.73.4 - - [27/Sep/2026:16:15:15 +0300] "GET /?h=l0i0t3o0c5r5a0n3i5u6s28 HTTP/1.1" 200 222314 "-" "Mozilla/5.0 (Linux; Android 6.0.1; Nexus 5X Build/MMB29P) AppleWebKit/537.36 (KHTML, like Gecko) Chrome/153.0.8010.52 Mobile Safari/537.36 (compatible; Googlebot/2.1; +http://www.google.com/bot.html)"
62.60.130.227 - - [27/Sep/2026:16:15:16 +0300] "POST /?page_id=1108&pagename=templates%252f%252e%252e%252f%252e%252e%252f%252e%252e%252f%252e%252e%252f%252e%252e%252f%252e%252e%252f%252e%252e%252fwp-links-opml HTTP/1.1" 500 30953 "-" "Mozilla/5.0 (Windows NT 10.0; Win64; x64) AppleWebKit/537.36 (KHTML, like Gecko) Chrome/126.0.0.0 Safari/537.36"
66.249.73.4 - - [27/Sep/2026:16:15:17 +0300] "GET /?h=r1e6t1a8i5n2606152 HTTP/1.1" 200 218138 "-" "Mozilla/5.0 (Linux; Android 6.0.1; Nexus 5X Build/MMB29P) AppleWebKit/537.36 (KHTML, like Gecko) Chrome/153.0.8010.52 Mobile Safari/537.36 (compatible; Googlebot/2.1; +http://www.google.com/bot.html)"
62.60.130.227 - - [27/Sep/2026:16:15:20 +0300] "GET /?page_id=1108&pagename=templates%252f%252e%252e%252f%252e%252e%252f%252e%252e%252f%252e%252e%252f%252e%252e%252f%252e%252e%252f%252e%252e%252fwp-links-opml HTTP/1.1" 301 - "-" "Mozilla/5.0 (Windows NT 10.0; Win64; x64) AppleWebKit/537.36 (KHTML, like Gecko) Chrome/126.0.0.0 Safari/537.36"
62.60.130.227 - - [27/Sep/2026:16:15:20 +0300] "POST /?page_id=1108&pagename=templates%252f%252e%252e%252f%252e%252e%252fwp-links-opml HTTP/1.1" 500 30953 "-" "Mozilla/5.0 (Windows NT 10.0; Win64; x64) AppleWebKit/537.36 (KHTML, like Gecko) Chrome/126.0.0.0 Safari/537.36"
62.60.130.227 - - [27/Sep/2026:16:15:22 +0300] "GET /?page_id=1108&pagename=templates%252f%252e%252e%252f%252e%252e%252fwp-links-opml HTTP/1.1" 301 - "-" "Mozilla/5.0 (Windows NT 10.0; Win64; x64) AppleWebKit/537.36 (KHTML, like Gecko) Chrome/126.0.0.0 Safari/537.36"
66.249.73.3 - - [27/Sep/2026:16:15:22 +0300] "GET /?h=a1f0f9i9l5i9a9t2i2n0g3 HTTP/1.1" 200 226086 "-" "Mozilla/5.0 (Linux; Android 6.0.1; Nexus 5X Build/MMB29P) AppleWebKit/537.36 (KHTML, like Gecko) Chrome/153.0.8010.52 Mobile Safari/537.36 (compatible; Googlebot/2.1; +http://www.google.com/bot.html)"
62.60.130.227 - - [27/Sep/2026:16:15:22 +0300] "POST /?page_id=1108&pagename=templates%252f%252e%252e%252f%252e%252e%252f%252e%252e%252f%252e%252e%252f%252e%252e%252f%252e%252e%252f%252e%252e%252f%252e%252e%252fwp-links-opml HTTP/1.1" 500 30953 "-" "Mozilla/5.0 (Windows NT 10.0; Win64; x64) AppleWebKit/537.36 (KHTML, like Gecko) Chrome/126.0.0.0 Safari/537.36"
62.60.130.227 - - [27/Sep/2026:16:15:24 +0300] "GET /?page_id=1108&pagename=templates%252f%252e%252e%252f%252e%252e%252f%252e%252e%252f%252e%252e%252f%252e%252e%252f%252e%252e%252f%252e%252e%252f%252e%252e%252fwp-links-opml HTTP/1.1" 301 - "-" "Mozilla/5.0 (Windows NT 10.0; Win64; x64) AppleWebKit/537.36 (KHTML, like Gecko) Chrome/126.0.0.0 Safari/537.36"
66.249.73.3 - - [27/Sep/2026:16:15:24 +0300] "GET /?curving/184057743967 HTTP/1.1" 200 224776 "-" "Mozilla/5.0 (Linux; Android 6.0.1; Nexus 5X Build/MMB29P) AppleWebKit/537.36 (KHTML, like Gecko) Chrome/153.0.8010.52 Mobile Safari/537.36 (compatible; Googlebot/2.1; +http://www.google.com/bot.html)"
66.249.73.3 - - [27/Sep/2026:16:15:28 +0300] "GET /?h=p1a3l2a1t6a2l818265 HTTP/1.1" 200 213673 "-" "Mozilla/5.0 (Linux; Android 6.0.1; Nexus 5X Build/MMB29P) AppleWebKit/537.36 (KHTML, like Gecko) Chrome/153.0.8010.52 Mobile Safari/537.36 (compatible; Googlebot/2.1; +http://www.google.com/bot.html)"
66.249.73.5 - - [27/Sep/2026:16:15:30 +0300] "GET /?h=s1u0i2t9s13085397 HTTP/1.1" 200 227847 "-" "Mozilla/5.0 (Linux; Android 6.0.1; Nexus 5X Build/MMB29P) AppleWebKit/537.36 (KHTML, like Gecko) Chrome/153.0.8010.52 Mobile Safari/537.36 (compatible; Googlebot/2.1; +http://www.google.com/bot.html)"
66.249.73.3 - - [27/Sep/2026:16:15:34 +0300] "GET /?h=r0e8l2i5e4f3f1u7l1029 HTTP/1.1" 200 237120 "-" "Mozilla/5.0 (Linux; Android 6.0.1; Nexus 5X Build/MMB29P) AppleWebKit/537.36 (KHTML, like Gecko) Chrome/153.0.8010.52 Mobile Safari/537.36 (compatible; Googlebot/2.1; +http://www.google.com/bot.html)"
66.249.73.5 - - [27/Sep/2026:16:15:35 +0300] "GET /?h=h1y0d2r4a4u3l6i4c0s922 HTTP/1.1" 200 229043 "-" "Mozilla/5.0 (Linux; Android 6.0.1; Nexus 5X Build/MMB29P) AppleWebKit/537.36 (KHTML, like Gecko) Chrome/153.0.8010.52 Mobile Safari/537.36 (compatible; Googlebot/2.1; +http://www.google.com/bot.html)"
66.249.73.5 - - [27/Sep/2026:16:15:37 +0300] "GET /?h=a0p9i1a0s5t0e0r33670 HTTP/1.1" 200 214421 "-" "Mozilla/5.0 (Linux; Android 6.0.1; Nexus 5X Build/MMB29P) AppleWebKit/537.36 (KHTML, like Gecko) Chrome/153.0.8010.52 Mobile Safari/537.36 (compatible; Googlebot/2.1; +http://www.google.com/bot.html)"
66.249.73.3 - - [27/Sep/2026:16:15:40 +0300] "GET /?h=a1p6p4e2l4l7o1r99486 HTTP/1.1" 200 225579 "-" "Mozilla/5.0 (Linux; Android 6.0.1; Nexus 5X Build/MMB29P) AppleWebKit/537.36 (KHTML, like Gecko) Chrome/153.0.8010.52 Mobile Safari/537.36 (compatible; Googlebot/2.1; +http://www.google.com/bot.html)"
66.249.73.6 - - [27/Sep/2026:16:15:42 +0300] "GET /?h=p1h5a5r1y2n8g8o2b5r3anchii HTTP/1.1" 200 214144 "-" "Mozilla/5.0 (Linux; Android 6.0.1; Nexus 5X Build/MMB29P) AppleWebKit/537.36 (KHTML, like Gecko) Chrome/153.0.8010.52 Mobile Safari/537.36 (compatible; Googlebot/2.1; +http://www.google.com/bot.html)"
52.167.144.199 - - [27/Sep/2026:16:15:42 +0300] "GET /sitemap-child-1108.xml HTTP/2.0" 200 364435 "-" "Mozilla/5.0 AppleWebKit/537.36 (KHTML, like Gecko; compatible; bingbot/2.0; +http://www.bing.com/bingbot.htm) Chrome/116.0.1938.76 Safari/537.36"
66.249.73.6 - - [27/Sep/2026:16:15:44 +0300] "GET /?h=a1u3t2o2b9i3o0g6r8a2p5h4ical HTTP/1.1" 200 215169 "-" "Mozilla/5.0 (Linux; Android 6.0.1; Nexus 5X Build/MMB29P) AppleWebKit/537.36 (KHTML, like Gecko) Chrome/153.0.8010.52 Mobile Safari/537.36 (compatible; Googlebot/2.1; +http://www.google.com/bot.html)"
52.167.144.199 - - [27/Sep/2026:16:15:44 +0300] "GET /sitemap-child-1604.xml HTTP/2.0" 200 364658 "-" "Mozilla/5.0 AppleWebKit/537.36 (KHTML, like Gecko; compatible; bingbot/2.0; +http://www.bing.com/bingbot.htm) Chrome/116.0.1938.76 Safari/537.36"
52.167.144.199 - - [27/Sep/2026:16:15:45 +0300] "GET /sitemap-child-1511.xml HTTP/2.0" 200 363915 "-" "Mozilla/5.0 AppleWebKit/537.36 (KHTML, like Gecko; compatible; bingbot/2.0; +http://www.bing.com/bingbot.htm) Chrome/116.0.1938.76 Safari/537.36"
66.249.73.3 - - [27/Sep/2026:16:15:46 +0300] "GET /?h=s1k5a3t9o3l9494069 HTTP/1.1" 200 226718 "-" "Mozilla/5.0 (Linux; Android 6.0.1; Nexus 5X Build/MMB29P) AppleWebKit/537.36 (KHTML, like Gecko) Chrome/153.0.8010.52 Mobile Safari/537.36 (compatible; Googlebot/2.1; +http://www.google.com/bot.html)"
52.167.144.219 - - [27/Sep/2026:16:15:46 +0300] "GET /sitemap-child-1287.xml HTTP/2.0" 200 363915 "-" "Mozilla/5.0 AppleWebKit/537.36 (KHTML, like Gecko; compatible; bingbot/2.0; +http://www.bing.com/bingbot.htm) Chrome/116.0.1938.76 Safari/537.36"
40.77.167.235 - - [27/Sep/2026:16:15:47 +0300] "GET /sitemap-child-1572.xml HTTP/2.0" 200 364517 "-" "Mozilla/5.0 AppleWebKit/537.36 (KHTML, like Gecko; compatible; bingbot/2.0; +http://www.bing.com/bingbot.htm) Chrome/116.0.1938.76 Safari/537.36"
66.249.73.4 - - [27/Sep/2026:16:15:48 +0300] "GET /?banat/0986111191 HTTP/1.1" 200 211152 "-" "Mozilla/5.0 (Linux; Android 6.0.1; Nexus 5X Build/MMB29P) AppleWebKit/537.36 (KHTML, like Gecko) Chrome/153.0.8010.52 Mobile Safari/537.36 (compatible; Googlebot/2.1; +http://www.google.com/bot.html)"
66.249.73.5 - - [27/Sep/2026:16:15:50 +0300] "GET /?h=s1o8l2f1a6t3a8r2a3660 HTTP/1.1" 200 217178 "-" "Mozilla/5.0 (Linux; Android 6.0.1; Nexus 5X Build/MMB29P) AppleWebKit/537.36 (KHTML, like Gecko) Chrome/153.0.8010.52 Mobile Safari/537.36 (compatible; Googlebot/2.1; +http://www.google.com/bot.html)"
40.77.167.235 - - [27/Sep/2026:16:15:50 +0300] "GET /sitemap-child-1054.xml HTTP/2.0" 200 364188 "-" "Mozilla/5.0 AppleWebKit/537.36 (KHTML, like Gecko; compatible; bingbot/2.0; +http://www.bing.com/bingbot.htm) Chrome/116.0.1938.76 Safari/537.36"
52.167.144.199 - - [27/Sep/2026:16:15:52 +0300] "GET /sitemap-child-1466.xml HTTP/2.0" 200 364137 "-" "Mozilla/5.0 AppleWebKit/537.36 (KHTML, like Gecko; compatible; bingbot/2.0; +http://www.bing.com/bingbot.htm) Chrome/116.0.1938.76 Safari/537.36"
66.249.73.6 - - [27/Sep/2026:16:15:52 +0300] "GET /?h=c0o9m1m6i8n9u6t8i7n8g59 HTTP/1.1" 200 227404 "-" "Mozilla/5.0 (Linux; Android 6.0.1; Nexus 5X Build/MMB29P) AppleWebKit/537.36 (KHTML, like Gecko) Chrome/153.0.8010.52 Mobile Safari/537.36 (compatible; Googlebot/2.1; +http://www.google.com/bot.html)"
40.77.167.235 - - [27/Sep/2026:16:15:52 +0300] "GET /sitemap-child-1480.xml HTTP/2.0" 200 364137 "-" "Mozilla/5.0 AppleWebKit/537.36 (KHTML, like Gecko; compatible; bingbot/2.0; +http://www.bing.com/bingbot.htm) Chrome/116.0.1938.76 Safari/537.36"
52.167.144.199 - - [27/Sep/2026:16:15:54 +0300] "GET /sitemap-child-1446.xml HTTP/2.0" 200 363990 "-" "Mozilla/5.0 AppleWebKit/537.36 (KHTML, like Gecko; compatible; bingbot/2.0; +http://www.bing.com/bingbot.htm) Chrome/116.0.1938.76 Safari/537.36"
66.249.73.3 - - [27/Sep/2026:16:15:55 +0300] "GET /?wimbling/04788090966 HTTP/1.1" 200 212906 "-" "Mozilla/5.0 (Linux; Android 6.0.1; Nexus 5X Build/MMB29P) AppleWebKit/537.36 (KHTML, like Gecko) Chrome/153.0.8010.52 Mobile Safari/537.36 (compatible; Googlebot/2.1; +http://www.google.com/bot.html)"
52.167.144.199 - - [27/Sep/2026:16:15:55 +0300] "GET /sitemap-child-1045.xml HTTP/2.0" 200 365169 "-" "Mozilla/5.0 AppleWebKit/537.36 (KHTML, like Gecko; compatible; bingbot/2.0; +http://www.bing.com/bingbot.htm) Chrome/116.0.1938.76 Safari/537.36"
66.249.73.4 - - [27/Sep/2026:16:15:57 +0300] "GET /?h=s0u1n3f3l9o4w2e4r7267 HTTP/1.1" 200 227218 "-" "Mozilla/5.0 (Linux; Android 6.0.1; Nexus 5X Build/MMB29P) AppleWebKit/537.36 (KHTML, like Gecko) Chrome/153.0.8010.52 Mobile Safari/537.36 (compatible; Googlebot/2.1; +http://www.google.com/bot.html)"
40.77.167.235 - - [27/Sep/2026:16:15:58 +0300] "GET /sitemap-child-1256.xml HTTP/2.0" 200 364174 "-" "Mozilla/5.0 AppleWebKit/537.36 (KHTML, like Gecko; compatible; bingbot/2.0; +http://www.bing.com/bingbot.htm) Chrome/116.0.1938.76 Safari/537.36"
66.249.73.3 - - [27/Sep/2026:16:15:59 +0300] "GET /?h=s1h7a4t1t3e3r6i6n0g466 HTTP/1.1" 200 210277 "-" "Mozilla/5.0 (Linux; Android 6.0.1; Nexus 5X Build/MMB29P) AppleWebKit/537.36 (KHTML, like Gecko) Chrome/153.0.8010.52 Mobile Safari/537.36 (compatible; Googlebot/2.1; +http://www.google.com/bot.html)"
52.167.144.199 - - [27/Sep/2026:16:15:58 +0300] "GET /sitemap-child-1183.xml HTTP/2.0" 200 364860 "-" "Mozilla/5.0 AppleWebKit/537.36 (KHTML, like Gecko; compatible; bingbot/2.0; +http://www.bing.com/bingbot.htm) Chrome/116.0.1938.76 Safari/537.36"
40.77.167.235 - - [27/Sep/2026:16:16:00 +0300] "GET /sitemap-child-1563.xml HTTP/2.0" 200 364281 "-" "Mozilla/5.0 AppleWebKit/537.36 (KHTML, like Gecko; compatible; bingbot/2.0; +http://www.bing.com/bingbot.htm) Chrome/116.0.1938.76 Safari/537.36"
52.167.144.199 - - [27/Sep/2026:16:16:00 +0300] "GET /sitemap-child-1393.xml HTTP/2.0" 200 364635 "-" "Mozilla/5.0 AppleWebKit/537.36 (KHTML, like Gecko; compatible; bingbot/2.0; +http://www.bing.com/bingbot.htm) Chrome/116.0.1938.76 Safari/537.36"
66.249.73.7 - - [27/Sep/2026:16:16:01 +0300] "GET /?h=d0o4g1m6a4t4i4c8a3l789 HTTP/1.1" 200 222997 "-" "Mozilla/5.0 (Linux; Android 6.0.1; Nexus 5X Build/MMB29P) AppleWebKit/537.36 (KHTML, like Gecko) Chrome/153.0.8010.52 Mobile Safari/537.36 (compatible; Googlebot/2.1; +http://www.google.com/bot.html)"
40.77.167.235 - - [27/Sep/2026:16:16:02 +0300] "GET /sitemap-child-1119.xml HTTP/2.0" 200 364093 "-" "Mozilla/5.0 AppleWebKit/537.36 (KHTML, like Gecko; compatible; bingbot/2.0; +http://www.bing.com/bingbot.htm) Chrome/116.0.1938.76 Safari/537.36"
52.167.144.199 - - [27/Sep/2026:16:16:02 +0300] "GET /sitemap-child-1347.xml HTTP/2.0" 200 364203 "-" "Mozilla/5.0 AppleWebKit/537.36 (KHTML, like Gecko; compatible; bingbot/2.0; +http://www.bing.com/bingbot.htm) Chrome/116.0.1938.76 Safari/537.36"
52.167.144.199 - - [27/Sep/2026:16:16:02 +0300] "GET /sitemap-child-1091.xml HTTP/2.0" 200 364093 "-" "Mozilla/5.0 AppleWebKit/537.36 (KHTML, like Gecko; compatible; bingbot/2.0; +http://www.bing.com/bingbot.htm) Chrome/116.0.1938.76 Safari/537.36"
40.77.167.235 - - [27/Sep/2026:16:16:04 +0300] "GET /sitemap-child-1367.xml HTTP/2.0" 200 365196 "-" "Mozilla/5.0 AppleWebKit/537.36 (KHTML, like Gecko; compatible; bingbot/2.0; +http://www.bing.com/bingbot.htm) Chrome/116.0.1938.76 Safari/537.36"
52.167.144.199 - - [27/Sep/2026:16:16:05 +0300] "GET /sitemap-child-1278.xml HTTP/2.0" 200 365196 "-" "Mozilla/5.0 AppleWebKit/537.36 (KHTML, like Gecko; compatible; bingbot/2.0; +http://www.bing.com/bingbot.htm) Chrome/116.0.1938.76 Safari/537.36"
66.249.73.4 - - [27/Sep/2026:16:16:06 +0300] "GET /?h=l0i3m2b4e8r4i6n1g2320 HTTP/1.1" 200 212152 "-" "Mozilla/5.0 (Linux; Android 6.0.1; Nexus 5X Build/MMB29P) AppleWebKit/537.36 (KHTML, like Gecko) Chrome/153.0.8010.52 Mobile Safari/537.36 (compatible; Googlebot/2.1; +http://www.google.com/bot.html)"
40.77.167.235 - - [27/Sep/2026:16:16:06 +0300] "GET /sitemap-child-1157.xml HTTP/2.0" 200 364157 "-" "Mozilla/5.0 AppleWebKit/537.36 (KHTML, like Gecko; compatible; bingbot/2.0; +http://www.bing.com/bingbot.htm) Chrome/116.0.1938.76 Safari/537.36"
52.167.144.199 - - [27/Sep/2026:16:16:07 +0300] "GET /sitemap-child-1441.xml HTTP/2.0" 200 363979 "-" "Mozilla/5.0 AppleWebKit/537.36 (KHTML, like Gecko; compatible; bingbot/2.0; +http://www.bing.com/bingbot.htm) Chrome/116.0.1938.76 Safari/537.36"
52.167.144.219 - - [27/Sep/2026:16:16:07 +0300] "GET /sitemap-child-1443.xml HTTP/2.0" 200 364087 "-" "Mozilla/5.0 AppleWebKit/537.36 (KHTML, like Gecko; compatible; bingbot/2.0; +http://www.bing.com/bingbot.htm) Chrome/116.0.1938.76 Safari/537.36"
66.249.73.4 - - [27/Sep/2026:16:16:08 +0300] "GET /?stramineous/051298406250 HTTP/1.1" 200 224945 "-" "Mozilla/5.0 (Linux; Android 6.0.1; Nexus 5X Build/MMB29P) AppleWebKit/537.36 (KHTML, like Gecko) Chrome/153.0.8010.52 Mobile Safari/537.36 (compatible; Googlebot/2.1; +http://www.google.com/bot.html)"
52.167.144.199 - - [27/Sep/2026:16:16:08 +0300] "GET /sitemap-child-1476.xml HTTP/2.0" 200 364056 "-" "Mozilla/5.0 AppleWebKit/537.36 (KHTML, like Gecko; compatible; bingbot/2.0; +http://www.bing.com/bingbot.htm) Chrome/116.0.1938.76 Safari/537.36"
52.167.144.219 - - [27/Sep/2026:16:16:09 +0300] "GET /sitemap-child-1114.xml HTTP/2.0" 200 364056 "-" "Mozilla/5.0 AppleWebKit/537.36 (KHTML, like Gecko; compatible; bingbot/2.0; +http://www.bing.com/bingbot.htm) Chrome/116.0.1938.76 Safari/537.36"
66.249.73.4 - - [27/Sep/2026:16:16:10 +0300] "GET /?fashionist/172621882538 HTTP/1.1" 200 217966 "-" "Mozilla/5.0 (Linux; Android 6.0.1; Nexus 5X Build/MMB29P) AppleWebKit/537.36 (KHTML, like Gecko) Chrome/153.0.8010.52 Mobile Safari/537.36 (compatible; Googlebot/2.1; +http://www.google.com/bot.html)"
52.167.144.219 - - [27/Sep/2026:16:16:11 +0300] "GET /sitemap-child-1201.xml HTTP/2.0" 200 364386 "-" "Mozilla/5.0 AppleWebKit/537.36 (KHTML, like Gecko; compatible; bingbot/2.0; +http://www.bing.com/bingbot.htm) Chrome/116.0.1938.76 Safari/537.36"
52.167.144.199 - - [27/Sep/2026:16:16:10 +0300] "GET /sitemap-child-1442.xml HTTP/2.0" 200 364386 "-" "Mozilla/5.0 AppleWebKit/537.36 (KHTML, like Gecko; compatible; bingbot/2.0; +http://www.bing.com/bingbot.htm) Chrome/116.0.1938.76 Safari/537.36"
52.167.144.219 - - [27/Sep/2026:16:16:12 +0300] "GET /sitemap-child-1580.xml HTTP/2.0" 200 364403 "-" "Mozilla/5.0 AppleWebKit/537.36 (KHTML, like Gecko; compatible; bingbot/2.0; +http://www.bing.com/bingbot.htm) Chrome/116.0.1938.76 Safari/537.36"
