66.249.73.5 - - [27/Sep/2026:19:29:36 +0300] "GET /?h=b1l3a1z7e3s9593583 HTTP/1.1" 500 30178 "-" "Mozilla/5.0 (Linux; Android 6.0.1; Nexus 5X Build/MMB29P) AppleWebKit/537.36 (KHTML, like Gecko) Chrome/153.0.8010.52 Mobile Safari/537.36 (compatible; GoogleOther)"
66.249.73.4 - - [27/Sep/2026:19:29:38 +0300] "GET /?h=p1a9t2r2o5n3a2l3915 HTTP/1.1" 200 221841 "-" "Mozilla/5.0 (Linux; Android 6.0.1; Nexus 5X Build/MMB29P) AppleWebKit/537.36 (KHTML, like Gecko) Chrome/153.0.8010.52 Mobile Safari/537.36 (compatible; Googlebot/2.1; +http://www.google.com/bot.html)"
66.249.73.5 - - [27/Sep/2026:19:29:40 +0300] "GET /?h=s1h6o3r7t8s3t0o3p9072 HTTP/1.1" 200 216126 "-" "Mozilla/5.0 (Linux; Android 6.0.1; Nexus 5X Build/MMB29P) AppleWebKit/537.36 (KHTML, like Gecko) Chrome/153.0.8010.52 Mobile Safari/537.36 (compatible; Googlebot/2.1; +http://www.google.com/bot.html)"
66.249.73.3 - - [27/Sep/2026:19:29:43 +0300] "GET /?h=r1a7k5i8s3h7l7y5380 HTTP/1.1" 200 213200 "-" "Mozilla/5.0 (Linux; Android 6.0.1; Nexus 5X Build/MMB29P) AppleWebKit/537.36 (KHTML, like Gecko) Chrome/153.0.8010.52 Mobile Safari/537.36 (compatible; Googlebot/2.1; +http://www.google.com/bot.html)"
66.249.73.5 - - [27/Sep/2026:19:29:46 +0300] "GET /?h=c0l1i2m0a5c4t5e7r7i0c5al HTTP/1.1" 200 216835 "-" "Mozilla/5.0 (Linux; Android 6.0.1; Nexus 5X Build/MMB29P) AppleWebKit/537.36 (KHTML, like Gecko) Chrome/153.0.8010.52 Mobile Safari/537.36 (compatible; Googlebot/2.1; +http://www.google.com/bot.html)"
66.249.73.6 - - [27/Sep/2026:19:29:48 +0300] "GET /?h=m1o5o3t4e6d1376013 HTTP/1.1" 200 228874 "-" "Mozilla/5.0 (Linux; Android 6.0.1; Nexus 5X Build/MMB29P) AppleWebKit/537.36 (KHTML, like Gecko) Chrome/153.0.8010.52 Mobile Safari/537.36 (compatible; Googlebot/2.1; +http://www.google.com/bot.html)"
66.249.73.6 - - [27/Sep/2026:19:29:51 +0300] "GET /?h=s1u8p1p3o5s2i9t3o5r0y61 HTTP/1.1" 500 30178 "-" "Mozilla/5.0 (Linux; Android 6.0.1; Nexus 5X Build/MMB29P) AppleWebKit/537.36 (KHTML, like Gecko) Chrome/153.0.8010.52 Mobile Safari/537.36 (compatible; GoogleOther)"
66.249.73.4 - - [27/Sep/2026:19:29:53 +0300] "GET /?h=d1e2c3o9r8t8i2c1a3t1o6r0 HTTP/1.1" 200 210565 "-" "Mozilla/5.0 (Linux; Android 6.0.1; Nexus 5X Build/MMB29P) AppleWebKit/537.36 (KHTML, like Gecko) Chrome/153.0.8010.52 Mobile Safari/537.36 (compatible; Googlebot/2.1; +http://www.google.com/bot.html)"
66.249.73.4 - - [27/Sep/2026:19:29:55 +0300] "GET /?h=s0p0i4c0u0l5a5t6e8214 HTTP/1.1" 200 226110 "-" "Mozilla/5.0 (Linux; Android 6.0.1; Nexus 5X Build/MMB29P) AppleWebKit/537.36 (KHTML, like Gecko) Chrome/153.0.8010.52 Mobile Safari/537.36 (compatible; Googlebot/2.1; +http://www.google.com/bot.html)"
66.249.73.3 - - [27/Sep/2026:19:29:57 +0300] "GET /?h=i0n1e1x7p5i1a3b9l9e6n7e0ss HTTP/1.1" 200 215255 "-" "Mozilla/5.0 (Linux; Android 6.0.1; Nexus 5X Build/MMB29P) AppleWebKit/537.36 (KHTML, like Gecko) Chrome/153.0.8010.52 Mobile Safari/537.36 (compatible; Googlebot/2.1; +http://www.google.com/bot.html)"
66.249.73.6 - - [27/Sep/2026:19:30:00 +0300] "GET /?h=d0i8a2g6o7n1a9l5l9y906 HTTP/1.1" 200 212682 "-" "Mozilla/5.0 (Linux; Android 6.0.1; Nexus 5X Build/MMB29P) AppleWebKit/537.36 (KHTML, like Gecko) Chrome/153.0.8010.52 Mobile Safari/537.36 (compatible; Googlebot/2.1; +http://www.google.com/bot.html)"
66.249.73.5 - - [27/Sep/2026:19:30:02 +0300] "GET /?h=h1a2r3b1o6r4e9r66876 HTTP/1.1" 200 217929 "-" "Mozilla/5.0 (Linux; Android 6.0.1; Nexus 5X Build/MMB29P) AppleWebKit/537.36 (KHTML, like Gecko) Chrome/153.0.8010.52 Mobile Safari/537.36 (compatible; Googlebot/2.1; +http://www.google.com/bot.html)"
66.249.73.3 - - [27/Sep/2026:19:30:04 +0300] "GET /?h=e1x6e4g0e0t1i0c4s7770 HTTP/1.1" 500 30178 "-" "Mozilla/5.0 (Linux; Android 6.0.1; Nexus 5X Build/MMB29P) AppleWebKit/537.36 (KHTML, like Gecko) Chrome/153.0.8010.52 Mobile Safari/537.36 (compatible; GoogleOther)"
66.249.73.3 - - [27/Sep/2026:19:30:07 +0300] "GET /?h=i0m1p2e5r1s3c5r6u2t8a8b5leness HTTP/1.1" 200 219044 "-" "Mozilla/5.0 (Linux; Android 6.0.1; Nexus 5X Build/MMB29P) AppleWebKit/537.36 (KHTML, like Gecko) Chrome/153.0.8010.52 Mobile Safari/537.36 (compatible; Googlebot/2.1; +http://www.google.com/bot.html)"
66.249.73.3 - - [27/Sep/2026:19:30:09 +0300] "GET /?h=k0r9a1m9e1r5i2c97307 HTTP/1.1" 200 217794 "-" "Mozilla/5.0 (Linux; Android 6.0.1; Nexus 5X Build/MMB29P) AppleWebKit/537.36 (KHTML, like Gecko) Chrome/153.0.8010.52 Mobile Safari/537.36 (compatible; Googlebot/2.1; +http://www.google.com/bot.html)"
66.249.73.3 - - [27/Sep/2026:19:30:11 +0300] "GET /?h=d1e2b3a3t4e768241 HTTP/1.1" 200 218925 "-" "Mozilla/5.0 (Linux; Android 6.0.1; Nexus 5X Build/MMB29P) AppleWebKit/537.36 (KHTML, like Gecko) Chrome/153.0.8010.52 Mobile Safari/537.36 (compatible; Googlebot/2.1; +http://www.google.com/bot.html)"
66.249.73.3 - - [27/Sep/2026:19:30:13 +0300] "GET /?pleistocene/113410263969 HTTP/1.1" 200 223784 "-" "Mozilla/5.0 (Linux; Android 6.0.1; Nexus 5X Build/MMB29P) AppleWebKit/537.36 (KHTML, like Gecko) Chrome/153.0.8010.52 Mobile Safari/537.36 (compatible; Googlebot/2.1; +http://www.google.com/bot.html)"
66.249.73.4 - - [27/Sep/2026:19:30:15 +0300] "GET /?sojourn/08293584842 HTTP/1.1" 200 224412 "-" "Mozilla/5.0 (Linux; Android 6.0.1; Nexus 5X Build/MMB29P) AppleWebKit/537.36 (KHTML, like Gecko) Chrome/153.0.8010.52 Mobile Safari/537.36 (compatible; Googlebot/2.1; +http://www.google.com/bot.html)"
66.249.73.3 - - [27/Sep/2026:19:30:17 +0300] "GET /?h=a1e9r5o9s4p5a7c0e314 HTTP/1.1" 500 30178 "-" "Mozilla/5.0 (Linux; Android 6.0.1; Nexus 5X Build/MMB29P) AppleWebKit/537.36 (KHTML, like Gecko) Chrome/153.0.8010.52 Mobile Safari/537.36 (compatible; GoogleOther)"
66.249.73.3 - - [27/Sep/2026:19:30:20 +0300] "GET /?h=a0d7a3p8t6a8t5i7o9n4a7l5 HTTP/1.1" 200 224664 "-" "Mozilla/5.0 (Linux; Android 6.0.1; Nexus 5X Build/MMB29P) AppleWebKit/537.36 (KHTML, like Gecko) Chrome/153.0.8010.52 Mobile Safari/537.36 (compatible; Googlebot/2.1; +http://www.google.com/bot.html)"
66.249.73.3 - - [27/Sep/2026:19:30:21 +0300] "GET /?h=c1h0i2l8d9l1y619353 HTTP/1.1" 200 216418 "-" "Mozilla/5.0 (Linux; Android 6.0.1; Nexus 5X Build/MMB29P) AppleWebKit/537.36 (KHTML, like Gecko) Chrome/153.0.8010.52 Mobile Safari/537.36 (compatible; Googlebot/2.1; +http://www.google.com/bot.html)"
66.249.73.3 - - [27/Sep/2026:19:30:24 +0300] "GET /?amotion/041504831341 HTTP/1.1" 200 219018 "-" "Mozilla/5.0 (Linux; Android 6.0.1; Nexus 5X Build/MMB29P) AppleWebKit/537.36 (KHTML, like Gecko) Chrome/153.0.8010.52 Mobile Safari/537.36 (compatible; Googlebot/2.1; +http://www.google.com/bot.html)"
66.249.73.4 - - [27/Sep/2026:19:30:27 +0300] "GET /?h=a0n6t1e1d8o0n690676 HTTP/1.1" 200 212967 "-" "Mozilla/5.0 (Linux; Android 6.0.1; Nexus 5X Build/MMB29P) AppleWebKit/537.36 (KHTML, like Gecko) Chrome/153.0.8010.52 Mobile Safari/537.36 (compatible; Googlebot/2.1; +http://www.google.com/bot.html)"
66.249.73.4 - - [27/Sep/2026:19:30:29 +0300] "GET /?undistinctive/192786096646 HTTP/1.1" 200 221958 "-" "Mozilla/5.0 (Linux; Android 6.0.1; Nexus 5X Build/MMB29P) AppleWebKit/537.36 (KHTML, like Gecko) Chrome/153.0.8010.52 Mobile Safari/537.36 (compatible; Googlebot/2.1; +http://www.google.com/bot.html)"
66.249.73.3 - - [27/Sep/2026:19:30:32 +0300] "GET /?h=d1e0p4h6l2o5g9i4s4t2i2ccate HTTP/1.1" 500 30178 "-" "Mozilla/5.0 (Linux; Android 6.0.1; Nexus 5X Build/MMB29P) AppleWebKit/537.36 (KHTML, like Gecko) Chrome/153.0.8010.52 Mobile Safari/537.36 (compatible; GoogleOther)"
66.249.73.5 - - [27/Sep/2026:19:30:35 +0300] "GET /?h=l1a1p1p3a70335188 HTTP/1.1" 200 217617 "-" "Mozilla/5.0 (Linux; Android 6.0.1; Nexus 5X Build/MMB29P) AppleWebKit/537.36 (KHTML, like Gecko) Chrome/153.0.8010.52 Mobile Safari/537.36 (compatible; Googlebot/2.1; +http://www.google.com/bot.html)"
66.249.73.3 - - [27/Sep/2026:19:30:40 +0300] "GET /?h=d0i8s1c4o5m9p9l3e6x9i9on HTTP/1.1" 200 213854 "-" "Mozilla/5.0 (Linux; Android 6.0.1; Nexus 5X Build/MMB29P) AppleWebKit/537.36 (KHTML, like Gecko) Chrome/153.0.8010.52 Mobile Safari/537.36 (compatible; Googlebot/2.1; +http://www.google.com/bot.html)"
40.77.167.38 - - [27/Sep/2026:19:30:40 +0300] "GET /sitemap-child-1108.xml HTTP/2.0" 200 364556 "-" "Mozilla/5.0 AppleWebKit/537.36 (KHTML, like Gecko; compatible; bingbot/2.0; +http://www.bing.com/bingbot.htm) Chrome/116.0.1938.76 Safari/537.36"
66.249.73.3 - - [27/Sep/2026:19:30:42 +0300] "GET /?h=v0a8l2i7a7n6t227775 HTTP/1.1" 200 220736 "-" "Mozilla/5.0 (Linux; Android 6.0.1; Nexus 5X Build/MMB29P) AppleWebKit/537.36 (KHTML, like Gecko) Chrome/153.0.8010.52 Mobile Safari/537.36 (compatible; Googlebot/2.1; +http://www.google.com/bot.html)"
40.77.167.38 - - [27/Sep/2026:19:30:42 +0300] "GET /sitemap-child-1511.xml HTTP/2.0" 200 364556 "-" "Mozilla/5.0 AppleWebKit/537.36 (KHTML, like Gecko; compatible; bingbot/2.0; +http://www.bing.com/bingbot.htm) Chrome/116.0.1938.76 Safari/537.36"
40.77.167.38 - - [27/Sep/2026:19:30:43 +0300] "GET /sitemap-child-1604.xml HTTP/2.0" 200 364556 "-" "Mozilla/5.0 AppleWebKit/537.36 (KHTML, like Gecko; compatible; bingbot/2.0; +http://www.bing.com/bingbot.htm) Chrome/116.0.1938.76 Safari/537.36"
40.77.167.230 - - [27/Sep/2026:19:30:44 +0300] "GET /sitemap-child-1572.xml HTTP/2.0" 200 364556 "-" "Mozilla/5.0 AppleWebKit/537.36 (KHTML, like Gecko; compatible; bingbot/2.0; +http://www.bing.com/bingbot.htm) Chrome/116.0.1938.76 Safari/537.36"
66.249.73.4 - - [27/Sep/2026:19:30:44 +0300] "GET /?h=n0i2c3o9l27464725 HTTP/1.1" 200 224323 "-" "Mozilla/5.0 (Linux; Android 6.0.1; Nexus 5X Build/MMB29P) AppleWebKit/537.36 (KHTML, like Gecko) Chrome/153.0.8010.52 Mobile Safari/537.36 (compatible; Googlebot/2.1; +http://www.google.com/bot.html)"
40.77.167.230 - - [27/Sep/2026:19:30:46 +0300] "GET /sitemap-child-1054.xml HTTP/2.0" 200 364556 "-" "Mozilla/5.0 AppleWebKit/537.36 (KHTML, like Gecko; compatible; bingbot/2.0; +http://www.bing.com/bingbot.htm) Chrome/116.0.1938.76 Safari/537.36"
66.249.73.4 - - [27/Sep/2026:19:30:47 +0300] "GET /?h=n0y7c2t9a6g1i2n7i0f5l4o6ra HTTP/1.1" 200 217571 "-" "Mozilla/5.0 (Linux; Android 6.0.1; Nexus 5X Build/MMB29P) AppleWebKit/537.36 (KHTML, like Gecko) Chrome/153.0.8010.52 Mobile Safari/537.36 (compatible; Googlebot/2.1; +http://www.google.com/bot.html)"
66.249.73.3 - - [27/Sep/2026:19:30:49 +0300] "GET /?h=r0e9p3u8l8s0e3r09408 HTTP/1.1" 500 30178 "-" "Mozilla/5.0 (Linux; Android 6.0.1; Nexus 5X Build/MMB29P) AppleWebKit/537.36 (KHTML, like Gecko) Chrome/153.0.8010.52 Mobile Safari/537.36 (compatible; GoogleOther)"
52.167.144.166 - - [27/Sep/2026:19:30:50 +0300] "GET /sitemap-child-1287.xml HTTP/2.0" 200 364556 "-" "Mozilla/5.0 AppleWebKit/537.36 (KHTML, like Gecko; compatible; bingbot/2.0; +http://www.bing.com/bingbot.htm) Chrome/116.0.1938.76 Safari/537.36"
40.77.167.230 - - [27/Sep/2026:19:30:49 +0300] "GET /sitemap-child-1480.xml HTTP/2.0" 200 364556 "-" "Mozilla/5.0 AppleWebKit/537.36 (KHTML, like Gecko; compatible; bingbot/2.0; +http://www.bing.com/bingbot.htm) Chrome/116.0.1938.76 Safari/537.36"
40.77.167.230 - - [27/Sep/2026:19:30:51 +0300] "GET /sitemap-child-1256.xml HTTP/2.0" 200 364556 "-" "Mozilla/5.0 AppleWebKit/537.36 (KHTML, like Gecko; compatible; bingbot/2.0; +http://www.bing.com/bingbot.htm) Chrome/116.0.1938.76 Safari/537.36"
66.249.73.4 - - [27/Sep/2026:19:30:51 +0300] "GET /?h=g0n0o3m6o1n9i2s1t1464 HTTP/1.1" 200 217644 "-" "Mozilla/5.0 (Linux; Android 6.0.1; Nexus 5X Build/MMB29P) AppleWebKit/537.36 (KHTML, like Gecko) Chrome/153.0.8010.52 Mobile Safari/537.36 (compatible; Googlebot/2.1; +http://www.google.com/bot.html)"
52.167.144.166 - - [27/Sep/2026:19:30:52 +0300] "GET /sitemap-child-1443.xml HTTP/2.0" 200 364556 "-" "Mozilla/5.0 AppleWebKit/537.36 (KHTML, like Gecko; compatible; bingbot/2.0; +http://www.bing.com/bingbot.htm) Chrome/116.0.1938.76 Safari/537.36"
66.249.73.5 - - [27/Sep/2026:19:30:54 +0300] "GET /?h=h0y4d2r3o9c0a2r8b0u6r0et HTTP/1.1" 200 207901 "-" "Mozilla/5.0 (Linux; Android 6.0.1; Nexus 5X Build/MMB29P) AppleWebKit/537.36 (KHTML, like Gecko) Chrome/153.0.8010.52 Mobile Safari/537.36 (compatible; Googlebot/2.1; +http://www.google.com/bot.html)"
66.249.73.6 - - [27/Sep/2026:19:30:56 +0300] "GET /?h=r1e9m1a9r6k9e1d2923 HTTP/1.1" 200 222616 "-" "Mozilla/5.0 (Linux; Android 6.0.1; Nexus 5X Build/MMB29P) AppleWebKit/537.36 (KHTML, like Gecko) Chrome/153.0.8010.52 Mobile Safari/537.36 (compatible; Googlebot/2.1; +http://www.google.com/bot.html)"
40.77.167.38 - - [27/Sep/2026:19:30:55 +0300] "GET /sitemap-child-1466.xml HTTP/2.0" 200 364556 "-" "Mozilla/5.0 AppleWebKit/537.36 (KHTML, like Gecko; compatible; bingbot/2.0; +http://www.bing.com/bingbot.htm) Chrome/116.0.1938.76 Safari/537.36"
66.249.73.6 - - [27/Sep/2026:19:30:58 +0300] "GET /?communism/014196885069 HTTP/1.1" 200 210997 "-" "Mozilla/5.0 (Linux; Android 6.0.1; Nexus 5X Build/MMB29P) AppleWebKit/537.36 (KHTML, like Gecko) Chrome/153.0.8010.52 Mobile Safari/537.36 (compatible; Googlebot/2.1; +http://www.google.com/bot.html)"
40.77.167.38 - - [27/Sep/2026:19:30:58 +0300] "GET /sitemap-child-1446.xml HTTP/2.0" 200 364556 "-" "Mozilla/5.0 AppleWebKit/537.36 (KHTML, like Gecko; compatible; bingbot/2.0; +http://www.bing.com/bingbot.htm) Chrome/116.0.1938.76 Safari/537.36"
52.167.144.166 - - [27/Sep/2026:19:30:54 +0300] "GET /sitemap-child-1114.xml HTTP/2.0" 200 364556 "-" "Mozilla/5.0 AppleWebKit/537.36 (KHTML, like Gecko; compatible; bingbot/2.0; +http://www.bing.com/bingbot.htm) Chrome/116.0.1938.76 Safari/537.36"
52.167.144.166 - - [27/Sep/2026:19:31:00 +0300] "GET /sitemap-child-1201.xml HTTP/2.0" 200 364556 "-" "Mozilla/5.0 AppleWebKit/537.36 (KHTML, like Gecko; compatible; bingbot/2.0; +http://www.bing.com/bingbot.htm) Chrome/116.0.1938.76 Safari/537.36"
40.77.167.38 - - [27/Sep/2026:19:31:00 +0300] "GET /sitemap-child-1045.xml HTTP/2.0" 200 364556 "-" "Mozilla/5.0 AppleWebKit/537.36 (KHTML, like Gecko; compatible; bingbot/2.0; +http://www.bing.com/bingbot.htm) Chrome/116.0.1938.76 Safari/537.36"
66.249.73.3 - - [27/Sep/2026:19:31:00 +0300] "GET /?h=m1a4r3i0t2a6l682282 HTTP/1.1" 200 241553 "-" "Mozilla/5.0 (Linux; Android 6.0.1; Nexus 5X Build/MMB29P) AppleWebKit/537.36 (KHTML, like Gecko) Chrome/153.0.8010.52 Mobile Safari/537.36 (compatible; Googlebot/2.1; +http://www.google.com/bot.html)"
66.249.73.4 - - [27/Sep/2026:19:31:02 +0300] "GET /?h=b1e4f2i6t61400639 HTTP/1.1" 500 30178 "-" "Mozilla/5.0 (Linux; Android 6.0.1; Nexus 5X Build/MMB29P) AppleWebKit/537.36 (KHTML, like Gecko) Chrome/153.0.8010.52 Mobile Safari/537.36 (compatible; GoogleOther)"
52.167.144.166 - - [27/Sep/2026:19:31:01 +0300] "GET /sitemap-child-1580.xml HTTP/2.0" 200 364556 "-" "Mozilla/5.0 AppleWebKit/537.36 (KHTML, like Gecko; compatible; bingbot/2.0; +http://www.bing.com/bingbot.htm) Chrome/116.0.1938.76 Safari/537.36"
40.77.167.38 - - [27/Sep/2026:19:31:02 +0300] "GET /sitemap-child-1183.xml HTTP/2.0" 200 364556 "-" "Mozilla/5.0 AppleWebKit/537.36 (KHTML, like Gecko; compatible; bingbot/2.0; +http://www.bing.com/bingbot.htm) Chrome/116.0.1938.76 Safari/537.36"
40.77.167.38 - - [27/Sep/2026:19:31:05 +0300] "GET /sitemap-child-1393.xml HTTP/2.0" 200 364556 "-" "Mozilla/5.0 AppleWebKit/537.36 (KHTML, like Gecko; compatible; bingbot/2.0; +http://www.bing.com/bingbot.htm) Chrome/116.0.1938.76 Safari/537.36"
66.249.73.5 - - [27/Sep/2026:19:31:05 +0300] "GET /?h=s1o5l4i1v4a4g9a3n4t288 HTTP/1.1" 200 224525 "-" "Mozilla/5.0 (Linux; Android 6.0.1; Nexus 5X Build/MMB29P) AppleWebKit/537.36 (KHTML, like Gecko) Chrome/153.0.8010.52 Mobile Safari/537.36 (compatible; Googlebot/2.1; +http://www.google.com/bot.html)"
66.249.73.4 - - [27/Sep/2026:19:31:07 +0300] "GET /?h=b0a9s6e7p0l2a0t6e002 HTTP/1.1" 200 212050 "-" "Mozilla/5.0 (Linux; Android 6.0.1; Nexus 5X Build/MMB29P) AppleWebKit/537.36 (KHTML, like Gecko) Chrome/153.0.8010.52 Mobile Safari/537.36 (compatible; Googlebot/2.1; +http://www.google.com/bot.html)"
40.77.167.38 - - [27/Sep/2026:19:31:06 +0300] "GET /sitemap-child-1347.xml HTTP/2.0" 200 364556 "-" "Mozilla/5.0 AppleWebKit/537.36 (KHTML, like Gecko; compatible; bingbot/2.0; +http://www.bing.com/bingbot.htm) Chrome/116.0.1938.76 Safari/537.36"
66.249.73.4 - - [27/Sep/2026:19:31:09 +0300] "GET /?meedfully/113003502489 HTTP/1.1" 200 227380 "-" "Mozilla/5.0 (Linux; Android 6.0.1; Nexus 5X Build/MMB29P) AppleWebKit/537.36 (KHTML, like Gecko) Chrome/153.0.8010.52 Mobile Safari/537.36 (compatible; Googlebot/2.1; +http://www.google.com/bot.html)"
40.77.167.38 - - [27/Sep/2026:19:31:09 +0300] "GET /sitemap-child-1278.xml HTTP/2.0" 200 364556 "-" "Mozilla/5.0 AppleWebKit/537.36 (KHTML, like Gecko; compatible; bingbot/2.0; +http://www.bing.com/bingbot.htm) Chrome/116.0.1938.76 Safari/537.36"
40.77.167.38 - - [27/Sep/2026:19:31:10 +0300] "GET /sitemap-child-1441.xml HTTP/2.0" 200 364556 "-" "Mozilla/5.0 AppleWebKit/537.36 (KHTML, like Gecko; compatible; bingbot/2.0; +http://www.bing.com/bingbot.htm) Chrome/116.0.1938.76 Safari/537.36"
52.167.144.166 - - [27/Sep/2026:19:31:10 +0300] "GET /sitemap-child-1465.xml HTTP/2.0" 200 364556 "-" "Mozilla/5.0 AppleWebKit/537.36 (KHTML, like Gecko; compatible; bingbot/2.0; +http://www.bing.com/bingbot.htm) Chrome/116.0.1938.76 Safari/537.36"
66.249.73.3 - - [27/Sep/2026:19:31:11 +0300] "GET /?h=n1e9b1u2l0a8r109894 HTTP/1.1" 200 220732 "-" "Mozilla/5.0 (Linux; Android 6.0.1; Nexus 5X Build/MMB29P) AppleWebKit/537.36 (KHTML, like Gecko) Chrome/153.0.8010.52 Mobile Safari/537.36 (compatible; Googlebot/2.1; +http://www.google.com/bot.html)"
40.77.167.38 - - [27/Sep/2026:19:31:10 +0300] "GET /sitemap-child-1091.xml HTTP/2.0" 200 364556 "-" "Mozilla/5.0 AppleWebKit/537.36 (KHTML, like Gecko; compatible; bingbot/2.0; +http://www.bing.com/bingbot.htm) Chrome/116.0.1938.76 Safari/537.36"
52.167.144.166 - - [27/Sep/2026:19:31:12 +0300] "GET /sitemap-child-1486.xml HTTP/2.0" 200 364556 "-" "Mozilla/5.0 AppleWebKit/537.36 (KHTML, like Gecko; compatible; bingbot/2.0; +http://www.bing.com/bingbot.htm) Chrome/116.0.1938.76 Safari/537.36"
66.249.73.3 - - [27/Sep/2026:19:31:13 +0300] "GET /?h=p1h3a1n1a4r5186844 HTTP/1.1" 200 216003 "-" "Mozilla/5.0 (Linux; Android 6.0.1; Nexus 5X Build/MMB29P) AppleWebKit/537.36 (KHTML, like Gecko) Chrome/153.0.8010.52 Mobile Safari/537.36 (compatible; Googlebot/2.1; +http://www.google.com/bot.html)"
52.167.144.166 - - [27/Sep/2026:19:31:15 +0300] "GET /sitemap-child-1124.xml HTTP/2.0" 200 364556 "-" "Mozilla/5.0 AppleWebKit/537.36 (KHTML, like Gecko; compatible; bingbot/2.0; +http://www.bing.com/bingbot.htm) Chrome/116.0.1938.76 Safari/537.36"
40.77.167.230 - - [27/Sep/2026:19:31:14 +0300] "GET /sitemap-child-1563.xml HTTP/2.0" 200 364556 "-" "Mozilla/5.0 AppleWebKit/537.36 (KHTML, like Gecko; compatible; bingbot/2.0; +http://www.bing.com/bingbot.htm) Chrome/116.0.1938.76 Safari/537.36"
40.77.167.38 - - [27/Sep/2026:19:31:14 +0300] "GET /sitemap-child-1476.xml HTTP/2.0" 200 364556 "-" "Mozilla/5.0 AppleWebKit/537.36 (KHTML, like Gecko; compatible; bingbot/2.0; +http://www.bing.com/bingbot.htm) Chrome/116.0.1938.76 Safari/537.36"
66.249.73.3 - - [27/Sep/2026:19:31:16 +0300] "GET /?h=t0r8i4l0i1n4g1u6a8l343 HTTP/1.1" 500 30178 "-" "Mozilla/5.0 (Linux; Android 6.0.1; Nexus 5X Build/MMB29P) AppleWebKit/537.36 (KHTML, like Gecko) Chrome/153.0.8010.52 Mobile Safari/537.36 (compatible; GoogleOther)"
52.167.144.166 - - [27/Sep/2026:19:31:16 +0300] "GET /sitemap-child-1495.xml HTTP/2.0" 200 364556 "-" "Mozilla/5.0 AppleWebKit/537.36 (KHTML, like Gecko; compatible; bingbot/2.0; +http://www.bing.com/bingbot.htm) Chrome/116.0.1938.76 Safari/537.36"
40.77.167.230 - - [27/Sep/2026:19:31:16 +0300] "GET /sitemap-child-1119.xml HTTP/2.0" 200 364556 "-" "Mozilla/5.0 AppleWebKit/537.36 (KHTML, like Gecko; compatible; bingbot/2.0; +http://www.bing.com/bingbot.htm) Chrome/116.0.1938.76 Safari/537.36"
66.249.73.4 - - [27/Sep/2026:19:31:18 +0300] "GET /?h=c0h8o3r2d5a4m8e6s1o5d8e9rm HTTP/1.1" 200 217174 "-" "Mozilla/5.0 (Linux; Android 6.0.1; Nexus 5X Build/MMB29P) AppleWebKit/537.36 (KHTML, like Gecko) Chrome/153.0.8010.52 Mobile Safari/537.36 (compatible; Googlebot/2.1; +http://www.google.com/bot.html)"
40.77.167.230 - - [27/Sep/2026:19:31:18 +0300] "GET /sitemap-child-1367.xml HTTP/2.0" 200 364556 "-" "Mozilla/5.0 AppleWebKit/537.36 (KHTML, like Gecko; compatible; bingbot/2.0; +http://www.bing.com/bingbot.htm) Chrome/116.0.1938.76 Safari/537.36"
66.249.73.3 - - [27/Sep/2026:19:31:20 +0300] "GET /?h=s0t6e2e1l6i2n2e9s3s766 HTTP/1.1" 200 219528 "-" "Mozilla/5.0 (Linux; Android 6.0.1; Nexus 5X Build/MMB29P) AppleWebKit/537.36 (KHTML, like Gecko) Chrome/153.0.8010.52 Mobile Safari/537.36 (compatible; Googlebot/2.1; +http://www.google.com/bot.html)"
40.77.167.230 - - [27/Sep/2026:19:31:20 +0300] "GET /sitemap-child-1157.xml HTTP/2.0" 200 364556 "-" "Mozilla/5.0 AppleWebKit/537.36 (KHTML, like Gecko; compatible; bingbot/2.0; +http://www.bing.com/bingbot.htm) Chrome/116.0.1938.76 Safari/537.36"
66.249.73.3 - - [27/Sep/2026:19:31:22 +0300] "GET /?h=d1e0n4d1r4o9h1y0r1a9x37 HTTP/1.1" 200 228818 "-" "Mozilla/5.0 (Linux; Android 6.0.1; Nexus 5X Build/MMB29P) AppleWebKit/537.36 (KHTML, like Gecko) Chrome/153.0.8010.52 Mobile Safari/537.36 (compatible; Googlebot/2.1; +http://www.google.com/bot.html)"
40.77.167.230 - - [27/Sep/2026:19:31:22 +0300] "GET /sitemap-child-1412.xml HTTP/2.0" 200 364556 "-" "Mozilla/5.0 AppleWebKit/537.36 (KHTML, like Gecko; compatible; bingbot/2.0; +http://www.bing.com/bingbot.htm) Chrome/116.0.1938.76 Safari/537.36"
66.249.73.3 - - [27/Sep/2026:19:31:24 +0300] "GET /?h=a0l1v1i1n8e4858325 HTTP/1.1" 200 222079 "-" "Mozilla/5.0 (Linux; Android 6.0.1; Nexus 5X Build/MMB29P) AppleWebKit/537.36 (KHTML, like Gecko) Chrome/153.0.8010.52 Mobile Safari/537.36 (compatible; Googlebot/2.1; +http://www.google.com/bot.html)"
40.77.167.230 - - [27/Sep/2026:19:31:24 +0300] "GET /sitemap-child-1169.xml HTTP/2.0" 200 364556 "-" "Mozilla/5.0 AppleWebKit/537.36 (KHTML, like Gecko; compatible; bingbot/2.0; +http://www.bing.com/bingbot.htm) Chrome/116.0.1938.76 Safari/537.36"
52.167.144.166 - - [27/Sep/2026:19:31:24 +0300] "GET /sitemap-child-1193.xml HTTP/2.0" 200 364556 "-" "Mozilla/5.0 AppleWebKit/537.36 (KHTML, like Gecko; compatible; bingbot/2.0; +http://www.bing.com/bingbot.htm) Chrome/116.0.1938.76 Safari/537.36"
40.77.167.230 - - [27/Sep/2026:19:31:26 +0300] "GET /sitemap-child-1285.xml HTTP/2.0" 200 364556 "-" "Mozilla/5.0 AppleWebKit/537.36 (KHTML, like Gecko; compatible; bingbot/2.0; +http://www.bing.com/bingbot.htm) Chrome/116.0.1938.76 Safari/537.36"
66.249.73.3 - - [27/Sep/2026:19:31:27 +0300] "GET /?h=p1o3t1e5e1n3876304 HTTP/1.1" 200 221741 "-" "Mozilla/5.0 (Linux; Android 6.0.1; Nexus 5X Build/MMB29P) AppleWebKit/537.36 (KHTML, like Gecko) Chrome/153.0.8010.52 Mobile Safari/537.36 (compatible; Googlebot/2.1; +http://www.google.com/bot.html)"
52.167.144.166 - - [27/Sep/2026:19:31:26 +0300] "GET /sitemap-child-1170.xml HTTP/2.0" 200 364556 "-" "Mozilla/5.0 AppleWebKit/537.36 (KHTML, like Gecko; compatible; bingbot/2.0; +http://www.bing.com/bingbot.htm) Chrome/116.0.1938.76 Safari/537.36"
40.77.167.230 - - [27/Sep/2026:19:31:28 +0300] "GET /sitemap-child-1401.xml HTTP/2.0" 200 364556 "-" "Mozilla/5.0 AppleWebKit/537.36 (KHTML, like Gecko; compatible; bingbot/2.0; +http://www.bing.com/bingbot.htm) Chrome/116.0.1938.76 Safari/537.36"
66.249.73.4 - - [27/Sep/2026:19:31:29 +0300] "GET /?h=e0l9e3p9h1a0n6t7t6u8s8k5 HTTP/1.1" 500 30178 "-" "Mozilla/5.0 (Linux; Android 6.0.1; Nexus 5X Build/MMB29P) AppleWebKit/537.36 (KHTML, like Gecko) Chrome/153.0.8010.52 Mobile Safari/537.36 (compatible; GoogleOther)"
52.167.144.166 - - [27/Sep/2026:19:31:28 +0300] "GET /sitemap-child-1567.xml HTTP/2.0" 200 364556 "-" "Mozilla/5.0 AppleWebKit/537.36 (KHTML, like Gecko; compatible; bingbot/2.0; +http://www.bing.com/bingbot.htm) Chrome/116.0.1938.76 Safari/537.36"
52.167.144.166 - - [27/Sep/2026:19:31:29 +0300] "GET /sitemap-child-1078.xml HTTP/2.0" 200 364556 "-" "Mozilla/5.0 AppleWebKit/537.36 (KHTML, like Gecko; compatible; bingbot/2.0; +http://www.bing.com/bingbot.htm) Chrome/116.0.1938.76 Safari/537.36"
52.167.144.166 - - [27/Sep/2026:19:31:31 +0300] "GET /sitemap-child-1332.xml HTTP/2.0" 200 364556 "-" "Mozilla/5.0 AppleWebKit/537.36 (KHTML, like Gecko; compatible; bingbot/2.0; +http://www.bing.com/bingbot.htm) Chrome/116.0.1938.76 Safari/537.36"
66.249.73.5 - - [27/Sep/2026:19:31:31 +0300] "GET /?rietbok/191821114551 HTTP/1.1" 200 216080 "-" "Mozilla/5.0 (Linux; Android 6.0.1; Nexus 5X Build/MMB29P) AppleWebKit/537.36 (KHTML, like Gecko) Chrome/153.0.8010.52 Mobile Safari/537.36 (compatible; Googlebot/2.1; +http://www.google.com/bot.html)"
52.167.144.166 - - [27/Sep/2026:19:31:31 +0300] "GET /sitemap-child-1542.xml HTTP/2.0" 200 364556 "-" "Mozilla/5.0 AppleWebKit/537.36 (KHTML, like Gecko; compatible; bingbot/2.0; +http://www.bing.com/bingbot.htm) Chrome/116.0.1938.76 Safari/537.36"
66.249.73.4 - - [27/Sep/2026:19:31:34 +0300] "GET /?h=l0o7n3g2w0i4n0d1e0d920 HTTP/1.1" 200 218309 "-" "Mozilla/5.0 (Linux; Android 6.0.1; Nexus 5X Build/MMB29P) AppleWebKit/537.36 (KHTML, like Gecko) Chrome/153.0.8010.52 Mobile Safari/537.36 (compatible; Googlebot/2.1; +http://www.google.com/bot.html)"
40.77.167.38 - - [27/Sep/2026:19:31:35 +0300] "GET /sitemap-child-1442.xml HTTP/2.0" 200 364556 "-" "Mozilla/5.0 AppleWebKit/537.36 (KHTML, like Gecko; compatible; bingbot/2.0; +http://www.bing.com/bingbot.htm) Chrome/116.0.1938.76 Safari/537.36"
66.249.73.3 - - [27/Sep/2026:19:31:36 +0300] "GET /?h=i0a5m3b1u6s1907966 HTTP/1.1" 200 214138 "-" "Mozilla/5.0 (Linux; Android 6.0.1; Nexus 5X Build/MMB29P) AppleWebKit/537.36 (KHTML, like Gecko) Chrome/153.0.8010.52 Mobile Safari/537.36 (compatible; Googlebot/2.1; +http://www.google.com/bot.html)"
66.249.73.3 - - [27/Sep/2026:19:31:38 +0300] "GET /?ethopoetic/072881836843 HTTP/1.1" 200 222684 "-" "Mozilla/5.0 (Linux; Android 6.0.1; Nexus 5X Build/MMB29P) AppleWebKit/537.36 (KHTML, like Gecko) Chrome/153.0.8010.52 Mobile Safari/537.36 (compatible; Googlebot/2.1; +http://www.google.com/bot.html)"
66.249.73.3 - - [27/Sep/2026:19:31:40 +0300] "GET /?h=c1o9n1v9e2r4g9e4n8c4e70 HTTP/1.1" 200 221608 "-" "Mozilla/5.0 (Linux; Android 6.0.1; Nexus 5X Build/MMB29P) AppleWebKit/537.36 (KHTML, like Gecko) Chrome/153.0.8010.52 Mobile Safari/537.36 (compatible; Googlebot/2.1; +http://www.google.com/bot.html)"
40.77.167.38 - - [27/Sep/2026:19:31:37 +0300] "GET /sitemap-child-1110.xml HTTP/2.0" 200 364556 "-" "Mozilla/5.0 AppleWebKit/537.36 (KHTML, like Gecko; compatible; bingbot/2.0; +http://www.bing.com/bingbot.htm) Chrome/116.0.1938.76 Safari/537.36"
40.77.167.230 - - [27/Sep/2026:19:31:41 +0300] "GET /sitemap-child-1569.xml HTTP/2.0" 200 364556 "-" "Mozilla/5.0 AppleWebKit/537.36 (KHTML, like Gecko; compatible; bingbot/2.0; +http://www.bing.com/bingbot.htm) Chrome/116.0.1938.76 Safari/537.36"
66.249.73.3 - - [27/Sep/2026:19:31:43 +0300] "GET /?h=c1u6l2l6y50216353 HTTP/1.1" 500 30178 "-" "Mozilla/5.0 (Linux; Android 6.0.1; Nexus 5X Build/MMB29P) AppleWebKit/537.36 (KHTML, like Gecko) Chrome/153.0.8010.52 Mobile Safari/537.36 (compatible; GoogleOther)"
40.77.167.230 - - [27/Sep/2026:19:31:43 +0300] "GET /sitemap-child-1620.xml HTTP/2.0" 200 364556 "-" "Mozilla/5.0 AppleWebKit/537.36 (KHTML, like Gecko; compatible; bingbot/2.0; +http://www.bing.com/bingbot.htm) Chrome/116.0.1938.76 Safari/537.36"
40.77.167.38 - - [27/Sep/2026:19:31:42 +0300] "GET /sitemap-child-1521.xml HTTP/2.0" 200 364556 "-" "Mozilla/5.0 AppleWebKit/537.36 (KHTML, like Gecko; compatible; bingbot/2.0; +http://www.bing.com/bingbot.htm) Chrome/116.0.1938.76 Safari/537.36"
66.249.73.3 - - [27/Sep/2026:19:31:44 +0300] "GET /?h=m1u1l1t1i7s9t4r7i8a5t9e3 HTTP/1.1" 200 210984 "-" "Mozilla/5.0 (Linux; Android 6.0.1; Nexus 5X Build/MMB29P) AppleWebKit/537.36 (KHTML, like Gecko) Chrome/153.0.8010.52 Mobile Safari/537.36 (compatible; Googlebot/2.1; +http://www.google.com/bot.html)"
40.77.167.230 - - [27/Sep/2026:19:31:44 +0300] "GET /sitemap-child-1067.xml HTTP/2.0" 200 364556 "-" "Mozilla/5.0 AppleWebKit/537.36 (KHTML, like Gecko; compatible; bingbot/2.0; +http://www.bing.com/bingbot.htm) Chrome/116.0.1938.76 Safari/537.36"
66.249.73.3 - - [27/Sep/2026:19:31:47 +0300] "GET /?h=e1x2p1r2o8p7r4i2a5t4i8o2n HTTP/1.1" 200 217243 "-" "Mozilla/5.0 (Linux; Android 6.0.1; Nexus 5X Build/MMB29P) AppleWebKit/537.36 (KHTML, like Gecko) Chrome/153.0.8010.52 Mobile Safari/537.36 (compatible; Googlebot/2.1; +http://www.google.com/bot.html)"
40.77.167.230 - - [27/Sep/2026:19:31:47 +0300] "GET /sitemap-child-1450.xml HTTP/2.0" 200 364556 "-" "Mozilla/5.0 AppleWebKit/537.36 (KHTML, like Gecko; compatible; bingbot/2.0; +http://www.bing.com/bingbot.htm) Chrome/116.0.1938.76 Safari/537.36"
66.249.73.3 - - [27/Sep/2026:19:31:49 +0300] "GET /?h=b0e0l3z1e8b7u1t2h8701 HTTP/1.1" 200 226275 "-" "Mozilla/5.0 (Linux; Android 6.0.1; Nexus 5X Build/MMB29P) AppleWebKit/537.36 (KHTML, like Gecko) Chrome/153.0.8010.52 Mobile Safari/537.36 (compatible; Googlebot/2.1; +http://www.google.com/bot.html)"
40.77.167.230 - - [27/Sep/2026:19:31:49 +0300] "GET /sitemap-child-1010.xml HTTP/2.0" 200 364556 "-" "Mozilla/5.0 AppleWebKit/537.36 (KHTML, like Gecko; compatible; bingbot/2.0; +http://www.bing.com/bingbot.htm) Chrome/116.0.1938.76 Safari/537.36"
66.249.73.3 - - [27/Sep/2026:19:31:51 +0300] "GET /?h=s1e1l2f3c3o3n8t7r3a2d5i7ction HTTP/1.1" 200 214727 "-" "Mozilla/5.0 (Linux; Android 6.0.1; Nexus 5X Build/MMB29P) AppleWebKit/537.36 (KHTML, like Gecko) Chrome/153.0.8010.52 Mobile Safari/537.36 (compatible; Googlebot/2.1; +http://www.google.com/bot.html)"
40.77.167.230 - - [27/Sep/2026:19:31:51 +0300] "GET /sitemap-child-1101.xml HTTP/2.0" 200 364556 "-" "Mozilla/5.0 AppleWebKit/537.36 (KHTML, like Gecko; compatible; bingbot/2.0; +http://www.bing.com/bingbot.htm) Chrome/116.0.1938.76 Safari/537.36"
66.249.73.4 - - [27/Sep/2026:19:31:53 +0300] "GET /?h=p1r2a2c5t7i9s9o7u4r121 HTTP/1.1" 200 221597 "-" "Mozilla/5.0 (Linux; Android 6.0.1; Nexus 5X Build/MMB29P) AppleWebKit/537.36 (KHTML, like Gecko) Chrome/153.0.8010.52 Mobile Safari/537.36 (compatible; Googlebot/2.1; +http://www.google.com/bot.html)"
40.77.167.230 - - [27/Sep/2026:19:31:53 +0300] "GET /sitemap-child-1049.xml HTTP/2.0" 200 364556 "-" "Mozilla/5.0 AppleWebKit/537.36 (KHTML, like Gecko; compatible; bingbot/2.0; +http://www.bing.com/bingbot.htm) Chrome/116.0.1938.76 Safari/537.36"
66.249.73.3 - - [27/Sep/2026:19:31:55 +0300] "GET /?h=c0o3m4p1u7l3s5o6r5i5l8y9 HTTP/1.1" 200 219841 "-" "Mozilla/5.0 (Linux; Android 6.0.1; Nexus 5X Build/MMB29P) AppleWebKit/537.36 (KHTML, like Gecko) Chrome/153.0.8010.52 Mobile Safari/537.36 (compatible; Googlebot/2.1; +http://www.google.com/bot.html)"
66.249.73.3 - - [27/Sep/2026:19:31:57 +0300] "GET /?h=u0n1i3v5e2r3s3a1l9i2z5i3ng HTTP/1.1" 500 30178 "-" "Mozilla/5.0 (Linux; Android 6.0.1; Nexus 5X Build/MMB29P) AppleWebKit/537.36 (KHTML, like Gecko) Chrome/153.0.8010.52 Mobile Safari/537.36 (compatible; GoogleOther)"
66.249.73.3 - - [27/Sep/2026:19:31:59 +0300] "GET /?underditch/113079491454 HTTP/1.1" 200 224016 "-" "Mozilla/5.0 (Linux; Android 6.0.1; Nexus 5X Build/MMB29P) AppleWebKit/537.36 (KHTML, like Gecko) Chrome/153.0.8010.52 Mobile Safari/537.36 (compatible; Googlebot/2.1; +http://www.google.com/bot.html)"
66.249.73.3 - - [27/Sep/2026:19:32:01 +0300] "GET /?h=l1i7m1b8a4t632514 HTTP/1.1" 200 226280 "-" "Mozilla/5.0 (Linux; Android 6.0.1; Nexus 5X Build/MMB29P) AppleWebKit/537.36 (KHTML, like Gecko) Chrome/153.0.8010.52 Mobile Safari/537.36 (compatible; Googlebot/2.1; +http://www.google.com/bot.html)"
66.249.73.3 - - [27/Sep/2026:19:32:03 +0300] "GET /?h=c0r4e2t9i7a8n405840 HTTP/1.1" 200 213281 "-" "Mozilla/5.0 (Linux; Android 6.0.1; Nexus 5X Build/MMB29P) AppleWebKit/537.36 (KHTML, like Gecko) Chrome/153.0.8010.52 Mobile Safari/537.36 (compatible; Googlebot/2.1; +http://www.google.com/bot.html)"
66.249.73.3 - - [27/Sep/2026:19:32:05 +0300] "GET /?h=g0l1a3n5d2s7255837 HTTP/1.1" 200 218594 "-" "Mozilla/5.0 (Linux; Android 6.0.1; Nexus 5X Build/MMB29P) AppleWebKit/537.36 (KHTML, like Gecko) Chrome/153.0.8010.52 Mobile Safari/537.36 (compatible; Googlebot/2.1; +http://www.google.com/bot.html)"
66.249.73.3 - - [27/Sep/2026:19:32:07 +0300] "GET /?titanic/062661193979 HTTP/1.1" 200 215947 "-" "Mozilla/5.0 (Linux; Android 6.0.1; Nexus 5X Build/MMB29P) AppleWebKit/537.36 (KHTML, like Gecko) Chrome/153.0.8010.52 Mobile Safari/537.36 (compatible; Googlebot/2.1; +http://www.google.com/bot.html)"
101.44.161.200 - - [27/Sep/2026:19:32:11 +0300] "GET / HTTP/1.1" 400 52 "-" "Mozilla/5.0 (Windows NT 10.0; Win64; x64) AppleWebKit/537.36 (KHTML, like Gecko) Chrome/124.0.0.0 Safari/537.36"
101.44.161.200 - - [27/Sep/2026:19:32:12 +0300] "POST / HTTP/1.1" 400 52 "-" "Mozilla/5.0"
66.249.73.3 - - [27/Sep/2026:19:32:11 +0300] "GET /?h=n1i1t5r5o8m0e1t7h1a2n2e HTTP/1.1" 200 216651 "-" "Mozilla/5.0 (Linux; Android 6.0.1; Nexus 5X Build/MMB29P) AppleWebKit/537.36 (KHTML, like Gecko) Chrome/153.0.8010.52 Mobile Safari/537.36 (compatible; Googlebot/2.1; +http://www.google.com/bot.html)"
101.44.161.200 - - [27/Sep/2026:19:32:14 +0300] "GET /access/api/v1/system/ping HTTP/1.1" 400 52 "-" "Mozilla/5.0 (Windows NT 10.0; Win64; x64) AppleWebKit/537.36 (KHTML, like Gecko) Chrome/124.0.0.0 Safari/537.36"
66.249.73.3 - - [27/Sep/2026:19:32:13 +0300] "GET /?h=b0l4o3n8d8e0738230 HTTP/1.1" 500 30178 "-" "Mozilla/5.0 (Linux; Android 6.0.1; Nexus 5X Build/MMB29P) AppleWebKit/537.36 (KHTML, like Gecko) Chrome/153.0.8010.52 Mobile Safari/537.36 (compatible; GoogleOther)"
66.249.73.3 - - [27/Sep/2026:19:32:15 +0300] "GET /?h=g1r8a9d9u0a4l31348 HTTP/1.1" 200 217901 "-" "Mozilla/5.0 (Linux; Android 6.0.1; Nexus 5X Build/MMB29P) AppleWebKit/537.36 (KHTML, like Gecko) Chrome/153.0.8010.52 Mobile Safari/537.36 (compatible; Googlebot/2.1; +http://www.google.com/bot.html)"
66.249.73.3 - - [27/Sep/2026:19:32:17 +0300] "GET /?h=b1u2r1s8c0h4e2n3s4c0h4a9fter HTTP/1.1" 200 222190 "-" "Mozilla/5.0 (Linux; Android 6.0.1; Nexus 5X Build/MMB29P) AppleWebKit/537.36 (KHTML, like Gecko) Chrome/153.0.8010.52 Mobile Safari/537.36 (compatible; Googlebot/2.1; +http://www.google.com/bot.html)"
66.249.73.4 - - [27/Sep/2026:19:32:19 +0300] "GET /?h=c0i3r2c8u5m3f5e9r773 HTTP/1.1" 200 216666 "-" "Mozilla/5.0 (Linux; Android 6.0.1; Nexus 5X Build/MMB29P) AppleWebKit/537.36 (KHTML, like Gecko) Chrome/153.0.8010.52 Mobile Safari/537.36 (compatible; Googlebot/2.1; +http://www.google.com/bot.html)"
66.249.73.3 - - [27/Sep/2026:19:32:20 +0300] "GET /?h=s0h0e1l1t7e3r6e2d398 HTTP/1.1" 200 214338 "-" "Mozilla/5.0 (Linux; Android 6.0.1; Nexus 5X Build/MMB29P) AppleWebKit/537.36 (KHTML, like Gecko) Chrome/153.0.8010.52 Mobile Safari/537.36 (compatible; Googlebot/2.1; +http://www.google.com/bot.html)"
66.249.73.4 - - [27/Sep/2026:19:32:22 +0300] "GET /?cursive/101792419530 HTTP/1.1" 200 224426 "-" "Mozilla/5.0 (Linux; Android 6.0.1; Nexus 5X Build/MMB29P) AppleWebKit/537.36 (KHTML, like Gecko) Chrome/153.0.8010.52 Mobile Safari/537.36 (compatible; Googlebot/2.1; +http://www.google.com/bot.html)"
66.249.73.5 - - [27/Sep/2026:19:32:25 +0300] "GET /?bubble/151644664880 HTTP/1.1" 200 221210 "-" "Mozilla/5.0 (Linux; Android 6.0.1; Nexus 5X Build/MMB29P) AppleWebKit/537.36 (KHTML, like Gecko) Chrome/153.0.8010.52 Mobile Safari/537.36 (compatible; Googlebot/2.1; +http://www.google.com/bot.html)"
66.249.73.4 - - [27/Sep/2026:19:32:26 +0300] "GET /?h=e0a0r3w3i2g6g5i0n1g798 HTTP/1.1" 200 219249 "-" "Mozilla/5.0 (Linux; Android 6.0.1; Nexus 5X Build/MMB29P) AppleWebKit/537.36 (KHTML, like Gecko) Chrome/153.0.8010.52 Mobile Safari/537.36 (compatible; Googlebot/2.1; +http://www.google.com/bot.html)"
66.249.73.3 - - [27/Sep/2026:19:32:29 +0300] "GET /?h=t1o7u8t2e8n1s6e8m6b6l9e HTTP/1.1" 500 30178 "-" "Mozilla/5.0 (Linux; Android 6.0.1; Nexus 5X Build/MMB29P) AppleWebKit/537.36 (KHTML, like Gecko) Chrome/153.0.8010.52 Mobile Safari/537.36 (compatible; GoogleOther)"
66.249.73.4 - - [27/Sep/2026:19:32:30 +0300] "GET /?h=f1l3a6t1u7s791148 HTTP/1.1" 200 210090 "-" "Mozilla/5.0 (Linux; Android 6.0.1; Nexus 5X Build/MMB29P) AppleWebKit/537.36 (KHTML, like Gecko) Chrome/153.0.8010.52 Mobile Safari/537.36 (compatible; Googlebot/2.1; +http://www.google.com/bot.html)"
66.249.73.4 - - [27/Sep/2026:19:32:33 +0300] "GET /?inevitableness/162046745479 HTTP/1.1" 200 223399 "-" "Mozilla/5.0 (Linux; Android 6.0.1; Nexus 5X Build/MMB29P) AppleWebKit/537.36 (KHTML, like Gecko) Chrome/153.0.8010.52 Mobile Safari/537.36 (compatible; Googlebot/2.1; +http://www.google.com/bot.html)"
66.249.73.4 - - [27/Sep/2026:19:32:35 +0300] "GET /?h=g0o3b3e2t47414924 HTTP/1.1" 200 218077 "-" "Mozilla/5.0 (Linux; Android 6.0.1; Nexus 5X Build/MMB29P) AppleWebKit/537.36 (KHTML, like Gecko) Chrome/153.0.8010.52 Mobile Safari/537.36 (compatible; Googlebot/2.1; +http://www.google.com/bot.html)"
66.249.73.3 - - [27/Sep/2026:19:32:38 +0300] "GET /?h=c0a7r4d0o7o0n25435 HTTP/1.1" 200 214410 "-" "Mozilla/5.0 (Linux; Android 6.0.1; Nexus 5X Build/MMB29P) AppleWebKit/537.36 (KHTML, like Gecko) Chrome/153.0.8010.52 Mobile Safari/537.36 (compatible; Googlebot/2.1; +http://www.google.com/bot.html)"
66.249.73.4 - - [27/Sep/2026:19:32:40 +0300] "GET /?h=r1a4z2u2r6e3173520 HTTP/1.1" 200 224964 "-" "Mozilla/5.0 (Linux; Android 6.0.1; Nexus 5X Build/MMB29P) AppleWebKit/537.36 (KHTML, like Gecko) Chrome/153.0.8010.52 Mobile Safari/537.36 (compatible; Googlebot/2.1; +http://www.google.com/bot.html)"
66.249.73.6 - - [27/Sep/2026:19:32:42 +0300] "GET /shops/hopeless/i1n0c3h0a8r9i5t0y9687 HTTP/1.1" 404 28784 "-" "Mozilla/5.0 (Linux; Android 6.0.1; Nexus 5X Build/MMB29P) AppleWebKit/537.36 (KHTML, like Gecko) Chrome/153.0.8010.52 Mobile Safari/537.36 (compatible; GoogleOther)"
66.249.73.6 - - [27/Sep/2026:19:32:44 +0300] "GET /?h=l0i6g3h9t8y0e5a6r3s832 HTTP/1.1" 200 226124 "-" "Mozilla/5.0 (Linux; Android 6.0.1; Nexus 5X Build/MMB29P) AppleWebKit/537.36 (KHTML, like Gecko) Chrome/153.0.8010.52 Mobile Safari/537.36 (compatible; Googlebot/2.1; +http://www.google.com/bot.html)"
66.249.73.4 - - [27/Sep/2026:19:32:47 +0300] "GET /?h=e0n6t6a7c3k7l9e6891 HTTP/1.1" 200 218727 "-" "Mozilla/5.0 (Linux; Android 6.0.1; Nexus 5X Build/MMB29P) AppleWebKit/537.36 (KHTML, like Gecko) Chrome/153.0.8010.52 Mobile Safari/537.36 (compatible; Googlebot/2.1; +http://www.google.com/bot.html)"
66.249.73.3 - - [27/Sep/2026:19:32:49 +0300] "GET /?clover/033783760042 HTTP/1.1" 200 210406 "-" "Mozilla/5.0 (Linux; Android 6.0.1; Nexus 5X Build/MMB29P) AppleWebKit/537.36 (KHTML, like Gecko) Chrome/153.0.8010.52 Mobile Safari/537.36 (compatible; Googlebot/2.1; +http://www.google.com/bot.html)"
66.249.73.5 - - [27/Sep/2026:19:32:52 +0300] "GET /?h=p0u2r4p1u9r1a180979 HTTP/1.1" 200 215190 "-" "Mozilla/5.0 (Linux; Android 6.0.1; Nexus 5X Build/MMB29P) AppleWebKit/537.36 (KHTML, like Gecko) Chrome/153.0.8010.52 Mobile Safari/537.36 (compatible; Googlebot/2.1; +http://www.google.com/bot.html)"
66.249.73.3 - - [27/Sep/2026:19:32:54 +0300] "GET /?h=c1e7d7i8l9l8a0731 HTTP/1.1" 200 222066 "-" "Mozilla/5.0 (Linux; Android 6.0.1; Nexus 5X Build/MMB29P) AppleWebKit/537.36 (KHTML, like Gecko) Chrome/153.0.8010.52 Mobile Safari/537.36 (compatible; Googlebot/2.1; +http://www.google.com/bot.html)"
66.249.73.6 - - [27/Sep/2026:19:32:56 +0300] "GET /?h=c0l2a3d9o0c6e6r3a7819 HTTP/1.1" 200 211626 "-" "Mozilla/5.0 (Linux; Android 6.0.1; Nexus 5X Build/MMB29P) AppleWebKit/537.36 (KHTML, like Gecko) Chrome/153.0.8010.52 Mobile Safari/537.36 (compatible; Googlebot/2.1; +http://www.google.com/bot.html)"
66.249.73.4 - - [27/Sep/2026:19:32:59 +0300] "GET /?h=f0r7e4e1m4a3s4o5n0i0c HTTP/1.1" 500 30178 "-" "Mozilla/5.0 (Linux; Android 6.0.1; Nexus 5X Build/MMB29P) AppleWebKit/537.36 (KHTML, like Gecko) Chrome/153.0.8010.52 Mobile Safari/537.36 (compatible; GoogleOther)"
66.249.73.5 - - [27/Sep/2026:19:33:01 +0300] "GET /?h=b1e9n8e7d8i0c6t7i7o1n0 HTTP/1.1" 200 213697 "-" "Mozilla/5.0 (Linux; Android 6.0.1; Nexus 5X Build/MMB29P) AppleWebKit/537.36 (KHTML, like Gecko) Chrome/153.0.8010.52 Mobile Safari/537.36 (compatible; Googlebot/2.1; +http://www.google.com/bot.html)"
66.249.73.6 - - [27/Sep/2026:19:33:04 +0300] "GET /?h=h1e9m1i8o6r6t7h7o9t1y0pe HTTP/1.1" 200 214053 "-" "Mozilla/5.0 (Linux; Android 6.0.1; Nexus 5X Build/MMB29P) AppleWebKit/537.36 (KHTML, like Gecko) Chrome/153.0.8010.52 Mobile Safari/537.36 (compatible; Googlebot/2.1; +http://www.google.com/bot.html)"
66.249.73.4 - - [27/Sep/2026:19:33:06 +0300] "GET /?h=m0u4l2t9i6l2o1q4u6e9n8c0e HTTP/1.1" 200 217963 "-" "Mozilla/5.0 (Linux; Android 6.0.1; Nexus 5X Build/MMB29P) AppleWebKit/537.36 (KHTML, like Gecko) Chrome/153.0.8010.52 Mobile Safari/537.36 (compatible; Googlebot/2.1; +http://www.google.com/bot.html)"
66.249.73.3 - - [27/Sep/2026:19:33:11 +0300] "GET /?grunbled/083535634272 HTTP/1.1" 200 222659 "-" "Mozilla/5.0 (Linux; Android 6.0.1; Nexus 5X Build/MMB29P) AppleWebKit/537.36 (KHTML, like Gecko) Chrome/153.0.8010.52 Mobile Safari/537.36 (compatible; Googlebot/2.1; +http://www.google.com/bot.html)"
66.249.73.4 - - [27/Sep/2026:19:33:13 +0300] "GET /?h=m0i5r1r3o0r1792326 HTTP/1.1" 200 219316 "-" "Mozilla/5.0 (Linux; Android 6.0.1; Nexus 5X Build/MMB29P) AppleWebKit/537.36 (KHTML, like Gecko) Chrome/153.0.8010.52 Mobile Safari/537.36 (compatible; Googlebot/2.1; +http://www.google.com/bot.html)"
66.249.73.3 - - [27/Sep/2026:19:33:16 +0300] "GET /?h=b1i1c3k1e8r6n99453 HTTP/1.1" 200 217330 "-" "Mozilla/5.0 (Linux; Android 6.0.1; Nexus 5X Build/MMB29P) AppleWebKit/537.36 (KHTML, like Gecko) Chrome/153.0.8010.52 Mobile Safari/537.36 (compatible; Googlebot/2.1; +http://www.google.com/bot.html)"
66.249.73.3 - - [27/Sep/2026:19:33:18 +0300] "GET /?h=a1p3p2o7r5t7i6o7n4144 HTTP/1.1" 500 30178 "-" "Mozilla/5.0 (Linux; Android 6.0.1; Nexus 5X Build/MMB29P) AppleWebKit/537.36 (KHTML, like Gecko) Chrome/153.0.8010.52 Mobile Safari/537.36 (compatible; GoogleOther)"
66.249.73.3 - - [27/Sep/2026:19:33:20 +0300] "GET /?h=p0a8r1a1l8l9e5l4l1e4s4s8 HTTP/1.1" 200 216844 "-" "Mozilla/5.0 (Linux; Android 6.0.1; Nexus 5X Build/MMB29P) AppleWebKit/537.36 (KHTML, like Gecko) Chrome/153.0.8010.52 Mobile Safari/537.36 (compatible; Googlebot/2.1; +http://www.google.com/bot.html)"
66.249.73.4 - - [27/Sep/2026:19:33:22 +0300] "GET /?h=c0e7d9i2l4l3a22071 HTTP/1.1" 200 212460 "-" "Mozilla/5.0 (Linux; Android 6.0.1; Nexus 5X Build/MMB29P) AppleWebKit/537.36 (KHTML, like Gecko) Chrome/153.0.8010.52 Mobile Safari/537.36 (compatible; Googlebot/2.1; +http://www.google.com/bot.html)"
66.249.73.3 - - [27/Sep/2026:19:33:24 +0300] "GET /?h=d0i7s3c8o4i9d4a3l0134 HTTP/1.1" 200 219829 "-" "Mozilla/5.0 (Linux; Android 6.0.1; Nexus 5X Build/MMB29P) AppleWebKit/537.36 (KHTML, like Gecko) Chrome/153.0.8010.52 Mobile Safari/537.36 (compatible; Googlebot/2.1; +http://www.google.com/bot.html)"
66.249.73.4 - - [27/Sep/2026:19:33:27 +0300] "GET /?h=k0o4l2u4s9c9h9a3n4535 HTTP/1.1" 200 210854 "-" "Mozilla/5.0 (Linux; Android 6.0.1; Nexus 5X Build/MMB29P) AppleWebKit/537.36 (KHTML, like Gecko) Chrome/153.0.8010.52 Mobile Safari/537.36 (compatible; Googlebot/2.1; +http://www.google.com/bot.html)"
66.249.73.3 - - [27/Sep/2026:19:33:29 +0300] "GET /?h=p0r7i3m0a7l4i6t6y1336 HTTP/1.1" 200 212662 "-" "Mozilla/5.0 (Linux; Android 6.0.1; Nexus 5X Build/MMB29P) AppleWebKit/537.36 (KHTML, like Gecko) Chrome/153.0.8010.52 Mobile Safari/537.36 (compatible; Googlebot/2.1; +http://www.google.com/bot.html)"
66.249.73.3 - - [27/Sep/2026:19:33:32 +0300] "GET /?h=c1h8i1l7i2a8h9e4d5r1o3n0 HTTP/1.1" 500 30178 "-" "Mozilla/5.0 (Linux; Android 6.0.1; Nexus 5X Build/MMB29P) AppleWebKit/537.36 (KHTML, like Gecko) Chrome/153.0.8010.52 Mobile Safari/537.36 (compatible; GoogleOther)"
66.249.73.5 - - [27/Sep/2026:19:33:35 +0300] "GET /?h=p1e4c2u0l3i0a2r1i0z3e19 HTTP/1.1" 200 222314 "-" "Mozilla/5.0 (Linux; Android 6.0.1; Nexus 5X Build/MMB29P) AppleWebKit/537.36 (KHTML, like Gecko) Chrome/153.0.8010.52 Mobile Safari/537.36 (compatible; Googlebot/2.1; +http://www.google.com/bot.html)"
66.249.73.3 - - [27/Sep/2026:19:33:37 +0300] "GET /?h=a1d6m3i7s7s3i4v6e6452 HTTP/1.1" 200 213564 "-" "Mozilla/5.0 (Linux; Android 6.0.1; Nexus 5X Build/MMB29P) AppleWebKit/537.36 (KHTML, like Gecko) Chrome/153.0.8010.52 Mobile Safari/537.36 (compatible; Googlebot/2.1; +http://www.google.com/bot.html)"
66.249.73.3 - - [27/Sep/2026:19:33:39 +0300] "GET /?h=m0a8c4u1l7a7t6a98238 HTTP/1.1" 200 212983 "-" "Mozilla/5.0 (Linux; Android 6.0.1; Nexus 5X Build/MMB29P) AppleWebKit/537.36 (KHTML, like Gecko) Chrome/153.0.8010.52 Mobile Safari/537.36 (compatible; Googlebot/2.1; +http://www.google.com/bot.html)"
66.249.73.4 - - [27/Sep/2026:19:33:42 +0300] "GET /?h=g0r2i2p3i9n9g5l3y3176 HTTP/1.1" 200 223002 "-" "Mozilla/5.0 (Linux; Android 6.0.1; Nexus 5X Build/MMB29P) AppleWebKit/537.36 (KHTML, like Gecko) Chrome/153.0.8010.52 Mobile Safari/537.36 (compatible; Googlebot/2.1; +http://www.google.com/bot.html)"
66.249.73.3 - - [27/Sep/2026:19:33:44 +0300] "GET /?h=v1o4i1c1e1l4e6s6s2l5y64 HTTP/1.1" 200 215041 "-" "Mozilla/5.0 (Linux; Android 6.0.1; Nexus 5X Build/MMB29P) AppleWebKit/537.36 (KHTML, like Gecko) Chrome/153.0.8010.52 Mobile Safari/537.36 (compatible; Googlebot/2.1; +http://www.google.com/bot.html)"
66.249.73.4 - - [27/Sep/2026:19:33:46 +0300] "GET /?h=s1u0b2s7t0a1n7t49566 HTTP/1.1" 200 223255 "-" "Mozilla/5.0 (Linux; Android 6.0.1; Nexus 5X Build/MMB29P) AppleWebKit/537.36 (KHTML, like Gecko) Chrome/153.0.8010.52 Mobile Safari/537.36 (compatible; Googlebot/2.1; +http://www.google.com/bot.html)"
66.249.73.5 - - [27/Sep/2026:19:33:49 +0300] "GET /?h=s0h8a4m1e8f5u8l6n3e9s2s8 HTTP/1.1" 500 30178 "-" "Mozilla/5.0 (Linux; Android 6.0.1; Nexus 5X Build/MMB29P) AppleWebKit/537.36 (KHTML, like Gecko) Chrome/153.0.8010.52 Mobile Safari/537.36 (compatible; GoogleOther)"
66.249.73.5 - - [27/Sep/2026:19:33:51 +0300] "GET /?h=c1r7y2s0t1a0l6l2o8g3e5n7y HTTP/1.1" 200 224038 "-" "Mozilla/5.0 (Linux; Android 6.0.1; Nexus 5X Build/MMB29P) AppleWebKit/537.36 (KHTML, like Gecko) Chrome/153.0.8010.52 Mobile Safari/537.36 (compatible; Googlebot/2.1; +http://www.google.com/bot.html)"
66.249.73.6 - - [27/Sep/2026:19:33:53 +0300] "GET /?h=s0c4r7a8n0k7y09019 HTTP/1.1" 200 225495 "-" "Mozilla/5.0 (Linux; Android 6.0.1; Nexus 5X Build/MMB29P) AppleWebKit/537.36 (KHTML, like Gecko) Chrome/153.0.8010.52 Mobile Safari/537.36 (compatible; Googlebot/2.1; +http://www.google.com/bot.html)"
66.249.73.3 - - [27/Sep/2026:19:33:55 +0300] "GET /?h=i1m1a2g0i6n6a3b5l1e775 HTTP/1.1" 200 220263 "-" "Mozilla/5.0 (Linux; Android 6.0.1; Nexus 5X Build/MMB29P) AppleWebKit/537.36 (KHTML, like Gecko) Chrome/153.0.8010.52 Mobile Safari/537.36 (compatible; Googlebot/2.1; +http://www.google.com/bot.html)"
66.249.73.4 - - [27/Sep/2026:19:33:58 +0300] "GET /?h=g0o0l9d5b4e8a6t8i8n4g HTTP/1.1" 200 222078 "-" "Mozilla/5.0 (Linux; Android 6.0.1; Nexus 5X Build/MMB29P) AppleWebKit/537.36 (KHTML, like Gecko) Chrome/153.0.8010.52 Mobile Safari/537.36 (compatible; Googlebot/2.1; +http://www.google.com/bot.html)"
66.249.73.6 - - [27/Sep/2026:19:34:00 +0300] "GET /?h=s1u9b5s0a2l9t07837 HTTP/1.1" 200 217035 "-" "Mozilla/5.0 (Linux; Android 6.0.1; Nexus 5X Build/MMB29P) AppleWebKit/537.36 (KHTML, like Gecko) Chrome/153.0.8010.52 Mobile Safari/537.36 (compatible; Googlebot/2.1; +http://www.google.com/bot.html)"
66.249.73.4 - - [27/Sep/2026:19:34:02 +0300] "GET /?h=c0o4m3b9i7n1i1n6g4578 HTTP/1.1" 500 30178 "-" "Mozilla/5.0 (Linux; Android 6.0.1; Nexus 5X Build/MMB29P) AppleWebKit/537.36 (KHTML, like Gecko) Chrome/153.0.8010.52 Mobile Safari/537.36 (compatible; GoogleOther)"
66.249.73.4 - - [27/Sep/2026:19:34:05 +0300] "GET /?h=g0i0l2t4e9d5g9e1d2117 HTTP/1.1" 200 211898 "-" "Mozilla/5.0 (Linux; Android 6.0.1; Nexus 5X Build/MMB29P) AppleWebKit/537.36 (KHTML, like Gecko) Chrome/153.0.8010.52 Mobile Safari/537.36 (compatible; Googlebot/2.1; +http://www.google.com/bot.html)"
66.249.73.4 - - [27/Sep/2026:19:34:07 +0300] "GET /?h=n0u5t1r6i2f0y211818 HTTP/1.1" 200 221938 "-" "Mozilla/5.0 (Linux; Android 6.0.1; Nexus 5X Build/MMB29P) AppleWebKit/537.36 (KHTML, like Gecko) Chrome/153.0.8010.52 Mobile Safari/537.36 (compatible; Googlebot/2.1; +http://www.google.com/bot.html)"
66.249.73.3 - - [27/Sep/2026:19:34:09 +0300] "GET /?h=s0y2n1a7n4g1i9a12731 HTTP/1.1" 200 214454 "-" "Mozilla/5.0 (Linux; Android 6.0.1; Nexus 5X Build/MMB29P) AppleWebKit/537.36 (KHTML, like Gecko) Chrome/153.0.8010.52 Mobile Safari/537.36 (compatible; Googlebot/2.1; +http://www.google.com/bot.html)"
66.249.73.3 - - [27/Sep/2026:19:34:11 +0300] "GET /?h=e1x7o1s5t2o0s0i7s0589 HTTP/1.1" 200 220816 "-" "Mozilla/5.0 (Linux; Android 6.0.1; Nexus 5X Build/MMB29P) AppleWebKit/537.36 (KHTML, like Gecko) Chrome/153.0.8010.52 Mobile Safari/537.36 (compatible; Googlebot/2.1; +http://www.google.com/bot.html)"
66.249.73.3 - - [27/Sep/2026:19:34:14 +0300] "GET /?h=o1m2o3s0t8e7r8n3u5m060 HTTP/1.1" 200 220260 "-" "Mozilla/5.0 (Linux; Android 6.0.1; Nexus 5X Build/MMB29P) AppleWebKit/537.36 (KHTML, like Gecko) Chrome/153.0.8010.52 Mobile Safari/537.36 (compatible; Googlebot/2.1; +http://www.google.com/bot.html)"
66.249.73.3 - - [27/Sep/2026:19:34:16 +0300] "GET /?h=p1a7r3a4d5e2932014 HTTP/1.1" 200 215654 "-" "Mozilla/5.0 (Linux; Android 6.0.1; Nexus 5X Build/MMB29P) AppleWebKit/537.36 (KHTML, like Gecko) Chrome/153.0.8010.52 Mobile Safari/537.36 (compatible; Googlebot/2.1; +http://www.google.com/bot.html)"
66.249.73.3 - - [27/Sep/2026:19:34:18 +0300] "GET /?h=h0o7u1s4e2c9o4a4t7605 HTTP/1.1" 500 30178 "-" "Mozilla/5.0 (Linux; Android 6.0.1; Nexus 5X Build/MMB29P) AppleWebKit/537.36 (KHTML, like Gecko) Chrome/153.0.8010.52 Mobile Safari/537.36 (compatible; GoogleOther)"
66.249.73.4 - - [27/Sep/2026:19:34:20 +0300] "GET /?h=n1o5n8e3l0e5c9t1161 HTTP/1.1" 200 223620 "-" "Mozilla/5.0 (Linux; Android 6.0.1; Nexus 5X Build/MMB29P) AppleWebKit/537.36 (KHTML, like Gecko) Chrome/153.0.8010.52 Mobile Safari/537.36 (compatible; Googlebot/2.1; +http://www.google.com/bot.html)"
