52.167.144.156 - - [27/Sep/2026:19:01:51 +0300] "GET /sitemap-child-1193.xml HTTP/2.0" 200 364556 "-" "Mozilla/5.0 AppleWebKit/537.36 (KHTML, like Gecko; compatible; bingbot/2.0; +http://www.bing.com/bingbot.htm) Chrome/116.0.1938.76 Safari/537.36"
40.77.167.235 - - [27/Sep/2026:19:01:53 +0300] "GET /sitemap-child-1285.xml HTTP/2.0" 200 364556 "-" "Mozilla/5.0 AppleWebKit/537.36 (KHTML, like Gecko; compatible; bingbot/2.0; +http://www.bing.com/bingbot.htm) Chrome/116.0.1938.76 Safari/537.36"
52.167.144.156 - - [27/Sep/2026:19:01:53 +0300] "GET /sitemap-child-1170.xml HTTP/2.0" 200 364556 "-" "Mozilla/5.0 AppleWebKit/537.36 (KHTML, like Gecko; compatible; bingbot/2.0; +http://www.bing.com/bingbot.htm) Chrome/116.0.1938.76 Safari/537.36"
40.77.167.235 - - [27/Sep/2026:19:01:55 +0300] "GET /sitemap-child-1569.xml HTTP/2.0" 200 364556 "-" "Mozilla/5.0 AppleWebKit/537.36 (KHTML, like Gecko; compatible; bingbot/2.0; +http://www.bing.com/bingbot.htm) Chrome/116.0.1938.76 Safari/537.36"
40.77.167.235 - - [27/Sep/2026:19:01:56 +0300] "GET /sitemap-child-1401.xml HTTP/2.0" 200 364556 "-" "Mozilla/5.0 AppleWebKit/537.36 (KHTML, like Gecko; compatible; bingbot/2.0; +http://www.bing.com/bingbot.htm) Chrome/116.0.1938.76 Safari/537.36"
40.77.167.1 - - [27/Sep/2026:19:01:57 +0300] "GET /sitemap-child-1521.xml HTTP/2.0" 200 364556 "-" "Mozilla/5.0 AppleWebKit/537.36 (KHTML, like Gecko; compatible; bingbot/2.0; +http://www.bing.com/bingbot.htm) Chrome/116.0.1938.76 Safari/537.36"
40.77.167.235 - - [27/Sep/2026:19:01:58 +0300] "GET /sitemap-child-1620.xml HTTP/2.0" 200 364556 "-" "Mozilla/5.0 AppleWebKit/537.36 (KHTML, like Gecko; compatible; bingbot/2.0; +http://www.bing.com/bingbot.htm) Chrome/116.0.1938.76 Safari/537.36"
40.77.167.235 - - [27/Sep/2026:19:02:01 +0300] "GET /sitemap-child-1067.xml HTTP/2.0" 200 364556 "-" "Mozilla/5.0 AppleWebKit/537.36 (KHTML, like Gecko; compatible; bingbot/2.0; +http://www.bing.com/bingbot.htm) Chrome/116.0.1938.76 Safari/537.36"
40.77.167.235 - - [27/Sep/2026:19:02:01 +0300] "GET /sitemap-child-1010.xml HTTP/2.0" 200 364556 "-" "Mozilla/5.0 AppleWebKit/537.36 (KHTML, like Gecko; compatible; bingbot/2.0; +http://www.bing.com/bingbot.htm) Chrome/116.0.1938.76 Safari/537.36"
40.77.167.235 - - [27/Sep/2026:19:02:03 +0300] "GET /sitemap-child-1450.xml HTTP/2.0" 200 364556 "-" "Mozilla/5.0 AppleWebKit/537.36 (KHTML, like Gecko; compatible; bingbot/2.0; +http://www.bing.com/bingbot.htm) Chrome/116.0.1938.76 Safari/537.36"
40.77.167.235 - - [27/Sep/2026:19:02:03 +0300] "GET /sitemap-child-1101.xml HTTP/2.0" 200 364556 "-" "Mozilla/5.0 AppleWebKit/537.36 (KHTML, like Gecko; compatible; bingbot/2.0; +http://www.bing.com/bingbot.htm) Chrome/116.0.1938.76 Safari/537.36"
52.167.144.156 - - [27/Sep/2026:19:02:07 +0300] "GET /sitemap-child-1567.xml HTTP/2.0" 200 364556 "-" "Mozilla/5.0 AppleWebKit/537.36 (KHTML, like Gecko; compatible; bingbot/2.0; +http://www.bing.com/bingbot.htm) Chrome/116.0.1938.76 Safari/537.36"
52.167.144.156 - - [27/Sep/2026:19:02:08 +0300] "GET /sitemap-child-1078.xml HTTP/2.0" 200 364556 "-" "Mozilla/5.0 AppleWebKit/537.36 (KHTML, like Gecko; compatible; bingbot/2.0; +http://www.bing.com/bingbot.htm) Chrome/116.0.1938.76 Safari/537.36"
40.77.167.235 - - [27/Sep/2026:19:02:05 +0300] "GET /sitemap-child-1049.xml HTTP/2.0" 200 364556 "-" "Mozilla/5.0 AppleWebKit/537.36 (KHTML, like Gecko; compatible; bingbot/2.0; +http://www.bing.com/bingbot.htm) Chrome/116.0.1938.76 Safari/537.36"
52.167.144.156 - - [27/Sep/2026:19:02:10 +0300] "GET /sitemap-child-1542.xml HTTP/2.0" 200 364556 "-" "Mozilla/5.0 AppleWebKit/537.36 (KHTML, like Gecko; compatible; bingbot/2.0; +http://www.bing.com/bingbot.htm) Chrome/116.0.1938.76 Safari/537.36"
52.167.144.156 - - [27/Sep/2026:19:02:13 +0300] "GET /sitemap-child-1332.xml HTTP/2.0" 200 364556 "-" "Mozilla/5.0 AppleWebKit/537.36 (KHTML, like Gecko; compatible; bingbot/2.0; +http://www.bing.com/bingbot.htm) Chrome/116.0.1938.76 Safari/537.36"
195.2.80.36 - - [27/Sep/2026:19:05:04 +0300] "GET /hipoteka/ HTTP/1.1" 500 130656 "https://www.iniciativa.lv/" "Mozilla/5.0 (Windows NT 10.0; Win64; x64) AppleWebKit/537.36 (KHTML, like Gecko) Chrome/132.0.0.0 Safari/537.36"
195.2.80.36 - - [27/Sep/2026:19:05:06 +0300] "GET /?p=733 HTTP/1.1" 301 - "https://www.iniciativa.lv/hipoteka/" "Mozilla/5.0 (Windows NT 10.0; Win64; x64) AppleWebKit/537.36 (KHTML, like Gecko) Chrome/132.0.0.0 Safari/537.36"
195.2.80.36 - - [27/Sep/2026:19:05:07 +0300] "GET /hipoteka/ HTTP/1.1" 500 130656 "https://www.iniciativa.lv/?p=733" "Mozilla/5.0 (Windows NT 10.0; Win64; x64) AppleWebKit/537.36 (KHTML, like Gecko) Chrome/132.0.0.0 Safari/537.36"
62.133.47.155 - - [27/Sep/2026:19:06:22 +0300] "GET / HTTP/1.1" 500 30254 "-" "Mozilla/5.0 (Macintosh; Intel Mac OS X 10_15_7) AppleWebKit/537.36 (KHTML, like Gecko) Chrome/140.0.0.0 Safari/537.36"
62.133.47.155 - - [27/Sep/2026:19:06:24 +0300] "GET //wp-json/wp/v2/users/ HTTP/1.1" 200 11187 "-" "Mozilla/5.0 (Macintosh; Intel Mac OS X 10_15_7) AppleWebKit/537.36 (KHTML, like Gecko) Chrome/140.0.0.0 Safari/537.36"
62.133.47.155 - - [27/Sep/2026:19:06:25 +0300] "POST //xmlrpc.php HTTP/1.1" 200 - "-" "Mozilla/5.0 (Windows NT 10.0; Win64; x64) AppleWebKit/537.36 (KHTML, like Gecko) Chrome/140.0.0.0 Safari/537.36 Edg/140.0.3124.85"
62.133.47.155 - - [27/Sep/2026:19:06:25 +0300] "POST //xmlrpc.php HTTP/1.1" 200 - "-" "Mozilla/5.0 (Macintosh; Intel Mac OS X 10_15_7) AppleWebKit/537.36 (KHTML, like Gecko) Chrome/140.0.0.0 Safari/537.36"
5.15.213.188 - - [27/Sep/2026:19:06:30 +0300] "GET /wp-login.php HTTP/2.0" 200 8458 "-" "Mozilla/5.0 (Macintosh; Intel Mac OS X 10_15_7) AppleWebKit/537.36 (KHTML, like Gecko) Chrome/150.0.0.0 Safari/537.36"
86.127.211.77 - - [27/Sep/2026:19:06:34 +0300] "POST /wp-login.php HTTP/2.0" 200 8883 "https://mail.iniciativa.lv/wp-login.php" "Mozilla/5.0 (Macintosh; Intel Mac OS X 10_15_7) AppleWebKit/537.36 (KHTML, like Gecko) Chrome/150.0.0.0 Safari/537.36"
43.130.67.6 - - [27/Sep/2026:19:10:09 +0300] "GET / HTTP/1.1" 200 79947 "http://www.iniciativa.lv" "Mozilla/5.0 (iPhone; CPU iPhone OS 13_2_3 like Mac OS X) AppleWebKit/605.1.15 (KHTML, like Gecko) Version/13.0.3 Mobile/15E148 Safari/604.1"
66.249.73.3 - - [27/Sep/2026:19:11:07 +0300] "GET /?h=w0r1e3a1t4h9s93108 HTTP/1.1" 500 30178 "-" "Mozilla/5.0 (Linux; Android 6.0.1; Nexus 5X Build/MMB29P) AppleWebKit/537.36 (KHTML, like Gecko) Chrome/153.0.8010.52 Mobile Safari/537.36 (compatible; GoogleOther)"
40.77.167.235 - - [27/Sep/2026:19:11:29 +0300] "GET /sitemap-child-2414.xml HTTP/2.0" 200 364556 "-" "Mozilla/5.0 AppleWebKit/537.36 (KHTML, like Gecko; compatible; bingbot/2.0; +http://www.bing.com/bingbot.htm) Chrome/116.0.1938.76 Safari/537.36"
66.249.73.3 - - [27/Sep/2026:19:12:08 +0300] "GET /?h=b1a5t2h6o3l2i4t3e5736 HTTP/1.1" 500 30178 "-" "Mozilla/5.0 (Linux; Android 6.0.1; Nexus 5X Build/MMB29P) AppleWebKit/537.36 (KHTML, like Gecko) Chrome/153.0.8010.52 Mobile Safari/537.36 (compatible; GoogleOther)"
66.249.73.5 - - [27/Sep/2026:19:12:12 +0300] "GET /go/credit24-2 HTTP/1.1" 200 218152 "-" "Mozilla/5.0 (Linux; Android 6.0.1; Nexus 5X Build/MMB29P) AppleWebKit/537.36 (KHTML, like Gecko) Chrome/153.0.8010.52 Mobile Safari/537.36 (compatible; Googlebot/2.1; +http://www.google.com/bot.html)"
66.249.73.3 - - [27/Sep/2026:19:12:19 +0300] "GET /?h=b1e0r1e9a2v6e5m0e2n7t09 HTTP/1.1" 200 222421 "-" "Mozilla/5.0 (Linux; Android 6.0.1; Nexus 5X Build/MMB29P) AppleWebKit/537.36 (KHTML, like Gecko) Chrome/153.0.8010.52 Mobile Safari/537.36 (compatible; Googlebot/2.1; +http://www.google.com/bot.html)"
66.249.73.4 - - [27/Sep/2026:19:12:21 +0300] "GET /?h=b1e0s1m5o2k7e427403 HTTP/1.1" 200 231352 "-" "Mozilla/5.0 (Linux; Android 6.0.1; Nexus 5X Build/MMB29P) AppleWebKit/537.36 (KHTML, like Gecko) Chrome/153.0.8010.52 Mobile Safari/537.36 (compatible; Googlebot/2.1; +http://www.google.com/bot.html)"
66.249.73.3 - - [27/Sep/2026:19:12:24 +0300] "GET /?h=t0r8a7n9s9c4o0l7a8t6i5ng HTTP/1.1" 500 30178 "-" "Mozilla/5.0 (Linux; Android 6.0.1; Nexus 5X Build/MMB29P) AppleWebKit/537.36 (KHTML, like Gecko) Chrome/153.0.8010.52 Mobile Safari/537.36 (compatible; GoogleOther)"
66.249.73.3 - - [27/Sep/2026:19:12:27 +0300] "GET /?h=p1a0n6t9o9p1h1a3g2y71 HTTP/1.1" 200 236741 "-" "Mozilla/5.0 (Linux; Android 6.0.1; Nexus 5X Build/MMB29P) AppleWebKit/537.36 (KHTML, like Gecko) Chrome/153.0.8010.52 Mobile Safari/537.36 (compatible; Googlebot/2.1; +http://www.google.com/bot.html)"
66.249.73.3 - - [27/Sep/2026:19:12:29 +0300] "GET /?h=i1m0p2r1o1v9a2b5i8l8i7t4y HTTP/1.1" 200 217777 "-" "Mozilla/5.0 (Linux; Android 6.0.1; Nexus 5X Build/MMB29P) AppleWebKit/537.36 (KHTML, like Gecko) Chrome/153.0.8010.52 Mobile Safari/537.36 (compatible; Googlebot/2.1; +http://www.google.com/bot.html)"
66.249.73.3 - - [27/Sep/2026:19:12:32 +0300] "GET /?h=p1o0s8t8e5x9i0l5i0a4n2 HTTP/1.1" 200 227773 "-" "Mozilla/5.0 (Linux; Android 6.0.1; Nexus 5X Build/MMB29P) AppleWebKit/537.36 (KHTML, like Gecko) Chrome/153.0.8010.52 Mobile Safari/537.36 (compatible; Googlebot/2.1; +http://www.google.com/bot.html)"
66.249.73.3 - - [27/Sep/2026:19:12:34 +0300] "GET /?h=r1e0v3i4l0e3r768991 HTTP/1.1" 200 223198 "-" "Mozilla/5.0 (Linux; Android 6.0.1; Nexus 5X Build/MMB29P) AppleWebKit/537.36 (KHTML, like Gecko) Chrome/153.0.8010.52 Mobile Safari/537.36 (compatible; Googlebot/2.1; +http://www.google.com/bot.html)"
66.249.73.3 - - [27/Sep/2026:19:12:36 +0300] "GET /?h=m1a1r9r1i1a3g7e1a5b1i2lity HTTP/1.1" 500 30178 "-" "Mozilla/5.0 (Linux; Android 6.0.1; Nexus 5X Build/MMB29P) AppleWebKit/537.36 (KHTML, like Gecko) Chrome/153.0.8010.52 Mobile Safari/537.36 (compatible; GoogleOther)"
66.249.73.3 - - [27/Sep/2026:19:12:38 +0300] "GET /?underdig/10760862675 HTTP/1.1" 200 226263 "-" "Mozilla/5.0 (Linux; Android 6.0.1; Nexus 5X Build/MMB29P) AppleWebKit/537.36 (KHTML, like Gecko) Chrome/153.0.8010.52 Mobile Safari/537.36 (compatible; Googlebot/2.1; +http://www.google.com/bot.html)"
195.2.78.191 - - [27/Sep/2026:19:12:39 +0300] "GET / HTTP/1.0" 200 79947 "https://www.iniciativa.lv/" "Mozilla/5.0 (Windows NT 10.0; Win64; x64) AppleWebKit/537.36 (KHTML, like Gecko) Chrome/131.0.0.0 Safari/537.36"
195.2.78.191 - - [27/Sep/2026:19:12:40 +0300] "GET /blogs/ HTTP/1.0" 200 39084 "https://www.iniciativa.lv/blogs/" "Mozilla/5.0 (Windows NT 10.0; Win64; x64) AppleWebKit/537.36 (KHTML, like Gecko) Chrome/131.0.0.0 Safari/537.36"
66.249.73.4 - - [27/Sep/2026:19:12:41 +0300] "GET /?festering/101138626375 HTTP/1.1" 200 222975 "-" "Mozilla/5.0 (Linux; Android 6.0.1; Nexus 5X Build/MMB29P) AppleWebKit/537.36 (KHTML, like Gecko) Chrome/153.0.8010.52 Mobile Safari/537.36 (compatible; Googlebot/2.1; +http://www.google.com/bot.html)"
66.249.73.3 - - [27/Sep/2026:19:12:43 +0300] "GET /?h=b1l0u2s0t4e4r6e1d307 HTTP/1.1" 200 219142 "-" "Mozilla/5.0 (Linux; Android 6.0.1; Nexus 5X Build/MMB29P) AppleWebKit/537.36 (KHTML, like Gecko) Chrome/153.0.8010.52 Mobile Safari/537.36 (compatible; Googlebot/2.1; +http://www.google.com/bot.html)"
66.249.73.4 - - [27/Sep/2026:19:12:45 +0300] "GET /?h=f1o0x1i2n2e6s0s3406 HTTP/1.1" 200 218560 "-" "Mozilla/5.0 (Linux; Android 6.0.1; Nexus 5X Build/MMB29P) AppleWebKit/537.36 (KHTML, like Gecko) Chrome/153.0.8010.52 Mobile Safari/537.36 (compatible; Googlebot/2.1; +http://www.google.com/bot.html)"
66.249.73.4 - - [27/Sep/2026:19:12:47 +0300] "GET /?h=p1e0a1r7l9a6s7h08063 HTTP/1.1" 200 231188 "-" "Mozilla/5.0 (Linux; Android 6.0.1; Nexus 5X Build/MMB29P) AppleWebKit/537.36 (KHTML, like Gecko) Chrome/153.0.8010.52 Mobile Safari/537.36 (compatible; Googlebot/2.1; +http://www.google.com/bot.html)"
66.249.73.5 - - [27/Sep/2026:19:12:49 +0300] "GET /?h=a0m5m3o3c0r6y9p8t1a808 HTTP/1.1" 500 30178 "-" "Mozilla/5.0 (Linux; Android 6.0.1; Nexus 5X Build/MMB29P) AppleWebKit/537.36 (KHTML, like Gecko) Chrome/153.0.8010.52 Mobile Safari/537.36 (compatible; GoogleOther)"
66.249.73.3 - - [27/Sep/2026:19:12:51 +0300] "GET /?h=m1a0d2e6c5a7s6s9268 HTTP/1.1" 200 219452 "-" "Mozilla/5.0 (Linux; Android 6.0.1; Nexus 5X Build/MMB29P) AppleWebKit/537.36 (KHTML, like Gecko) Chrome/153.0.8010.52 Mobile Safari/537.36 (compatible; Googlebot/2.1; +http://www.google.com/bot.html)"
66.249.73.3 - - [27/Sep/2026:19:12:53 +0300] "GET /?h=b1o0s1e6l0a3p1h0u6s678 HTTP/1.1" 200 216182 "-" "Mozilla/5.0 (Linux; Android 6.0.1; Nexus 5X Build/MMB29P) AppleWebKit/537.36 (KHTML, like Gecko) Chrome/153.0.8010.52 Mobile Safari/537.36 (compatible; Googlebot/2.1; +http://www.google.com/bot.html)"
66.249.73.4 - - [27/Sep/2026:19:12:55 +0300] "GET /?h=c1r0i9n8o4i8d40093 HTTP/1.1" 200 234533 "-" "Mozilla/5.0 (Linux; Android 6.0.1; Nexus 5X Build/MMB29P) AppleWebKit/537.36 (KHTML, like Gecko) Chrome/153.0.8010.52 Mobile Safari/537.36 (compatible; Googlebot/2.1; +http://www.google.com/bot.html)"
66.249.73.3 - - [27/Sep/2026:19:12:57 +0300] "GET /?h=w1h0i1r7l3b3o4n2e072 HTTP/1.1" 200 225977 "-" "Mozilla/5.0 (Linux; Android 6.0.1; Nexus 5X Build/MMB29P) AppleWebKit/537.36 (KHTML, like Gecko) Chrome/153.0.8010.52 Mobile Safari/537.36 (compatible; Googlebot/2.1; +http://www.google.com/bot.html)"
66.249.73.6 - - [27/Sep/2026:19:13:00 +0300] "GET /?h=s1o0j3o1u8r9n6e0r0153 HTTP/1.1" 200 226572 "-" "Mozilla/5.0 (Linux; Android 6.0.1; Nexus 5X Build/MMB29P) AppleWebKit/537.36 (KHTML, like Gecko) Chrome/153.0.8010.52 Mobile Safari/537.36 (compatible; Googlebot/2.1; +http://www.google.com/bot.html)"
66.249.73.6 - - [27/Sep/2026:19:13:02 +0300] "GET /?h=c0a2t1a1t4o2n5i2a2584 HTTP/1.1" 500 30178 "-" "Mozilla/5.0 (Linux; Android 6.0.1; Nexus 5X Build/MMB29P) AppleWebKit/537.36 (KHTML, like Gecko) Chrome/153.0.8010.52 Mobile Safari/537.36 (compatible; GoogleOther)"
66.249.73.3 - - [27/Sep/2026:19:13:04 +0300] "GET /?h=s1t0o3c5k9m4e1n97027 HTTP/1.1" 200 215965 "-" "Mozilla/5.0 (Linux; Android 6.0.1; Nexus 5X Build/MMB29P) AppleWebKit/537.36 (KHTML, like Gecko) Chrome/153.0.8010.52 Mobile Safari/537.36 (compatible; Googlebot/2.1; +http://www.google.com/bot.html)"
66.249.73.3 - - [27/Sep/2026:19:13:05 +0300] "GET /?h=e1l0e1c0t1r2o3m2o2t9o9r9 HTTP/1.1" 200 227916 "-" "Mozilla/5.0 (Linux; Android 6.0.1; Nexus 5X Build/MMB29P) AppleWebKit/537.36 (KHTML, like Gecko) Chrome/153.0.8010.52 Mobile Safari/537.36 (compatible; Googlebot/2.1; +http://www.google.com/bot.html)"
66.249.73.4 - - [27/Sep/2026:19:13:08 +0300] "GET /?h=m1a0c2r2o5p2u1s40212 HTTP/1.1" 200 225591 "-" "Mozilla/5.0 (Linux; Android 6.0.1; Nexus 5X Build/MMB29P) AppleWebKit/537.36 (KHTML, like Gecko) Chrome/153.0.8010.52 Mobile Safari/537.36 (compatible; Googlebot/2.1; +http://www.google.com/bot.html)"
66.249.73.4 - - [27/Sep/2026:19:13:10 +0300] "GET /?h=a1r0r4e2s0t5e7e62358 HTTP/1.1" 200 220322 "-" "Mozilla/5.0 (Linux; Android 6.0.1; Nexus 5X Build/MMB29P) AppleWebKit/537.36 (KHTML, like Gecko) Chrome/153.0.8010.52 Mobile Safari/537.36 (compatible; Googlebot/2.1; +http://www.google.com/bot.html)"
66.249.73.3 - - [27/Sep/2026:19:13:12 +0300] "GET /?h=u1r0a2n7i5a2905531 HTTP/1.1" 200 237091 "-" "Mozilla/5.0 (Linux; Android 6.0.1; Nexus 5X Build/MMB29P) AppleWebKit/537.36 (KHTML, like Gecko) Chrome/153.0.8010.52 Mobile Safari/537.36 (compatible; Googlebot/2.1; +http://www.google.com/bot.html)"
66.249.73.3 - - [27/Sep/2026:19:13:14 +0300] "GET /?h=h1e9t3e5r7o9m9o8r6p3h1o3us HTTP/1.1" 500 30178 "-" "Mozilla/5.0 (Linux; Android 6.0.1; Nexus 5X Build/MMB29P) AppleWebKit/537.36 (KHTML, like Gecko) Chrome/153.0.8010.52 Mobile Safari/537.36 (compatible; GoogleOther)"
66.249.73.3 - - [27/Sep/2026:19:13:16 +0300] "GET /?impire/103845959110 HTTP/1.1" 200 228658 "-" "Mozilla/5.0 (Linux; Android 6.0.1; Nexus 5X Build/MMB29P) AppleWebKit/537.36 (KHTML, like Gecko) Chrome/153.0.8010.52 Mobile Safari/537.36 (compatible; Googlebot/2.1; +http://www.google.com/bot.html)"
66.249.73.4 - - [27/Sep/2026:19:13:21 +0300] "GET /?h=h1o0m3e7o4t7h5e0r0m6i4sm HTTP/1.1" 200 228899 "-" "Mozilla/5.0 (Linux; Android 6.0.1; Nexus 5X Build/MMB29P) AppleWebKit/537.36 (KHTML, like Gecko) Chrome/153.0.8010.52 Mobile Safari/537.36 (compatible; Googlebot/2.1; +http://www.google.com/bot.html)"
66.249.73.3 - - [27/Sep/2026:19:13:24 +0300] "GET /?h=d1a0y1f4l7o9w6e8r7071 HTTP/1.1" 200 229522 "-" "Mozilla/5.0 (Linux; Android 6.0.1; Nexus 5X Build/MMB29P) AppleWebKit/537.36 (KHTML, like Gecko) Chrome/153.0.8010.52 Mobile Safari/537.36 (compatible; Googlebot/2.1; +http://www.google.com/bot.html)"
66.249.73.3 - - [27/Sep/2026:19:13:28 +0300] "GET /?h=v1e0l2o4x31902884 HTTP/1.1" 200 214466 "-" "Mozilla/5.0 (Linux; Android 6.0.1; Nexus 5X Build/MMB29P) AppleWebKit/537.36 (KHTML, like Gecko) Chrome/153.0.8010.52 Mobile Safari/537.36 (compatible; Googlebot/2.1; +http://www.google.com/bot.html)"
66.249.73.4 - - [27/Sep/2026:19:13:31 +0300] "GET /?h=a0t9r1i1c0a0p9i3l2l3u8s4 HTTP/1.1" 500 30178 "-" "Mozilla/5.0 (Linux; Android 6.0.1; Nexus 5X Build/MMB29P) AppleWebKit/537.36 (KHTML, like Gecko) Chrome/153.0.8010.52 Mobile Safari/537.36 (compatible; GoogleOther)"
66.249.73.3 - - [27/Sep/2026:19:13:33 +0300] "GET /?risker/102927356350 HTTP/1.1" 200 230764 "-" "Mozilla/5.0 (Linux; Android 6.0.1; Nexus 5X Build/MMB29P) AppleWebKit/537.36 (KHTML, like Gecko) Chrome/153.0.8010.52 Mobile Safari/537.36 (compatible; Googlebot/2.1; +http://www.google.com/bot.html)"
66.249.73.4 - - [27/Sep/2026:19:13:35 +0300] "GET /?h=s1a0r1g8a4s7s6o73956 HTTP/1.1" 200 225095 "-" "Mozilla/5.0 (Linux; Android 6.0.1; Nexus 5X Build/MMB29P) AppleWebKit/537.36 (KHTML, like Gecko) Chrome/153.0.8010.52 Mobile Safari/537.36 (compatible; Googlebot/2.1; +http://www.google.com/bot.html)"
66.249.73.3 - - [27/Sep/2026:19:13:37 +0300] "GET /?h=p1s0a9l3m2o8g8r9a3p1h2 HTTP/1.1" 200 219331 "-" "Mozilla/5.0 (Linux; Android 6.0.1; Nexus 5X Build/MMB29P) AppleWebKit/537.36 (KHTML, like Gecko) Chrome/153.0.8010.52 Mobile Safari/537.36 (compatible; Googlebot/2.1; +http://www.google.com/bot.html)"
66.249.73.5 - - [27/Sep/2026:19:13:39 +0300] "GET /?h=s1e0l3f1b9o0r9n75791 HTTP/1.1" 200 230122 "-" "Mozilla/5.0 (Linux; Android 6.0.1; Nexus 5X Build/MMB29P) AppleWebKit/537.36 (KHTML, like Gecko) Chrome/153.0.8010.52 Mobile Safari/537.36 (compatible; Googlebot/2.1; +http://www.google.com/bot.html)"
66.249.73.3 - - [27/Sep/2026:19:13:41 +0300] "GET /?h=t1u0n3k6e5r9s095893 HTTP/1.1" 200 217902 "-" "Mozilla/5.0 (Linux; Android 6.0.1; Nexus 5X Build/MMB29P) AppleWebKit/537.36 (KHTML, like Gecko) Chrome/153.0.8010.52 Mobile Safari/537.36 (compatible; Googlebot/2.1; +http://www.google.com/bot.html)"
66.249.73.4 - - [27/Sep/2026:19:13:43 +0300] "GET /?h=f1l0e7c3t4i3o3n2a2l44 HTTP/1.1" 200 224391 "-" "Mozilla/5.0 (Linux; Android 6.0.1; Nexus 5X Build/MMB29P) AppleWebKit/537.36 (KHTML, like Gecko) Chrome/153.0.8010.52 Mobile Safari/537.36 (compatible; Googlebot/2.1; +http://www.google.com/bot.html)"
66.249.73.5 - - [27/Sep/2026:19:13:45 +0300] "GET /?h=e0l3a5t1i5o837264 HTTP/1.1" 500 30178 "-" "Mozilla/5.0 (Linux; Android 6.0.1; Nexus 5X Build/MMB29P) AppleWebKit/537.36 (KHTML, like Gecko) Chrome/153.0.8010.52 Mobile Safari/537.36 (compatible; GoogleOther)"
52.167.144.211 - - [27/Sep/2026:19:13:44 +0300] "GET /shops/bilious/p0l8a1t2i8n0o7u2s2592 HTTP/2.0" 200 219386 "-" "Mozilla/5.0 AppleWebKit/537.36 (KHTML, like Gecko; compatible; bingbot/2.0; +http://www.bing.com/bingbot.htm) Chrome/116.0.1938.76 Safari/537.36"
66.249.73.6 - - [27/Sep/2026:19:13:47 +0300] "GET /?h=e1x0c3e8s8s5i7v6e6871 HTTP/1.1" 200 235561 "-" "Mozilla/5.0 (Linux; Android 6.0.1; Nexus 5X Build/MMB29P) AppleWebKit/537.36 (KHTML, like Gecko) Chrome/153.0.8010.52 Mobile Safari/537.36 (compatible; Googlebot/2.1; +http://www.google.com/bot.html)"
66.249.73.3 - - [27/Sep/2026:19:13:49 +0300] "GET /?h=u1n0s1o8u2n8d023711 HTTP/1.1" 200 218501 "-" "Mozilla/5.0 (Linux; Android 6.0.1; Nexus 5X Build/MMB29P) AppleWebKit/537.36 (KHTML, like Gecko) Chrome/153.0.8010.52 Mobile Safari/537.36 (compatible; Googlebot/2.1; +http://www.google.com/bot.html)"
66.249.73.6 - - [27/Sep/2026:19:13:51 +0300] "GET /?h=r1o0u1g0h4i6s4h25958 HTTP/1.1" 200 219222 "-" "Mozilla/5.0 (Linux; Android 6.0.1; Nexus 5X Build/MMB29P) AppleWebKit/537.36 (KHTML, like Gecko) Chrome/153.0.8010.52 Mobile Safari/537.36 (compatible; Googlebot/2.1; +http://www.google.com/bot.html)"
66.249.73.4 - - [27/Sep/2026:19:13:53 +0300] "GET /?h=c1o0n2c8e8n7t8r1i1c7a9l2ly HTTP/1.1" 200 217369 "-" "Mozilla/5.0 (Linux; Android 6.0.1; Nexus 5X Build/MMB29P) AppleWebKit/537.36 (KHTML, like Gecko) Chrome/153.0.8010.52 Mobile Safari/537.36 (compatible; Googlebot/2.1; +http://www.google.com/bot.html)"
66.249.73.3 - - [27/Sep/2026:19:13:55 +0300] "GET /?h=d1i0r1e6r32843332 HTTP/1.1" 200 215251 "-" "Mozilla/5.0 (Linux; Android 6.0.1; Nexus 5X Build/MMB29P) AppleWebKit/537.36 (KHTML, like Gecko) Chrome/153.0.8010.52 Mobile Safari/537.36 (compatible; Googlebot/2.1; +http://www.google.com/bot.html)"
66.249.73.4 - - [27/Sep/2026:19:13:57 +0300] "GET /?h=s1p0e9e9c0h9i0n4g167 HTTP/1.1" 200 225662 "-" "Mozilla/5.0 (Linux; Android 6.0.1; Nexus 5X Build/MMB29P) AppleWebKit/537.36 (KHTML, like Gecko) Chrome/153.0.8010.52 Mobile Safari/537.36 (compatible; Googlebot/2.1; +http://www.google.com/bot.html)"
66.249.73.4 - - [27/Sep/2026:19:13:59 +0300] "GET /sitemap-child-2001.xml HTTP/1.1" 200 364556 "-" "Mozilla/5.0 (compatible; Googlebot/2.1; +http://www.google.com/bot.html)"
66.249.73.5 - - [27/Sep/2026:19:14:02 +0300] "GET /?h=m0a9r2c1a3s6i3t5i0c203 HTTP/1.1" 500 30178 "-" "Mozilla/5.0 (Linux; Android 6.0.1; Nexus 5X Build/MMB29P) AppleWebKit/537.36 (KHTML, like Gecko) Chrome/153.0.8010.52 Mobile Safari/537.36 (compatible; GoogleOther)"
66.249.73.4 - - [27/Sep/2026:19:14:03 +0300] "GET /?h=c1a0r1r6o0l0942088 HTTP/1.1" 200 223320 "-" "Mozilla/5.0 (Linux; Android 6.0.1; Nexus 5X Build/MMB29P) AppleWebKit/537.36 (KHTML, like Gecko) Chrome/153.0.8010.52 Mobile Safari/537.36 (compatible; Googlebot/2.1; +http://www.google.com/bot.html)"
66.249.73.4 - - [27/Sep/2026:19:14:05 +0300] "GET /?h=i1n0n1o9x0i0o8u5s5n1e4s8s HTTP/1.1" 200 215623 "-" "Mozilla/5.0 (Linux; Android 6.0.1; Nexus 5X Build/MMB29P) AppleWebKit/537.36 (KHTML, like Gecko) Chrome/153.0.8010.52 Mobile Safari/537.36 (compatible; Googlebot/2.1; +http://www.google.com/bot.html)"
66.249.73.3 - - [27/Sep/2026:19:14:08 +0300] "GET /?h=u1n0d9e0r8c0h1a2r3g9e1d HTTP/1.1" 200 214814 "-" "Mozilla/5.0 (Linux; Android 6.0.1; Nexus 5X Build/MMB29P) AppleWebKit/537.36 (KHTML, like Gecko) Chrome/153.0.8010.52 Mobile Safari/537.36 (compatible; Googlebot/2.1; +http://www.google.com/bot.html)"
66.249.73.4 - - [27/Sep/2026:19:14:09 +0300] "GET /?h=d1r0a8c1o3n7t6i5u9m63 HTTP/1.1" 200 215326 "-" "Mozilla/5.0 (Linux; Android 6.0.1; Nexus 5X Build/MMB29P) AppleWebKit/537.36 (KHTML, like Gecko) Chrome/153.0.8010.52 Mobile Safari/537.36 (compatible; Googlebot/2.1; +http://www.google.com/bot.html)"
66.249.73.3 - - [27/Sep/2026:19:14:12 +0300] "GET /?h=i1n0c7o3g8n3i1t3o8s99 HTTP/1.1" 200 229454 "-" "Mozilla/5.0 (Linux; Android 6.0.1; Nexus 5X Build/MMB29P) AppleWebKit/537.36 (KHTML, like Gecko) Chrome/153.0.8010.52 Mobile Safari/537.36 (compatible; Googlebot/2.1; +http://www.google.com/bot.html)"
66.249.73.4 - - [27/Sep/2026:19:14:14 +0300] "GET /?h=p0o1t7a2m0o1g0e0t9o8n HTTP/1.1" 500 30178 "-" "Mozilla/5.0 (Linux; Android 6.0.1; Nexus 5X Build/MMB29P) AppleWebKit/537.36 (KHTML, like Gecko) Chrome/153.0.8010.52 Mobile Safari/537.36 (compatible; GoogleOther)"
43.128.156.124 - - [27/Sep/2026:19:14:15 +0300] "GET /bez-darba-vietas/ HTTP/1.1" 500 31515 "-" "Mozilla/5.0 (iPhone; CPU iPhone OS 13_2_3 like Mac OS X) AppleWebKit/605.1.15 (KHTML, like Gecko) Version/13.0.3 Mobile/15E148 Safari/604.1"
66.249.73.4 - - [27/Sep/2026:19:14:16 +0300] "GET /?h=h1a0r3d5s9p6u3n61633 HTTP/1.1" 200 222901 "-" "Mozilla/5.0 (Linux; Android 6.0.1; Nexus 5X Build/MMB29P) AppleWebKit/537.36 (KHTML, like Gecko) Chrome/153.0.8010.52 Mobile Safari/537.36 (compatible; Googlebot/2.1; +http://www.google.com/bot.html)"
66.249.73.3 - - [27/Sep/2026:19:14:18 +0300] "GET /?h=l1e0a1g2u1e3d610526 HTTP/1.1" 200 224255 "-" "Mozilla/5.0 (Linux; Android 6.0.1; Nexus 5X Build/MMB29P) AppleWebKit/537.36 (KHTML, like Gecko) Chrome/153.0.8010.52 Mobile Safari/537.36 (compatible; Googlebot/2.1; +http://www.google.com/bot.html)"
66.249.73.3 - - [27/Sep/2026:19:14:20 +0300] "GET /?h=s1n0o3r5t4y7983429 HTTP/1.1" 200 221123 "-" "Mozilla/5.0 (Linux; Android 6.0.1; Nexus 5X Build/MMB29P) AppleWebKit/537.36 (KHTML, like Gecko) Chrome/153.0.8010.52 Mobile Safari/537.36 (compatible; Googlebot/2.1; +http://www.google.com/bot.html)"
66.249.73.3 - - [27/Sep/2026:19:14:22 +0300] "GET /?h=t1e0t4r2a8z9o0n4e4884 HTTP/1.1" 200 224077 "-" "Mozilla/5.0 (Linux; Android 6.0.1; Nexus 5X Build/MMB29P) AppleWebKit/537.36 (KHTML, like Gecko) Chrome/153.0.8010.52 Mobile Safari/537.36 (compatible; Googlebot/2.1; +http://www.google.com/bot.html)"
66.249.73.3 - - [27/Sep/2026:19:14:24 +0300] "GET /?h=n1y0c1t3e4a4617271 HTTP/1.1" 200 235833 "-" "Mozilla/5.0 (Linux; Android 6.0.1; Nexus 5X Build/MMB29P) AppleWebKit/537.36 (KHTML, like Gecko) Chrome/153.0.8010.52 Mobile Safari/537.36 (compatible; Googlebot/2.1; +http://www.google.com/bot.html)"
66.249.73.4 - - [27/Sep/2026:19:14:27 +0300] "GET /?h=m1a0n1b5o7t0e902152 HTTP/1.1" 200 224757 "-" "Mozilla/5.0 (Linux; Android 6.0.1; Nexus 5X Build/MMB29P) AppleWebKit/537.36 (KHTML, like Gecko) Chrome/153.0.8010.52 Mobile Safari/537.36 (compatible; Googlebot/2.1; +http://www.google.com/bot.html)"
66.249.73.3 - - [27/Sep/2026:19:14:30 +0300] "GET /?h=p0o7u1t4e1r4039596 HTTP/1.1" 500 30178 "-" "Mozilla/5.0 (Linux; Android 6.0.1; Nexus 5X Build/MMB29P) AppleWebKit/537.36 (KHTML, like Gecko) Chrome/153.0.8010.52 Mobile Safari/537.36 (compatible; GoogleOther)"
66.249.73.5 - - [27/Sep/2026:19:14:32 +0300] "GET /?h=l1a0m5a0n4t6i4n311 HTTP/1.1" 200 216537 "-" "Mozilla/5.0 (Linux; Android 6.0.1; Nexus 5X Build/MMB29P) AppleWebKit/537.36 (KHTML, like Gecko) Chrome/153.0.8010.52 Mobile Safari/537.36 (compatible; Googlebot/2.1; +http://www.google.com/bot.html)"
66.249.73.3 - - [27/Sep/2026:19:14:35 +0300] "GET /?h=r1e0u3n7i6t5e7d2l3y953 HTTP/1.1" 200 224827 "-" "Mozilla/5.0 (Linux; Android 6.0.1; Nexus 5X Build/MMB29P) AppleWebKit/537.36 (KHTML, like Gecko) Chrome/153.0.8010.52 Mobile Safari/537.36 (compatible; Googlebot/2.1; +http://www.google.com/bot.html)"
66.249.73.3 - - [27/Sep/2026:19:14:37 +0300] "GET /?h=b1i0c7k2e2r7i5n3g37 HTTP/1.1" 200 218986 "-" "Mozilla/5.0 (Linux; Android 6.0.1; Nexus 5X Build/MMB29P) AppleWebKit/537.36 (KHTML, like Gecko) Chrome/153.0.8010.52 Mobile Safari/537.36 (compatible; Googlebot/2.1; +http://www.google.com/bot.html)"
66.249.73.4 - - [27/Sep/2026:19:14:39 +0300] "GET /?h=b1l0u3e0g6o7w9n34507 HTTP/1.1" 200 219782 "-" "Mozilla/5.0 (Linux; Android 6.0.1; Nexus 5X Build/MMB29P) AppleWebKit/537.36 (KHTML, like Gecko) Chrome/153.0.8010.52 Mobile Safari/537.36 (compatible; Googlebot/2.1; +http://www.google.com/bot.html)"
66.249.73.3 - - [27/Sep/2026:19:14:43 +0300] "GET /?h=g1l0u2c7i4n7a711793 HTTP/1.1" 200 220695 "-" "Mozilla/5.0 (Linux; Android 6.0.1; Nexus 5X Build/MMB29P) AppleWebKit/537.36 (KHTML, like Gecko) Chrome/153.0.8010.52 Mobile Safari/537.36 (compatible; Googlebot/2.1; +http://www.google.com/bot.html)"
66.249.73.5 - - [27/Sep/2026:19:14:45 +0300] "GET /shops/unconditioned/h0y1d1r2o6c3e6p7h8a9l1u3s HTTP/1.1" 404 28784 "-" "Mozilla/5.0 (Linux; Android 6.0.1; Nexus 5X Build/MMB29P) AppleWebKit/537.36 (KHTML, like Gecko) Chrome/153.0.8010.52 Mobile Safari/537.36 (compatible; GoogleOther)"
66.249.73.3 - - [27/Sep/2026:19:14:48 +0300] "GET /?h=d1o0c1u9m0e6n8t1a9r5y42 HTTP/1.1" 200 227593 "-" "Mozilla/5.0 (Linux; Android 6.0.1; Nexus 5X Build/MMB29P) AppleWebKit/537.36 (KHTML, like Gecko) Chrome/153.0.8010.52 Mobile Safari/537.36 (compatible; Googlebot/2.1; +http://www.google.com/bot.html)"
52.167.144.157 - - [27/Sep/2026:19:14:49 +0300] "GET /sitemap-child-2884.xml HTTP/2.0" 200 364556 "-" "Mozilla/5.0 AppleWebKit/537.36 (KHTML, like Gecko; compatible; bingbot/2.0; +http://www.bing.com/bingbot.htm) Chrome/116.0.1938.76 Safari/537.36"
66.249.73.6 - - [27/Sep/2026:19:14:50 +0300] "GET /?h=a1b0s1t7e6r2s4i4o1n581 HTTP/1.1" 200 217958 "-" "Mozilla/5.0 (Linux; Android 6.0.1; Nexus 5X Build/MMB29P) AppleWebKit/537.36 (KHTML, like Gecko) Chrome/153.0.8010.52 Mobile Safari/537.36 (compatible; Googlebot/2.1; +http://www.google.com/bot.html)"
66.249.73.3 - - [27/Sep/2026:19:14:53 +0300] "GET /?h=g1l0u3c2i6n3i4c54021 HTTP/1.1" 200 212871 "-" "Mozilla/5.0 (Linux; Android 6.0.1; Nexus 5X Build/MMB29P) AppleWebKit/537.36 (KHTML, like Gecko) Chrome/153.0.8010.52 Mobile Safari/537.36 (compatible; Googlebot/2.1; +http://www.google.com/bot.html)"
66.249.73.6 - - [27/Sep/2026:19:14:55 +0300] "GET /?h=a1m0e2r6i2c4a4n6a2636 HTTP/1.1" 200 225334 "-" "Mozilla/5.0 (Linux; Android 6.0.1; Nexus 5X Build/MMB29P) AppleWebKit/537.36 (KHTML, like Gecko) Chrome/153.0.8010.52 Mobile Safari/537.36 (compatible; Googlebot/2.1; +http://www.google.com/bot.html)"
66.249.73.5 - - [27/Sep/2026:19:14:58 +0300] "GET /?h=s0i6g3n2i4o5r9s3h7i4p96 HTTP/1.1" 500 30178 "-" "Mozilla/5.0 (Linux; Android 6.0.1; Nexus 5X Build/MMB29P) AppleWebKit/537.36 (KHTML, like Gecko) Chrome/153.0.8010.52 Mobile Safari/537.36 (compatible; GoogleOther)"
66.249.73.6 - - [27/Sep/2026:19:15:00 +0300] "GET /?h=r1o0o1t4a5n9d1b5r1a8n3c2h HTTP/1.1" 200 225970 "-" "Mozilla/5.0 (Linux; Android 6.0.1; Nexus 5X Build/MMB29P) AppleWebKit/537.36 (KHTML, like Gecko) Chrome/153.0.8010.52 Mobile Safari/537.36 (compatible; Googlebot/2.1; +http://www.google.com/bot.html)"
66.249.73.4 - - [27/Sep/2026:19:15:02 +0300] "GET /?h=g1a0m8o3m2o8r4p3h7ism HTTP/1.1" 200 214250 "-" "Mozilla/5.0 (Linux; Android 6.0.1; Nexus 5X Build/MMB29P) AppleWebKit/537.36 (KHTML, like Gecko) Chrome/153.0.8010.52 Mobile Safari/537.36 (compatible; Googlebot/2.1; +http://www.google.com/bot.html)"
66.249.73.4 - - [27/Sep/2026:19:15:07 +0300] "GET /?shareholder/101406973840 HTTP/1.1" 200 236346 "-" "Mozilla/5.0 (Linux; Android 6.0.1; Nexus 5X Build/MMB29P) AppleWebKit/537.36 (KHTML, like Gecko) Chrome/153.0.8010.52 Mobile Safari/537.36 (compatible; Googlebot/2.1; +http://www.google.com/bot.html)"
66.249.73.4 - - [27/Sep/2026:19:15:10 +0300] "GET /?h=d1e6c2i1a6r7e853777 HTTP/1.1" 500 30178 "-" "Mozilla/5.0 (Linux; Android 6.0.1; Nexus 5X Build/MMB29P) AppleWebKit/537.36 (KHTML, like Gecko) Chrome/153.0.8010.52 Mobile Safari/537.36 (compatible; GoogleOther)"
66.249.73.3 - - [27/Sep/2026:19:15:16 +0300] "GET /?h=j1u0g3u6m45117528 HTTP/1.1" 200 214620 "-" "Mozilla/5.0 (Linux; Android 6.0.1; Nexus 5X Build/MMB29P) AppleWebKit/537.36 (KHTML, like Gecko) Chrome/153.0.8010.52 Mobile Safari/537.36 (compatible; Googlebot/2.1; +http://www.google.com/bot.html)"
66.249.73.3 - - [27/Sep/2026:19:15:21 +0300] "GET /?h=f1e0s6s5w5i3s7e2874 HTTP/1.1" 200 226383 "-" "Mozilla/5.0 (Linux; Android 6.0.1; Nexus 5X Build/MMB29P) AppleWebKit/537.36 (KHTML, like Gecko) Chrome/153.0.8010.52 Mobile Safari/537.36 (compatible; Googlebot/2.1; +http://www.google.com/bot.html)"
66.249.73.3 - - [27/Sep/2026:19:15:24 +0300] "GET /?h=m1i0l2l6s1t0o4n9e863 HTTP/1.1" 200 221793 "-" "Mozilla/5.0 (Linux; Android 6.0.1; Nexus 5X Build/MMB29P) AppleWebKit/537.36 (KHTML, like Gecko) Chrome/153.0.8010.52 Mobile Safari/537.36 (compatible; Googlebot/2.1; +http://www.google.com/bot.html)"
66.249.73.3 - - [27/Sep/2026:19:15:27 +0300] "GET /?h=i1o0d2i8d7e5641714 HTTP/1.1" 500 30178 "-" "Mozilla/5.0 (Linux; Android 6.0.1; Nexus 5X Build/MMB29P) AppleWebKit/537.36 (KHTML, like Gecko) Chrome/153.0.8010.52 Mobile Safari/537.36 (compatible; GoogleOther)"
66.249.73.3 - - [27/Sep/2026:19:15:29 +0300] "GET /?h=r1e0w3a3r8d9e7r08471 HTTP/1.1" 200 225524 "-" "Mozilla/5.0 (Linux; Android 6.0.1; Nexus 5X Build/MMB29P) AppleWebKit/537.36 (KHTML, like Gecko) Chrome/153.0.8010.52 Mobile Safari/537.36 (compatible; Googlebot/2.1; +http://www.google.com/bot.html)"
66.249.73.3 - - [27/Sep/2026:19:15:32 +0300] "GET /?h=t1r0i3t7u4r0a7t3i9n5g94 HTTP/1.1" 200 225580 "-" "Mozilla/5.0 (Linux; Android 6.0.1; Nexus 5X Build/MMB29P) AppleWebKit/537.36 (KHTML, like Gecko) Chrome/153.0.8010.52 Mobile Safari/537.36 (compatible; Googlebot/2.1; +http://www.google.com/bot.html)"
66.249.73.4 - - [27/Sep/2026:19:15:34 +0300] "GET /?h=g1e0e1i7n9g5495964 HTTP/1.1" 200 232340 "-" "Mozilla/5.0 (Linux; Android 6.0.1; Nexus 5X Build/MMB29P) AppleWebKit/537.36 (KHTML, like Gecko) Chrome/153.0.8010.52 Mobile Safari/537.36 (compatible; Googlebot/2.1; +http://www.google.com/bot.html)"
66.249.73.3 - - [27/Sep/2026:19:15:37 +0300] "GET /?h=c1a0p3r5i2f2o1l5i9a5c7ae HTTP/1.1" 200 215000 "-" "Mozilla/5.0 (Linux; Android 6.0.1; Nexus 5X Build/MMB29P) AppleWebKit/537.36 (KHTML, like Gecko) Chrome/153.0.8010.52 Mobile Safari/537.36 (compatible; Googlebot/2.1; +http://www.google.com/bot.html)"
66.249.73.3 - - [27/Sep/2026:19:15:39 +0300] "GET /?h=p1r0e2t2e7x1052707 HTTP/1.1" 200 207879 "-" "Mozilla/5.0 (Linux; Android 6.0.1; Nexus 5X Build/MMB29P) AppleWebKit/537.36 (KHTML, like Gecko) Chrome/153.0.8010.52 Mobile Safari/537.36 (compatible; Googlebot/2.1; +http://www.google.com/bot.html)"
66.249.73.3 - - [27/Sep/2026:19:15:41 +0300] "GET /?h=v1e0r2m4i2c1i3d4e9686 HTTP/1.1" 200 229477 "-" "Mozilla/5.0 (Linux; Android 6.0.1; Nexus 5X Build/MMB29P) AppleWebKit/537.36 (KHTML, like Gecko) Chrome/153.0.8010.52 Mobile Safari/537.36 (compatible; Googlebot/2.1; +http://www.google.com/bot.html)"
85.254.144.33 - - [27/Sep/2026:19:15:45 +0300] "POST /wp-cron.php?doing_wp_cron=1790525745.2195870876312255859375 HTTP/1.1" 200 - "https://www.iniciativa.lv/wp-cron.php?doing_wp_cron=1790525745.2195870876312255859375" "WordPress/6.0.16; https://www.iniciativa.lv"
66.249.73.3 - - [27/Sep/2026:19:15:44 +0300] "GET /?h=e1x9a2u7c0t7o7r1a3t9i6o0n HTTP/1.1" 500 30178 "-" "Mozilla/5.0 (Linux; Android 6.0.1; Nexus 5X Build/MMB29P) AppleWebKit/537.36 (KHTML, like Gecko) Chrome/153.0.8010.52 Mobile Safari/537.36 (compatible; GoogleOther)"
66.249.73.3 - - [27/Sep/2026:19:15:46 +0300] "GET /?h=c1r0o3a4k6e6r599861 HTTP/1.1" 200 214468 "-" "Mozilla/5.0 (Linux; Android 6.0.1; Nexus 5X Build/MMB29P) AppleWebKit/537.36 (KHTML, like Gecko) Chrome/153.0.8010.52 Mobile Safari/537.36 (compatible; Googlebot/2.1; +http://www.google.com/bot.html)"
52.167.144.236 - - [27/Sep/2026:19:15:49 +0300] "GET /sitemap-child-1108.xml HTTP/2.0" 200 364556 "-" "Mozilla/5.0 AppleWebKit/537.36 (KHTML, like Gecko; compatible; bingbot/2.0; +http://www.bing.com/bingbot.htm) Chrome/116.0.1938.76 Safari/537.36"
66.249.73.4 - - [27/Sep/2026:19:15:51 +0300] "GET /?h=p1l0o2w3w1r0i0g4h0t793 HTTP/1.1" 200 216028 "-" "Mozilla/5.0 (Linux; Android 6.0.1; Nexus 5X Build/MMB29P) AppleWebKit/537.36 (KHTML, like Gecko) Chrome/153.0.8010.52 Mobile Safari/537.36 (compatible; Googlebot/2.1; +http://www.google.com/bot.html)"
66.249.73.4 - - [27/Sep/2026:19:15:52 +0300] "GET /?battled/101282569345 HTTP/1.1" 200 219852 "-" "Mozilla/5.0 (Linux; Android 6.0.1; Nexus 5X Build/MMB29P) AppleWebKit/537.36 (KHTML, like Gecko) Chrome/153.0.8010.52 Mobile Safari/537.36 (compatible; Googlebot/2.1; +http://www.google.com/bot.html)"
52.167.144.236 - - [27/Sep/2026:19:15:52 +0300] "GET /sitemap-child-1604.xml HTTP/2.0" 200 364556 "-" "Mozilla/5.0 AppleWebKit/537.36 (KHTML, like Gecko; compatible; bingbot/2.0; +http://www.bing.com/bingbot.htm) Chrome/116.0.1938.76 Safari/537.36"
52.167.144.211 - - [27/Sep/2026:19:15:54 +0300] "GET /sitemap-child-1287.xml HTTP/2.0" 200 364556 "-" "Mozilla/5.0 AppleWebKit/537.36 (KHTML, like Gecko; compatible; bingbot/2.0; +http://www.bing.com/bingbot.htm) Chrome/116.0.1938.76 Safari/537.36"
52.167.144.157 - - [27/Sep/2026:19:15:54 +0300] "GET /sitemap-child-1572.xml HTTP/2.0" 200 364556 "-" "Mozilla/5.0 AppleWebKit/537.36 (KHTML, like Gecko; compatible; bingbot/2.0; +http://www.bing.com/bingbot.htm) Chrome/116.0.1938.76 Safari/537.36"
66.249.73.3 - - [27/Sep/2026:19:15:55 +0300] "GET /?h=p1r0o3m2u7l6g1a3t8i9o0n3 HTTP/1.1" 200 225250 "-" "Mozilla/5.0 (Linux; Android 6.0.1; Nexus 5X Build/MMB29P) AppleWebKit/537.36 (KHTML, like Gecko) Chrome/153.0.8010.52 Mobile Safari/537.36 (compatible; Googlebot/2.1; +http://www.google.com/bot.html)"
52.167.144.157 - - [27/Sep/2026:19:15:56 +0300] "GET /sitemap-child-1054.xml HTTP/2.0" 200 364556 "-" "Mozilla/5.0 AppleWebKit/537.36 (KHTML, like Gecko; compatible; bingbot/2.0; +http://www.bing.com/bingbot.htm) Chrome/116.0.1938.76 Safari/537.36"
66.249.73.3 - - [27/Sep/2026:19:15:57 +0300] "GET /?h=s1h0a4v2e0d2418591 HTTP/1.1" 200 217650 "-" "Mozilla/5.0 (Linux; Android 6.0.1; Nexus 5X Build/MMB29P) AppleWebKit/537.36 (KHTML, like Gecko) Chrome/153.0.8010.52 Mobile Safari/537.36 (compatible; Googlebot/2.1; +http://www.google.com/bot.html)"
52.167.144.236 - - [27/Sep/2026:19:15:56 +0300] "GET /sitemap-child-1511.xml HTTP/2.0" 200 364556 "-" "Mozilla/5.0 AppleWebKit/537.36 (KHTML, like Gecko; compatible; bingbot/2.0; +http://www.bing.com/bingbot.htm) Chrome/116.0.1938.76 Safari/537.36"
52.167.144.157 - - [27/Sep/2026:19:15:57 +0300] "GET /sitemap-child-1480.xml HTTP/2.0" 200 364556 "-" "Mozilla/5.0 AppleWebKit/537.36 (KHTML, like Gecko; compatible; bingbot/2.0; +http://www.bing.com/bingbot.htm) Chrome/116.0.1938.76 Safari/537.36"
52.167.144.236 - - [27/Sep/2026:19:15:58 +0300] "GET /sitemap-child-1466.xml HTTP/2.0" 200 364556 "-" "Mozilla/5.0 AppleWebKit/537.36 (KHTML, like Gecko; compatible; bingbot/2.0; +http://www.bing.com/bingbot.htm) Chrome/116.0.1938.76 Safari/537.36"
66.249.73.4 - - [27/Sep/2026:19:15:59 +0300] "GET /?h=b1a0s3t6e69649091 HTTP/1.1" 200 215619 "-" "Mozilla/5.0 (Linux; Android 6.0.1; Nexus 5X Build/MMB29P) AppleWebKit/537.36 (KHTML, like Gecko) Chrome/153.0.8010.52 Mobile Safari/537.36 (compatible; Googlebot/2.1; +http://www.google.com/bot.html)"
66.249.73.4 - - [27/Sep/2026:19:16:01 +0300] "GET /?h=c1o0n2s2t3i8p1a2t8e9d57 HTTP/1.1" 200 242857 "-" "Mozilla/5.0 (Linux; Android 6.0.1; Nexus 5X Build/MMB29P) AppleWebKit/537.36 (KHTML, like Gecko) Chrome/153.0.8010.52 Mobile Safari/537.36 (compatible; Googlebot/2.1; +http://www.google.com/bot.html)"
52.167.144.236 - - [27/Sep/2026:19:16:01 +0300] "GET /sitemap-child-1446.xml HTTP/2.0" 200 364556 "-" "Mozilla/5.0 AppleWebKit/537.36 (KHTML, like Gecko; compatible; bingbot/2.0; +http://www.bing.com/bingbot.htm) Chrome/116.0.1938.76 Safari/537.36"
66.249.73.3 - - [27/Sep/2026:19:16:03 +0300] "GET /?h=m0i4r5i1f3i2c75534 HTTP/1.1" 500 30178 "-" "Mozilla/5.0 (Linux; Android 6.0.1; Nexus 5X Build/MMB29P) AppleWebKit/537.36 (KHTML, like Gecko) Chrome/153.0.8010.52 Mobile Safari/537.36 (compatible; GoogleOther)"
52.167.144.157 - - [27/Sep/2026:19:16:03 +0300] "GET /sitemap-child-1256.xml HTTP/2.0" 200 364556 "-" "Mozilla/5.0 AppleWebKit/537.36 (KHTML, like Gecko; compatible; bingbot/2.0; +http://www.bing.com/bingbot.htm) Chrome/116.0.1938.76 Safari/537.36"
66.249.73.3 - - [27/Sep/2026:19:16:05 +0300] "GET /?h=s1u0b3s3e7q8u1e2n1c3e98 HTTP/1.1" 200 223504 "-" "Mozilla/5.0 (Linux; Android 6.0.1; Nexus 5X Build/MMB29P) AppleWebKit/537.36 (KHTML, like Gecko) Chrome/153.0.8010.52 Mobile Safari/537.36 (compatible; Googlebot/2.1; +http://www.google.com/bot.html)"
52.167.144.236 - - [27/Sep/2026:19:16:03 +0300] "GET /sitemap-child-1045.xml HTTP/2.0" 200 364556 "-" "Mozilla/5.0 AppleWebKit/537.36 (KHTML, like Gecko; compatible; bingbot/2.0; +http://www.bing.com/bingbot.htm) Chrome/116.0.1938.76 Safari/537.36"
52.167.144.157 - - [27/Sep/2026:19:16:05 +0300] "GET /sitemap-child-1563.xml HTTP/2.0" 200 364556 "-" "Mozilla/5.0 AppleWebKit/537.36 (KHTML, like Gecko; compatible; bingbot/2.0; +http://www.bing.com/bingbot.htm) Chrome/116.0.1938.76 Safari/537.36"
66.249.73.3 - - [27/Sep/2026:19:16:07 +0300] "GET /?h=b1u0n1o0d1o3n5t3a5098 HTTP/1.1" 200 224850 "-" "Mozilla/5.0 (Linux; Android 6.0.1; Nexus 5X Build/MMB29P) AppleWebKit/537.36 (KHTML, like Gecko) Chrome/153.0.8010.52 Mobile Safari/537.36 (compatible; Googlebot/2.1; +http://www.google.com/bot.html)"
52.167.144.157 - - [27/Sep/2026:19:16:08 +0300] "GET /sitemap-child-1119.xml HTTP/2.0" 200 364556 "-" "Mozilla/5.0 AppleWebKit/537.36 (KHTML, like Gecko; compatible; bingbot/2.0; +http://www.bing.com/bingbot.htm) Chrome/116.0.1938.76 Safari/537.36"
52.167.144.236 - - [27/Sep/2026:19:16:08 +0300] "GET /sitemap-child-1183.xml HTTP/2.0" 200 364556 "-" "Mozilla/5.0 AppleWebKit/537.36 (KHTML, like Gecko; compatible; bingbot/2.0; +http://www.bing.com/bingbot.htm) Chrome/116.0.1938.76 Safari/537.36"
66.249.73.3 - - [27/Sep/2026:19:16:09 +0300] "GET /?h=g1o0r1g3e6o1u3s6n5e1s7s6 HTTP/1.1" 200 232741 "-" "Mozilla/5.0 (Linux; Android 6.0.1; Nexus 5X Build/MMB29P) AppleWebKit/537.36 (KHTML, like Gecko) Chrome/153.0.8010.52 Mobile Safari/537.36 (compatible; Googlebot/2.1; +http://www.google.com/bot.html)"
52.167.144.236 - - [27/Sep/2026:19:16:08 +0300] "GET /sitemap-child-1393.xml HTTP/2.0" 200 364556 "-" "Mozilla/5.0 AppleWebKit/537.36 (KHTML, like Gecko; compatible; bingbot/2.0; +http://www.bing.com/bingbot.htm) Chrome/116.0.1938.76 Safari/537.36"
66.249.73.3 - - [27/Sep/2026:19:16:11 +0300] "GET /?tessellata/102025108515 HTTP/1.1" 200 212910 "-" "Mozilla/5.0 (Linux; Android 6.0.1; Nexus 5X Build/MMB29P) AppleWebKit/537.36 (KHTML, like Gecko) Chrome/153.0.8010.52 Mobile Safari/537.36 (compatible; Googlebot/2.1; +http://www.google.com/bot.html)"
52.167.144.236 - - [27/Sep/2026:19:16:12 +0300] "GET /sitemap-child-1347.xml HTTP/2.0" 200 364556 "-" "Mozilla/5.0 AppleWebKit/537.36 (KHTML, like Gecko; compatible; bingbot/2.0; +http://www.bing.com/bingbot.htm) Chrome/116.0.1938.76 Safari/537.36"
66.249.73.3 - - [27/Sep/2026:19:16:14 +0300] "GET /?h=l1e0f2t6i4s3t571544 HTTP/1.1" 200 227370 "-" "Mozilla/5.0 (Linux; Android 6.0.1; Nexus 5X Build/MMB29P) AppleWebKit/537.36 (KHTML, like Gecko) Chrome/153.0.8010.52 Mobile Safari/537.36 (compatible; Googlebot/2.1; +http://www.google.com/bot.html)"
66.249.73.4 - - [27/Sep/2026:19:16:16 +0300] "GET /?h=p1i5n4o2l9e0995477 HTTP/1.1" 500 30178 "-" "Mozilla/5.0 (Linux; Android 6.0.1; Nexus 5X Build/MMB29P) AppleWebKit/537.36 (KHTML, like Gecko) Chrome/153.0.8010.52 Mobile Safari/537.36 (compatible; GoogleOther)"
52.167.144.157 - - [27/Sep/2026:19:16:16 +0300] "GET /sitemap-child-1367.xml HTTP/2.0" 200 364556 "-" "Mozilla/5.0 AppleWebKit/537.36 (KHTML, like Gecko; compatible; bingbot/2.0; +http://www.bing.com/bingbot.htm) Chrome/116.0.1938.76 Safari/537.36"
52.167.144.236 - - [27/Sep/2026:19:16:15 +0300] "GET /sitemap-child-1278.xml HTTP/2.0" 200 364556 "-" "Mozilla/5.0 AppleWebKit/537.36 (KHTML, like Gecko; compatible; bingbot/2.0; +http://www.bing.com/bingbot.htm) Chrome/116.0.1938.76 Safari/537.36"
66.249.73.4 - - [27/Sep/2026:19:16:18 +0300] "GET /?h=b1e0l4i1t6t6l9i0n7g104 HTTP/1.1" 200 219272 "-" "Mozilla/5.0 (Linux; Android 6.0.1; Nexus 5X Build/MMB29P) AppleWebKit/537.36 (KHTML, like Gecko) Chrome/153.0.8010.52 Mobile Safari/537.36 (compatible; Googlebot/2.1; +http://www.google.com/bot.html)"
52.167.144.236 - - [27/Sep/2026:19:16:19 +0300] "GET /sitemap-child-1091.xml HTTP/2.0" 200 364556 "-" "Mozilla/5.0 AppleWebKit/537.36 (KHTML, like Gecko; compatible; bingbot/2.0; +http://www.bing.com/bingbot.htm) Chrome/116.0.1938.76 Safari/537.36"
66.249.73.4 - - [27/Sep/2026:19:16:20 +0300] "GET /?h=l1a0m1b0s77621141 HTTP/1.1" 200 216060 "-" "Mozilla/5.0 (Linux; Android 6.0.1; Nexus 5X Build/MMB29P) AppleWebKit/537.36 (KHTML, like Gecko) Chrome/153.0.8010.52 Mobile Safari/537.36 (compatible; Googlebot/2.1; +http://www.google.com/bot.html)"
52.167.144.157 - - [27/Sep/2026:19:16:19 +0300] "GET /sitemap-child-1412.xml HTTP/2.0" 200 364556 "-" "Mozilla/5.0 AppleWebKit/537.36 (KHTML, like Gecko; compatible; bingbot/2.0; +http://www.bing.com/bingbot.htm) Chrome/116.0.1938.76 Safari/537.36"
52.167.144.236 - - [27/Sep/2026:19:16:21 +0300] "GET /sitemap-child-1441.xml HTTP/2.0" 200 364556 "-" "Mozilla/5.0 AppleWebKit/537.36 (KHTML, like Gecko; compatible; bingbot/2.0; +http://www.bing.com/bingbot.htm) Chrome/116.0.1938.76 Safari/537.36"
66.249.73.3 - - [27/Sep/2026:19:16:23 +0300] "GET /?h=j1a0m1e4s5s4w3o9r9t537 HTTP/1.1" 200 228623 "-" "Mozilla/5.0 (Linux; Android 6.0.1; Nexus 5X Build/MMB29P) AppleWebKit/537.36 (KHTML, like Gecko) Chrome/153.0.8010.52 Mobile Safari/537.36 (compatible; Googlebot/2.1; +http://www.google.com/bot.html)"
52.167.144.157 - - [27/Sep/2026:19:16:24 +0300] "GET /sitemap-child-1157.xml HTTP/2.0" 200 364556 "-" "Mozilla/5.0 AppleWebKit/537.36 (KHTML, like Gecko; compatible; bingbot/2.0; +http://www.bing.com/bingbot.htm) Chrome/116.0.1938.76 Safari/537.36"
52.167.144.236 - - [27/Sep/2026:19:16:24 +0300] "GET /sitemap-child-1476.xml HTTP/2.0" 200 364556 "-" "Mozilla/5.0 AppleWebKit/537.36 (KHTML, like Gecko; compatible; bingbot/2.0; +http://www.bing.com/bingbot.htm) Chrome/116.0.1938.76 Safari/537.36"
66.249.73.3 - - [27/Sep/2026:19:16:26 +0300] "GET /?h=d1e0s3m6o6d5u0s60319 HTTP/1.1" 200 214273 "-" "Mozilla/5.0 (Linux; Android 6.0.1; Nexus 5X Build/MMB29P) AppleWebKit/537.36 (KHTML, like Gecko) Chrome/153.0.8010.52 Mobile Safari/537.36 (compatible; Googlebot/2.1; +http://www.google.com/bot.html)"
66.249.73.3 - - [27/Sep/2026:19:16:28 +0300] "GET /?h=b1r0o1a2d6c9a9s3t5i8n7g9 HTTP/1.1" 200 235270 "-" "Mozilla/5.0 (Linux; Android 6.0.1; Nexus 5X Build/MMB29P) AppleWebKit/537.36 (KHTML, like Gecko) Chrome/153.0.8010.52 Mobile Safari/537.36 (compatible; Googlebot/2.1; +http://www.google.com/bot.html)"
52.167.144.211 - - [27/Sep/2026:19:16:28 +0300] "GET /sitemap-child-1443.xml HTTP/2.0" 200 364556 "-" "Mozilla/5.0 AppleWebKit/537.36 (KHTML, like Gecko; compatible; bingbot/2.0; +http://www.bing.com/bingbot.htm) Chrome/116.0.1938.76 Safari/537.36"
66.249.73.3 - - [27/Sep/2026:19:16:31 +0300] "GET /?h=s0h7o2o0t9i8n0g19010 HTTP/1.1" 500 30178 "-" "Mozilla/5.0 (Linux; Android 6.0.1; Nexus 5X Build/MMB29P) AppleWebKit/537.36 (KHTML, like Gecko) Chrome/153.0.8010.52 Mobile Safari/537.36 (compatible; GoogleOther)"
52.167.144.236 - - [27/Sep/2026:19:16:30 +0300] "GET /sitemap-child-1442.xml HTTP/2.0" 200 364556 "-" "Mozilla/5.0 AppleWebKit/537.36 (KHTML, like Gecko; compatible; bingbot/2.0; +http://www.bing.com/bingbot.htm) Chrome/116.0.1938.76 Safari/537.36"
66.249.73.4 - - [27/Sep/2026:19:16:33 +0300] "GET /?h=z1u0c1h4e0t4t8o42156 HTTP/1.1" 200 221880 "-" "Mozilla/5.0 (Linux; Android 6.0.1; Nexus 5X Build/MMB29P) AppleWebKit/537.36 (KHTML, like Gecko) Chrome/153.0.8010.52 Mobile Safari/537.36 (compatible; Googlebot/2.1; +http://www.google.com/bot.html)"
66.249.73.4 - - [27/Sep/2026:19:16:35 +0300] "GET /?h=m1a0s2o1n1i9t0e95351 HTTP/1.1" 200 214627 "-" "Mozilla/5.0 (Linux; Android 6.0.1; Nexus 5X Build/MMB29P) AppleWebKit/537.36 (KHTML, like Gecko) Chrome/153.0.8010.52 Mobile Safari/537.36 (compatible; Googlebot/2.1; +http://www.google.com/bot.html)"
52.167.144.211 - - [27/Sep/2026:19:16:34 +0300] "GET /sitemap-child-1114.xml HTTP/2.0" 200 364556 "-" "Mozilla/5.0 AppleWebKit/537.36 (KHTML, like Gecko; compatible; bingbot/2.0; +http://www.bing.com/bingbot.htm) Chrome/116.0.1938.76 Safari/537.36"
52.167.144.236 - - [27/Sep/2026:19:16:40 +0300] "GET /sitemap-child-1110.xml HTTP/2.0" 200 364556 "-" "Mozilla/5.0 AppleWebKit/537.36 (KHTML, like Gecko; compatible; bingbot/2.0; +http://www.bing.com/bingbot.htm) Chrome/116.0.1938.76 Safari/537.36"
52.167.144.211 - - [27/Sep/2026:19:16:40 +0300] "GET /sitemap-child-1201.xml HTTP/2.0" 200 364556 "-" "Mozilla/5.0 AppleWebKit/537.36 (KHTML, like Gecko; compatible; bingbot/2.0; +http://www.bing.com/bingbot.htm) Chrome/116.0.1938.76 Safari/537.36"
66.249.73.3 - - [27/Sep/2026:19:16:41 +0300] "GET /?h=c1r0o1s3s5p8o0l2l1i4n0a9te HTTP/1.1" 200 227291 "-" "Mozilla/5.0 (Linux; Android 6.0.1; Nexus 5X Build/MMB29P) AppleWebKit/537.36 (KHTML, like Gecko) Chrome/153.0.8010.52 Mobile Safari/537.36 (compatible; Googlebot/2.1; +http://www.google.com/bot.html)"
66.249.73.3 - - [27/Sep/2026:19:16:44 +0300] "GET /?sneaker/061440764564 HTTP/1.1" 301 - "-" "Mozilla/5.0 (Linux; Android 6.0.1; Nexus 5X Build/MMB29P) AppleWebKit/537.36 (KHTML, like Gecko) Chrome/153.0.8010.52 Mobile Safari/537.36 (compatible; GoogleOther)"
52.167.144.236 - - [27/Sep/2026:19:16:44 +0300] "GET /sitemap-child-1521.xml HTTP/2.0" 200 364556 "-" "Mozilla/5.0 AppleWebKit/537.36 (KHTML, like Gecko; compatible; bingbot/2.0; +http://www.bing.com/bingbot.htm) Chrome/116.0.1938.76 Safari/537.36"
216.73.217.103 - - [27/Sep/2026:19:16:47 +0300] "GET /robots.txt HTTP/2.0" 200 66 "-" "Mozilla/5.0 AppleWebKit/537.36 (KHTML, like Gecko; compatible; ClaudeBot/1.0; +claudebot@anthropic.com)"
74.7.241.180 - - [27/Sep/2026:19:16:47 +0300] "GET /robots.txt HTTP/2.0" 200 66 "-" "Mozilla/5.0 (Macintosh; Intel Mac OS X 10_15_7) AppleWebKit/537.36 (KHTML, like Gecko) Chrome/131.0.0.0 Safari/537.36; compatible; OAI-SearchBot/1.4; robots.txt; +https://openai.com/searchbot"
216.73.217.103 - - [27/Sep/2026:19:16:47 +0300] "GET /sitemap.xml HTTP/2.0" 301 - "-" "Mozilla/5.0 AppleWebKit/537.36 (KHTML, like Gecko; compatible; ClaudeBot/1.0; +claudebot@anthropic.com)"
52.167.144.157 - - [27/Sep/2026:19:16:46 +0300] "GET /sitemap-child-1169.xml HTTP/2.0" 200 364556 "-" "Mozilla/5.0 AppleWebKit/537.36 (KHTML, like Gecko; compatible; bingbot/2.0; +http://www.bing.com/bingbot.htm) Chrome/116.0.1938.76 Safari/537.36"
66.249.73.3 - - [27/Sep/2026:19:16:47 +0300] "GET /?h=f1l0a2v3i4n6e504771 HTTP/1.1" 200 215360 "-" "Mozilla/5.0 (Linux; Android 6.0.1; Nexus 5X Build/MMB29P) AppleWebKit/537.36 (KHTML, like Gecko) Chrome/153.0.8010.52 Mobile Safari/537.36 (compatible; Googlebot/2.1; +http://www.google.com/bot.html)"
216.73.217.103 - - [27/Sep/2026:19:16:49 +0300] "GET /sitemap.xml HTTP/2.0" 301 - "https://iniciativa.lv/sitemap.xml" "Mozilla/5.0 AppleWebKit/537.36 (KHTML, like Gecko; compatible; ClaudeBot/1.0; +claudebot@anthropic.com)"
52.167.144.211 - - [27/Sep/2026:19:16:47 +0300] "GET /sitemap-child-1580.xml HTTP/2.0" 200 364556 "-" "Mozilla/5.0 AppleWebKit/537.36 (KHTML, like Gecko; compatible; bingbot/2.0; +http://www.bing.com/bingbot.htm) Chrome/116.0.1938.76 Safari/537.36"
