45.138.12.44 - - [27/Sep/2026:19:25:45 +0300] "GET /wp-links-opml.php HTTP/1.1" 200 406 "-" "Mozilla/5.0 (Macintosh; Intel Mac OS X 10_15_7) AppleWebKit/605.1.15 (KHTML, like Gecko) Version/17.5 Safari/605.1.15"
104.211.74.130 - - [27/Sep/2026:19:37:08 +0300] "GET / HTTP/1.1" 400 52 "-" "Mozilla/5.0 (Windows NT 10.0; Win64; x64) AppleWebKit/537.36 (KHTML, like Gecko) Chrome/120.0.0.0 Safari/537.36"
52.141.4.134 - - [27/Sep/2026:19:39:35 +0300] "GET / HTTP/1.1" 503 - "-" "Mozilla/5.0 (Windows NT 10.0; Win64; x64) AppleWebKit/537.36 (KHTML, like Gecko) Chrome/120.0.0.0 Safari/537.36"
62.60.130.227 - - [27/Sep/2026:19:43:28 +0300] "GET / HTTP/1.1" 200 39304 "-" "Mozilla/5.0 (Windows NT 10.0; Win64; x64) AppleWebKit/537.36 (KHTML, like Gecko) Chrome/126.0.0.0 Safari/537.36"
62.60.130.227 - - [27/Sep/2026:19:43:28 +0300] "GET /?feed=rss2 HTTP/1.1" 200 39304 "-" "Mozilla/5.0 (Windows NT 10.0; Win64; x64) AppleWebKit/537.36 (KHTML, like Gecko) Chrome/126.0.0.0 Safari/537.36"
85.254.144.33 - - [27/Sep/2026:19:43:28 +0300] "POST /wp-cron.php?doing_wp_cron=1790527408.9815349578857421875000 HTTP/1.1" 404 - "-" "WordPress/7.1.2; https://www.pribaltdom.com"
62.60.130.227 - - [27/Sep/2026:19:43:28 +0300] "GET /wp-links-opml.php HTTP/1.1" 200 406 "-" "Mozilla/5.0 (Windows NT 10.0; Win64; x64) AppleWebKit/537.36 (KHTML, like Gecko) Chrome/126.0.0.0 Safari/537.36"
52.167.144.25 - - [27/Sep/2026:19:43:51 +0300] "GET /img/14121157.jpg HTTP/2.0" 200 43230 "-" "Mozilla/5.0 AppleWebKit/537.36 (KHTML, like Gecko; compatible; bingbot/2.0; +http://www.bing.com/bingbot.htm) Chrome/116.0.1938.76 Safari/537.36"
37.148.134.227 - - [27/Sep/2026:19:59:38 +0300] "GET / HTTP/1.1" 400 52 "-" "Mozilla/5.0 (Windows NT 10.0; Win64; x64) AppleWebKit/537.36 (KHTML, like Gecko) Chrome/124.0.0.0 Safari/537.36"
37.148.134.227 - - [27/Sep/2026:19:59:39 +0300] "POST / HTTP/1.1" 400 52 "-" "Mozilla/5.0"
37.148.134.227 - - [27/Sep/2026:19:59:41 +0300] "GET /access/api/v1/system/ping HTTP/1.1" 400 52 "-" "Mozilla/5.0 (Windows NT 10.0; Win64; x64) AppleWebKit/537.36 (KHTML, like Gecko) Chrome/124.0.0.0 Safari/537.36"
62.60.130.227 - - [27/Sep/2026:20:02:50 +0300] "GET / HTTP/1.1" 200 39304 "-" "Mozilla/5.0 (Windows NT 10.0; Win64; x64) AppleWebKit/537.36 (KHTML, like Gecko) Chrome/126.0.0.0 Safari/537.36"
62.60.130.227 - - [27/Sep/2026:20:02:50 +0300] "GET /?feed=rss2 HTTP/1.1" 200 39304 "-" "Mozilla/5.0 (Windows NT 10.0; Win64; x64) AppleWebKit/537.36 (KHTML, like Gecko) Chrome/126.0.0.0 Safari/537.36"
85.254.144.33 - - [27/Sep/2026:20:02:51 +0300] "POST /wp-cron.php?doing_wp_cron=1790528571.0798399448394775390625 HTTP/1.1" 404 - "-" "WordPress/7.1.2; https://www.pribaltdom.com"
62.60.130.227 - - [27/Sep/2026:20:02:50 +0300] "GET /wp-links-opml.php HTTP/1.1" 200 406 "-" "Mozilla/5.0 (Windows NT 10.0; Win64; x64) AppleWebKit/537.36 (KHTML, like Gecko) Chrome/126.0.0.0 Safari/537.36"
147.185.132.234 - - [27/Sep/2026:20:24:25 +0300] "GET /.well-known/security.txt HTTP/1.1" 200 39473 "-" "Hello from Palo Alto Networks, find out more about our scans in https://docs-cortex.paloaltonetworks.com/r/1/Cortex-Xpanse/Scanning-activity"
45.148.10.119 - - [27/Sep/2026:20:43:34 +0300] "GET / HTTP/1.1" 503 - "-" "Mozilla/5.0 (Windows NT 10.0; Win64; x64) AppleWebKit/537.36 (KHTML, like Gecko) Chrome/131.0.0.0 Safari/537.36"
45.148.10.119 - - [27/Sep/2026:20:43:35 +0300] "GET /wp-content/plugins/gravityforms/gravityforms.php HTTP/1.1" 503 - "-" "Mozilla/5.0 (Windows NT 10.0; Win64; x64) AppleWebKit/537.36 (KHTML, like Gecko) Chrome/131.0.0.0 Safari/537.36"
45.148.10.119 - - [27/Sep/2026:20:43:35 +0300] "GET /wp-content/plugins/gravityforms/assets/css/dist/basic.min.css HTTP/1.1" 503 - "-" "Mozilla/5.0 (Windows NT 10.0; Win64; x64) AppleWebKit/537.36 (KHTML, like Gecko) Chrome/131.0.0.0 Safari/537.36"
45.148.10.119 - - [27/Sep/2026:20:43:35 +0300] "GET / HTTP/1.1" 503 - "-" "Mozilla/5.0 (Windows NT 10.0; Win64; x64) AppleWebKit/537.36 (KHTML, like Gecko) Chrome/131.0.0.0 Safari/537.36"
45.148.10.119 - - [27/Sep/2026:20:43:35 +0300] "GET /wp-json/gf/v2/forms HTTP/1.1" 503 - "-" "Mozilla/5.0 (Windows NT 10.0; Win64; x64) AppleWebKit/537.36 (KHTML, like Gecko) Chrome/131.0.0.0 Safari/537.36"
45.148.10.119 - - [27/Sep/2026:20:43:35 +0300] "GET /wp-content/plugins/gravityforms/change_log.txt HTTP/1.1" 503 - "-" "Mozilla/5.0 (Windows NT 10.0; Win64; x64) AppleWebKit/537.36 (KHTML, like Gecko) Chrome/131.0.0.0 Safari/537.36"
74.7.242.50 - - [27/Sep/2026:20:48:42 +0300] "GET / HTTP/2.0" 200 39304 "-" "Mozilla/5.0 AppleWebKit/537.36 (KHTML, like Gecko; compatible; GPTBot/1.4; +https://openai.com/gptbot)"
74.7.228.29 - - [27/Sep/2026:20:48:42 +0300] "GET /robots.txt HTTP/2.0" 404 - "-" "Mozilla/5.0 (Macintosh; Intel Mac OS X 10_15_7) AppleWebKit/537.36 (KHTML, like Gecko) Chrome/131.0.0.0 Safari/537.36; compatible; OAI-SearchBot/1.4; robots.txt; +https://openai.com/searchbot"
74.7.242.50 - - [27/Sep/2026:20:48:45 +0300] "GET /img/product-cottages-photo-06.jpg HTTP/2.0" 200 328842 "https://pribaltdom.com/" "Mozilla/5.0 AppleWebKit/537.36 (KHTML, like Gecko; compatible; GPTBot/1.4; +https://openai.com/gptbot)"
74.7.242.50 - - [27/Sep/2026:20:48:47 +0300] "GET /img/14146351.jpg HTTP/2.0" 200 40247 "https://pribaltdom.com/" "Mozilla/5.0 AppleWebKit/537.36 (KHTML, like Gecko; compatible; GPTBot/1.4; +https://openai.com/gptbot)"
74.7.242.50 - - [27/Sep/2026:20:48:49 +0300] "GET /img/14121151.jpg HTTP/2.0" 200 50963 "https://pribaltdom.com/" "Mozilla/5.0 AppleWebKit/537.36 (KHTML, like Gecko; compatible; GPTBot/1.4; +https://openai.com/gptbot)"
74.7.242.50 - - [27/Sep/2026:20:48:51 +0300] "GET /img/14121131.jpg HTTP/2.0" 200 81486 "https://pribaltdom.com/" "Mozilla/5.0 AppleWebKit/537.36 (KHTML, like Gecko; compatible; GPTBot/1.4; +https://openai.com/gptbot)"
74.7.242.50 - - [27/Sep/2026:20:48:52 +0300] "GET /img/14121149.jpg HTTP/2.0" 200 57212 "https://pribaltdom.com/" "Mozilla/5.0 AppleWebKit/537.36 (KHTML, like Gecko; compatible; GPTBot/1.4; +https://openai.com/gptbot)"
74.7.242.50 - - [27/Sep/2026:20:48:53 +0300] "GET /img/14121148.jpg HTTP/2.0" 200 43054 "https://pribaltdom.com/" "Mozilla/5.0 AppleWebKit/537.36 (KHTML, like Gecko; compatible; GPTBot/1.4; +https://openai.com/gptbot)"
74.7.242.50 - - [27/Sep/2026:20:48:54 +0300] "GET /img/2.jpg HTTP/2.0" 200 109919 "https://pribaltdom.com/" "Mozilla/5.0 AppleWebKit/537.36 (KHTML, like Gecko; compatible; GPTBot/1.4; +https://openai.com/gptbot)"
74.7.242.50 - - [27/Sep/2026:20:48:54 +0300] "GET /img/3.jpg HTTP/2.0" 200 168662 "https://pribaltdom.com/" "Mozilla/5.0 AppleWebKit/537.36 (KHTML, like Gecko; compatible; GPTBot/1.4; +https://openai.com/gptbot)"
74.7.242.50 - - [27/Sep/2026:20:48:55 +0300] "GET /img/14121157.jpg HTTP/2.0" 200 43230 "https://pribaltdom.com/" "Mozilla/5.0 AppleWebKit/537.36 (KHTML, like Gecko; compatible; GPTBot/1.4; +https://openai.com/gptbot)"
74.7.242.50 - - [27/Sep/2026:20:48:55 +0300] "GET /img/product-cottages-photo-07.jpg HTTP/2.0" 200 403389 "https://pribaltdom.com/" "Mozilla/5.0 AppleWebKit/537.36 (KHTML, like Gecko; compatible; GPTBot/1.4; +https://openai.com/gptbot)"
74.7.242.50 - - [27/Sep/2026:20:48:56 +0300] "GET /img/14146460.jpg HTTP/2.0" 200 41394 "https://pribaltdom.com/" "Mozilla/5.0 AppleWebKit/537.36 (KHTML, like Gecko; compatible; GPTBot/1.4; +https://openai.com/gptbot)"
74.7.242.50 - - [27/Sep/2026:20:48:56 +0300] "GET /img/14146588.jpg HTTP/2.0" 200 40609 "https://pribaltdom.com/" "Mozilla/5.0 AppleWebKit/537.36 (KHTML, like Gecko; compatible; GPTBot/1.4; +https://openai.com/gptbot)"
74.7.242.50 - - [27/Sep/2026:20:48:57 +0300] "GET /img/14121146.jpg HTTP/2.0" 200 39774 "https://pribaltdom.com/" "Mozilla/5.0 AppleWebKit/537.36 (KHTML, like Gecko; compatible; GPTBot/1.4; +https://openai.com/gptbot)"
205.210.31.248 - - [27/Sep/2026:20:56:09 +0300] "GET /.well-known/security.txt HTTP/1.1" 404 - "-" "Hello from Palo Alto Networks, find out more about our scans in https://docs-cortex.paloaltonetworks.com/r/1/Cortex-Xpanse/Scanning-activity"
45.148.10.119 - - [27/Sep/2026:21:02:15 +0300] "GET /api.php?action=query&meta=siteinfo&format=json HTTP/1.1" 503 - "-" "Mozilla/5.0 (Windows NT 10.0; Win64; x64) AppleWebKit/537.36 (KHTML, like Gecko) Chrome/128.0.0.0 Safari/537.36"
45.148.10.119 - - [27/Sep/2026:21:02:15 +0300] "GET /w/api.php?action=query&meta=siteinfo&format=json HTTP/1.1" 503 - "-" "Mozilla/5.0 (Windows NT 10.0; Win64; x64) AppleWebKit/537.36 (KHTML, like Gecko) Chrome/128.0.0.0 Safari/537.36"
45.148.10.119 - - [27/Sep/2026:21:02:15 +0300] "GET /mediawiki/api.php?action=query&meta=siteinfo&format=json HTTP/1.1" 503 - "-" "Mozilla/5.0 (Windows NT 10.0; Win64; x64) AppleWebKit/537.36 (KHTML, like Gecko) Chrome/128.0.0.0 Safari/537.36"
45.148.10.119 - - [27/Sep/2026:21:02:15 +0300] "GET /wiki/api.php?action=query&meta=siteinfo&format=json HTTP/1.1" 503 - "-" "Mozilla/5.0 (Windows NT 10.0; Win64; x64) AppleWebKit/537.36 (KHTML, like Gecko) Chrome/128.0.0.0 Safari/537.36"
52.172.235.175 - - [27/Sep/2026:21:05:01 +0300] "GET / HTTP/1.1" 200 12134 "-" "Mozilla/5.0 (Windows NT 10.0; Win64; x64) AppleWebKit/537.36 (KHTML, like Gecko) Chrome/120.0.0.0 Safari/537.36"
52.172.235.175 - - [27/Sep/2026:21:05:02 +0300] "GET /ahax.php HTTP/1.1" 200 12136 "-" "Mozilla/5.0 (Windows NT 10.0; Win64; x64) AppleWebKit/537.36 (KHTML, like Gecko) Chrome/120.0.0.0 Safari/537.36"
52.172.235.175 - - [27/Sep/2026:21:05:02 +0300] "GET /breads1.php HTTP/1.1" 200 12143 "-" "Mozilla/5.0 (Windows NT 10.0; Win64; x64) AppleWebKit/537.36 (KHTML, like Gecko) Chrome/120.0.0.0 Safari/537.36"
52.172.235.175 - - [27/Sep/2026:21:05:03 +0300] "GET /must.php HTTP/1.1" 200 12143 "-" "Mozilla/5.0 (Windows NT 10.0; Win64; x64) AppleWebKit/537.36 (KHTML, like Gecko) Chrome/120.0.0.0 Safari/537.36"
52.172.235.175 - - [27/Sep/2026:21:05:03 +0300] "GET /up.php HTTP/1.1" 200 12142 "-" "Mozilla/5.0 (Windows NT 10.0; Win64; x64) AppleWebKit/537.36 (KHTML, like Gecko) Chrome/120.0.0.0 Safari/537.36"
52.172.235.175 - - [27/Sep/2026:21:05:04 +0300] "GET /wp-admin/css/colors/midnight/ HTTP/1.1" 200 12152 "-" "Mozilla/5.0 (Windows NT 10.0; Win64; x64) AppleWebKit/537.36 (KHTML, like Gecko) Chrome/120.0.0.0 Safari/537.36"
52.172.235.175 - - [27/Sep/2026:21:05:04 +0300] "GET /wp-content/155.php HTTP/1.1" 200 12148 "-" "Mozilla/5.0 (Windows NT 10.0; Win64; x64) AppleWebKit/537.36 (KHTML, like Gecko) Chrome/120.0.0.0 Safari/537.36"
52.172.235.175 - - [27/Sep/2026:21:05:05 +0300] "GET /wp-update.php HTTP/1.1" 200 12141 "-" "Mozilla/5.0 (Windows NT 10.0; Win64; x64) AppleWebKit/537.36 (KHTML, like Gecko) Chrome/120.0.0.0 Safari/537.36"
52.172.235.175 - - [27/Sep/2026:21:05:05 +0300] "GET /xmrlpc.php HTTP/1.1" 200 12142 "-" "Mozilla/5.0 (Windows NT 10.0; Win64; x64) AppleWebKit/537.36 (KHTML, like Gecko) Chrome/120.0.0.0 Safari/537.36"
52.172.235.175 - - [27/Sep/2026:21:05:05 +0300] "GET /about/function.php HTTP/1.1" 200 12144 "-" "Mozilla/5.0 (Windows NT 10.0; Win64; x64) AppleWebKit/537.36 (KHTML, like Gecko) Chrome/120.0.0.0 Safari/537.36"
52.172.235.175 - - [27/Sep/2026:21:05:06 +0300] "GET /an.php HTTP/1.1" 200 12138 "-" "Mozilla/5.0 (Windows NT 10.0; Win64; x64) AppleWebKit/537.36 (KHTML, like Gecko) Chrome/120.0.0.0 Safari/537.36"
52.172.235.175 - - [27/Sep/2026:21:05:06 +0300] "GET /asw.php HTTP/1.1" 200 12140 "-" "Mozilla/5.0 (Windows NT 10.0; Win64; x64) AppleWebKit/537.36 (KHTML, like Gecko) Chrome/120.0.0.0 Safari/537.36"
52.172.235.175 - - [27/Sep/2026:21:05:07 +0300] "GET /item.php HTTP/1.1" 200 12136 "-" "Mozilla/5.0 (Windows NT 10.0; Win64; x64) AppleWebKit/537.36 (KHTML, like Gecko) Chrome/120.0.0.0 Safari/537.36"
52.172.235.175 - - [27/Sep/2026:21:05:07 +0300] "GET /jga.php HTTP/1.1" 200 12143 "-" "Mozilla/5.0 (Windows NT 10.0; Win64; x64) AppleWebKit/537.36 (KHTML, like Gecko) Chrome/120.0.0.0 Safari/537.36"
52.172.235.175 - - [27/Sep/2026:21:05:08 +0300] "GET /mac.php HTTP/1.1" 200 12136 "-" "Mozilla/5.0 (Windows NT 10.0; Win64; x64) AppleWebKit/537.36 (KHTML, like Gecko) Chrome/120.0.0.0 Safari/537.36"
52.172.235.175 - - [27/Sep/2026:21:05:08 +0300] "GET /wp-admin/images/index.php HTTP/1.1" 200 12148 "-" "Mozilla/5.0 (Windows NT 10.0; Win64; x64) AppleWebKit/537.36 (KHTML, like Gecko) Chrome/120.0.0.0 Safari/537.36"
52.172.235.175 - - [27/Sep/2026:21:05:08 +0300] "GET /wp-admin/includes/index.php HTTP/1.1" 200 12148 "-" "Mozilla/5.0 (Windows NT 10.0; Win64; x64) AppleWebKit/537.36 (KHTML, like Gecko) Chrome/120.0.0.0 Safari/537.36"
52.172.235.175 - - [27/Sep/2026:21:05:09 +0300] "GET /zafir1.php HTTP/1.1" 200 12145 "-" "Mozilla/5.0 (Windows NT 10.0; Win64; x64) AppleWebKit/537.36 (KHTML, like Gecko) Chrome/120.0.0.0 Safari/537.36"
52.172.235.175 - - [27/Sep/2026:21:05:09 +0300] "GET /abc.php HTTP/1.1" 200 12141 "-" "Mozilla/5.0 (Windows NT 10.0; Win64; x64) AppleWebKit/537.36 (KHTML, like Gecko) Chrome/120.0.0.0 Safari/537.36"
52.172.235.175 - - [27/Sep/2026:21:05:10 +0300] "GET /c1.php HTTP/1.1" 200 12139 "-" "Mozilla/5.0 (Windows NT 10.0; Win64; x64) AppleWebKit/537.36 (KHTML, like Gecko) Chrome/120.0.0.0 Safari/537.36"
52.172.235.175 - - [27/Sep/2026:21:05:10 +0300] "GET /index.php/feed/atom/ HTTP/1.1" 200 12153 "-" "Mozilla/5.0 (Windows NT 10.0; Win64; x64) AppleWebKit/537.36 (KHTML, like Gecko) Chrome/120.0.0.0 Safari/537.36"
52.172.235.175 - - [27/Sep/2026:21:05:11 +0300] "GET /root.php HTTP/1.1" 200 12139 "-" "Mozilla/5.0 (Windows NT 10.0; Win64; x64) AppleWebKit/537.36 (KHTML, like Gecko) Chrome/120.0.0.0 Safari/537.36"
52.172.235.175 - - [27/Sep/2026:21:05:11 +0300] "GET /shell.php HTTP/1.1" 200 12141 "-" "Mozilla/5.0 (Windows NT 10.0; Win64; x64) AppleWebKit/537.36 (KHTML, like Gecko) Chrome/120.0.0.0 Safari/537.36"
52.172.235.175 - - [27/Sep/2026:21:05:11 +0300] "GET /wp-admin/user/index.php HTTP/1.1" 200 12153 "-" "Mozilla/5.0 (Windows NT 10.0; Win64; x64) AppleWebKit/537.36 (KHTML, like Gecko) Chrome/120.0.0.0 Safari/537.36"
52.172.235.175 - - [27/Sep/2026:21:05:12 +0300] "GET /wp-content/plugins/linkpreview/il.php HTTP/1.1" 200 12158 "-" "Mozilla/5.0 (Windows NT 10.0; Win64; x64) AppleWebKit/537.36 (KHTML, like Gecko) Chrome/120.0.0.0 Safari/537.36"
52.172.235.175 - - [27/Sep/2026:21:05:12 +0300] "GET /wp-header-json.php HTTP/1.1" 200 12151 "-" "Mozilla/5.0 (Windows NT 10.0; Win64; x64) AppleWebKit/537.36 (KHTML, like Gecko) Chrome/120.0.0.0 Safari/537.36"
52.172.235.175 - - [27/Sep/2026:21:05:13 +0300] "GET /zup.php HTTP/1.1" 200 12137 "-" "Mozilla/5.0 (Windows NT 10.0; Win64; x64) AppleWebKit/537.36 (KHTML, like Gecko) Chrome/120.0.0.0 Safari/537.36"
52.172.235.175 - - [27/Sep/2026:21:05:13 +0300] "GET /a9.php HTTP/1.1" 200 12138 "-" "Mozilla/5.0 (Windows NT 10.0; Win64; x64) AppleWebKit/537.36 (KHTML, like Gecko) Chrome/120.0.0.0 Safari/537.36"
52.172.235.175 - - [27/Sep/2026:21:05:14 +0300] "GET /admin/index.php HTTP/1.1" 200 12147 "-" "Mozilla/5.0 (Windows NT 10.0; Win64; x64) AppleWebKit/537.36 (KHTML, like Gecko) Chrome/120.0.0.0 Safari/537.36"
52.172.235.175 - - [27/Sep/2026:21:05:14 +0300] "GET /makeasmtp.php HTTP/1.1" 200 12145 "-" "Mozilla/5.0 (Windows NT 10.0; Win64; x64) AppleWebKit/537.36 (KHTML, like Gecko) Chrome/120.0.0.0 Safari/537.36"
52.172.235.175 - - [27/Sep/2026:21:05:14 +0300] "GET /paku.php HTTP/1.1" 200 12149 "-" "Mozilla/5.0 (Windows NT 10.0; Win64; x64) AppleWebKit/537.36 (KHTML, like Gecko) Chrome/120.0.0.0 Safari/537.36"
52.172.235.175 - - [27/Sep/2026:21:05:15 +0300] "GET /rtx.php HTTP/1.1" 200 12140 "-" "Mozilla/5.0 (Windows NT 10.0; Win64; x64) AppleWebKit/537.36 (KHTML, like Gecko) Chrome/120.0.0.0 Safari/537.36"
52.172.235.175 - - [27/Sep/2026:21:05:15 +0300] "GET /update/da222.php HTTP/1.1" 200 12146 "-" "Mozilla/5.0 (Windows NT 10.0; Win64; x64) AppleWebKit/537.36 (KHTML, like Gecko) Chrome/120.0.0.0 Safari/537.36"
52.172.235.175 - - [27/Sep/2026:21:05:16 +0300] "GET /wp-admin/maint/ HTTP/1.1" 200 12146 "-" "Mozilla/5.0 (Windows NT 10.0; Win64; x64) AppleWebKit/537.36 (KHTML, like Gecko) Chrome/120.0.0.0 Safari/537.36"
52.172.235.175 - - [27/Sep/2026:21:05:16 +0300] "GET /wp-admin/min.php HTTP/1.1" 200 12143 "-" "Mozilla/5.0 (Windows NT 10.0; Win64; x64) AppleWebKit/537.36 (KHTML, like Gecko) Chrome/120.0.0.0 Safari/537.36"
52.172.235.175 - - [27/Sep/2026:21:05:17 +0300] "GET /wp-admin/wp-fileesx-449.php HTTP/1.1" 200 12151 "-" "Mozilla/5.0 (Windows NT 10.0; Win64; x64) AppleWebKit/537.36 (KHTML, like Gecko) Chrome/120.0.0.0 Safari/537.36"
52.172.235.175 - - [27/Sep/2026:21:05:17 +0300] "GET /wp-content/themes/min.php HTTP/1.1" 200 12154 "-" "Mozilla/5.0 (Windows NT 10.0; Win64; x64) AppleWebKit/537.36 (KHTML, like Gecko) Chrome/120.0.0.0 Safari/537.36"
52.172.235.175 - - [27/Sep/2026:21:05:17 +0300] "GET /wp-content/themes/x/bypass.php HTTP/1.1" 200 12155 "-" "Mozilla/5.0 (Windows NT 10.0; Win64; x64) AppleWebKit/537.36 (KHTML, like Gecko) Chrome/120.0.0.0 Safari/537.36"
52.172.235.175 - - [27/Sep/2026:21:05:18 +0300] "GET /wp-includes/images/media/ HTTP/1.1" 200 12149 "-" "Mozilla/5.0 (Windows NT 10.0; Win64; x64) AppleWebKit/537.36 (KHTML, like Gecko) Chrome/120.0.0.0 Safari/537.36"
52.172.235.175 - - [27/Sep/2026:21:05:18 +0300] "GET /wp-includes/interactivity-api/index.php HTTP/1.1" 200 12161 "-" "Mozilla/5.0 (Windows NT 10.0; Win64; x64) AppleWebKit/537.36 (KHTML, like Gecko) Chrome/120.0.0.0 Safari/537.36"
52.172.235.175 - - [27/Sep/2026:21:05:19 +0300] "GET /wp-info.php HTTP/1.1" 200 12147 "-" "Mozilla/5.0 (Windows NT 10.0; Win64; x64) AppleWebKit/537.36 (KHTML, like Gecko) Chrome/120.0.0.0 Safari/537.36"
52.172.235.175 - - [27/Sep/2026:21:05:19 +0300] "GET /wp-wordfence-waf.php HTTP/1.1" 200 12151 "-" "Mozilla/5.0 (Windows NT 10.0; Win64; x64) AppleWebKit/537.36 (KHTML, like Gecko) Chrome/120.0.0.0 Safari/537.36"
52.172.235.175 - - [27/Sep/2026:21:05:20 +0300] "GET /ws49.php HTTP/1.1" 200 12144 "-" "Mozilla/5.0 (Windows NT 10.0; Win64; x64) AppleWebKit/537.36 (KHTML, like Gecko) Chrome/120.0.0.0 Safari/537.36"
52.172.235.175 - - [27/Sep/2026:21:05:20 +0300] "GET /xxx.php HTTP/1.1" 200 12141 "-" "Mozilla/5.0 (Windows NT 10.0; Win64; x64) AppleWebKit/537.36 (KHTML, like Gecko) Chrome/120.0.0.0 Safari/537.36"
52.172.235.175 - - [27/Sep/2026:21:05:21 +0300] "GET /0x.php HTTP/1.1" 200 12140 "-" "Mozilla/5.0 (Windows NT 10.0; Win64; x64) AppleWebKit/537.36 (KHTML, like Gecko) Chrome/120.0.0.0 Safari/537.36"
52.172.235.175 - - [27/Sep/2026:21:05:21 +0300] "GET /CDX1.php HTTP/1.1" 200 12139 "-" "Mozilla/5.0 (Windows NT 10.0; Win64; x64) AppleWebKit/537.36 (KHTML, like Gecko) Chrome/120.0.0.0 Safari/537.36"
52.172.235.175 - - [27/Sep/2026:21:05:21 +0300] "GET /akcc.php HTTP/1.1" 200 12142 "-" "Mozilla/5.0 (Windows NT 10.0; Win64; x64) AppleWebKit/537.36 (KHTML, like Gecko) Chrome/120.0.0.0 Safari/537.36"
52.172.235.175 - - [27/Sep/2026:21:05:22 +0300] "GET /modules/mod_footer/tmpl/index.php HTTP/1.1" 200 12158 "-" "Mozilla/5.0 (Windows NT 10.0; Win64; x64) AppleWebKit/537.36 (KHTML, like Gecko) Chrome/120.0.0.0 Safari/537.36"
52.172.235.175 - - [27/Sep/2026:21:05:22 +0300] "GET /s.php HTTP/1.1" 200 12139 "-" "Mozilla/5.0 (Windows NT 10.0; Win64; x64) AppleWebKit/537.36 (KHTML, like Gecko) Chrome/120.0.0.0 Safari/537.36"
52.172.235.175 - - [27/Sep/2026:21:05:23 +0300] "GET /sagax.php HTTP/1.1" 200 12142 "-" "Mozilla/5.0 (Windows NT 10.0; Win64; x64) AppleWebKit/537.36 (KHTML, like Gecko) Chrome/120.0.0.0 Safari/537.36"
52.172.235.175 - - [27/Sep/2026:21:05:23 +0300] "GET /vendor/ HTTP/1.1" 200 12138 "-" "Mozilla/5.0 (Windows NT 10.0; Win64; x64) AppleWebKit/537.36 (KHTML, like Gecko) Chrome/120.0.0.0 Safari/537.36"
52.172.235.175 - - [27/Sep/2026:21:05:24 +0300] "GET /wp-content/plugins/ftde.php HTTP/1.1" 200 12154 "-" "Mozilla/5.0 (Windows NT 10.0; Win64; x64) AppleWebKit/537.36 (KHTML, like Gecko) Chrome/120.0.0.0 Safari/537.36"
52.172.235.175 - - [27/Sep/2026:21:05:24 +0300] "GET /wp-content/uploads/admin.php HTTP/1.1" 200 12154 "-" "Mozilla/5.0 (Windows NT 10.0; Win64; x64) AppleWebKit/537.36 (KHTML, like Gecko) Chrome/120.0.0.0 Safari/537.36"
52.172.235.175 - - [27/Sep/2026:21:05:24 +0300] "GET /wp-includes/Text/Diff/Engine/ HTTP/1.1" 200 12154 "-" "Mozilla/5.0 (Windows NT 10.0; Win64; x64) AppleWebKit/537.36 (KHTML, like Gecko) Chrome/120.0.0.0 Safari/537.36"
52.172.235.175 - - [27/Sep/2026:21:05:25 +0300] "GET /z.php HTTP/1.1" 200 12139 "-" "Mozilla/5.0 (Windows NT 10.0; Win64; x64) AppleWebKit/537.36 (KHTML, like Gecko) Chrome/120.0.0.0 Safari/537.36"
52.172.235.175 - - [27/Sep/2026:21:05:25 +0300] "GET /f35.php HTTP/1.1" 200 12141 "-" "Mozilla/5.0 (Windows NT 10.0; Win64; x64) AppleWebKit/537.36 (KHTML, like Gecko) Chrome/120.0.0.0 Safari/537.36"
52.172.235.175 - - [27/Sep/2026:21:05:26 +0300] "GET /file61.php HTTP/1.1" 200 12141 "-" "Mozilla/5.0 (Windows NT 10.0; Win64; x64) AppleWebKit/537.36 (KHTML, like Gecko) Chrome/120.0.0.0 Safari/537.36"
52.172.235.175 - - [27/Sep/2026:21:05:26 +0300] "GET /mah.php HTTP/1.1" 200 12136 "-" "Mozilla/5.0 (Windows NT 10.0; Win64; x64) AppleWebKit/537.36 (KHTML, like Gecko) Chrome/120.0.0.0 Safari/537.36"
52.172.235.175 - - [27/Sep/2026:21:05:27 +0300] "GET /mini.php HTTP/1.1" 200 12139 "-" "Mozilla/5.0 (Windows NT 10.0; Win64; x64) AppleWebKit/537.36 (KHTML, like Gecko) Chrome/120.0.0.0 Safari/537.36"
52.172.235.175 - - [27/Sep/2026:21:05:27 +0300] "GET /v.php HTTP/1.1" 200 12140 "-" "Mozilla/5.0 (Windows NT 10.0; Win64; x64) AppleWebKit/537.36 (KHTML, like Gecko) Chrome/120.0.0.0 Safari/537.36"
52.172.235.175 - - [27/Sep/2026:21:05:27 +0300] "GET /wp-admin/images/admin.php HTTP/1.1" 200 12149 "-" "Mozilla/5.0 (Windows NT 10.0; Win64; x64) AppleWebKit/537.36 (KHTML, like Gecko) Chrome/120.0.0.0 Safari/537.36"
52.172.235.175 - - [27/Sep/2026:21:05:28 +0300] "GET /wp-content/themes/seotheme/mar.php HTTP/1.1" 200 12156 "-" "Mozilla/5.0 (Windows NT 10.0; Win64; x64) AppleWebKit/537.36 (KHTML, like Gecko) Chrome/120.0.0.0 Safari/537.36"
52.172.235.175 - - [27/Sep/2026:21:05:28 +0300] "GET /wp-includes/Text/index.php HTTP/1.1" 200 12151 "-" "Mozilla/5.0 (Windows NT 10.0; Win64; x64) AppleWebKit/537.36 (KHTML, like Gecko) Chrome/120.0.0.0 Safari/537.36"
52.172.235.175 - - [27/Sep/2026:21:05:29 +0300] "GET /wp-includes/rest-api/fields/ HTTP/1.1" 200 12157 "-" "Mozilla/5.0 (Windows NT 10.0; Win64; x64) AppleWebKit/537.36 (KHTML, like Gecko) Chrome/120.0.0.0 Safari/537.36"
52.172.235.175 - - [27/Sep/2026:21:05:29 +0300] "GET /wp-index.php HTTP/1.1" 200 12144 "-" "Mozilla/5.0 (Windows NT 10.0; Win64; x64) AppleWebKit/537.36 (KHTML, like Gecko) Chrome/120.0.0.0 Safari/537.36"
52.172.235.175 - - [27/Sep/2026:21:05:30 +0300] "GET /ww2.php HTTP/1.1" 200 12138 "-" "Mozilla/5.0 (Windows NT 10.0; Win64; x64) AppleWebKit/537.36 (KHTML, like Gecko) Chrome/120.0.0.0 Safari/537.36"
52.172.235.175 - - [27/Sep/2026:21:05:30 +0300] "GET /7logs.php HTTP/1.1" 200 12144 "-" "Mozilla/5.0 (Windows NT 10.0; Win64; x64) AppleWebKit/537.36 (KHTML, like Gecko) Chrome/120.0.0.0 Safari/537.36"
52.172.235.175 - - [27/Sep/2026:21:05:30 +0300] "GET /ac.php HTTP/1.1" 200 12140 "-" "Mozilla/5.0 (Windows NT 10.0; Win64; x64) AppleWebKit/537.36 (KHTML, like Gecko) Chrome/120.0.0.0 Safari/537.36"
52.172.235.175 - - [27/Sep/2026:21:05:31 +0300] "GET /ctex1.php HTTP/1.1" 200 12141 "-" "Mozilla/5.0 (Windows NT 10.0; Win64; x64) AppleWebKit/537.36 (KHTML, like Gecko) Chrome/120.0.0.0 Safari/537.36"
52.172.235.175 - - [27/Sep/2026:21:05:31 +0300] "GET /defaults.php HTTP/1.1" 200 12143 "-" "Mozilla/5.0 (Windows NT 10.0; Win64; x64) AppleWebKit/537.36 (KHTML, like Gecko) Chrome/120.0.0.0 Safari/537.36"
52.172.235.175 - - [27/Sep/2026:21:05:32 +0300] "GET /domains.php HTTP/1.1" 200 12144 "-" "Mozilla/5.0 (Windows NT 10.0; Win64; x64) AppleWebKit/537.36 (KHTML, like Gecko) Chrome/120.0.0.0 Safari/537.36"
52.172.235.175 - - [27/Sep/2026:21:05:32 +0300] "GET /dropdown.php HTTP/1.1" 200 12146 "-" "Mozilla/5.0 (Windows NT 10.0; Win64; x64) AppleWebKit/537.36 (KHTML, like Gecko) Chrome/120.0.0.0 Safari/537.36"
52.172.235.175 - - [27/Sep/2026:21:05:33 +0300] "GET /files/index.php HTTP/1.1" 200 12144 "-" "Mozilla/5.0 (Windows NT 10.0; Win64; x64) AppleWebKit/537.36 (KHTML, like Gecko) Chrome/120.0.0.0 Safari/537.36"
52.172.235.175 - - [27/Sep/2026:21:05:33 +0300] "GET /flower.php HTTP/1.1" 200 12137 "-" "Mozilla/5.0 (Windows NT 10.0; Win64; x64) AppleWebKit/537.36 (KHTML, like Gecko) Chrome/120.0.0.0 Safari/537.36"
74.7.241.154 - - [27/Sep/2026:21:14:26 +0300] "GET /robots.txt HTTP/2.0" 200 26 "-" "Mozilla/5.0 (Macintosh; Intel Mac OS X 10_15_7) AppleWebKit/537.36 (KHTML, like Gecko) Chrome/131.0.0.0 Safari/537.36; compatible; OAI-SearchBot/1.4; robots.txt; +https://openai.com/searchbot"
162.35.112.151 - - [27/Sep/2026:21:35:57 +0300] "GET / HTTP/1.1" 400 52 "-" "Mozilla/5.0 (Windows NT 10.0; Win64; x64) AppleWebKit/537.36 (KHTML, like Gecko) Chrome/126.0.0.0 Safari/537.36"
80.66.76.144 - - [27/Sep/2026:21:46:39 +0300] "GET / HTTP/1.1" 200 39304 "-" "Mozilla/5.0 (Windows NT 10.0; Win64; x64) AppleWebKit/537.36 (KHTML, like Gecko) Chrome/126.0.0.0 Safari/537.36"
80.66.76.144 - - [27/Sep/2026:21:46:39 +0300] "GET /?feed=rss2 HTTP/1.1" 200 39304 "-" "Mozilla/5.0 (Windows NT 10.0; Win64; x64) AppleWebKit/537.36 (KHTML, like Gecko) Chrome/126.0.0.0 Safari/537.36"
85.254.144.33 - - [27/Sep/2026:21:46:40 +0300] "POST /wp-cron.php?doing_wp_cron=1790534799.9917769432067871093750 HTTP/1.1" 404 - "-" "WordPress/7.1.2; https://www.pribaltdom.com"
80.66.76.144 - - [27/Sep/2026:21:46:39 +0300] "GET /wp-links-opml.php HTTP/1.1" 200 406 "-" "Mozilla/5.0 (Windows NT 10.0; Win64; x64) AppleWebKit/537.36 (KHTML, like Gecko) Chrome/126.0.0.0 Safari/537.36"
209.141.55.190 - - [27/Sep/2026:21:53:56 +0300] "GET /wp-login.php HTTP/1.1" 404 - "-" "Mozilla/5.0 (Windows NT 10.0; Win64; x64) AppleWebKit/537.36 (KHTML, like Gecko) Chrome/118.0.0.0 Safari/537.36 Edg/118.0.2088.46"
35.221.177.152 - - [27/Sep/2026:21:54:37 +0300] "GET / HTTP/1.1" 200 12137 "-" "Mozilla/5.0 (Windows NT 10.0; Win64; x64) AppleWebKit/537.36 (KHTML, like Gecko) Chrome/131.0.0.0 Safari/537.36"
35.221.177.152 - - [27/Sep/2026:21:54:37 +0300] "POST / HTTP/1.1" 200 12135 "-" "Mozilla/5.0 (Windows NT 10.0; Win64; x64) AppleWebKit/537.36 (KHTML, like Gecko) Chrome/131.0.0.0 Safari/537.36"
35.221.177.152 - - [27/Sep/2026:21:54:38 +0300] "POST / HTTP/1.1" 200 12137 "-" "Mozilla/5.0 (Windows NT 10.0; Win64; x64) AppleWebKit/537.36 (KHTML, like Gecko) Chrome/131.0.0.0 Safari/537.36"
35.221.177.152 - - [27/Sep/2026:21:54:38 +0300] "POST / HTTP/1.1" 200 12135 "-" "Mozilla/5.0 (Windows NT 10.0; Win64; x64) AppleWebKit/537.36 (KHTML, like Gecko) Chrome/131.0.0.0 Safari/537.36"
35.221.177.152 - - [27/Sep/2026:21:54:38 +0300] "GET /.git/config HTTP/1.1" 200 12144 "-" "Mozilla/5.0 (Windows NT 10.0; Win64; x64) AppleWebKit/537.36 (KHTML, like Gecko) Chrome/131.0.0.0 Safari/537.36"
35.221.177.152 - - [27/Sep/2026:21:54:38 +0300] "POST / HTTP/1.1" 200 12131 "-" "Mozilla/5.0 (Windows NT 10.0; Win64; x64) AppleWebKit/537.36 (KHTML, like Gecko) Chrome/131.0.0.0 Safari/537.36"
35.221.177.152 - - [27/Sep/2026:21:54:39 +0300] "GET /.env HTTP/1.1" 200 12139 "-" "Mozilla/5.0 (Windows NT 10.0; Win64; x64) AppleWebKit/537.36 (KHTML, like Gecko) Chrome/131.0.0.0 Safari/537.36"
35.221.177.152 - - [27/Sep/2026:21:54:39 +0300] "GET /.env.local HTTP/1.1" 200 12141 "-" "Mozilla/5.0 (Windows NT 10.0; Win64; x64) AppleWebKit/537.36 (KHTML, like Gecko) Chrome/131.0.0.0 Safari/537.36"
35.221.177.152 - - [27/Sep/2026:21:54:39 +0300] "GET /.env.production HTTP/1.1" 200 12142 "-" "Mozilla/5.0 (Windows NT 10.0; Win64; x64) AppleWebKit/537.36 (KHTML, like Gecko) Chrome/131.0.0.0 Safari/537.36"
35.221.177.152 - - [27/Sep/2026:21:54:40 +0300] "GET /.env.staging HTTP/1.1" 200 12144 "-" "Mozilla/5.0 (Windows NT 10.0; Win64; x64) AppleWebKit/537.36 (KHTML, like Gecko) Chrome/131.0.0.0 Safari/537.36"
35.221.177.152 - - [27/Sep/2026:21:54:40 +0300] "GET /.env.development HTTP/1.1" 200 12142 "-" "Mozilla/5.0 (Windows NT 10.0; Win64; x64) AppleWebKit/537.36 (KHTML, like Gecko) Chrome/131.0.0.0 Safari/537.36"
35.221.177.152 - - [27/Sep/2026:21:54:40 +0300] "GET /.env.test HTTP/1.1" 200 12135 "-" "Mozilla/5.0 (Windows NT 10.0; Win64; x64) AppleWebKit/537.36 (KHTML, like Gecko) Chrome/131.0.0.0 Safari/537.36"
35.221.177.152 - - [27/Sep/2026:21:54:40 +0300] "GET /.env.remote HTTP/1.1" 200 12136 "-" "Mozilla/5.0 (Windows NT 10.0; Win64; x64) AppleWebKit/537.36 (KHTML, like Gecko) Chrome/131.0.0.0 Safari/537.36"
35.221.177.152 - - [27/Sep/2026:21:54:41 +0300] "GET /.env.bak HTTP/1.1" 200 12140 "-" "Mozilla/5.0 (Windows NT 10.0; Win64; x64) AppleWebKit/537.36 (KHTML, like Gecko) Chrome/131.0.0.0 Safari/537.36"
35.221.177.152 - - [27/Sep/2026:21:54:41 +0300] "GET /.env.backup HTTP/1.1" 200 12140 "-" "Mozilla/5.0 (Windows NT 10.0; Win64; x64) AppleWebKit/537.36 (KHTML, like Gecko) Chrome/131.0.0.0 Safari/537.36"
35.221.177.152 - - [27/Sep/2026:21:54:41 +0300] "GET /.env.save HTTP/1.1" 200 12136 "-" "Mozilla/5.0 (Windows NT 10.0; Win64; x64) AppleWebKit/537.36 (KHTML, like Gecko) Chrome/131.0.0.0 Safari/537.36"
35.221.177.152 - - [27/Sep/2026:21:54:42 +0300] "GET /.env.old HTTP/1.1" 200 12140 "-" "Mozilla/5.0 (Windows NT 10.0; Win64; x64) AppleWebKit/537.36 (KHTML, like Gecko) Chrome/131.0.0.0 Safari/537.36"
35.221.177.152 - - [27/Sep/2026:21:54:42 +0300] "GET /.env.sample HTTP/1.1" 200 12147 "-" "Mozilla/5.0 (Windows NT 10.0; Win64; x64) AppleWebKit/537.36 (KHTML, like Gecko) Chrome/131.0.0.0 Safari/537.36"
35.221.177.152 - - [27/Sep/2026:21:54:42 +0300] "GET /.env.example HTTP/1.1" 200 12146 "-" "Mozilla/5.0 (Windows NT 10.0; Win64; x64) AppleWebKit/537.36 (KHTML, like Gecko) Chrome/131.0.0.0 Safari/537.36"
35.221.177.152 - - [27/Sep/2026:21:54:42 +0300] "GET /.env.dev HTTP/1.1" 200 12142 "-" "Mozilla/5.0 (Windows NT 10.0; Win64; x64) AppleWebKit/537.36 (KHTML, like Gecko) Chrome/131.0.0.0 Safari/537.36"
35.221.177.152 - - [27/Sep/2026:21:54:43 +0300] "GET /.env.prod HTTP/1.1" 200 12138 "-" "Mozilla/5.0 (Windows NT 10.0; Win64; x64) AppleWebKit/537.36 (KHTML, like Gecko) Chrome/131.0.0.0 Safari/537.36"
35.221.177.152 - - [27/Sep/2026:21:54:43 +0300] "GET /.env.stage HTTP/1.1" 200 12139 "-" "Mozilla/5.0 (Windows NT 10.0; Win64; x64) AppleWebKit/537.36 (KHTML, like Gecko) Chrome/131.0.0.0 Safari/537.36"
35.221.177.152 - - [27/Sep/2026:21:54:43 +0300] "GET /.env.ci HTTP/1.1" 200 12142 "-" "Mozilla/5.0 (Windows NT 10.0; Win64; x64) AppleWebKit/537.36 (KHTML, like Gecko) Chrome/131.0.0.0 Safari/537.36"
35.221.177.152 - - [27/Sep/2026:21:54:44 +0300] "GET /.env.docker HTTP/1.1" 200 12145 "-" "Mozilla/5.0 (Windows NT 10.0; Win64; x64) AppleWebKit/537.36 (KHTML, like Gecko) Chrome/131.0.0.0 Safari/537.36"
35.221.177.152 - - [27/Sep/2026:21:54:44 +0300] "GET /.env.live HTTP/1.1" 200 12140 "-" "Mozilla/5.0 (Windows NT 10.0; Win64; x64) AppleWebKit/537.36 (KHTML, like Gecko) Chrome/131.0.0.0 Safari/537.36"
20.24.74.198 - - [27/Sep/2026:21:54:44 +0300] "GET / HTTP/1.1" 400 52 "-" "Mozilla/5.0 (Windows NT 10.0; Win64; x64) AppleWebKit/537.36 (KHTML, like Gecko) Chrome/120.0.0.0 Safari/537.36"
35.221.177.152 - - [27/Sep/2026:21:54:44 +0300] "GET /.env.preprod HTTP/1.1" 200 12143 "-" "Mozilla/5.0 (Windows NT 10.0; Win64; x64) AppleWebKit/537.36 (KHTML, like Gecko) Chrome/131.0.0.0 Safari/537.36"
35.221.177.152 - - [27/Sep/2026:21:54:44 +0300] "GET /.env.uat HTTP/1.1" 200 12138 "-" "Mozilla/5.0 (Windows NT 10.0; Win64; x64) AppleWebKit/537.36 (KHTML, like Gecko) Chrome/131.0.0.0 Safari/537.36"
20.24.74.198 - - [27/Sep/2026:21:54:45 +0300] "GET / HTTP/1.1" 200 12138 "-" "Mozilla/5.0 (Windows NT 10.0; Win64; x64) AppleWebKit/537.36 (KHTML, like Gecko) Chrome/120.0.0.0 Safari/537.36"
35.221.177.152 - - [27/Sep/2026:21:54:45 +0300] "GET /.env.dist HTTP/1.1" 200 12142 "-" "Mozilla/5.0 (Windows NT 10.0; Win64; x64) AppleWebKit/537.36 (KHTML, like Gecko) Chrome/131.0.0.0 Safari/537.36"
20.24.74.198 - - [27/Sep/2026:21:54:45 +0300] "GET / HTTP/1.1" 200 12134 "-" "Mozilla/5.0 (Windows NT 10.0; Win64; x64) AppleWebKit/537.36 (KHTML, like Gecko) Chrome/120.0.0.0 Safari/537.36"
20.24.74.198 - - [27/Sep/2026:21:54:45 +0300] "GET /wp-includes/ID3/autoload_classmap.php HTTP/1.1" 200 12161 "-" "Mozilla/5.0 (Windows NT 10.0; Win64; x64) AppleWebKit/537.36 (KHTML, like Gecko) Chrome/120.0.0.0 Safari/537.36"
20.24.74.198 - - [27/Sep/2026:21:54:46 +0300] "GET /wp-includes/ID3/autoload_classmap.php HTTP/1.1" 200 12162 "-" "Mozilla/5.0 (Windows NT 10.0; Win64; x64) AppleWebKit/537.36 (KHTML, like Gecko) Chrome/120.0.0.0 Safari/537.36"
35.221.177.152 - - [27/Sep/2026:21:54:45 +0300] "GET /.env.swp HTTP/1.1" 200 12145 "-" "Mozilla/5.0 (Windows NT 10.0; Win64; x64) AppleWebKit/537.36 (KHTML, like Gecko) Chrome/131.0.0.0 Safari/537.36"
20.24.74.198 - - [27/Sep/2026:21:54:46 +0300] "GET /wp-includes/SimplePie/XML/ HTTP/1.1" 200 12162 "-" "Mozilla/5.0 (Windows NT 10.0; Win64; x64) AppleWebKit/537.36 (KHTML, like Gecko) Chrome/120.0.0.0 Safari/537.36"
20.24.74.198 - - [27/Sep/2026:21:54:46 +0300] "GET /wp-includes/SimplePie/XML/ HTTP/1.1" 200 12157 "-" "Mozilla/5.0 (Windows NT 10.0; Win64; x64) AppleWebKit/537.36 (KHTML, like Gecko) Chrome/120.0.0.0 Safari/537.36"
35.221.177.152 - - [27/Sep/2026:21:54:46 +0300] "GET /.env~ HTTP/1.1" 200 12137 "-" "Mozilla/5.0 (Windows NT 10.0; Win64; x64) AppleWebKit/537.36 (KHTML, like Gecko) Chrome/131.0.0.0 Safari/537.36"
20.24.74.198 - - [27/Sep/2026:21:54:46 +0300] "GET /wp-includes/Text/ HTTP/1.1" 200 12148 "-" "Mozilla/5.0 (Windows NT 10.0; Win64; x64) AppleWebKit/537.36 (KHTML, like Gecko) Chrome/120.0.0.0 Safari/537.36"
20.24.74.198 - - [27/Sep/2026:21:54:47 +0300] "GET /wp-includes/Text/ HTTP/1.1" 200 12147 "-" "Mozilla/5.0 (Windows NT 10.0; Win64; x64) AppleWebKit/537.36 (KHTML, like Gecko) Chrome/120.0.0.0 Safari/537.36"
35.221.177.152 - - [27/Sep/2026:21:54:47 +0300] "GET /.env1 HTTP/1.1" 200 12140 "-" "Mozilla/5.0 (Windows NT 10.0; Win64; x64) AppleWebKit/537.36 (KHTML, like Gecko) Chrome/131.0.0.0 Safari/537.36"
20.24.74.198 - - [27/Sep/2026:21:54:47 +0300] "GET /wp-includes/assets/admin.php HTTP/1.1" 200 12150 "-" "Mozilla/5.0 (Windows NT 10.0; Win64; x64) AppleWebKit/537.36 (KHTML, like Gecko) Chrome/120.0.0.0 Safari/537.36"
20.24.74.198 - - [27/Sep/2026:21:54:47 +0300] "GET /wp-includes/assets/admin.php HTTP/1.1" 200 12151 "-" "Mozilla/5.0 (Windows NT 10.0; Win64; x64) AppleWebKit/537.36 (KHTML, like Gecko) Chrome/120.0.0.0 Safari/537.36"
35.221.177.152 - - [27/Sep/2026:21:54:47 +0300] "GET /.env2 HTTP/1.1" 200 12138 "-" "Mozilla/5.0 (Windows NT 10.0; Win64; x64) AppleWebKit/537.36 (KHTML, like Gecko) Chrome/131.0.0.0 Safari/537.36"
20.24.74.198 - - [27/Sep/2026:21:54:47 +0300] "GET /wp-includes/assets/index.php HTTP/1.1" 200 12149 "-" "Mozilla/5.0 (Windows NT 10.0; Win64; x64) AppleWebKit/537.36 (KHTML, like Gecko) Chrome/120.0.0.0 Safari/537.36"
20.24.74.198 - - [27/Sep/2026:21:54:48 +0300] "GET / HTTP/1.1" 503 - "-" "Mozilla/5.0 (Windows NT 10.0; Win64; x64) AppleWebKit/537.36 (KHTML, like Gecko) Chrome/120.0.0.0 Safari/537.36"
20.24.74.198 - - [27/Sep/2026:21:54:48 +0300] "GET /wp-includes/assets/index.php HTTP/1.1" 200 12153 "-" "Mozilla/5.0 (Windows NT 10.0; Win64; x64) AppleWebKit/537.36 (KHTML, like Gecko) Chrome/120.0.0.0 Safari/537.36"
35.221.177.152 - - [27/Sep/2026:21:54:48 +0300] "GET /.env_copy HTTP/1.1" 200 12144 "-" "Mozilla/5.0 (Windows NT 10.0; Win64; x64) AppleWebKit/537.36 (KHTML, like Gecko) Chrome/131.0.0.0 Safari/537.36"
20.24.74.198 - - [27/Sep/2026:21:54:49 +0300] "GET /wp-includes/bk/ HTTP/1.1" 200 12146 "-" "Mozilla/5.0 (Windows NT 10.0; Win64; x64) AppleWebKit/537.36 (KHTML, like Gecko) Chrome/120.0.0.0 Safari/537.36"
20.24.74.198 - - [27/Sep/2026:21:54:48 +0300] "GET /wp-includes/bk/ HTTP/1.1" 200 12145 "-" "Mozilla/5.0 (Windows NT 10.0; Win64; x64) AppleWebKit/537.36 (KHTML, like Gecko) Chrome/120.0.0.0 Safari/537.36"
35.221.177.152 - - [27/Sep/2026:21:54:49 +0300] "GET /.env.txt HTTP/1.1" 200 12140 "-" "Mozilla/5.0 (Windows NT 10.0; Win64; x64) AppleWebKit/537.36 (KHTML, like Gecko) Chrome/131.0.0.0 Safari/537.36"
20.24.74.198 - - [27/Sep/2026:21:54:50 +0300] "GET /wp-includes/block-patterns/autoload_classmap.php HTTP/1.1" 200 12166 "-" "Mozilla/5.0 (Windows NT 10.0; Win64; x64) AppleWebKit/537.36 (KHTML, like Gecko) Chrome/120.0.0.0 Safari/537.36"
20.24.74.198 - - [27/Sep/2026:21:54:50 +0300] "GET /wp-includes/block-patterns/autoload_classmap.php HTTP/1.1" 200 12158 "-" "Mozilla/5.0 (Windows NT 10.0; Win64; x64) AppleWebKit/537.36 (KHTML, like Gecko) Chrome/120.0.0.0 Safari/537.36"
20.24.74.198 - - [27/Sep/2026:21:54:52 +0300] "GET /wp-includes/blocks/file/ HTTP/1.1" 200 12148 "-" "Mozilla/5.0 (Windows NT 10.0; Win64; x64) AppleWebKit/537.36 (KHTML, like Gecko) Chrome/120.0.0.0 Safari/537.36"
35.221.177.152 - - [27/Sep/2026:21:54:52 +0300] "GET /.env.json HTTP/1.1" 200 12137 "-" "Mozilla/5.0 (Windows NT 10.0; Win64; x64) AppleWebKit/537.36 (KHTML, like Gecko) Chrome/131.0.0.0 Safari/537.36"
20.24.74.198 - - [27/Sep/2026:21:55:02 +0300] "GET / HTTP/1.1" 401 52 "-" "Mozilla/5.0 (Windows NT 10.0; Win64; x64) AppleWebKit/537.36 (KHTML, like Gecko) Chrome/120.0.0.0 Safari/537.36"
20.24.74.198 - - [27/Sep/2026:21:54:59 +0300] "GET /wp-includes/certificates/ HTTP/1.1" 200 12151 "-" "Mozilla/5.0 (Windows NT 10.0; Win64; x64) AppleWebKit/537.36 (KHTML, like Gecko) Chrome/120.0.0.0 Safari/537.36"
20.24.74.198 - - [27/Sep/2026:21:54:58 +0300] "GET /wp-includes/blocks/file/ HTTP/1.1" 200 12150 "-" "Mozilla/5.0 (Windows NT 10.0; Win64; x64) AppleWebKit/537.36 (KHTML, like Gecko) Chrome/120.0.0.0 Safari/537.36"
35.221.177.152 - - [27/Sep/2026:21:55:03 +0300] "GET /.env.yaml HTTP/1.1" 200 12137 "-" "Mozilla/5.0 (Windows NT 10.0; Win64; x64) AppleWebKit/537.36 (KHTML, like Gecko) Chrome/131.0.0.0 Safari/537.36"
20.24.74.198 - - [27/Sep/2026:21:55:05 +0300] "GET /wp-includes/css/ HTTP/1.1" 200 12147 "-" "Mozilla/5.0 (Windows NT 10.0; Win64; x64) AppleWebKit/537.36 (KHTML, like Gecko) Chrome/120.0.0.0 Safari/537.36"
35.221.177.152 - - [27/Sep/2026:21:55:12 +0300] "GET /.env.yml HTTP/1.1" 200 12134 "-" "Mozilla/5.0 (Windows NT 10.0; Win64; x64) AppleWebKit/537.36 (KHTML, like Gecko) Chrome/131.0.0.0 Safari/537.36"
20.24.74.198 - - [27/Sep/2026:21:55:12 +0300] "GET /wp-includes/certificates/ HTTP/1.1" 200 12146 "-" "Mozilla/5.0 (Windows NT 10.0; Win64; x64) AppleWebKit/537.36 (KHTML, like Gecko) Chrome/120.0.0.0 Safari/537.36"
20.24.74.198 - - [27/Sep/2026:21:55:16 +0300] "GET /wp-includes/customize/ HTTP/1.1" 200 12146 "-" "Mozilla/5.0 (Windows NT 10.0; Win64; x64) AppleWebKit/537.36 (KHTML, like Gecko) Chrome/120.0.0.0 Safari/537.36"
35.221.177.152 - - [27/Sep/2026:21:55:20 +0300] "GET /app/.env HTTP/1.1" 200 12134 "-" "Mozilla/5.0 (Windows NT 10.0; Win64; x64) AppleWebKit/537.36 (KHTML, like Gecko) Chrome/131.0.0.0 Safari/537.36"
20.24.74.198 - - [27/Sep/2026:21:55:26 +0300] "GET /wp-includes/css/ HTTP/1.1" 200 12140 "-" "Mozilla/5.0 (Windows NT 10.0; Win64; x64) AppleWebKit/537.36 (KHTML, like Gecko) Chrome/120.0.0.0 Safari/537.36"
35.221.177.152 - - [27/Sep/2026:21:55:29 +0300] "GET /apps/.env HTTP/1.1" 200 12136 "-" "Mozilla/5.0 (Windows NT 10.0; Win64; x64) AppleWebKit/537.36 (KHTML, like Gecko) Chrome/131.0.0.0 Safari/537.36"
20.24.74.198 - - [27/Sep/2026:21:55:29 +0300] "GET /wp-includes/file.php HTTP/1.1" 200 12147 "-" "Mozilla/5.0 (Windows NT 10.0; Win64; x64) AppleWebKit/537.36 (KHTML, like Gecko) Chrome/120.0.0.0 Safari/537.36"
35.221.177.152 - - [27/Sep/2026:21:55:37 +0300] "GET /api/.env HTTP/1.1" 200 12134 "-" "Mozilla/5.0 (Windows NT 10.0; Win64; x64) AppleWebKit/537.36 (KHTML, like Gecko) Chrome/131.0.0.0 Safari/537.36"
20.24.74.198 - - [27/Sep/2026:21:55:37 +0300] "GET /wp-includes/customize/ HTTP/1.1" 200 12145 "-" "Mozilla/5.0 (Windows NT 10.0; Win64; x64) AppleWebKit/537.36 (KHTML, like Gecko) Chrome/120.0.0.0 Safari/537.36"
20.24.74.198 - - [27/Sep/2026:21:55:40 +0300] "GET /wp-includes/fonts/ HTTP/1.1" 200 12143 "-" "Mozilla/5.0 (Windows NT 10.0; Win64; x64) AppleWebKit/537.36 (KHTML, like Gecko) Chrome/120.0.0.0 Safari/537.36"
35.221.177.152 - - [27/Sep/2026:21:55:46 +0300] "GET /web/.env HTTP/1.1" 200 12137 "-" "Mozilla/5.0 (Windows NT 10.0; Win64; x64) AppleWebKit/537.36 (KHTML, like Gecko) Chrome/131.0.0.0 Safari/537.36"
20.24.74.198 - - [27/Sep/2026:21:55:46 +0300] "GET /wp-includes/file.php HTTP/1.1" 200 12145 "-" "Mozilla/5.0 (Windows NT 10.0; Win64; x64) AppleWebKit/537.36 (KHTML, like Gecko) Chrome/120.0.0.0 Safari/537.36"
20.24.74.198 - - [27/Sep/2026:21:55:50 +0300] "GET /wp-includes/html-api/ HTTP/1.1" 200 12147 "-" "Mozilla/5.0 (Windows NT 10.0; Win64; x64) AppleWebKit/537.36 (KHTML, like Gecko) Chrome/120.0.0.0 Safari/537.36"
35.221.177.152 - - [27/Sep/2026:21:55:54 +0300] "GET /site/.env HTTP/1.1" 200 12143 "-" "Mozilla/5.0 (Windows NT 10.0; Win64; x64) AppleWebKit/537.36 (KHTML, like Gecko) Chrome/131.0.0.0 Safari/537.36"
20.24.74.198 - - [27/Sep/2026:21:55:57 +0300] "GET /wp-includes/fonts/ HTTP/1.1" 200 12142 "-" "Mozilla/5.0 (Windows NT 10.0; Win64; x64) AppleWebKit/537.36 (KHTML, like Gecko) Chrome/120.0.0.0 Safari/537.36"
20.24.74.198 - - [27/Sep/2026:21:55:59 +0300] "GET /cgi-bin/ HTTP/1.1" 200 12146 "-" "Mozilla/5.0 (Windows NT 10.0; Win64; x64) AppleWebKit/537.36 (KHTML, like Gecko) Chrome/120.0.0.0 Safari/537.36"
35.221.177.152 - - [27/Sep/2026:21:56:03 +0300] "GET /public/.env HTTP/1.1" 200 12141 "-" "Mozilla/5.0 (Windows NT 10.0; Win64; x64) AppleWebKit/537.36 (KHTML, like Gecko) Chrome/131.0.0.0 Safari/537.36"
20.24.74.198 - - [27/Sep/2026:21:56:06 +0300] "GET /wp-includes/html-api/ HTTP/1.1" 200 12145 "-" "Mozilla/5.0 (Windows NT 10.0; Win64; x64) AppleWebKit/537.36 (KHTML, like Gecko) Chrome/120.0.0.0 Safari/537.36"
20.24.74.198 - - [27/Sep/2026:21:56:10 +0300] "GET /doc.php HTTP/1.1" 200 12138 "-" "Mozilla/5.0 (Windows NT 10.0; Win64; x64) AppleWebKit/537.36 (KHTML, like Gecko) Chrome/120.0.0.0 Safari/537.36"
35.221.177.152 - - [27/Sep/2026:21:56:11 +0300] "GET /admin/.env HTTP/1.1" 200 12147 "-" "Mozilla/5.0 (Windows NT 10.0; Win64; x64) AppleWebKit/537.36 (KHTML, like Gecko) Chrome/131.0.0.0 Safari/537.36"
35.221.177.152 - - [27/Sep/2026:21:56:21 +0300] "GET /backend/.env HTTP/1.1" 200 12136 "-" "Mozilla/5.0 (Windows NT 10.0; Win64; x64) AppleWebKit/537.36 (KHTML, like Gecko) Chrome/131.0.0.0 Safari/537.36"
20.24.74.198 - - [27/Sep/2026:21:56:20 +0300] "GET /edit.php HTTP/1.1" 200 12144 "-" "Mozilla/5.0 (Windows NT 10.0; Win64; x64) AppleWebKit/537.36 (KHTML, like Gecko) Chrome/120.0.0.0 Safari/537.36"
20.24.74.198 - - [27/Sep/2026:21:56:17 +0300] "GET /cgi-bin/ HTTP/1.1" 200 12139 "-" "Mozilla/5.0 (Windows NT 10.0; Win64; x64) AppleWebKit/537.36 (KHTML, like Gecko) Chrome/120.0.0.0 Safari/537.36"
35.221.177.152 - - [27/Sep/2026:21:56:29 +0300] "GET /server/.env HTTP/1.1" 200 12144 "-" "Mozilla/5.0 (Windows NT 10.0; Win64; x64) AppleWebKit/537.36 (KHTML, like Gecko) Chrome/131.0.0.0 Safari/537.36"
20.24.74.198 - - [27/Sep/2026:21:56:30 +0300] "GET /functions.php HTTP/1.1" 200 12139 "-" "Mozilla/5.0 (Windows NT 10.0; Win64; x64) AppleWebKit/537.36 (KHTML, like Gecko) Chrome/120.0.0.0 Safari/537.36"
35.221.177.152 - - [27/Sep/2026:21:56:37 +0300] "GET /frontend/.env HTTP/1.1" 200 12138 "-" "Mozilla/5.0 (Windows NT 10.0; Win64; x64) AppleWebKit/537.36 (KHTML, like Gecko) Chrome/131.0.0.0 Safari/537.36"
20.24.74.198 - - [27/Sep/2026:21:56:39 +0300] "GET /img/post.php HTTP/1.1" 200 12141 "-" "Mozilla/5.0 (Windows NT 10.0; Win64; x64) AppleWebKit/537.36 (KHTML, like Gecko) Chrome/120.0.0.0 Safari/537.36"
35.221.177.152 - - [27/Sep/2026:21:56:45 +0300] "GET /src/.env HTTP/1.1" 200 12138 "-" "Mozilla/5.0 (Windows NT 10.0; Win64; x64) AppleWebKit/537.36 (KHTML, like Gecko) Chrome/131.0.0.0 Safari/537.36"
20.24.74.198 - - [27/Sep/2026:21:56:49 +0300] "GET /manager.php HTTP/1.1" 200 12140 "-" "Mozilla/5.0 (Windows NT 10.0; Win64; x64) AppleWebKit/537.36 (KHTML, like Gecko) Chrome/120.0.0.0 Safari/537.36"
35.221.177.152 - - [27/Sep/2026:21:56:54 +0300] "GET /core/.env HTTP/1.1" 200 12139 "-" "Mozilla/5.0 (Windows NT 10.0; Win64; x64) AppleWebKit/537.36 (KHTML, like Gecko) Chrome/131.0.0.0 Safari/537.36"
20.24.74.198 - - [27/Sep/2026:21:56:58 +0300] "GET /radio.php HTTP/1.1" 200 12141 "-" "Mozilla/5.0 (Windows NT 10.0; Win64; x64) AppleWebKit/537.36 (KHTML, like Gecko) Chrome/120.0.0.0 Safari/537.36"
35.221.177.152 - - [27/Sep/2026:21:57:02 +0300] "GET /core/app/.env HTTP/1.1" 200 12140 "-" "Mozilla/5.0 (Windows NT 10.0; Win64; x64) AppleWebKit/537.36 (KHTML, like Gecko) Chrome/131.0.0.0 Safari/537.36"
20.24.74.198 - - [27/Sep/2026:21:57:07 +0300] "GET /root.php HTTP/1.1" 200 12141 "-" "Mozilla/5.0 (Windows NT 10.0; Win64; x64) AppleWebKit/537.36 (KHTML, like Gecko) Chrome/120.0.0.0 Safari/537.36"
35.221.177.152 - - [27/Sep/2026:21:57:11 +0300] "GET /config/.env HTTP/1.1" 200 12144 "-" "Mozilla/5.0 (Windows NT 10.0; Win64; x64) AppleWebKit/537.36 (KHTML, like Gecko) Chrome/131.0.0.0 Safari/537.36"
20.24.74.198 - - [27/Sep/2026:21:57:17 +0300] "GET /sim.php HTTP/1.1" 200 12140 "-" "Mozilla/5.0 (Windows NT 10.0; Win64; x64) AppleWebKit/537.36 (KHTML, like Gecko) Chrome/120.0.0.0 Safari/537.36"
35.221.177.152 - - [27/Sep/2026:21:57:19 +0300] "GET /private/.env HTTP/1.1" 200 12138 "-" "Mozilla/5.0 (Windows NT 10.0; Win64; x64) AppleWebKit/537.36 (KHTML, like Gecko) Chrome/131.0.0.0 Safari/537.36"
20.24.74.198 - - [27/Sep/2026:21:57:26 +0300] "GET /system_log.php HTTP/1.1" 200 12142 "-" "Mozilla/5.0 (Windows NT 10.0; Win64; x64) AppleWebKit/537.36 (KHTML, like Gecko) Chrome/120.0.0.0 Safari/537.36"
35.221.177.152 - - [27/Sep/2026:21:57:28 +0300] "GET /application/.env HTTP/1.1" 200 12142 "-" "Mozilla/5.0 (Windows NT 10.0; Win64; x64) AppleWebKit/537.36 (KHTML, like Gecko) Chrome/131.0.0.0 Safari/537.36"
35.221.177.152 - - [27/Sep/2026:21:57:36 +0300] "GET /bootstrap/.env HTTP/1.1" 200 12141 "-" "Mozilla/5.0 (Windows NT 10.0; Win64; x64) AppleWebKit/537.36 (KHTML, like Gecko) Chrome/131.0.0.0 Safari/537.36"
20.24.74.198 - - [27/Sep/2026:21:57:35 +0300] "GET /update/ HTTP/1.1" 200 12141 "-" "Mozilla/5.0 (Windows NT 10.0; Win64; x64) AppleWebKit/537.36 (KHTML, like Gecko) Chrome/120.0.0.0 Safari/537.36"
35.221.177.152 - - [27/Sep/2026:21:57:45 +0300] "GET /database/.env HTTP/1.1" 200 12144 "-" "Mozilla/5.0 (Windows NT 10.0; Win64; x64) AppleWebKit/537.36 (KHTML, like Gecko) Chrome/131.0.0.0 Safari/537.36"
20.24.74.198 - - [27/Sep/2026:21:57:44 +0300] "GET /wp-includes/PHPMailer/wp-conflg.php HTTP/1.1" 200 12158 "-" "Mozilla/5.0 (Windows NT 10.0; Win64; x64) AppleWebKit/537.36 (KHTML, like Gecko) Chrome/120.0.0.0 Safari/537.36"
35.221.177.152 - - [27/Sep/2026:21:57:53 +0300] "GET /storage/.env HTTP/1.1" 200 12136 "-" "Mozilla/5.0 (Windows NT 10.0; Win64; x64) AppleWebKit/537.36 (KHTML, like Gecko) Chrome/131.0.0.0 Safari/537.36"
20.24.74.198 - - [27/Sep/2026:21:57:54 +0300] "GET /wp-includes/blocks/comments/ HTTP/1.1" 200 12154 "-" "Mozilla/5.0 (Windows NT 10.0; Win64; x64) AppleWebKit/537.36 (KHTML, like Gecko) Chrome/120.0.0.0 Safari/537.36"
35.221.177.152 - - [27/Sep/2026:21:58:02 +0300] "GET /var/www/.env HTTP/1.1" 200 12140 "-" "Mozilla/5.0 (Windows NT 10.0; Win64; x64) AppleWebKit/537.36 (KHTML, like Gecko) Chrome/131.0.0.0 Safari/537.36"
20.24.74.198 - - [27/Sep/2026:21:58:04 +0300] "GET /gecko.php HTTP/1.1" 200 12147 "-" "Mozilla/5.0 (Windows NT 10.0; Win64; x64) AppleWebKit/537.36 (KHTML, like Gecko) Chrome/120.0.0.0 Safari/537.36"
35.221.177.152 - - [27/Sep/2026:21:58:10 +0300] "GET /var/www/html/.env HTTP/1.1" 200 12147 "-" "Mozilla/5.0 (Windows NT 10.0; Win64; x64) AppleWebKit/537.36 (KHTML, like Gecko) Chrome/131.0.0.0 Safari/537.36"
20.24.74.198 - - [27/Sep/2026:21:58:13 +0300] "GET /xmrlpc.php HTTP/1.1" 200 12142 "-" "Mozilla/5.0 (Windows NT 10.0; Win64; x64) AppleWebKit/537.36 (KHTML, like Gecko) Chrome/120.0.0.0 Safari/537.36"
35.221.177.152 - - [27/Sep/2026:21:58:19 +0300] "GET /current/.env HTTP/1.1" 200 12139 "-" "Mozilla/5.0 (Windows NT 10.0; Win64; x64) AppleWebKit/537.36 (KHTML, like Gecko) Chrome/131.0.0.0 Safari/537.36"
20.24.74.198 - - [27/Sep/2026:21:58:22 +0300] "GET /wp-content/uploads/index.php HTTP/1.1" 200 12152 "-" "Mozilla/5.0 (Windows NT 10.0; Win64; x64) AppleWebKit/537.36 (KHTML, like Gecko) Chrome/120.0.0.0 Safari/537.36"
35.221.177.152 - - [27/Sep/2026:21:58:26 +0300] "GET /release/.env HTTP/1.1" 200 12144 "-" "Mozilla/5.0 (Windows NT 10.0; Win64; x64) AppleWebKit/537.36 (KHTML, like Gecko) Chrome/131.0.0.0 Safari/537.36"
20.24.74.198 - - [27/Sep/2026:21:58:32 +0300] "GET /moon.php HTTP/1.1" 200 12141 "-" "Mozilla/5.0 (Windows NT 10.0; Win64; x64) AppleWebKit/537.36 (KHTML, like Gecko) Chrome/120.0.0.0 Safari/537.36"
35.221.177.152 - - [27/Sep/2026:21:58:34 +0300] "GET /releases/.env HTTP/1.1" 200 12140 "-" "Mozilla/5.0 (Windows NT 10.0; Win64; x64) AppleWebKit/537.36 (KHTML, like Gecko) Chrome/131.0.0.0 Safari/537.36"
20.24.74.198 - - [27/Sep/2026:21:58:41 +0300] "GET /wp-content/uploads/admin.php HTTP/1.1" 200 12151 "-" "Mozilla/5.0 (Windows NT 10.0; Win64; x64) AppleWebKit/537.36 (KHTML, like Gecko) Chrome/120.0.0.0 Safari/537.36"
35.221.177.152 - - [27/Sep/2026:21:58:43 +0300] "GET /shared/.env HTTP/1.1" 200 12140 "-" "Mozilla/5.0 (Windows NT 10.0; Win64; x64) AppleWebKit/537.36 (KHTML, like Gecko) Chrome/131.0.0.0 Safari/537.36"
35.221.177.152 - - [27/Sep/2026:21:58:51 +0300] "GET /deploy/.env HTTP/1.1" 200 12142 "-" "Mozilla/5.0 (Windows NT 10.0; Win64; x64) AppleWebKit/537.36 (KHTML, like Gecko) Chrome/131.0.0.0 Safari/537.36"
20.24.74.198 - - [27/Sep/2026:21:58:51 +0300] "GET /uploads/admin.php HTTP/1.1" 200 12144 "-" "Mozilla/5.0 (Windows NT 10.0; Win64; x64) AppleWebKit/537.36 (KHTML, like Gecko) Chrome/120.0.0.0 Safari/537.36"
35.221.177.152 - - [27/Sep/2026:21:59:00 +0300] "GET /build/.env HTTP/1.1" 200 12140 "-" "Mozilla/5.0 (Windows NT 10.0; Win64; x64) AppleWebKit/537.36 (KHTML, like Gecko) Chrome/131.0.0.0 Safari/537.36"
20.24.74.198 - - [27/Sep/2026:21:59:01 +0300] "GET /info.php HTTP/1.1" 200 12142 "-" "Mozilla/5.0 (Windows NT 10.0; Win64; x64) AppleWebKit/537.36 (KHTML, like Gecko) Chrome/120.0.0.0 Safari/537.36"
